Feb 07 16:33:51.001143 n-d-827865-3 neutron-server[103228]: DEBUG neutron_lib.callbacks.manager [None req-9abddbd9-5348-4074-b4f0-cff2b6a05079 None None] Publish callbacks ['neutron.plugins.ml2.plugin.SecurityGroupServerNotifierRpcMixin._notify_sg_on_port_change-3478056', 'neutron.plugins.ml2.ovo_rpc._ObjectChangeHandler.handle_event-12291', 'neutron.api.rpc.agentnotifiers.dhcp_rpc_agent_api.DhcpAgentNotifyAPI._native_event_send_dhcp_notification-3710355', 'neutron.db.l3_db.L3RpcNotifierMixin._notify_gateway_port_ip_changed-8746820499725', 'neutron.db.l3_dvrscheduler_db._notify_l3_agent_port_update-8746819962561', 'neutron.db.l3_hascheduler_db._notify_l3_agent_ha_port_update-8746819962579'] for port (25907254-9c59-44f1-bfa7-985b04e7119c), after_update {{(pid=103228) _notify_loop /usr/local/lib/python3.8/dist-packages/neutron_lib/callbacks/manager.py:176}}
Feb 07 16:33:51.065356 n-d-827865-3 neutron-server[103228]: DEBUG neutron.api.rpc.handlers.resources_rpc [None req-9abddbd9-5348-4074-b4f0-cff2b6a05079 None None] Pushing event updated for resources: {'Port': ['ID=25907254-9c59-44f1-bfa7-985b04e7119c,revision_number=3']} {{(pid=103228) push /opt/stack/neutron/neutron/api/rpc/handlers/resources_rpc.py:237}}
Feb 07 16:33:51.105336 n-d-827865-3 neutron-server[103225]: DEBUG neutron.pecan_wsgi.hooks.policy_enforcement [req-926a3f74-646d-45e9-ace6-abad180505fa req-876b02ce-ee64-4cd8-ae8c-4a76f57c8e1c service neutron] Attributes excluded by policy engine: ['standard_attr_id'] {{(pid=103225) _exclude_attributes_by_policy /opt/stack/neutron/neutron/pecan_wsgi/hooks/policy_enforcement.py:255}}
Feb 07 16:33:51.106878 n-d-827865-3 neutron-server[103225]: INFO neutron.wsgi [req-926a3f74-646d-45e9-ace6-abad180505fa req-876b02ce-ee64-4cd8-ae8c-4a76f57c8e1c service neutron] 10.222.0.32 "GET /v2.0/ports?device_id=b3d28e65-d1b9-41bd-87fa-2204b0ed2e6c HTTP/1.1" status: 200 len: 1131 time: 0.2382174
Feb 07 16:33:51.111187 n-d-827865-3 neutron-server[103225]: DEBUG neutron.api.rpc.agentnotifiers.l3_rpc_agent_api [None req-e463f091-e427-4e53-8f1d-268c84f98290 admin admin] Notify agent at l3_agent.n-d-827865-3 the message routers_updated {{(pid=103225) _agent_notification /opt/stack/neutron/neutron/api/rpc/agentnotifiers/l3_rpc_agent_api.py:65}}
Feb 07 16:33:51.126407 n-d-827865-3 neutron-server[103229]: DEBUG neutron.api.rpc.handlers.l3_rpc [None req-83c07a9b-e4f8-407d-bbc1-f6a417e1fa0b None None] Sync routers for ids ['5295d5f0-948f-4771-a505-8c057677e5ce'] in n-d-827865-3 {{(pid=103229) sync_routers /opt/stack/neutron/neutron/api/rpc/handlers/l3_rpc.py:125}}
Feb 07 16:33:51.170305 n-d-827865-3 neutron-server[103229]: DEBUG neutron.db.l3_dvrscheduler_db [None req-83c07a9b-e4f8-407d-bbc1-f6a417e1fa0b None None] Routers {'5295d5f0-948f-4771-a505-8c057677e5ce'} bound to L3 agent in host n-d-827865-3 {{(pid=103229) _get_router_ids_for_agent /opt/stack/neutron/neutron/db/l3_dvrscheduler_db.py:421}}
Feb 07 16:33:51.171301 n-d-827865-3 neutron-server[103229]: DEBUG neutron.db.l3_hamode_db [None req-83c07a9b-e4f8-407d-bbc1-f6a417e1fa0b None None] neutron.services.l3_router.l3_router_plugin.L3RouterPlugin method get_ha_sync_data_for_host called with arguments (, 'n-d-827865-3', Agent(admin_state_up=True,agent_type='L3 agent',availability_zone='nova',binary='neutron-l3-agent',configurations={"agent_mode": "legacy", "ex_gw_ports": 1, "extensions": [], "floating_ips": 0, "handle_internal_only_routers": true, "interface_driver": "openvswitch", "interfaces": 1, "log_agent_heartbeats": false, "routers": 1},created_at=2022-02-07T16:22:28Z,description=,heartbeat_timestamp=2022-02-07T16:33:28Z,host='n-d-827865-3',id=fcc535dc-a7dd-4c2f-b4fe-6d7a47ae2d60,load=0,resource_versions=,resources_synced=,started_at=2022-02-07T16:22:28Z,topic='l3_agent')) {'router_ids': ['5295d5f0-948f-4771-a505-8c057677e5ce'], 'active': True} {{(pid=103229) wrapper /usr/local/lib/python3.8/dist-packages/oslo_log/helpers.py:65}}
Feb 07 16:33:51.171430 n-d-827865-3 neutron-server[103225]: DEBUG neutron.pecan_wsgi.hooks.policy_enforcement [req-ed1ca1d8-1625-497f-9daa-e5975bdfd8a3 req-4d50248c-c857-4a8b-8073-517f18ab1616 tempest-DeleteServersAdminTestJSON-2020220307 tempest-DeleteServersAdminTestJSON-2020220307-project] Attributes excluded by policy engine: ['standard_attr_id', 'binding:profile', 'binding:host_id', 'binding:vif_type', 'binding:vif_details'] {{(pid=103225) _exclude_attributes_by_policy /opt/stack/neutron/neutron/pecan_wsgi/hooks/policy_enforcement.py:255}}
Feb 07 16:33:51.172873 n-d-827865-3 neutron-server[103225]: INFO neutron.wsgi [req-ed1ca1d8-1625-497f-9daa-e5975bdfd8a3 req-4d50248c-c857-4a8b-8073-517f18ab1616 tempest-DeleteServersAdminTestJSON-2020220307 tempest-DeleteServersAdminTestJSON-2020220307-project] 10.222.0.18 "GET /v2.0/ports?device_id=d6c8e966-ac34-4bce-b975-3240a292c70f HTTP/1.1" status: 200 len: 950 time: 0.2721157
Feb 07 16:33:51.188603 n-d-827865-3 neutron-server[103226]: DEBUG neutron.notifiers.nova [req-f3844c7c-e7b7-4a00-8ccf-9f225e2bba41 req-58bf1a51-c7df-4d38-a5f1-46013aff103c service neutron] Ignoring state change previous_port_status: DOWN current_port_status: DOWN port_id 4d4859d5-09a9-41f7-94b5-0bb185ca601a {{(pid=103226) record_port_status_changed /opt/stack/neutron/neutron/notifiers/nova.py:228}}
Feb 07 16:33:51.198977 n-d-827865-3 neutron-server[103226]: DEBUG neutron_lib.callbacks.manager [req-f3844c7c-e7b7-4a00-8ccf-9f225e2bba41 req-58bf1a51-c7df-4d38-a5f1-46013aff103c service neutron] Publish callbacks [] for port (4d4859d5-09a9-41f7-94b5-0bb185ca601a), precommit_update {{(pid=103226) _notify_loop /usr/local/lib/python3.8/dist-packages/neutron_lib/callbacks/manager.py:176}}
Feb 07 16:33:51.250618 n-d-827865-3 neutron-server[103226]: DEBUG neutron_lib.callbacks.manager [None req-e001067e-e4e3-4a9e-bc6f-49e8fd75ac12 admin admin] Publish callbacks [] for security_group (4721d3a5-6dd1-46cd-89af-fe7cfdfb76be), precommit_create {{(pid=103226) _notify_loop /usr/local/lib/python3.8/dist-packages/neutron_lib/callbacks/manager.py:176}}
Feb 07 16:33:51.266903 n-d-827865-3 neutron-server[103226]: DEBUG neutron_lib.callbacks.manager [None req-e001067e-e4e3-4a9e-bc6f-49e8fd75ac12 admin admin] Publish callbacks ['neutron.plugins.ml2.ovo_rpc._ObjectChangeHandler.handle_event-3752676'] for security_group (4721d3a5-6dd1-46cd-89af-fe7cfdfb76be), after_create {{(pid=103226) _notify_loop /usr/local/lib/python3.8/dist-packages/neutron_lib/callbacks/manager.py:176}}
Feb 07 16:33:51.281980 n-d-827865-3 neutron-server[103225]: INFO neutron.wsgi [req-926a3f74-646d-45e9-ace6-abad180505fa req-6b31a0af-dbe0-452c-8d5b-60f04f354cfe service neutron] 10.222.0.32 "GET /v2.0/security-groups?id=687c932c-2069-4550-a870-f0a5dc69d22d&fields=id&fields=name HTTP/1.1" status: 200 len: 286 time: 0.1681292
Feb 07 16:33:51.300958 n-d-827865-3 neutron-server[103225]: DEBUG neutron_lib.callbacks.manager [None req-e463f091-e427-4e53-8f1d-268c84f98290 admin admin] Publish callbacks [] for router (None), before_response {{(pid=103225) _notify_loop /usr/local/lib/python3.8/dist-packages/neutron_lib/callbacks/manager.py:176}}
Feb 07 16:33:51.305206 n-d-827865-3 neutron-server[103225]: INFO neutron.wsgi [None req-e463f091-e427-4e53-8f1d-268c84f98290 admin admin] 10.222.0.18 "POST /v2.0/routers HTTP/1.1" status: 201 len: 936 time: 5.9018478
Feb 07 16:33:51.306054 n-d-827865-3 neutron-server[103226]: DEBUG neutron.wsgi [-] (103226) accepted ('10.222.0.18', 53386) {{(pid=103226) server /usr/local/lib/python3.8/dist-packages/eventlet/wsgi.py:1004}}
Feb 07 16:33:51.330670 n-d-827865-3 neutron-server[103228]: DEBUG neutron.plugins.ml2.rpc [None req-6cbad235-8b31-4d67-9391-0861fa888729 None None] Device 25907254-9c59-44f1-bfa7-985b04e7119c up at agent ovs-agent-n-d-827865-3 {{(pid=103228) update_device_up /opt/stack/neutron/neutron/plugins/ml2/rpc.py:296}}
Feb 07 16:33:51.352042 n-d-827865-3 neutron-server[103229]: DEBUG neutron.db.l3_dvr_db [None req-83c07a9b-e4f8-407d-bbc1-f6a417e1fa0b None None] Set router 5295d5f0-948f-4771-a505-8c057677e5ce gateway port host: n-d-827865-3 {{(pid=103229) _build_routers_list /opt/stack/neutron/neutron/db/l3_dvr_db.py:906}}
Feb 07 16:33:51.359065 n-d-827865-3 neutron-server[103225]: DEBUG neutron_lib.callbacks.manager [req-3f92e271-d5ed-4f67-a8f1-0f057253b827 req-b3d5fb00-7e5a-4341-9bce-071f2368740d tempest-DeleteServersAdminTestJSON-2020220307 tempest-DeleteServersAdminTestJSON-2020220307-project] Publish callbacks ['neutron.plugins.ml2.plugin.SecurityGroupServerNotifierRpcMixin._notify_sg_on_port_change-3478056', 'neutron.plugins.ml2.ovo_rpc._ObjectChangeHandler.handle_event-12291', 'neutron.api.rpc.agentnotifiers.dhcp_rpc_agent_api.DhcpAgentNotifyAPI._native_event_send_dhcp_notification-3710355', 'neutron.db.l3_db.L3RpcNotifierMixin._notify_routers_callback-8746820501239', 'neutron.db.l3_dvrscheduler_db._notify_port_delete-8746819962552', 'neutron.services.segments.plugin.NovaSegmentNotifier._notify_port_created_or_deleted-29128283'] for port (1fc86ab8-b372-452d-aed5-d2bb485079c7), after_delete {{(pid=103225) _notify_loop /usr/local/lib/python3.8/dist-packages/neutron_lib/callbacks/manager.py:176}}
Feb 07 16:33:51.395022 n-d-827865-3 neutron-server[103228]: DEBUG neutron.plugins.ml2.db [None req-b4e30e36-1b84-4fa4-900f-f57e9befd0ed None None] get_ports_and_sgs() called for port_ids ['1fc86ab8-b372-452d-aed5-d2bb485079c7'] {{(pid=103228) get_ports_and_sgs /opt/stack/neutron/neutron/plugins/ml2/db.py:156}}
Feb 07 16:33:51.480618 n-d-827865-3 neutron-server[103228]: DEBUG neutron.db.provisioning_blocks [None req-edb962b9-233e-4b23-bedb-7d7a6d842afc None None] Provisioning complete for port 25907254-9c59-44f1-bfa7-985b04e7119c triggered by entity DHCP. {{(pid=103228) provisioning_complete /opt/stack/neutron/neutron/db/provisioning_blocks.py:139}}
Feb 07 16:33:51.481084 n-d-827865-3 neutron-server[103228]: DEBUG neutron_lib.callbacks.manager [None req-edb962b9-233e-4b23-bedb-7d7a6d842afc None None] Publish callbacks ['neutron.plugins.ml2.plugin.Ml2Plugin._port_provisioned-674771'] for port (25907254-9c59-44f1-bfa7-985b04e7119c), provisioning_complete {{(pid=103228) _notify_loop /usr/local/lib/python3.8/dist-packages/neutron_lib/callbacks/manager.py:176}}
Feb 07 16:33:51.500453 n-d-827865-3 neutron-server[103225]: INFO neutron.wsgi [req-ed1ca1d8-1625-497f-9daa-e5975bdfd8a3 req-cde84b33-f434-4fa6-97b0-7df0bc21f8cf tempest-DeleteServersAdminTestJSON-2020220307 tempest-DeleteServersAdminTestJSON-2020220307-project] 10.222.0.18 "GET /v2.0/security-groups?id=2f703e26-7c19-4a7c-895b-d09c7cf287db&fields=id&fields=name HTTP/1.1" status: 200 len: 286 time: 0.2887216
Feb 07 16:33:51.538971 n-d-827865-3 neutron-server[103228]: DEBUG neutron.db.provisioning_blocks [None req-6cbad235-8b31-4d67-9391-0861fa888729 None None] Provisioning complete for port 25907254-9c59-44f1-bfa7-985b04e7119c triggered by entity L2. {{(pid=103228) provisioning_complete /opt/stack/neutron/neutron/db/provisioning_blocks.py:139}}
Feb 07 16:33:51.540111 n-d-827865-3 neutron-server[103228]: DEBUG neutron_lib.callbacks.manager [None req-6cbad235-8b31-4d67-9391-0861fa888729 None None] Publish callbacks ['neutron.plugins.ml2.plugin.Ml2Plugin._port_provisioned-674771'] for port (25907254-9c59-44f1-bfa7-985b04e7119c), provisioning_complete {{(pid=103228) _notify_loop /usr/local/lib/python3.8/dist-packages/neutron_lib/callbacks/manager.py:176}}
Feb 07 16:33:51.564729 n-d-827865-3 neutron-server[103225]: DEBUG neutron.db.l3_dvrscheduler_db [req-3f92e271-d5ed-4f67-a8f1-0f057253b827 req-b3d5fb00-7e5a-4341-9bce-071f2368740d tempest-DeleteServersAdminTestJSON-2020220307 tempest-DeleteServersAdminTestJSON-2020220307-project] No DVR routers for this DVR port 1fc86ab8-b372-452d-aed5-d2bb485079c7 on host n-h1-827865-3 {{(pid=103225) get_dvr_routers_to_remove /opt/stack/neutron/neutron/db/l3_dvrscheduler_db.py:214}}
Feb 07 16:33:51.572022 n-d-827865-3 neutron-server[103225]: DEBUG neutron_lib.callbacks.manager [req-3f92e271-d5ed-4f67-a8f1-0f057253b827 req-b3d5fb00-7e5a-4341-9bce-071f2368740d tempest-DeleteServersAdminTestJSON-2020220307 tempest-DeleteServersAdminTestJSON-2020220307-project] Publish callbacks ['neutron.notifiers.nova.Notifier._send_nova_notification-4115068'] for port (None), before_response {{(pid=103225) _notify_loop /usr/local/lib/python3.8/dist-packages/neutron_lib/callbacks/manager.py:176}}
Feb 07 16:33:51.577146 n-d-827865-3 neutron-server[103225]: INFO neutron.wsgi [req-3f92e271-d5ed-4f67-a8f1-0f057253b827 req-b3d5fb00-7e5a-4341-9bce-071f2368740d tempest-DeleteServersAdminTestJSON-2020220307 tempest-DeleteServersAdminTestJSON-2020220307-project] 10.222.0.48 "DELETE /v2.0/ports/1fc86ab8-b372-452d-aed5-d2bb485079c7 HTTP/1.1" status: 204 len: 173 time: 1.7525759
Feb 07 16:33:51.578160 n-d-827865-3 neutron-server[103225]: DEBUG neutron.notifiers.nova [-] Sending events: [{'server_uuid': 'd6c8e966-ac34-4bce-b975-3240a292c70f', 'name': 'network-vif-deleted', 'tag': '1fc86ab8-b372-452d-aed5-d2bb485079c7'}] {{(pid=103225) send_events /opt/stack/neutron/neutron/notifiers/nova.py:266}}
Feb 07 16:33:51.611902 n-d-827865-3 neutron-server[103225]: DEBUG novaclient.v2.client [-] REQ: curl -g -i --cacert "/opt/stack/data/ca-bundle.pem" -X POST http://10.222.0.18/compute/v2.1/os-server-external-events -H "Accept: application/json" -H "Content-Type: application/json" -H "User-Agent: python-novaclient" -H "X-Auth-Token: {SHA256}e094cddbe1585e8d71e076e2514e4c718b5611fff7d4804abc18e4d1c601fa49" -H "X-OpenStack-Nova-API-Version: 2.1" -H "X-OpenStack-Request-ID: req-515f38c8-dfc4-47c5-9b94-0785fe333ab2" -d '{"events": [{"server_uuid": "d6c8e966-ac34-4bce-b975-3240a292c70f", "name": "network-vif-deleted", "tag": "1fc86ab8-b372-452d-aed5-d2bb485079c7"}]}' {{(pid=103225) _http_log_request /usr/local/lib/python3.8/dist-packages/keystoneauth1/session.py:519}}
Feb 07 16:33:51.619287 n-d-827865-3 neutron-server[103225]: DEBUG neutron.api.rpc.handlers.resources_rpc [None req-b3d5fb00-7e5a-4341-9bce-071f2368740d tempest-DeleteServersAdminTestJSON-2020220307 tempest-DeleteServersAdminTestJSON-2020220307-project] Pushing event deleted for resources: {'Port': ['ID=1fc86ab8-b372-452d-aed5-d2bb485079c7,revision_number=None']} {{(pid=103225) push /opt/stack/neutron/neutron/api/rpc/handlers/resources_rpc.py:237}}
Feb 07 16:33:51.663999 n-d-827865-3 neutron-server[103226]: DEBUG neutron.db.provisioning_blocks [req-f3844c7c-e7b7-4a00-8ccf-9f225e2bba41 req-58bf1a51-c7df-4d38-a5f1-46013aff103c service neutron] Transition to ACTIVE for port object 4d4859d5-09a9-41f7-94b5-0bb185ca601a will not be triggered until provisioned by entity L2. {{(pid=103226) add_provisioning_component /opt/stack/neutron/neutron/db/provisioning_blocks.py:73}}
Feb 07 16:33:51.685395 n-d-827865-3 neutron-server[103229]: DEBUG neutron.db.l3_hamode_db [None req-83c07a9b-e4f8-407d-bbc1-f6a417e1fa0b None None] neutron.services.l3_router.l3_router_plugin.L3RouterPlugin method _process_sync_ha_data called with arguments (, [{'id': '5295d5f0-948f-4771-a505-8c057677e5ce', 'name': 'tempest-ServersWithSpecificFlavorTestJSON-1097888621-router', 'tenant_id': 'c740bac83cca4c28a1eca5b421c47cf0', 'admin_state_up': True, 'status': 'ACTIVE', 'external_gateway_info': {'network_id': '03a0bd1c-e848-4b71-b3f9-e0a68a8d04a7', 'external_fixed_ips': [{'subnet_id': 'd3789a0b-ca49-4619-9fc6-9704b050876f', 'ip_address': '172.25.4.116'}], 'enable_snat': True}, 'gw_port_id': '4037c408-29a1-4eb9-80de-b63eb39bdd01', 'description': '', 'availability_zones': ['nova'], 'distributed': False, 'ha': False, 'ha_vr_id': 0, 'availability_zone_hints': [], 'routes': [], 'flavor_id': None, 'tags': [], 'created_at': '2022-02-07T16:33:45Z', 'updated_at': '2022-02-07T16:33:48Z', 'revision_number': 3, 'project_id': 'c740bac83cca4c28a1eca5b421c47cf0', 'gw_port': {'id': '4037c408-29a1-4eb9-80de-b63eb39bdd01', 'name': '', 'network_id': '03a0bd1c-e848-4b71-b3f9-e0a68a8d04a7', 'tenant_id': '', 'mac_address': 'fa:16:3e:33:f7:9e', 'admin_state_up': True, 'status': 'DOWN', 'device_id': '5295d5f0-948f-4771-a505-8c057677e5ce', 'device_owner': 'network:router_gateway', 'standard_attr_id': 369, 'fixed_ips': [{'subnet_id': 'd3789a0b-ca49-4619-9fc6-9704b050876f', 'ip_address': '172.25.4.116', 'prefixlen': 24}], 'allowed_address_pairs': [], 'extra_dhcp_opts': [], 'security_groups': [], 'description': '', 'binding:vnic_type': 'normal', 'binding:profile': {}, 'binding:host_id': '', 'binding:vif_type': 'unbound', 'binding:vif_details': {}, 'port_security_enabled': False, 'tags': [], 'created_at': '2022-02-07T16:33:46Z', 'updated_at': '2022-02-07T16:33:46Z', 'revision_number': 1, 'project_id': '', 'subnets': [{'id': 'd3789a0b-ca49-4619-9fc6-9704b050876f', 'cidr': '172.25.4.0/24', 'gateway_ip': '172.25.4.1', 'dns_nameservers': [], 'ipv6_ra_mode': None, 'subnetpool_id': None}], 'extra_subnets': [], 'address_scopes': {4: None, 6: None}, 'mtu': 1500}, 'enable_snat': True, 'gw_port_host': 'n-d-827865-3'}], 'n-d-827865-3', False) {} {{(pid=103229) wrapper /usr/local/lib/python3.8/dist-packages/oslo_log/helpers.py:65}}
Feb 07 16:33:51.723382 n-d-827865-3 neutron-server[103226]: DEBUG neutron_lib.callbacks.manager [req-f3844c7c-e7b7-4a00-8ccf-9f225e2bba41 req-58bf1a51-c7df-4d38-a5f1-46013aff103c service neutron] Publish callbacks ['neutron.plugins.ml2.plugin.SecurityGroupServerNotifierRpcMixin._notify_sg_on_port_change-3478056', 'neutron.plugins.ml2.ovo_rpc._ObjectChangeHandler.handle_event-12291', 'neutron.api.rpc.agentnotifiers.dhcp_rpc_agent_api.DhcpAgentNotifyAPI._native_event_send_dhcp_notification-3710355', 'neutron.db.l3_db.L3RpcNotifierMixin._notify_gateway_port_ip_changed-8746820499725', 'neutron.db.l3_dvrscheduler_db._notify_l3_agent_port_update-8746819962561', 'neutron.db.l3_hascheduler_db._notify_l3_agent_ha_port_update-8746819962579', 'neutron.services.segments.plugin.NovaSegmentNotifier._notify_port_updated-25545317'] for port (4d4859d5-09a9-41f7-94b5-0bb185ca601a), after_update {{(pid=103226) _notify_loop /usr/local/lib/python3.8/dist-packages/neutron_lib/callbacks/manager.py:176}}
Feb 07 16:33:51.726994 n-d-827865-3 neutron-server[103229]: DEBUG neutron.api.rpc.handlers.l3_rpc [None req-83c07a9b-e4f8-407d-bbc1-f6a417e1fa0b None None] Checking router: 5295d5f0-948f-4771-a505-8c057677e5ce for host: n-d-827865-3 {{(pid=103229) _ensure_host_set_on_ports /opt/stack/neutron/neutron/api/rpc/handlers/l3_rpc.py:155}}
Feb 07 16:33:51.727517 n-d-827865-3 neutron-server[103229]: DEBUG neutron.api.rpc.handlers.l3_rpc [None req-83c07a9b-e4f8-407d-bbc1-f6a417e1fa0b None None] Updating router 5295d5f0-948f-4771-a505-8c057677e5ce port 4037c408-29a1-4eb9-80de-b63eb39bdd01 binding host n-d-827865-3 {{(pid=103229) _ensure_host_set_on_port /opt/stack/neutron/neutron/api/rpc/handlers/l3_rpc.py:205}}
Feb 07 16:33:51.743568 n-d-827865-3 neutron-server[103228]: DEBUG neutron.plugins.ml2.plugin [None req-edb962b9-233e-4b23-bedb-7d7a6d842afc None None] Current status of the port 25907254-9c59-44f1-bfa7-985b04e7119c is: ACTIVE; New status is: ACTIVE {{(pid=103228) _update_individual_port_db_status /opt/stack/neutron/neutron/plugins/ml2/plugin.py:2238}}
Feb 07 16:33:51.770219 n-d-827865-3 neutron-server[103226]: INFO neutron.wsgi [None req-e001067e-e4e3-4a9e-bc6f-49e8fd75ac12 admin admin] 10.222.0.18 "GET /v2.0/security-groups?tenant_id=7993a1bc1b864b179d67af9383101bef&name=default HTTP/1.1" status: 200 len: 2996 time: 0.9880283
Feb 07 16:33:51.772990 n-d-827865-3 neutron-server[103225]: DEBUG neutron.wsgi [-] (103225) accepted ('10.222.0.18', 53398) {{(pid=103225) server /usr/local/lib/python3.8/dist-packages/eventlet/wsgi.py:1004}}
Feb 07 16:33:51.781248 n-d-827865-3 neutron-server[103229]: DEBUG neutron_lib.callbacks.manager [None req-83c07a9b-e4f8-407d-bbc1-f6a417e1fa0b None None] Publish callbacks ['neutron.plugins.ml2.plugin.SecurityGroupDbMixin._ensure_default_security_group_handler-3478148'] for port (4037c408-29a1-4eb9-80de-b63eb39bdd01), before_update {{(pid=103229) _notify_loop /usr/local/lib/python3.8/dist-packages/neutron_lib/callbacks/manager.py:176}}
Feb 07 16:33:51.830286 n-d-827865-3 neutron-server[103226]: DEBUG neutron.pecan_wsgi.hooks.policy_enforcement [req-cf8857a1-a5c9-41d0-8255-8b141368226c req-50c5a6e1-6798-49c1-8030-931eb9ad0c5c tempest-ServersAdminNegativeTestJSON-201475203 tempest-ServersAdminNegativeTestJSON-201475203-project] Attributes excluded by policy engine: ['standard_attr_id', 'binding:profile', 'binding:host_id', 'binding:vif_type', 'binding:vif_details'] {{(pid=103226) _exclude_attributes_by_policy /opt/stack/neutron/neutron/pecan_wsgi/hooks/policy_enforcement.py:255}}
Feb 07 16:33:51.831815 n-d-827865-3 neutron-server[103226]: INFO neutron.wsgi [req-cf8857a1-a5c9-41d0-8255-8b141368226c req-50c5a6e1-6798-49c1-8030-931eb9ad0c5c tempest-ServersAdminNegativeTestJSON-201475203 tempest-ServersAdminNegativeTestJSON-201475203-project] 10.222.0.18 "GET /v2.0/ports?device_id=6e1b0c7d-400e-478e-b5d5-a05d19eb6169 HTTP/1.1" status: 200 len: 948 time: 0.7788250
Feb 07 16:33:51.832477 n-d-827865-3 neutron-server[103226]: DEBUG neutron.api.rpc.handlers.resources_rpc [None req-58bf1a51-c7df-4d38-a5f1-46013aff103c service neutron] Pushing event updated for resources: {'Port': ['ID=4d4859d5-09a9-41f7-94b5-0bb185ca601a,revision_number=2']} {{(pid=103226) push /opt/stack/neutron/neutron/api/rpc/handlers/resources_rpc.py:237}}
Feb 07 16:33:51.850191 n-d-827865-3 neutron-server[103226]: DEBUG neutron.api.rpc.handlers.resources_rpc [None req-e001067e-e4e3-4a9e-bc6f-49e8fd75ac12 admin admin] Pushing event updated for resources: {'SecurityGroup': ['ID=4721d3a5-6dd1-46cd-89af-fe7cfdfb76be,revision_number=1']} {{(pid=103226) push /opt/stack/neutron/neutron/api/rpc/handlers/resources_rpc.py:237}}
Feb 07 16:33:51.951648 n-d-827865-3 neutron-server[103225]: DEBUG neutron_lib.callbacks.manager [None req-40770a64-1ac0-451e-93bb-ab6ab1ece6b5 admin admin] Publish callbacks [] for security_group (4721d3a5-6dd1-46cd-89af-fe7cfdfb76be), before_delete {{(pid=103225) _notify_loop /usr/local/lib/python3.8/dist-packages/neutron_lib/callbacks/manager.py:176}}
Feb 07 16:33:52.030821 n-d-827865-3 neutron-server[103225]: DEBUG neutron_lib.callbacks.manager [None req-40770a64-1ac0-451e-93bb-ab6ab1ece6b5 admin admin] Publish callbacks [] for security_group (4721d3a5-6dd1-46cd-89af-fe7cfdfb76be), precommit_delete {{(pid=103225) _notify_loop /usr/local/lib/python3.8/dist-packages/neutron_lib/callbacks/manager.py:176}}
Feb 07 16:33:52.077964 n-d-827865-3 neutron-server[103228]: DEBUG neutron.plugins.ml2.plugin [None req-6cbad235-8b31-4d67-9391-0861fa888729 None None] Current status of the port 25907254-9c59-44f1-bfa7-985b04e7119c is: ACTIVE; New status is: ACTIVE {{(pid=103228) _update_individual_port_db_status /opt/stack/neutron/neutron/plugins/ml2/plugin.py:2238}}
Feb 07 16:33:52.186026 n-d-827865-3 neutron-server[103225]: DEBUG neutron_lib.callbacks.manager [None req-40770a64-1ac0-451e-93bb-ab6ab1ece6b5 admin admin] Publish callbacks ['neutron.plugins.ml2.ovo_rpc._ObjectChangeHandler.handle_event-3752676'] for security_group (4721d3a5-6dd1-46cd-89af-fe7cfdfb76be), after_delete {{(pid=103225) _notify_loop /usr/local/lib/python3.8/dist-packages/neutron_lib/callbacks/manager.py:176}}
Feb 07 16:33:52.196976 n-d-827865-3 neutron-server[103225]: DEBUG neutron_lib.callbacks.manager [None req-40770a64-1ac0-451e-93bb-ab6ab1ece6b5 admin admin] Publish callbacks [] for security_group (None), before_response {{(pid=103225) _notify_loop /usr/local/lib/python3.8/dist-packages/neutron_lib/callbacks/manager.py:176}}
Feb 07 16:33:52.200637 n-d-827865-3 neutron-server[103225]: INFO neutron.wsgi [None req-40770a64-1ac0-451e-93bb-ab6ab1ece6b5 admin admin] 10.222.0.18 "DELETE /v2.0/security-groups/4721d3a5-6dd1-46cd-89af-fe7cfdfb76be HTTP/1.1" status: 204 len: 168 time: 0.4261773
Feb 07 16:33:52.218029 n-d-827865-3 neutron-server[103225]: DEBUG neutron.api.rpc.handlers.resources_rpc [None req-40770a64-1ac0-451e-93bb-ab6ab1ece6b5 admin admin] Pushing event deleted for resources: {'SecurityGroup': ['ID=4721d3a5-6dd1-46cd-89af-fe7cfdfb76be,revision_number=None']} {{(pid=103225) push /opt/stack/neutron/neutron/api/rpc/handlers/resources_rpc.py:237}}
Feb 07 16:33:52.325832 n-d-827865-3 neutron-server[103225]: INFO neutron.wsgi [req-95fd9a12-c317-482e-9bf8-da73ea42a52e req-1f2185ad-f9ac-42c2-a537-06e3b5dda6fe tempest-VolumesAdminNegativeTest-1779569762 tempest-VolumesAdminNegativeTest-1779569762-project] 10.222.0.18 "GET /v2.0/ports?device_id=0428434d-abba-4810-8d9f-aa4a8c123948 HTTP/1.1" status: 200 len: 210 time: 0.1071348
Feb 07 16:33:52.343125 n-d-827865-3 neutron-server[103229]: DEBUG neutron_lib.callbacks.manager [None req-83c07a9b-e4f8-407d-bbc1-f6a417e1fa0b None None] Publish callbacks [] for port (4037c408-29a1-4eb9-80de-b63eb39bdd01), precommit_update {{(pid=103229) _notify_loop /usr/local/lib/python3.8/dist-packages/neutron_lib/callbacks/manager.py:176}}
Feb 07 16:33:52.356482 n-d-827865-3 neutron-server[103229]: DEBUG neutron_lib.callbacks.manager [None req-83c07a9b-e4f8-407d-bbc1-f6a417e1fa0b None None] Publish callbacks ['neutron.plugins.ml2.plugin.SecurityGroupServerNotifierRpcMixin._notify_sg_on_port_change-3478056', 'neutron.plugins.ml2.ovo_rpc._ObjectChangeHandler.handle_event-12291', 'neutron.api.rpc.agentnotifiers.dhcp_rpc_agent_api.DhcpAgentNotifyAPI._native_event_send_dhcp_notification-3710355', 'neutron.db.l3_db.L3RpcNotifierMixin._notify_gateway_port_ip_changed-8746820499725', 'neutron.db.l3_dvrscheduler_db._notify_l3_agent_port_update-8746819962561', 'neutron.db.l3_hascheduler_db._notify_l3_agent_ha_port_update-8746819962579'] for port (4037c408-29a1-4eb9-80de-b63eb39bdd01), after_update {{(pid=103229) _notify_loop /usr/local/lib/python3.8/dist-packages/neutron_lib/callbacks/manager.py:176}}
Feb 07 16:33:52.400415 n-d-827865-3 neutron-server[103229]: DEBUG neutron.plugins.ml2.managers [None req-83c07a9b-e4f8-407d-bbc1-f6a417e1fa0b None None] Attempting to bind port 4037c408-29a1-4eb9-80de-b63eb39bdd01 on host n-d-827865-3 for vnic_type normal with profile {{(pid=103229) bind_port /opt/stack/neutron/neutron/plugins/ml2/managers.py:795}}
Feb 07 16:33:52.400912 n-d-827865-3 neutron-server[103229]: DEBUG neutron.plugins.ml2.managers [None req-83c07a9b-e4f8-407d-bbc1-f6a417e1fa0b None None] Attempting to bind port 4037c408-29a1-4eb9-80de-b63eb39bdd01 by drivers openvswitch,hyperv on host n-d-827865-3 at level 0 using segments [{'id': '04e42362-bc2b-4578-a85f-0fbe89b6c6b2', 'network_type': 'flat', 'physical_network': 'physnet1', 'segmentation_id': None, 'network_id': '03a0bd1c-e848-4b71-b3f9-e0a68a8d04a7'}] {{(pid=103229) _bind_port_level /opt/stack/neutron/neutron/plugins/ml2/managers.py:820}}
Feb 07 16:33:52.401387 n-d-827865-3 neutron-server[103229]: DEBUG neutron.plugins.ml2.drivers.mech_agent [None req-83c07a9b-e4f8-407d-bbc1-f6a417e1fa0b None None] Attempting to bind port 4037c408-29a1-4eb9-80de-b63eb39bdd01 on network 03a0bd1c-e848-4b71-b3f9-e0a68a8d04a7 {{(pid=103229) bind_port /opt/stack/neutron/neutron/plugins/ml2/drivers/mech_agent.py:91}}
Feb 07 16:33:52.426707 n-d-827865-3 neutron-server[103229]: DEBUG neutron.plugins.ml2.drivers.mech_agent [None req-83c07a9b-e4f8-407d-bbc1-f6a417e1fa0b None None] Checking agent: {'id': '8cd23ff4-18eb-4036-8b78-5f17e506ea05', 'agent_type': 'Open vSwitch agent', 'binary': 'neutron-openvswitch-agent', 'topic': 'N/A', 'host': 'n-d-827865-3', 'admin_state_up': True, 'created_at': datetime.datetime(2022, 2, 7, 16, 22, 32), 'started_at': datetime.datetime(2022, 2, 7, 16, 23, 2), 'heartbeat_timestamp': datetime.datetime(2022, 2, 7, 16, 33, 32), 'description': None, 'resources_synced': None, 'availability_zone': None, 'alive': True, 'configurations': {'arp_responder_enabled': False, 'baremetal_smartnic': False, 'bridge_mappings': {'physnet1': 'br-data'}, 'datapath_type': 'system', 'devices': 0, 'enable_distributed_routing': False, 'extensions': [], 'in_distributed_mode': False, 'integration_bridge': 'br-int', 'l2_population': False, 'log_agent_heartbeats': False, 'ovs_capabilities': {'datapath_types': ['netdev', 'system'], 'iface_types': ['erspan', 'geneve', 'gre', 'internal', 'ip6erspan', 'ip6gre', 'lisp', 'patch', 'stt', 'system', 'tap', 'vxlan']}, 'ovs_hybrid_plug': False, 'resource_provider_bandwidths': {}, 'resource_provider_hypervisors': {'br-data': 'n-d-827865-3'}, 'resource_provider_inventory_defaults': {'allocation_ratio': 1.0, 'min_unit': 1, 'step_size': 1, 'reserved': 0}, 'resource_provider_packet_processing_inventory_defaults': {'allocation_ratio': 1.0, 'min_unit': 1, 'step_size': 1, 'reserved': 0}, 'resource_provider_packet_processing_with_direction': {}, 'resource_provider_packet_processing_without_direction': {}, 'tunnel_types': [], 'tunneling_ip': None, 'vhostuser_socket_dir': '/var/run/openvswitch'}, 'resource_versions': {'AddressGroup': '1.2', 'ConntrackHelper': '1.0', 'LocalIPAssociation': '1.0', 'Log': '1.0', 'Network': '1.1', 'Port': '1.7', 'PortForwarding': '1.2', 'QosPolicy': '1.10', 'SecurityGroup': '1.5', 'SecurityGroupRule': '1.2', 'SubPort': '1.0', 'Subnet': '1.1', 'Trunk': '1.1'}} {{(pid=103229) bind_port /opt/stack/neutron/neutron/plugins/ml2/drivers/mech_agent.py:110}}
Feb 07 16:33:52.427413 n-d-827865-3 neutron-server[103229]: DEBUG neutron.plugins.ml2.drivers.mech_agent [None req-83c07a9b-e4f8-407d-bbc1-f6a417e1fa0b None None] Checking segment: {'id': '04e42362-bc2b-4578-a85f-0fbe89b6c6b2', 'network_type': 'flat', 'physical_network': 'physnet1', 'segmentation_id': None, 'network_id': '03a0bd1c-e848-4b71-b3f9-e0a68a8d04a7'} for mappings: {'physnet1': 'br-data'} with network types: ['local', 'flat', 'vlan'] {{(pid=103229) check_segment_for_agent /opt/stack/neutron/neutron/plugins/ml2/drivers/mech_agent.py:373}}
Feb 07 16:33:52.427911 n-d-827865-3 neutron-server[103229]: DEBUG neutron_lib.callbacks.manager [None req-83c07a9b-e4f8-407d-bbc1-f6a417e1fa0b None None] Publish callbacks [] for ovs_bridge_name (None), before_read {{(pid=103229) _notify_loop /usr/local/lib/python3.8/dist-packages/neutron_lib/callbacks/manager.py:176}}
Feb 07 16:33:52.428466 n-d-827865-3 neutron-server[103229]: DEBUG neutron.plugins.ml2.drivers.mech_agent [None req-83c07a9b-e4f8-407d-bbc1-f6a417e1fa0b None None] Bound using segment: {'id': '04e42362-bc2b-4578-a85f-0fbe89b6c6b2', 'network_type': 'flat', 'physical_network': 'physnet1', 'segmentation_id': None, 'network_id': '03a0bd1c-e848-4b71-b3f9-e0a68a8d04a7'} {{(pid=103229) bind_port /opt/stack/neutron/neutron/plugins/ml2/drivers/mech_agent.py:120}}
Feb 07 16:33:52.428990 n-d-827865-3 neutron-server[103229]: DEBUG neutron.plugins.ml2.managers [None req-83c07a9b-e4f8-407d-bbc1-f6a417e1fa0b None None] Bound port: 4037c408-29a1-4eb9-80de-b63eb39bdd01, host: n-d-827865-3, vif_type: ovs, vif_details: {"connectivity": "l2", "port_filter": true, "ovs_hybrid_plug": false, "datapath_type": "system", "bridge_name": "br-int"}, binding_levels: [{'bound_driver': 'openvswitch', 'bound_segment': {'id': '04e42362-bc2b-4578-a85f-0fbe89b6c6b2', 'network_type': 'flat', 'physical_network': 'physnet1', 'segmentation_id': None, 'network_id': '03a0bd1c-e848-4b71-b3f9-e0a68a8d04a7'}}] {{(pid=103229) _bind_port_level /opt/stack/neutron/neutron/plugins/ml2/managers.py:932}}
Feb 07 16:33:52.429421 n-d-827865-3 neutron-server[103229]: DEBUG neutron_lib.callbacks.manager [None req-83c07a9b-e4f8-407d-bbc1-f6a417e1fa0b None None] Publish callbacks ['neutron.plugins.ml2.plugin.SecurityGroupDbMixin._ensure_default_security_group_handler-3478148'] for port (4037c408-29a1-4eb9-80de-b63eb39bdd01), before_update {{(pid=103229) _notify_loop /usr/local/lib/python3.8/dist-packages/neutron_lib/callbacks/manager.py:176}}
Feb 07 16:33:52.448559 n-d-827865-3 neutron-server[103229]: DEBUG neutron.api.rpc.handlers.resources_rpc [None req-e5a06b45-7ff4-4114-a1bb-1ed5ecd1e8bb None None] Pushing event updated for resources: {'Port': ['ID=4037c408-29a1-4eb9-80de-b63eb39bdd01,revision_number=2']} {{(pid=103229) push /opt/stack/neutron/neutron/api/rpc/handlers/resources_rpc.py:237}}
Feb 07 16:33:52.525181 n-d-827865-3 neutron-server[103229]: DEBUG neutron.plugins.ml2.db [None req-83c07a9b-e4f8-407d-bbc1-f6a417e1fa0b None None] For port 4037c408-29a1-4eb9-80de-b63eb39bdd01, host n-d-827865-3, cleared binding levels {{(pid=103229) clear_binding_levels /opt/stack/neutron/neutron/plugins/ml2/db.py:87}}
Feb 07 16:33:52.533228 n-d-827865-3 neutron-server[103229]: DEBUG neutron.plugins.ml2.db [None req-83c07a9b-e4f8-407d-bbc1-f6a417e1fa0b None None] For port 4037c408-29a1-4eb9-80de-b63eb39bdd01, host n-d-827865-3, set binding levels [PortBindingLevel(driver='openvswitch',host='n-d-827865-3',level=0,port_id=4037c408-29a1-4eb9-80de-b63eb39bdd01,segment=NetworkSegment(04e42362-bc2b-4578-a85f-0fbe89b6c6b2),segment_id=04e42362-bc2b-4578-a85f-0fbe89b6c6b2)] {{(pid=103229) set_binding_levels /opt/stack/neutron/neutron/plugins/ml2/db.py:59}}
Feb 07 16:33:52.543084 n-d-827865-3 neutron-server[103229]: DEBUG neutron_lib.callbacks.manager [None req-83c07a9b-e4f8-407d-bbc1-f6a417e1fa0b None None] Publish callbacks ['neutron.plugins.ml2.plugin.SecurityGroupServerNotifierRpcMixin._notify_sg_on_port_change-3478056', 'neutron.plugins.ml2.ovo_rpc._ObjectChangeHandler.handle_event-12291', 'neutron.api.rpc.agentnotifiers.dhcp_rpc_agent_api.DhcpAgentNotifyAPI._native_event_send_dhcp_notification-3710355', 'neutron.db.l3_db.L3RpcNotifierMixin._notify_gateway_port_ip_changed-8746820499725', 'neutron.db.l3_dvrscheduler_db._notify_l3_agent_port_update-8746819962561', 'neutron.db.l3_hascheduler_db._notify_l3_agent_ha_port_update-8746819962579'] for port (4037c408-29a1-4eb9-80de-b63eb39bdd01), after_update {{(pid=103229) _notify_loop /usr/local/lib/python3.8/dist-packages/neutron_lib/callbacks/manager.py:176}}
Feb 07 16:33:52.554013 n-d-827865-3 neutron-server[103225]: DEBUG neutron.pecan_wsgi.hooks.policy_enforcement [req-29b2ed5d-819a-43fb-90d4-2212e5756666 req-c2bc2932-8403-460f-8a12-06347c359a24 tempest-LiveMigrationNegativeTest-1344889000 tempest-LiveMigrationNegativeTest-1344889000-project] Attributes excluded by policy engine: ['standard_attr_id', 'binding:profile', 'binding:host_id', 'binding:vif_type', 'binding:vif_details'] {{(pid=103225) _exclude_attributes_by_policy /opt/stack/neutron/neutron/pecan_wsgi/hooks/policy_enforcement.py:255}}
Feb 07 16:33:52.557532 n-d-827865-3 neutron-server[103225]: INFO neutron.wsgi [req-29b2ed5d-819a-43fb-90d4-2212e5756666 req-c2bc2932-8403-460f-8a12-06347c359a24 tempest-LiveMigrationNegativeTest-1344889000 tempest-LiveMigrationNegativeTest-1344889000-project] 10.222.0.18 "GET /v2.0/ports?device_id=b3d28e65-d1b9-41bd-87fa-2204b0ed2e6c HTTP/1.1" status: 200 len: 949 time: 0.1021354
Feb 07 16:33:52.638748 n-d-827865-3 neutron-server[103225]: INFO neutron.wsgi [req-29b2ed5d-819a-43fb-90d4-2212e5756666 req-07bbef77-9d99-4ead-ba5b-294b64b53a16 tempest-LiveMigrationNegativeTest-1344889000 tempest-LiveMigrationNegativeTest-1344889000-project] 10.222.0.18 "GET /v2.0/security-groups?id=687c932c-2069-4550-a870-f0a5dc69d22d&fields=id&fields=name HTTP/1.1" status: 200 len: 286 time: 0.0741131
Feb 07 16:33:52.646806 n-d-827865-3 neutron-server[103229]: DEBUG neutron.db.l3_dvrscheduler_db [None req-83c07a9b-e4f8-407d-bbc1-f6a417e1fa0b None None] Routers {'5295d5f0-948f-4771-a505-8c057677e5ce'} bound to L3 agent in host n-d-827865-3 {{(pid=103229) _get_router_ids_for_agent /opt/stack/neutron/neutron/db/l3_dvrscheduler_db.py:421}}
Feb 07 16:33:52.651711 n-d-827865-3 neutron-server[103229]: DEBUG neutron.db.l3_hamode_db [None req-83c07a9b-e4f8-407d-bbc1-f6a417e1fa0b None None] neutron.services.l3_router.l3_router_plugin.L3RouterPlugin method get_ha_sync_data_for_host called with arguments (, 'n-d-827865-3', Agent(admin_state_up=True,agent_type='L3 agent',availability_zone='nova',binary='neutron-l3-agent',configurations={"agent_mode": "legacy", "ex_gw_ports": 1, "extensions": [], "floating_ips": 0, "handle_internal_only_routers": true, "interface_driver": "openvswitch", "interfaces": 1, "log_agent_heartbeats": false, "routers": 1},created_at=2022-02-07T16:22:28Z,description=,heartbeat_timestamp=2022-02-07T16:33:28Z,host='n-d-827865-3',id=fcc535dc-a7dd-4c2f-b4fe-6d7a47ae2d60,load=0,resource_versions=,resources_synced=,started_at=2022-02-07T16:22:28Z,topic='l3_agent')) {'router_ids': ['5295d5f0-948f-4771-a505-8c057677e5ce'], 'active': True} {{(pid=103229) wrapper /usr/local/lib/python3.8/dist-packages/oslo_log/helpers.py:65}}
Feb 07 16:33:52.660286 n-d-827865-3 neutron-server[103226]: INFO neutron.wsgi [req-cf8857a1-a5c9-41d0-8255-8b141368226c req-526bea3c-d338-4045-8091-2a22b0c99d4a tempest-ServersAdminNegativeTestJSON-201475203 tempest-ServersAdminNegativeTestJSON-201475203-project] 10.222.0.18 "GET /v2.0/security-groups?id=f3bf58e1-2759-485c-ad9e-8cf7e1f24cb8&fields=id&fields=name HTTP/1.1" status: 200 len: 286 time: 0.8002870
Feb 07 16:33:52.718943 n-d-827865-3 neutron-server[103225]: DEBUG novaclient.v2.client [-] RESP: [200] Connection: close Content-Length: 183 Content-Type: application/json Date: Mon, 07 Feb 2022 16:33:51 GMT OpenStack-API-Version: compute 2.1 Server: Apache/2.4.41 (Ubuntu) Vary: OpenStack-API-Version,X-OpenStack-Nova-API-Version X-OpenStack-Nova-API-Version: 2.1 x-compute-request-id: req-5a10dbf1-a617-4dc5-b743-031d026c5343 x-openstack-request-id: req-5a10dbf1-a617-4dc5-b743-031d026c5343 {{(pid=103225) _http_log_response /usr/local/lib/python3.8/dist-packages/keystoneauth1/session.py:550}}
Feb 07 16:33:52.719250 n-d-827865-3 neutron-server[103225]: DEBUG novaclient.v2.client [-] RESP BODY: {"events": [{"server_uuid": "d6c8e966-ac34-4bce-b975-3240a292c70f", "name": "network-vif-deleted", "tag": "1fc86ab8-b372-452d-aed5-d2bb485079c7", "status": "completed", "code": 200}]} {{(pid=103225) _http_log_response /usr/local/lib/python3.8/dist-packages/keystoneauth1/session.py:582}}
Feb 07 16:33:52.719513 n-d-827865-3 neutron-server[103225]: DEBUG novaclient.v2.client [-] POST call to compute for http://10.222.0.18/compute/v2.1/os-server-external-events used request id req-5a10dbf1-a617-4dc5-b743-031d026c5343 {{(pid=103225) request /usr/local/lib/python3.8/dist-packages/keystoneauth1/session.py:954}}
Feb 07 16:33:52.719918 n-d-827865-3 neutron-server[103225]: INFO neutron.notifiers.nova [-] Nova event response: {'server_uuid': 'd6c8e966-ac34-4bce-b975-3240a292c70f', 'name': 'network-vif-deleted', 'tag': '1fc86ab8-b372-452d-aed5-d2bb485079c7', 'status': 'completed', 'code': 200}
Feb 07 16:33:52.730564 n-d-827865-3 neutron-server[103226]: DEBUG neutron.plugins.ml2.managers [req-f3844c7c-e7b7-4a00-8ccf-9f225e2bba41 req-58bf1a51-c7df-4d38-a5f1-46013aff103c service neutron] Attempting to bind port 4d4859d5-09a9-41f7-94b5-0bb185ca601a on host n-h2-827865-3 for vnic_type normal with profile {{(pid=103226) bind_port /opt/stack/neutron/neutron/plugins/ml2/managers.py:795}}
Feb 07 16:33:52.730905 n-d-827865-3 neutron-server[103226]: DEBUG neutron.plugins.ml2.managers [req-f3844c7c-e7b7-4a00-8ccf-9f225e2bba41 req-58bf1a51-c7df-4d38-a5f1-46013aff103c service neutron] Attempting to bind port 4d4859d5-09a9-41f7-94b5-0bb185ca601a by drivers openvswitch,hyperv on host n-h2-827865-3 at level 0 using segments [{'id': '55700287-6a8b-4633-b87b-191fe7262e79', 'network_type': 'vlan', 'physical_network': 'physnet1', 'segmentation_id': 240, 'network_id': '46a0d022-d27c-4d00-8d98-baa6669aa802'}] {{(pid=103226) _bind_port_level /opt/stack/neutron/neutron/plugins/ml2/managers.py:820}}
Feb 07 16:33:52.731236 n-d-827865-3 neutron-server[103226]: DEBUG neutron.plugins.ml2.drivers.mech_agent [req-f3844c7c-e7b7-4a00-8ccf-9f225e2bba41 req-58bf1a51-c7df-4d38-a5f1-46013aff103c service neutron] Attempting to bind port 4d4859d5-09a9-41f7-94b5-0bb185ca601a on network 46a0d022-d27c-4d00-8d98-baa6669aa802 {{(pid=103226) bind_port /opt/stack/neutron/neutron/plugins/ml2/drivers/mech_agent.py:91}}
Feb 07 16:33:52.752401 n-d-827865-3 neutron-server[103226]: DEBUG neutron.plugins.ml2.drivers.mech_agent [req-f3844c7c-e7b7-4a00-8ccf-9f225e2bba41 req-58bf1a51-c7df-4d38-a5f1-46013aff103c service neutron] Port 4d4859d5-09a9-41f7-94b5-0bb185ca601a on network 46a0d022-d27c-4d00-8d98-baa6669aa802 not bound, no agent of type Open vSwitch agent registered on host n-h2-827865-3 {{(pid=103226) bind_port /opt/stack/neutron/neutron/plugins/ml2/drivers/mech_agent.py:103}}
Feb 07 16:33:52.752759 n-d-827865-3 neutron-server[103226]: DEBUG neutron.plugins.ml2.drivers.mech_agent [req-f3844c7c-e7b7-4a00-8ccf-9f225e2bba41 req-58bf1a51-c7df-4d38-a5f1-46013aff103c service neutron] Attempting to bind port 4d4859d5-09a9-41f7-94b5-0bb185ca601a on network 46a0d022-d27c-4d00-8d98-baa6669aa802 {{(pid=103226) bind_port /opt/stack/neutron/neutron/plugins/ml2/drivers/mech_agent.py:91}}
Feb 07 16:33:52.765056 n-d-827865-3 neutron-server[103229]: DEBUG neutron.api.rpc.handlers.resources_rpc [None req-e5a06b45-7ff4-4114-a1bb-1ed5ecd1e8bb None None] Pushing event updated for resources: {'Port': ['ID=4037c408-29a1-4eb9-80de-b63eb39bdd01,revision_number=3']} {{(pid=103229) push /opt/stack/neutron/neutron/api/rpc/handlers/resources_rpc.py:237}}
Feb 07 16:33:52.772152 n-d-827865-3 neutron-server[103226]: DEBUG neutron.plugins.ml2.drivers.mech_agent [req-f3844c7c-e7b7-4a00-8ccf-9f225e2bba41 req-58bf1a51-c7df-4d38-a5f1-46013aff103c service neutron] Checking agent: {'id': 'b5f77ecb-1c1a-4cd2-850d-175f06b6c9b2', 'agent_type': 'HyperV agent', 'binary': 'neutron-hyperv-agent', 'topic': 'N/A', 'host': 'n-h2-827865-3', 'admin_state_up': True, 'created_at': datetime.datetime(2022, 2, 7, 16, 30, 21), 'started_at': datetime.datetime(2022, 2, 7, 16, 30, 21), 'heartbeat_timestamp': datetime.datetime(2022, 2, 7, 16, 33, 51), 'description': None, 'resources_synced': None, 'availability_zone': None, 'alive': True, 'configurations': {'vswitch_mappings': {'physnet1$': 'br-data'}}, 'resource_versions': {}} {{(pid=103226) bind_port /opt/stack/neutron/neutron/plugins/ml2/drivers/mech_agent.py:110}}
Feb 07 16:33:52.772760 n-d-827865-3 neutron-server[103226]: DEBUG neutron.plugins.ml2.drivers.mech_agent [req-f3844c7c-e7b7-4a00-8ccf-9f225e2bba41 req-58bf1a51-c7df-4d38-a5f1-46013aff103c service neutron] Checking segment: {'id': '55700287-6a8b-4633-b87b-191fe7262e79', 'network_type': 'vlan', 'physical_network': 'physnet1', 'segmentation_id': 240, 'network_id': '46a0d022-d27c-4d00-8d98-baa6669aa802'} for mappings: {'physnet1$': 'br-data'} with network types: ['local', 'flat', 'vlan'] {{(pid=103226) check_segment_for_agent /opt/stack/neutron/neutron/plugins/ml2/drivers/mech_agent.py:373}}
Feb 07 16:33:52.772851 n-d-827865-3 neutron-server[103226]: DEBUG neutron.plugins.ml2.drivers.mech_agent [req-f3844c7c-e7b7-4a00-8ccf-9f225e2bba41 req-58bf1a51-c7df-4d38-a5f1-46013aff103c service neutron] Bound using segment: {'id': '55700287-6a8b-4633-b87b-191fe7262e79', 'network_type': 'vlan', 'physical_network': 'physnet1', 'segmentation_id': 240, 'network_id': '46a0d022-d27c-4d00-8d98-baa6669aa802'} {{(pid=103226) bind_port /opt/stack/neutron/neutron/plugins/ml2/drivers/mech_agent.py:120}}
Feb 07 16:33:52.773311 n-d-827865-3 neutron-server[103226]: DEBUG neutron.plugins.ml2.managers [req-f3844c7c-e7b7-4a00-8ccf-9f225e2bba41 req-58bf1a51-c7df-4d38-a5f1-46013aff103c service neutron] Bound port: 4d4859d5-09a9-41f7-94b5-0bb185ca601a, host: n-h2-827865-3, vif_type: hyperv, vif_details: {"connectivity": "legacy", "port_filter": false}, binding_levels: [{'bound_driver': 'hyperv', 'bound_segment': {'id': '55700287-6a8b-4633-b87b-191fe7262e79', 'network_type': 'vlan', 'physical_network': 'physnet1', 'segmentation_id': 240, 'network_id': '46a0d022-d27c-4d00-8d98-baa6669aa802'}}] {{(pid=103226) _bind_port_level /opt/stack/neutron/neutron/plugins/ml2/managers.py:932}}
Feb 07 16:33:52.773671 n-d-827865-3 neutron-server[103226]: DEBUG neutron_lib.callbacks.manager [req-f3844c7c-e7b7-4a00-8ccf-9f225e2bba41 req-58bf1a51-c7df-4d38-a5f1-46013aff103c service neutron] Publish callbacks ['neutron.plugins.ml2.plugin.SecurityGroupDbMixin._ensure_default_security_group_handler-3478148'] for port (4d4859d5-09a9-41f7-94b5-0bb185ca601a), before_update {{(pid=103226) _notify_loop /usr/local/lib/python3.8/dist-packages/neutron_lib/callbacks/manager.py:176}}
Feb 07 16:33:52.823922 n-d-827865-3 neutron-server[103229]: DEBUG neutron.db.l3_dvr_db [None req-83c07a9b-e4f8-407d-bbc1-f6a417e1fa0b None None] Set router 5295d5f0-948f-4771-a505-8c057677e5ce gateway port host: n-d-827865-3 {{(pid=103229) _build_routers_list /opt/stack/neutron/neutron/db/l3_dvr_db.py:906}}
Feb 07 16:33:52.927188 n-d-827865-3 neutron-server[103228]: DEBUG neutron_lib.callbacks.manager [None req-b4e30e36-1b84-4fa4-900f-f57e9befd0ed None None] Publish callbacks ['neutron.services.segments.db._update_segment_host_mapping_for_agent-8746820520111', 'neutron.plugins.ml2.plugin.Ml2Plugin._retry_binding_revived_agents-674749'] for agent (ce2ea14c-d4a8-4df7-b25a-96416499847d), after_update {{(pid=103228) _notify_loop /usr/local/lib/python3.8/dist-packages/neutron_lib/callbacks/manager.py:176}}
Feb 07 16:33:53.000498 n-d-827865-3 neutron-server[103226]: DEBUG neutron_lib.callbacks.manager [None req-d9366c60-2f05-4e19-b3fc-a3397405868d admin admin] Publish callbacks ['neutron.plugins.ml2.plugin.SecurityGroupDbMixin._ensure_default_security_group_handler-3478148'] for port (None), before_create {{(pid=103226) _notify_loop /usr/local/lib/python3.8/dist-packages/neutron_lib/callbacks/manager.py:176}}
Feb 07 16:33:53.044516 n-d-827865-3 neutron-server[103226]: DEBUG neutron.pecan_wsgi.hooks.policy_enforcement [req-5a82096d-0bf5-45d7-ae65-456885debbf6 req-072c2fd9-2c0d-4309-845c-00e4c888fadc tempest-ServersAdminTestJSON-696681393 tempest-ServersAdminTestJSON-696681393-project] Attributes excluded by policy engine: ['standard_attr_id', 'binding:profile', 'binding:host_id', 'binding:vif_type', 'binding:vif_details'] {{(pid=103226) _exclude_attributes_by_policy /opt/stack/neutron/neutron/pecan_wsgi/hooks/policy_enforcement.py:255}}
Feb 07 16:33:53.052608 n-d-827865-3 neutron-server[103226]: INFO neutron.wsgi [req-5a82096d-0bf5-45d7-ae65-456885debbf6 req-072c2fd9-2c0d-4309-845c-00e4c888fadc tempest-ServersAdminTestJSON-696681393 tempest-ServersAdminTestJSON-696681393-project] 10.222.0.18 "GET /v2.0/ports?device_id=2d473e8d-ce3e-4af1-9a15-6333051cefd2 HTTP/1.1" status: 200 len: 948 time: 0.2588027
Feb 07 16:33:53.158862 n-d-827865-3 neutron-server[103226]: DEBUG neutron.plugins.ml2.db [req-f3844c7c-e7b7-4a00-8ccf-9f225e2bba41 req-58bf1a51-c7df-4d38-a5f1-46013aff103c service neutron] For port 4d4859d5-09a9-41f7-94b5-0bb185ca601a, host n-h2-827865-3, cleared binding levels {{(pid=103226) clear_binding_levels /opt/stack/neutron/neutron/plugins/ml2/db.py:87}}
Feb 07 16:33:53.210936 n-d-827865-3 neutron-server[103229]: DEBUG neutron.db.l3_hamode_db [None req-83c07a9b-e4f8-407d-bbc1-f6a417e1fa0b None None] neutron.services.l3_router.l3_router_plugin.L3RouterPlugin method _process_sync_ha_data called with arguments (, [{'id': '5295d5f0-948f-4771-a505-8c057677e5ce', 'name': 'tempest-ServersWithSpecificFlavorTestJSON-1097888621-router', 'tenant_id': 'c740bac83cca4c28a1eca5b421c47cf0', 'admin_state_up': True, 'status': 'ACTIVE', 'external_gateway_info': {'network_id': '03a0bd1c-e848-4b71-b3f9-e0a68a8d04a7', 'external_fixed_ips': [{'subnet_id': 'd3789a0b-ca49-4619-9fc6-9704b050876f', 'ip_address': '172.25.4.116'}], 'enable_snat': True}, 'gw_port_id': '4037c408-29a1-4eb9-80de-b63eb39bdd01', 'description': '', 'availability_zones': ['nova'], 'distributed': False, 'ha': False, 'ha_vr_id': 0, 'availability_zone_hints': [], 'routes': [], 'flavor_id': None, 'tags': [], 'created_at': '2022-02-07T16:33:45Z', 'updated_at': '2022-02-07T16:33:48Z', 'revision_number': 3, 'project_id': 'c740bac83cca4c28a1eca5b421c47cf0', 'gw_port': {'id': '4037c408-29a1-4eb9-80de-b63eb39bdd01', 'name': '', 'network_id': '03a0bd1c-e848-4b71-b3f9-e0a68a8d04a7', 'tenant_id': '', 'mac_address': 'fa:16:3e:33:f7:9e', 'admin_state_up': True, 'status': 'DOWN', 'device_id': '5295d5f0-948f-4771-a505-8c057677e5ce', 'device_owner': 'network:router_gateway', 'standard_attr_id': 369, 'fixed_ips': [{'subnet_id': 'd3789a0b-ca49-4619-9fc6-9704b050876f', 'ip_address': '172.25.4.116', 'prefixlen': 24}], 'allowed_address_pairs': [], 'extra_dhcp_opts': [], 'security_groups': [], 'description': '', 'binding:vnic_type': 'normal', 'binding:profile': {}, 'binding:host_id': 'n-d-827865-3', 'binding:vif_type': 'ovs', 'binding:vif_details': {'connectivity': 'l2', 'port_filter': True, 'ovs_hybrid_plug': False, 'datapath_type': 'system', 'bridge_name': 'br-int', 'bound_drivers': {'0': 'openvswitch'}}, 'port_security_enabled': False, 'tags': [], 'created_at': '2022-02-07T16:33:46Z', 'updated_at': '2022-02-07T16:33:52Z', 'revision_number': 3, 'project_id': '', 'subnets': [{'id': 'd3789a0b-ca49-4619-9fc6-9704b050876f', 'cidr': '172.25.4.0/24', 'gateway_ip': '172.25.4.1', 'dns_nameservers': [], 'ipv6_ra_mode': None, 'subnetpool_id': None}], 'extra_subnets': [], 'address_scopes': {4: None, 6: None}, 'mtu': 1500}, 'enable_snat': True, 'gw_port_host': 'n-d-827865-3'}], 'n-d-827865-3', False) {} {{(pid=103229) wrapper /usr/local/lib/python3.8/dist-packages/oslo_log/helpers.py:65}}
Feb 07 16:33:53.227666 n-d-827865-3 neutron-server[103226]: INFO neutron.wsgi [req-5a82096d-0bf5-45d7-ae65-456885debbf6 req-aed918ae-3648-4410-9a8f-8e364aa663fe tempest-ServersAdminTestJSON-696681393 tempest-ServersAdminTestJSON-696681393-project] 10.222.0.18 "GET /v2.0/security-groups?id=08c77dbf-e6c2-4ff1-bed3-bd43497876e7&fields=id&fields=name HTTP/1.1" status: 200 len: 286 time: 0.1691458
