Feb 07 14:05:19.611805 n-d-827865-2 devstack@placement-api.service[103743]: DEBUG placement.objects.research_context [req-e32b8f72-2e8a-439c-8442-cd03c6354ee7 req-8acc0c34-7665-4c28-a110-b988d44dfbc9 service placement] found 2 providers with available 1 VCPU {{(pid=103743) get_provider_ids_matching /opt/stack/placement/placement/objects/research_context.py:549}}
Feb 07 14:05:19.612077 n-d-827865-2 devstack@placement-api.service[103743]: DEBUG placement.objects.research_context [req-e32b8f72-2e8a-439c-8442-cd03c6354ee7 req-8acc0c34-7665-4c28-a110-b988d44dfbc9 service placement] found 2 providers after filtering by previous result {{(pid=103743) get_provider_ids_matching /opt/stack/placement/placement/objects/research_context.py:580}}
Feb 07 14:05:19.630690 n-d-827865-2 devstack@placement-api.service[103743]: DEBUG placement.objects.allocation_candidate [req-e32b8f72-2e8a-439c-8442-cd03c6354ee7 req-8acc0c34-7665-4c28-a110-b988d44dfbc9 service placement] RequestGroup(use_same_provider=False, resources={DISK_GB:1, MEMORY_MB:1024, VCPU:1}, traits=[], aggregates=[]) (suffix '') returned 2 matches {{(pid=103743) _get_by_requests /opt/stack/placement/placement/objects/allocation_candidate.py:145}}
Feb 07 14:05:19.631521 n-d-827865-2 devstack@placement-api.service[103743]: DEBUG placement.objects.allocation_candidate [req-e32b8f72-2e8a-439c-8442-cd03c6354ee7 req-8acc0c34-7665-4c28-a110-b988d44dfbc9 service placement] Merging candidates yields 2 allocation requests and 2 provider summaries {{(pid=103743) _merge_candidates /opt/stack/placement/placement/objects/allocation_candidate.py:783}}
Feb 07 14:05:19.633806 n-d-827865-2 devstack@placement-api.service[103743]: INFO placement.requestlog [req-e32b8f72-2e8a-439c-8442-cd03c6354ee7 req-8acc0c34-7665-4c28-a110-b988d44dfbc9 service placement] 10.222.0.59 "GET /placement/allocation_candidates?limit=1000&resources=DISK_GB%3A1%2CMEMORY_MB%3A1024%2CVCPU%3A1&root_required=%21COMPUTE_STATUS_DISABLED" status: 200 len: 1309 microversion: 1.36
Feb 07 14:05:19.634697 n-d-827865-2 devstack@placement-api.service[103743]: [pid: 103743|app: 0|req: 91/182] 10.222.0.59 () {60 vars in 1506 bytes} [Mon Feb 7 14:05:19 2022] GET /placement/allocation_candidates?limit=1000&resources=DISK_GB%3A1%2CMEMORY_MB%3A1024%2CVCPU%3A1&root_required=%21COMPUTE_STATUS_DISABLED => generated 1309 bytes in 92 msecs (HTTP/1.1 200) 8 headers in 297 bytes (1 switches on core 0)
Feb 07 14:05:19.702680 n-d-827865-2 devstack@placement-api.service[103742]: DEBUG placement.requestlog [req-e32b8f72-2e8a-439c-8442-cd03c6354ee7 req-01a135cf-206b-4f58-9b4e-2bc0fbd9a02c None None] Starting request: 10.222.0.59 "GET /placement/allocations/ec55c01e-79c7-4d05-9562-60a6822b5755" {{(pid=103742) __call__ /opt/stack/placement/placement/requestlog.py:55}}
Feb 07 14:05:19.716795 n-d-827865-2 devstack@placement-api.service[103742]: INFO placement.requestlog [req-e32b8f72-2e8a-439c-8442-cd03c6354ee7 req-01a135cf-206b-4f58-9b4e-2bc0fbd9a02c service placement] 10.222.0.59 "GET /placement/allocations/ec55c01e-79c7-4d05-9562-60a6822b5755" status: 200 len: 19 microversion: 1.28
Feb 07 14:05:19.724334 n-d-827865-2 devstack@placement-api.service[103743]: DEBUG placement.requestlog [req-e32b8f72-2e8a-439c-8442-cd03c6354ee7 req-45f6aad1-b0ce-43d0-baa5-24c05c2e63ca None None] Starting request: 10.222.0.59 "PUT /placement/allocations/ec55c01e-79c7-4d05-9562-60a6822b5755" {{(pid=103743) __call__ /opt/stack/placement/placement/requestlog.py:55}}
Feb 07 14:05:19.724920 n-d-827865-2 devstack@placement-api.service[103742]: [pid: 103742|app: 0|req: 92/183] 10.222.0.59 () {60 vars in 1380 bytes} [Mon Feb 7 14:05:19 2022] GET /placement/allocations/ec55c01e-79c7-4d05-9562-60a6822b5755 => generated 19 bytes in 20 msecs (HTTP/1.1 200) 8 headers in 295 bytes (1 switches on core 0)
Feb 07 14:05:19.807524 n-d-827865-2 devstack@placement-api.service[103743]: DEBUG placement.handlers.allocation [req-e32b8f72-2e8a-439c-8442-cd03c6354ee7 req-45f6aad1-b0ce-43d0-baa5-24c05c2e63ca service placement] Successfully wrote allocations [, , ] {{(pid=103743) _update_consumers_and_create_allocations /opt/stack/placement/placement/handlers/allocation.py:462}}
Feb 07 14:05:19.815791 n-d-827865-2 devstack@placement-api.service[103743]: INFO placement.requestlog [req-e32b8f72-2e8a-439c-8442-cd03c6354ee7 req-45f6aad1-b0ce-43d0-baa5-24c05c2e63ca service placement] 10.222.0.59 "PUT /placement/allocations/ec55c01e-79c7-4d05-9562-60a6822b5755" status: 204 len: 0 microversion: 1.36
Feb 07 14:05:19.816907 n-d-827865-2 devstack@placement-api.service[103743]: [pid: 103743|app: 0|req: 92/184] 10.222.0.59 () {64 vars in 1433 bytes} [Mon Feb 7 14:05:19 2022] PUT /placement/allocations/ec55c01e-79c7-4d05-9562-60a6822b5755 => generated 0 bytes in 93 msecs (HTTP/1.1 204) 5 headers in 199 bytes (2 switches on core 0)
Feb 07 14:05:19.823758 n-d-827865-2 devstack@placement-api.service[103742]: DEBUG placement.requestlog [req-4801e456-ddd4-41eb-add3-af7acf5505b5 req-aa3fb5a4-1f5f-49bd-a662-6cfe12fa695d None None] Starting request: 10.222.0.36 "GET /placement/allocations/f4d72295-88d1-4280-be9d-955f66408571" {{(pid=103742) __call__ /opt/stack/placement/placement/requestlog.py:55}}
Feb 07 14:05:19.866060 n-d-827865-2 devstack@placement-api.service[103742]: INFO placement.requestlog [req-4801e456-ddd4-41eb-add3-af7acf5505b5 req-aa3fb5a4-1f5f-49bd-a662-6cfe12fa695d service placement] 10.222.0.36 "GET /placement/allocations/f4d72295-88d1-4280-be9d-955f66408571" status: 200 len: 259 microversion: 1.28
Feb 07 14:05:19.867202 n-d-827865-2 devstack@placement-api.service[103742]: [pid: 103742|app: 0|req: 93/185] 10.222.0.36 () {60 vars in 1377 bytes} [Mon Feb 7 14:05:19 2022] GET /placement/allocations/f4d72295-88d1-4280-be9d-955f66408571 => generated 259 bytes in 44 msecs (HTTP/1.1 200) 8 headers in 296 bytes (1 switches on core 0)
Feb 07 14:05:20.276318 n-d-827865-2 devstack@placement-api.service[103743]: DEBUG placement.requestlog [req-e32b8f72-2e8a-439c-8442-cd03c6354ee7 req-8ac0ff01-7840-4b50-9dde-d59f77fb1dce None None] Starting request: 10.222.0.36 "GET /placement/allocations/ec55c01e-79c7-4d05-9562-60a6822b5755" {{(pid=103743) __call__ /opt/stack/placement/placement/requestlog.py:55}}
Feb 07 14:05:20.322754 n-d-827865-2 devstack@placement-api.service[103743]: INFO placement.requestlog [req-e32b8f72-2e8a-439c-8442-cd03c6354ee7 req-8ac0ff01-7840-4b50-9dde-d59f77fb1dce service placement] 10.222.0.36 "GET /placement/allocations/ec55c01e-79c7-4d05-9562-60a6822b5755" status: 200 len: 259 microversion: 1.28
Feb 07 14:05:20.325111 n-d-827865-2 devstack@placement-api.service[103743]: [pid: 103743|app: 0|req: 93/186] 10.222.0.36 () {60 vars in 1377 bytes} [Mon Feb 7 14:05:20 2022] GET /placement/allocations/ec55c01e-79c7-4d05-9562-60a6822b5755 => generated 259 bytes in 49 msecs (HTTP/1.1 200) 8 headers in 296 bytes (2 switches on core 0)
Feb 07 14:05:20.626132 n-d-827865-2 devstack@placement-api.service[103742]: DEBUG placement.requestlog [req-7578d30e-b09b-4914-92bd-0a2f70c34237 req-55737de0-c99e-451a-9c56-7cc93624641b None None] Starting request: 10.222.0.59 "GET /placement/allocation_candidates?limit=1000&resources=DISK_GB%3A1%2CMEMORY_MB%3A1024%2CVCPU%3A1&root_required=%21COMPUTE_STATUS_DISABLED" {{(pid=103742) __call__ /opt/stack/placement/placement/requestlog.py:55}}
Feb 07 14:05:20.691468 n-d-827865-2 devstack@placement-api.service[103742]: DEBUG placement.objects.research_context [req-7578d30e-b09b-4914-92bd-0a2f70c34237 req-55737de0-c99e-451a-9c56-7cc93624641b service placement] getting providers with 1 DISK_GB {{(pid=103742) __init__ /opt/stack/placement/placement/objects/research_context.py:126}}
Feb 07 14:05:20.707848 n-d-827865-2 devstack@placement-api.service[103742]: DEBUG placement.objects.research_context [req-7578d30e-b09b-4914-92bd-0a2f70c34237 req-55737de0-c99e-451a-9c56-7cc93624641b service placement] getting providers with 1024 MEMORY_MB {{(pid=103742) __init__ /opt/stack/placement/placement/objects/research_context.py:126}}
Feb 07 14:05:20.719685 n-d-827865-2 devstack@placement-api.service[103742]: DEBUG placement.objects.research_context [req-7578d30e-b09b-4914-92bd-0a2f70c34237 req-55737de0-c99e-451a-9c56-7cc93624641b service placement] getting providers with 1 VCPU {{(pid=103742) __init__ /opt/stack/placement/placement/objects/research_context.py:126}}
Feb 07 14:05:20.728525 n-d-827865-2 devstack@placement-api.service[103742]: DEBUG placement.objects.research_context [req-7578d30e-b09b-4914-92bd-0a2f70c34237 req-55737de0-c99e-451a-9c56-7cc93624641b service placement] found 2 providers with available 1 DISK_GB {{(pid=103742) get_provider_ids_matching /opt/stack/placement/placement/objects/research_context.py:549}}
Feb 07 14:05:20.728847 n-d-827865-2 devstack@placement-api.service[103742]: DEBUG placement.objects.research_context [req-7578d30e-b09b-4914-92bd-0a2f70c34237 req-55737de0-c99e-451a-9c56-7cc93624641b service placement] found 2 providers with available 1024 MEMORY_MB {{(pid=103742) get_provider_ids_matching /opt/stack/placement/placement/objects/research_context.py:549}}
Feb 07 14:05:20.729222 n-d-827865-2 devstack@placement-api.service[103742]: DEBUG placement.objects.research_context [req-7578d30e-b09b-4914-92bd-0a2f70c34237 req-55737de0-c99e-451a-9c56-7cc93624641b service placement] found 2 providers after filtering by previous result {{(pid=103742) get_provider_ids_matching /opt/stack/placement/placement/objects/research_context.py:580}}
Feb 07 14:05:20.729408 n-d-827865-2 devstack@placement-api.service[103742]: DEBUG placement.objects.research_context [req-7578d30e-b09b-4914-92bd-0a2f70c34237 req-55737de0-c99e-451a-9c56-7cc93624641b service placement] found 2 providers with available 1 VCPU {{(pid=103742) get_provider_ids_matching /opt/stack/placement/placement/objects/research_context.py:549}}
Feb 07 14:05:20.730230 n-d-827865-2 devstack@placement-api.service[103742]: DEBUG placement.objects.research_context [req-7578d30e-b09b-4914-92bd-0a2f70c34237 req-55737de0-c99e-451a-9c56-7cc93624641b service placement] found 2 providers after filtering by previous result {{(pid=103742) get_provider_ids_matching /opt/stack/placement/placement/objects/research_context.py:580}}
Feb 07 14:05:20.765663 n-d-827865-2 devstack@placement-api.service[103742]: DEBUG placement.objects.allocation_candidate [req-7578d30e-b09b-4914-92bd-0a2f70c34237 req-55737de0-c99e-451a-9c56-7cc93624641b service placement] RequestGroup(use_same_provider=False, resources={DISK_GB:1, MEMORY_MB:1024, VCPU:1}, traits=[], aggregates=[]) (suffix '') returned 2 matches {{(pid=103742) _get_by_requests /opt/stack/placement/placement/objects/allocation_candidate.py:145}}
Feb 07 14:05:20.766047 n-d-827865-2 devstack@placement-api.service[103742]: DEBUG placement.objects.allocation_candidate [req-7578d30e-b09b-4914-92bd-0a2f70c34237 req-55737de0-c99e-451a-9c56-7cc93624641b service placement] Merging candidates yields 2 allocation requests and 2 provider summaries {{(pid=103742) _merge_candidates /opt/stack/placement/placement/objects/allocation_candidate.py:783}}
Feb 07 14:05:20.774019 n-d-827865-2 devstack@placement-api.service[103742]: INFO placement.requestlog [req-7578d30e-b09b-4914-92bd-0a2f70c34237 req-55737de0-c99e-451a-9c56-7cc93624641b service placement] 10.222.0.59 "GET /placement/allocation_candidates?limit=1000&resources=DISK_GB%3A1%2CMEMORY_MB%3A1024%2CVCPU%3A1&root_required=%21COMPUTE_STATUS_DISABLED" status: 200 len: 1309 microversion: 1.36
Feb 07 14:05:20.774483 n-d-827865-2 devstack@placement-api.service[103742]: [pid: 103742|app: 0|req: 94/187] 10.222.0.59 () {60 vars in 1506 bytes} [Mon Feb 7 14:05:20 2022] GET /placement/allocation_candidates?limit=1000&resources=DISK_GB%3A1%2CMEMORY_MB%3A1024%2CVCPU%3A1&root_required=%21COMPUTE_STATUS_DISABLED => generated 1309 bytes in 149 msecs (HTTP/1.1 200) 8 headers in 297 bytes (2 switches on core 0)
Feb 07 14:05:20.893682 n-d-827865-2 devstack@placement-api.service[103743]: DEBUG placement.requestlog [req-7578d30e-b09b-4914-92bd-0a2f70c34237 req-7d1198bb-b646-4239-ae3e-26d5af678021 None None] Starting request: 10.222.0.59 "GET /placement/allocations/532a2f9d-f359-4ef6-b592-3e1c00074b58" {{(pid=103743) __call__ /opt/stack/placement/placement/requestlog.py:55}}
Feb 07 14:05:20.912874 n-d-827865-2 devstack@placement-api.service[103743]: INFO placement.requestlog [req-7578d30e-b09b-4914-92bd-0a2f70c34237 req-7d1198bb-b646-4239-ae3e-26d5af678021 service placement] 10.222.0.59 "GET /placement/allocations/532a2f9d-f359-4ef6-b592-3e1c00074b58" status: 200 len: 19 microversion: 1.28
Feb 07 14:05:20.913506 n-d-827865-2 devstack@placement-api.service[103743]: [pid: 103743|app: 0|req: 94/188] 10.222.0.59 () {60 vars in 1380 bytes} [Mon Feb 7 14:05:20 2022] GET /placement/allocations/532a2f9d-f359-4ef6-b592-3e1c00074b58 => generated 19 bytes in 20 msecs (HTTP/1.1 200) 8 headers in 295 bytes (1 switches on core 0)
Feb 07 14:05:20.919536 n-d-827865-2 devstack@placement-api.service[103742]: DEBUG placement.requestlog [req-7578d30e-b09b-4914-92bd-0a2f70c34237 req-3e7a9272-5297-4af2-a57a-8f7eae62ce6b None None] Starting request: 10.222.0.59 "PUT /placement/allocations/532a2f9d-f359-4ef6-b592-3e1c00074b58" {{(pid=103742) __call__ /opt/stack/placement/placement/requestlog.py:55}}
Feb 07 14:05:20.987976 n-d-827865-2 devstack@placement-api.service[103742]: DEBUG placement.handlers.allocation [req-7578d30e-b09b-4914-92bd-0a2f70c34237 req-3e7a9272-5297-4af2-a57a-8f7eae62ce6b service placement] Successfully wrote allocations [, , ] {{(pid=103742) _update_consumers_and_create_allocations /opt/stack/placement/placement/handlers/allocation.py:462}}
Feb 07 14:05:20.993237 n-d-827865-2 devstack@placement-api.service[103742]: INFO placement.requestlog [req-7578d30e-b09b-4914-92bd-0a2f70c34237 req-3e7a9272-5297-4af2-a57a-8f7eae62ce6b service placement] 10.222.0.59 "PUT /placement/allocations/532a2f9d-f359-4ef6-b592-3e1c00074b58" status: 204 len: 0 microversion: 1.36
Feb 07 14:05:20.995198 n-d-827865-2 devstack@placement-api.service[103742]: [pid: 103742|app: 0|req: 95/189] 10.222.0.59 () {64 vars in 1433 bytes} [Mon Feb 7 14:05:20 2022] PUT /placement/allocations/532a2f9d-f359-4ef6-b592-3e1c00074b58 => generated 0 bytes in 76 msecs (HTTP/1.1 204) 5 headers in 199 bytes (1 switches on core 0)
Feb 07 14:05:21.516484 n-d-827865-2 devstack@placement-api.service[103743]: DEBUG placement.requestlog [req-7578d30e-b09b-4914-92bd-0a2f70c34237 req-d6d59af4-30b6-48a0-bd27-dcc99bf89001 None None] Starting request: 10.222.0.55 "GET /placement/allocations/532a2f9d-f359-4ef6-b592-3e1c00074b58" {{(pid=103743) __call__ /opt/stack/placement/placement/requestlog.py:55}}
Feb 07 14:05:21.563352 n-d-827865-2 devstack@placement-api.service[103743]: INFO placement.requestlog [req-7578d30e-b09b-4914-92bd-0a2f70c34237 req-d6d59af4-30b6-48a0-bd27-dcc99bf89001 service placement] 10.222.0.55 "GET /placement/allocations/532a2f9d-f359-4ef6-b592-3e1c00074b58" status: 200 len: 259 microversion: 1.28
Feb 07 14:05:21.564497 n-d-827865-2 devstack@placement-api.service[103743]: [pid: 103743|app: 0|req: 95/190] 10.222.0.55 () {60 vars in 1377 bytes} [Mon Feb 7 14:05:21 2022] GET /placement/allocations/532a2f9d-f359-4ef6-b592-3e1c00074b58 => generated 259 bytes in 49 msecs (HTTP/1.1 200) 8 headers in 296 bytes (1 switches on core 0)
Feb 07 14:05:21.616531 n-d-827865-2 devstack@placement-api.service[103742]: DEBUG placement.requestlog [None req-c7c8939d-7e0c-40da-ac58-0af4a6f41a24 None None] Starting request: 10.222.0.59 "GET /placement/" {{(pid=103742) __call__ /opt/stack/placement/placement/requestlog.py:55}}
Feb 07 14:05:21.617993 n-d-827865-2 devstack@placement-api.service[103742]: INFO placement.requestlog [None req-c7c8939d-7e0c-40da-ac58-0af4a6f41a24 None None] 10.222.0.59 "GET /placement/" status: 200 len: 136 microversion: 1.0
Feb 07 14:05:21.618385 n-d-827865-2 devstack@placement-api.service[103742]: [pid: 103742|app: 0|req: 96/191] 10.222.0.59 () {54 vars in 916 bytes} [Mon Feb 7 14:05:21 2022] GET /placement => generated 136 bytes in 3 msecs (HTTP/1.1 200) 6 headers in 224 bytes (1 switches on core 0)
Feb 07 14:05:21.633658 n-d-827865-2 devstack@placement-api.service[103743]: DEBUG placement.requestlog [req-e5b1f90f-c1ff-4454-bbfc-5a996fa775bb req-87d2c385-478e-428e-bfaf-994128d6ce44 None None] Starting request: 10.222.0.59 "GET /placement/allocations/4d960a6d-8675-46e4-a286-636fea8965d4" {{(pid=103743) __call__ /opt/stack/placement/placement/requestlog.py:55}}
Feb 07 14:05:21.718554 n-d-827865-2 devstack@placement-api.service[103743]: INFO placement.requestlog [req-e5b1f90f-c1ff-4454-bbfc-5a996fa775bb req-87d2c385-478e-428e-bfaf-994128d6ce44 service placement] 10.222.0.59 "GET /placement/allocations/4d960a6d-8675-46e4-a286-636fea8965d4" status: 200 len: 259 microversion: 1.28
Feb 07 14:05:21.719342 n-d-827865-2 devstack@placement-api.service[103743]: [pid: 103743|app: 0|req: 96/192] 10.222.0.59 () {60 vars in 1380 bytes} [Mon Feb 7 14:05:21 2022] GET /placement/allocations/4d960a6d-8675-46e4-a286-636fea8965d4 => generated 259 bytes in 86 msecs (HTTP/1.1 200) 8 headers in 296 bytes (1 switches on core 0)
Feb 07 14:05:21.727611 n-d-827865-2 devstack@placement-api.service[103742]: DEBUG placement.requestlog [req-e5b1f90f-c1ff-4454-bbfc-5a996fa775bb req-5fba1419-1330-468f-b03a-258be8a296e5 None None] Starting request: 10.222.0.59 "GET /placement/allocations/4d960a6d-8675-46e4-a286-636fea8965d4" {{(pid=103742) __call__ /opt/stack/placement/placement/requestlog.py:55}}
Feb 07 14:05:21.748134 n-d-827865-2 devstack@placement-api.service[103742]: INFO placement.requestlog [req-e5b1f90f-c1ff-4454-bbfc-5a996fa775bb req-5fba1419-1330-468f-b03a-258be8a296e5 service placement] 10.222.0.59 "GET /placement/allocations/4d960a6d-8675-46e4-a286-636fea8965d4" status: 200 len: 259 microversion: 1.28
Feb 07 14:05:21.748934 n-d-827865-2 devstack@placement-api.service[103742]: [pid: 103742|app: 0|req: 97/193] 10.222.0.59 () {60 vars in 1380 bytes} [Mon Feb 7 14:05:21 2022] GET /placement/allocations/4d960a6d-8675-46e4-a286-636fea8965d4 => generated 259 bytes in 22 msecs (HTTP/1.1 200) 8 headers in 296 bytes (1 switches on core 0)
Feb 07 14:05:21.756465 n-d-827865-2 devstack@placement-api.service[103743]: DEBUG placement.requestlog [req-e5b1f90f-c1ff-4454-bbfc-5a996fa775bb req-c6cf6370-f268-4ba7-96f8-e335e37f33d5 None None] Starting request: 10.222.0.59 "GET /placement/allocations/d0d9fe2c-3dcd-487f-bdf9-eccb34ae9097" {{(pid=103743) __call__ /opt/stack/placement/placement/requestlog.py:55}}
Feb 07 14:05:21.779470 n-d-827865-2 devstack@placement-api.service[103743]: INFO placement.requestlog [req-e5b1f90f-c1ff-4454-bbfc-5a996fa775bb req-c6cf6370-f268-4ba7-96f8-e335e37f33d5 service placement] 10.222.0.59 "GET /placement/allocations/d0d9fe2c-3dcd-487f-bdf9-eccb34ae9097" status: 200 len: 19 microversion: 1.28
Feb 07 14:05:21.780201 n-d-827865-2 devstack@placement-api.service[103743]: [pid: 103743|app: 0|req: 97/194] 10.222.0.59 () {60 vars in 1380 bytes} [Mon Feb 7 14:05:21 2022] GET /placement/allocations/d0d9fe2c-3dcd-487f-bdf9-eccb34ae9097 => generated 19 bytes in 25 msecs (HTTP/1.1 200) 8 headers in 295 bytes (1 switches on core 0)
Feb 07 14:05:21.791109 n-d-827865-2 devstack@placement-api.service[103742]: DEBUG placement.requestlog [req-e5b1f90f-c1ff-4454-bbfc-5a996fa775bb req-5f170caf-3364-4a44-a9dc-28143abb8189 None None] Starting request: 10.222.0.59 "POST /placement/allocations" {{(pid=103742) __call__ /opt/stack/placement/placement/requestlog.py:55}}
Feb 07 14:05:21.919164 n-d-827865-2 devstack@placement-api.service[103742]: DEBUG placement.handlers.allocation [req-e5b1f90f-c1ff-4454-bbfc-5a996fa775bb req-5f170caf-3364-4a44-a9dc-28143abb8189 service placement] Successfully wrote allocations [, , , , , ] {{(pid=103742) _update_consumers_and_create_allocations /opt/stack/placement/placement/handlers/allocation.py:572}}
Feb 07 14:05:21.923337 n-d-827865-2 devstack@placement-api.service[103742]: INFO placement.requestlog [req-e5b1f90f-c1ff-4454-bbfc-5a996fa775bb req-5f170caf-3364-4a44-a9dc-28143abb8189 service placement] 10.222.0.59 "POST /placement/allocations" status: 204 len: 0 microversion: 1.28
Feb 07 14:05:21.924020 n-d-827865-2 devstack@placement-api.service[103742]: [pid: 103742|app: 0|req: 98/195] 10.222.0.59 () {64 vars in 1323 bytes} [Mon Feb 7 14:05:21 2022] POST /placement/allocations => generated 0 bytes in 135 msecs (HTTP/1.1 204) 5 headers in 199 bytes (2 switches on core 0)
Feb 07 14:05:21.947359 n-d-827865-2 devstack@placement-api.service[103743]: DEBUG placement.requestlog [req-e5b1f90f-c1ff-4454-bbfc-5a996fa775bb req-5a6a00d5-f6fc-4124-908e-b17f1c7e979e None None] Starting request: 10.222.0.59 "GET /placement/allocation_candidates?limit=1000&resources=DISK_GB%3A1%2CMEMORY_MB%3A512%2CVCPU%3A1&root_required=%21COMPUTE_STATUS_DISABLED" {{(pid=103743) __call__ /opt/stack/placement/placement/requestlog.py:55}}
Feb 07 14:05:21.985057 n-d-827865-2 devstack@placement-api.service[103743]: DEBUG placement.objects.research_context [req-e5b1f90f-c1ff-4454-bbfc-5a996fa775bb req-5a6a00d5-f6fc-4124-908e-b17f1c7e979e service placement] getting providers with 1 DISK_GB {{(pid=103743) __init__ /opt/stack/placement/placement/objects/research_context.py:126}}
Feb 07 14:05:21.991898 n-d-827865-2 devstack@placement-api.service[103743]: DEBUG placement.objects.research_context [req-e5b1f90f-c1ff-4454-bbfc-5a996fa775bb req-5a6a00d5-f6fc-4124-908e-b17f1c7e979e service placement] getting providers with 512 MEMORY_MB {{(pid=103743) __init__ /opt/stack/placement/placement/objects/research_context.py:126}}
Feb 07 14:05:21.998312 n-d-827865-2 devstack@placement-api.service[103743]: DEBUG placement.objects.research_context [req-e5b1f90f-c1ff-4454-bbfc-5a996fa775bb req-5a6a00d5-f6fc-4124-908e-b17f1c7e979e service placement] getting providers with 1 VCPU {{(pid=103743) __init__ /opt/stack/placement/placement/objects/research_context.py:126}}
Feb 07 14:05:22.009408 n-d-827865-2 devstack@placement-api.service[103743]: DEBUG placement.objects.research_context [req-e5b1f90f-c1ff-4454-bbfc-5a996fa775bb req-5a6a00d5-f6fc-4124-908e-b17f1c7e979e service placement] found 2 providers with available 1 DISK_GB {{(pid=103743) get_provider_ids_matching /opt/stack/placement/placement/objects/research_context.py:549}}
Feb 07 14:05:22.009958 n-d-827865-2 devstack@placement-api.service[103743]: DEBUG placement.objects.research_context [req-e5b1f90f-c1ff-4454-bbfc-5a996fa775bb req-5a6a00d5-f6fc-4124-908e-b17f1c7e979e service placement] found 2 providers with available 512 MEMORY_MB {{(pid=103743) get_provider_ids_matching /opt/stack/placement/placement/objects/research_context.py:549}}
Feb 07 14:05:22.010495 n-d-827865-2 devstack@placement-api.service[103743]: DEBUG placement.objects.research_context [req-e5b1f90f-c1ff-4454-bbfc-5a996fa775bb req-5a6a00d5-f6fc-4124-908e-b17f1c7e979e service placement] found 2 providers after filtering by previous result {{(pid=103743) get_provider_ids_matching /opt/stack/placement/placement/objects/research_context.py:580}}
Feb 07 14:05:22.010899 n-d-827865-2 devstack@placement-api.service[103743]: DEBUG placement.objects.research_context [req-e5b1f90f-c1ff-4454-bbfc-5a996fa775bb req-5a6a00d5-f6fc-4124-908e-b17f1c7e979e service placement] found 2 providers with available 1 VCPU {{(pid=103743) get_provider_ids_matching /opt/stack/placement/placement/objects/research_context.py:549}}
Feb 07 14:05:22.011301 n-d-827865-2 devstack@placement-api.service[103743]: DEBUG placement.objects.research_context [req-e5b1f90f-c1ff-4454-bbfc-5a996fa775bb req-5a6a00d5-f6fc-4124-908e-b17f1c7e979e service placement] found 2 providers after filtering by previous result {{(pid=103743) get_provider_ids_matching /opt/stack/placement/placement/objects/research_context.py:580}}
Feb 07 14:05:22.030256 n-d-827865-2 devstack@placement-api.service[103743]: DEBUG placement.objects.allocation_candidate [req-e5b1f90f-c1ff-4454-bbfc-5a996fa775bb req-5a6a00d5-f6fc-4124-908e-b17f1c7e979e service placement] RequestGroup(use_same_provider=False, resources={DISK_GB:1, MEMORY_MB:512, VCPU:1}, traits=[], aggregates=[]) (suffix '') returned 2 matches {{(pid=103743) _get_by_requests /opt/stack/placement/placement/objects/allocation_candidate.py:145}}
Feb 07 14:05:22.030904 n-d-827865-2 devstack@placement-api.service[103743]: DEBUG placement.objects.allocation_candidate [req-e5b1f90f-c1ff-4454-bbfc-5a996fa775bb req-5a6a00d5-f6fc-4124-908e-b17f1c7e979e service placement] Merging candidates yields 2 allocation requests and 2 provider summaries {{(pid=103743) _merge_candidates /opt/stack/placement/placement/objects/allocation_candidate.py:783}}
Feb 07 14:05:22.033852 n-d-827865-2 devstack@placement-api.service[103743]: INFO placement.requestlog [req-e5b1f90f-c1ff-4454-bbfc-5a996fa775bb req-5a6a00d5-f6fc-4124-908e-b17f1c7e979e service placement] 10.222.0.59 "GET /placement/allocation_candidates?limit=1000&resources=DISK_GB%3A1%2CMEMORY_MB%3A512%2CVCPU%3A1&root_required=%21COMPUTE_STATUS_DISABLED" status: 200 len: 1307 microversion: 1.36
Feb 07 14:05:22.036299 n-d-827865-2 devstack@placement-api.service[103743]: [pid: 103743|app: 0|req: 98/196] 10.222.0.59 () {60 vars in 1504 bytes} [Mon Feb 7 14:05:21 2022] GET /placement/allocation_candidates?limit=1000&resources=DISK_GB%3A1%2CMEMORY_MB%3A512%2CVCPU%3A1&root_required=%21COMPUTE_STATUS_DISABLED => generated 1307 bytes in 89 msecs (HTTP/1.1 200) 8 headers in 297 bytes (1 switches on core 0)
Feb 07 14:05:22.120842 n-d-827865-2 devstack@placement-api.service[103742]: DEBUG placement.requestlog [req-e5b1f90f-c1ff-4454-bbfc-5a996fa775bb req-2c3720a7-6ec9-477e-8203-23325f6bf0fc None None] Starting request: 10.222.0.59 "GET /placement/allocations/4d960a6d-8675-46e4-a286-636fea8965d4" {{(pid=103742) __call__ /opt/stack/placement/placement/requestlog.py:55}}
Feb 07 14:05:22.148793 n-d-827865-2 devstack@placement-api.service[103742]: INFO placement.requestlog [req-e5b1f90f-c1ff-4454-bbfc-5a996fa775bb req-2c3720a7-6ec9-477e-8203-23325f6bf0fc service placement] 10.222.0.59 "GET /placement/allocations/4d960a6d-8675-46e4-a286-636fea8965d4" status: 200 len: 19 microversion: 1.28
Feb 07 14:05:22.149828 n-d-827865-2 devstack@placement-api.service[103742]: [pid: 103742|app: 0|req: 99/197] 10.222.0.59 () {60 vars in 1380 bytes} [Mon Feb 7 14:05:22 2022] GET /placement/allocations/4d960a6d-8675-46e4-a286-636fea8965d4 => generated 19 bytes in 29 msecs (HTTP/1.1 200) 8 headers in 295 bytes (1 switches on core 0)
Feb 07 14:05:22.155908 n-d-827865-2 devstack@placement-api.service[103743]: DEBUG placement.requestlog [req-e5b1f90f-c1ff-4454-bbfc-5a996fa775bb req-f1c216bd-9823-44b3-a5df-8c44b7d6ca56 None None] Starting request: 10.222.0.59 "PUT /placement/allocations/4d960a6d-8675-46e4-a286-636fea8965d4" {{(pid=103743) __call__ /opt/stack/placement/placement/requestlog.py:55}}
Feb 07 14:05:22.276129 n-d-827865-2 devstack@placement-api.service[103743]: DEBUG placement.handlers.allocation [req-e5b1f90f-c1ff-4454-bbfc-5a996fa775bb req-f1c216bd-9823-44b3-a5df-8c44b7d6ca56 service placement] Successfully wrote allocations [, , ] {{(pid=103743) _update_consumers_and_create_allocations /opt/stack/placement/placement/handlers/allocation.py:462}}
Feb 07 14:05:22.286108 n-d-827865-2 devstack@placement-api.service[103743]: INFO placement.requestlog [req-e5b1f90f-c1ff-4454-bbfc-5a996fa775bb req-f1c216bd-9823-44b3-a5df-8c44b7d6ca56 service placement] 10.222.0.59 "PUT /placement/allocations/4d960a6d-8675-46e4-a286-636fea8965d4" status: 204 len: 0 microversion: 1.36
Feb 07 14:05:22.287265 n-d-827865-2 devstack@placement-api.service[103743]: [pid: 103743|app: 0|req: 99/198] 10.222.0.59 () {64 vars in 1433 bytes} [Mon Feb 7 14:05:22 2022] PUT /placement/allocations/4d960a6d-8675-46e4-a286-636fea8965d4 => generated 0 bytes in 131 msecs (HTTP/1.1 204) 5 headers in 199 bytes (1 switches on core 0)
Feb 07 14:05:22.548936 n-d-827865-2 devstack@placement-api.service[103742]: DEBUG placement.requestlog [req-e5b1f90f-c1ff-4454-bbfc-5a996fa775bb req-98dc84b0-47d2-4f9a-a6c4-42ff87e055ff None None] Starting request: 10.222.0.55 "GET /placement/allocations/4d960a6d-8675-46e4-a286-636fea8965d4" {{(pid=103742) __call__ /opt/stack/placement/placement/requestlog.py:55}}
Feb 07 14:05:22.576500 n-d-827865-2 devstack@placement-api.service[103742]: INFO placement.requestlog [req-e5b1f90f-c1ff-4454-bbfc-5a996fa775bb req-98dc84b0-47d2-4f9a-a6c4-42ff87e055ff service placement] 10.222.0.55 "GET /placement/allocations/4d960a6d-8675-46e4-a286-636fea8965d4" status: 200 len: 258 microversion: 1.28
Feb 07 14:05:22.577710 n-d-827865-2 devstack@placement-api.service[103742]: [pid: 103742|app: 0|req: 100/199] 10.222.0.55 () {60 vars in 1377 bytes} [Mon Feb 7 14:05:22 2022] GET /placement/allocations/4d960a6d-8675-46e4-a286-636fea8965d4 => generated 258 bytes in 30 msecs (HTTP/1.1 200) 8 headers in 296 bytes (1 switches on core 0)
Feb 07 14:05:22.657035 n-d-827865-2 devstack@placement-api.service[103743]: DEBUG placement.requestlog [req-06c9164f-7658-4e3a-a164-9b98cd9124e6 req-fbb3b217-750c-43dc-a4c2-2b80d62fa14d None None] Starting request: 10.222.0.59 "GET /placement/allocation_candidates?limit=1000&resources=DISK_GB%3A1%2CMEMORY_MB%3A1024%2CVCPU%3A1&root_required=%21COMPUTE_STATUS_DISABLED" {{(pid=103743) __call__ /opt/stack/placement/placement/requestlog.py:55}}
Feb 07 14:05:22.731421 n-d-827865-2 devstack@placement-api.service[103743]: DEBUG placement.objects.research_context [req-06c9164f-7658-4e3a-a164-9b98cd9124e6 req-fbb3b217-750c-43dc-a4c2-2b80d62fa14d service placement] getting providers with 1 DISK_GB {{(pid=103743) __init__ /opt/stack/placement/placement/objects/research_context.py:126}}
Feb 07 14:05:22.748369 n-d-827865-2 devstack@placement-api.service[103743]: DEBUG placement.objects.research_context [req-06c9164f-7658-4e3a-a164-9b98cd9124e6 req-fbb3b217-750c-43dc-a4c2-2b80d62fa14d service placement] getting providers with 1024 MEMORY_MB {{(pid=103743) __init__ /opt/stack/placement/placement/objects/research_context.py:126}}
Feb 07 14:05:22.761461 n-d-827865-2 devstack@placement-api.service[103743]: DEBUG placement.objects.research_context [req-06c9164f-7658-4e3a-a164-9b98cd9124e6 req-fbb3b217-750c-43dc-a4c2-2b80d62fa14d service placement] getting providers with 1 VCPU {{(pid=103743) __init__ /opt/stack/placement/placement/objects/research_context.py:126}}
Feb 07 14:05:22.776347 n-d-827865-2 devstack@placement-api.service[103743]: DEBUG placement.objects.research_context [req-06c9164f-7658-4e3a-a164-9b98cd9124e6 req-fbb3b217-750c-43dc-a4c2-2b80d62fa14d service placement] found 2 providers with available 1 DISK_GB {{(pid=103743) get_provider_ids_matching /opt/stack/placement/placement/objects/research_context.py:549}}
Feb 07 14:05:22.776849 n-d-827865-2 devstack@placement-api.service[103743]: DEBUG placement.objects.research_context [req-06c9164f-7658-4e3a-a164-9b98cd9124e6 req-fbb3b217-750c-43dc-a4c2-2b80d62fa14d service placement] found 2 providers with available 1024 MEMORY_MB {{(pid=103743) get_provider_ids_matching /opt/stack/placement/placement/objects/research_context.py:549}}
Feb 07 14:05:22.777351 n-d-827865-2 devstack@placement-api.service[103743]: DEBUG placement.objects.research_context [req-06c9164f-7658-4e3a-a164-9b98cd9124e6 req-fbb3b217-750c-43dc-a4c2-2b80d62fa14d service placement] found 2 providers after filtering by previous result {{(pid=103743) get_provider_ids_matching /opt/stack/placement/placement/objects/research_context.py:580}}
Feb 07 14:05:22.778644 n-d-827865-2 devstack@placement-api.service[103743]: DEBUG placement.objects.research_context [req-06c9164f-7658-4e3a-a164-9b98cd9124e6 req-fbb3b217-750c-43dc-a4c2-2b80d62fa14d service placement] found 2 providers with available 1 VCPU {{(pid=103743) get_provider_ids_matching /opt/stack/placement/placement/objects/research_context.py:549}}
Feb 07 14:05:22.779076 n-d-827865-2 devstack@placement-api.service[103743]: DEBUG placement.objects.research_context [req-06c9164f-7658-4e3a-a164-9b98cd9124e6 req-fbb3b217-750c-43dc-a4c2-2b80d62fa14d service placement] found 2 providers after filtering by previous result {{(pid=103743) get_provider_ids_matching /opt/stack/placement/placement/objects/research_context.py:580}}
Feb 07 14:05:22.797615 n-d-827865-2 devstack@placement-api.service[103743]: DEBUG placement.objects.allocation_candidate [req-06c9164f-7658-4e3a-a164-9b98cd9124e6 req-fbb3b217-750c-43dc-a4c2-2b80d62fa14d service placement] RequestGroup(use_same_provider=False, resources={DISK_GB:1, MEMORY_MB:1024, VCPU:1}, traits=[], aggregates=[]) (suffix '') returned 2 matches {{(pid=103743) _get_by_requests /opt/stack/placement/placement/objects/allocation_candidate.py:145}}
Feb 07 14:05:22.798328 n-d-827865-2 devstack@placement-api.service[103743]: DEBUG placement.objects.allocation_candidate [req-06c9164f-7658-4e3a-a164-9b98cd9124e6 req-fbb3b217-750c-43dc-a4c2-2b80d62fa14d service placement] Merging candidates yields 2 allocation requests and 2 provider summaries {{(pid=103743) _merge_candidates /opt/stack/placement/placement/objects/allocation_candidate.py:783}}
Feb 07 14:05:22.804022 n-d-827865-2 devstack@placement-api.service[103743]: INFO placement.requestlog [req-06c9164f-7658-4e3a-a164-9b98cd9124e6 req-fbb3b217-750c-43dc-a4c2-2b80d62fa14d service placement] 10.222.0.59 "GET /placement/allocation_candidates?limit=1000&resources=DISK_GB%3A1%2CMEMORY_MB%3A1024%2CVCPU%3A1&root_required=%21COMPUTE_STATUS_DISABLED" status: 200 len: 1309 microversion: 1.36
Feb 07 14:05:22.805962 n-d-827865-2 devstack@placement-api.service[103743]: [pid: 103743|app: 0|req: 100/200] 10.222.0.59 () {60 vars in 1506 bytes} [Mon Feb 7 14:05:22 2022] GET /placement/allocation_candidates?limit=1000&resources=DISK_GB%3A1%2CMEMORY_MB%3A1024%2CVCPU%3A1&root_required=%21COMPUTE_STATUS_DISABLED => generated 1309 bytes in 149 msecs (HTTP/1.1 200) 8 headers in 297 bytes (1 switches on core 0)
Feb 07 14:05:22.906829 n-d-827865-2 devstack@placement-api.service[103742]: DEBUG placement.requestlog [req-06c9164f-7658-4e3a-a164-9b98cd9124e6 req-e006a64e-4301-49f5-bc64-70da29b267fe None None] Starting request: 10.222.0.59 "GET /placement/allocations/681413df-ced0-44cb-a50a-665ae91c5850" {{(pid=103742) __call__ /opt/stack/placement/placement/requestlog.py:55}}
Feb 07 14:05:22.921372 n-d-827865-2 devstack@placement-api.service[103742]: INFO placement.requestlog [req-06c9164f-7658-4e3a-a164-9b98cd9124e6 req-e006a64e-4301-49f5-bc64-70da29b267fe service placement] 10.222.0.59 "GET /placement/allocations/681413df-ced0-44cb-a50a-665ae91c5850" status: 200 len: 19 microversion: 1.28
Feb 07 14:05:22.922100 n-d-827865-2 devstack@placement-api.service[103742]: [pid: 103742|app: 0|req: 101/201] 10.222.0.59 () {60 vars in 1380 bytes} [Mon Feb 7 14:05:22 2022] GET /placement/allocations/681413df-ced0-44cb-a50a-665ae91c5850 => generated 19 bytes in 16 msecs (HTTP/1.1 200) 8 headers in 295 bytes (1 switches on core 0)
Feb 07 14:05:22.934420 n-d-827865-2 devstack@placement-api.service[103743]: DEBUG placement.requestlog [req-06c9164f-7658-4e3a-a164-9b98cd9124e6 req-37104a88-d470-4f1a-ab05-026c0e637bc1 None None] Starting request: 10.222.0.59 "PUT /placement/allocations/681413df-ced0-44cb-a50a-665ae91c5850" {{(pid=103743) __call__ /opt/stack/placement/placement/requestlog.py:55}}
Feb 07 14:05:23.039775 n-d-827865-2 devstack@placement-api.service[103743]: DEBUG placement.handlers.allocation [req-06c9164f-7658-4e3a-a164-9b98cd9124e6 req-37104a88-d470-4f1a-ab05-026c0e637bc1 service placement] Successfully wrote allocations [, , ] {{(pid=103743) _update_consumers_and_create_allocations /opt/stack/placement/placement/handlers/allocation.py:462}}
Feb 07 14:05:23.052913 n-d-827865-2 devstack@placement-api.service[103743]: INFO placement.requestlog [req-06c9164f-7658-4e3a-a164-9b98cd9124e6 req-37104a88-d470-4f1a-ab05-026c0e637bc1 service placement] 10.222.0.59 "PUT /placement/allocations/681413df-ced0-44cb-a50a-665ae91c5850" status: 204 len: 0 microversion: 1.36
Feb 07 14:05:23.053853 n-d-827865-2 devstack@placement-api.service[103743]: [pid: 103743|app: 0|req: 101/202] 10.222.0.59 () {64 vars in 1433 bytes} [Mon Feb 7 14:05:22 2022] PUT /placement/allocations/681413df-ced0-44cb-a50a-665ae91c5850 => generated 0 bytes in 120 msecs (HTTP/1.1 204) 5 headers in 199 bytes (2 switches on core 0)
Feb 07 14:05:23.743380 n-d-827865-2 devstack@placement-api.service[103742]: DEBUG placement.requestlog [req-06c9164f-7658-4e3a-a164-9b98cd9124e6 req-d44d988c-2bcd-405c-a521-a90bd91db2c1 None None] Starting request: 10.222.0.55 "GET /placement/allocations/681413df-ced0-44cb-a50a-665ae91c5850" {{(pid=103742) __call__ /opt/stack/placement/placement/requestlog.py:55}}
Feb 07 14:05:23.790334 n-d-827865-2 devstack@placement-api.service[103742]: INFO placement.requestlog [req-06c9164f-7658-4e3a-a164-9b98cd9124e6 req-d44d988c-2bcd-405c-a521-a90bd91db2c1 service placement] 10.222.0.55 "GET /placement/allocations/681413df-ced0-44cb-a50a-665ae91c5850" status: 200 len: 259 microversion: 1.28
Feb 07 14:05:23.792795 n-d-827865-2 devstack@placement-api.service[103742]: [pid: 103742|app: 0|req: 102/203] 10.222.0.55 () {60 vars in 1377 bytes} [Mon Feb 7 14:05:23 2022] GET /placement/allocations/681413df-ced0-44cb-a50a-665ae91c5850 => generated 259 bytes in 50 msecs (HTTP/1.1 200) 8 headers in 296 bytes (1 switches on core 0)
Feb 07 14:05:41.211956 n-d-827865-2 devstack@placement-api.service[103743]: DEBUG placement.requestlog [req-63336d9d-cba6-41f2-8469-11eda179dedc req-a7b1d06f-f03e-4df2-b60a-08cc38a760f7 None None] Starting request: 10.222.0.59 "GET /placement/allocation_candidates?limit=1000&resources=DISK_GB%3A1%2CMEMORY_MB%3A1024%2CVCPU%3A1&root_required=%21COMPUTE_STATUS_DISABLED" {{(pid=103743) __call__ /opt/stack/placement/placement/requestlog.py:55}}
Feb 07 14:05:41.282173 n-d-827865-2 devstack@placement-api.service[103743]: DEBUG placement.objects.research_context [req-63336d9d-cba6-41f2-8469-11eda179dedc req-a7b1d06f-f03e-4df2-b60a-08cc38a760f7 service placement] getting providers with 1 DISK_GB {{(pid=103743) __init__ /opt/stack/placement/placement/objects/research_context.py:126}}
Feb 07 14:05:41.289377 n-d-827865-2 devstack@placement-api.service[103743]: DEBUG placement.objects.research_context [req-63336d9d-cba6-41f2-8469-11eda179dedc req-a7b1d06f-f03e-4df2-b60a-08cc38a760f7 service placement] getting providers with 1024 MEMORY_MB {{(pid=103743) __init__ /opt/stack/placement/placement/objects/research_context.py:126}}
Feb 07 14:05:41.296012 n-d-827865-2 devstack@placement-api.service[103743]: DEBUG placement.objects.research_context [req-63336d9d-cba6-41f2-8469-11eda179dedc req-a7b1d06f-f03e-4df2-b60a-08cc38a760f7 service placement] getting providers with 1 VCPU {{(pid=103743) __init__ /opt/stack/placement/placement/objects/research_context.py:126}}
Feb 07 14:05:41.305335 n-d-827865-2 devstack@placement-api.service[103743]: DEBUG placement.objects.research_context [req-63336d9d-cba6-41f2-8469-11eda179dedc req-a7b1d06f-f03e-4df2-b60a-08cc38a760f7 service placement] found 2 providers with available 1 DISK_GB {{(pid=103743) get_provider_ids_matching /opt/stack/placement/placement/objects/research_context.py:549}}
Feb 07 14:05:41.305649 n-d-827865-2 devstack@placement-api.service[103743]: DEBUG placement.objects.research_context [req-63336d9d-cba6-41f2-8469-11eda179dedc req-a7b1d06f-f03e-4df2-b60a-08cc38a760f7 service placement] found 2 providers with available 1024 MEMORY_MB {{(pid=103743) get_provider_ids_matching /opt/stack/placement/placement/objects/research_context.py:549}}
Feb 07 14:05:41.306054 n-d-827865-2 devstack@placement-api.service[103743]: DEBUG placement.objects.research_context [req-63336d9d-cba6-41f2-8469-11eda179dedc req-a7b1d06f-f03e-4df2-b60a-08cc38a760f7 service placement] found 2 providers after filtering by previous result {{(pid=103743) get_provider_ids_matching /opt/stack/placement/placement/objects/research_context.py:580}}
Feb 07 14:05:41.306526 n-d-827865-2 devstack@placement-api.service[103743]: DEBUG placement.objects.research_context [req-63336d9d-cba6-41f2-8469-11eda179dedc req-a7b1d06f-f03e-4df2-b60a-08cc38a760f7 service placement] found 2 providers with available 1 VCPU {{(pid=103743) get_provider_ids_matching /opt/stack/placement/placement/objects/research_context.py:549}}
Feb 07 14:05:41.306800 n-d-827865-2 devstack@placement-api.service[103743]: DEBUG placement.objects.research_context [req-63336d9d-cba6-41f2-8469-11eda179dedc req-a7b1d06f-f03e-4df2-b60a-08cc38a760f7 service placement] found 2 providers after filtering by previous result {{(pid=103743) get_provider_ids_matching /opt/stack/placement/placement/objects/research_context.py:580}}
Feb 07 14:05:41.331163 n-d-827865-2 devstack@placement-api.service[103743]: DEBUG placement.objects.allocation_candidate [req-63336d9d-cba6-41f2-8469-11eda179dedc req-a7b1d06f-f03e-4df2-b60a-08cc38a760f7 service placement] RequestGroup(use_same_provider=False, resources={DISK_GB:1, MEMORY_MB:1024, VCPU:1}, traits=[], aggregates=[]) (suffix '') returned 2 matches {{(pid=103743) _get_by_requests /opt/stack/placement/placement/objects/allocation_candidate.py:145}}
Feb 07 14:05:41.331685 n-d-827865-2 devstack@placement-api.service[103743]: DEBUG placement.objects.allocation_candidate [req-63336d9d-cba6-41f2-8469-11eda179dedc req-a7b1d06f-f03e-4df2-b60a-08cc38a760f7 service placement] Merging candidates yields 2 allocation requests and 2 provider summaries {{(pid=103743) _merge_candidates /opt/stack/placement/placement/objects/allocation_candidate.py:783}}
Feb 07 14:05:41.333756 n-d-827865-2 devstack@placement-api.service[103743]: INFO placement.requestlog [req-63336d9d-cba6-41f2-8469-11eda179dedc req-a7b1d06f-f03e-4df2-b60a-08cc38a760f7 service placement] 10.222.0.59 "GET /placement/allocation_candidates?limit=1000&resources=DISK_GB%3A1%2CMEMORY_MB%3A1024%2CVCPU%3A1&root_required=%21COMPUTE_STATUS_DISABLED" status: 200 len: 1309 microversion: 1.36
Feb 07 14:05:41.334871 n-d-827865-2 devstack@placement-api.service[103743]: [pid: 103743|app: 0|req: 102/204] 10.222.0.59 () {60 vars in 1506 bytes} [Mon Feb 7 14:05:41 2022] GET /placement/allocation_candidates?limit=1000&resources=DISK_GB%3A1%2CMEMORY_MB%3A1024%2CVCPU%3A1&root_required=%21COMPUTE_STATUS_DISABLED => generated 1309 bytes in 124 msecs (HTTP/1.1 200) 8 headers in 297 bytes (1 switches on core 0)
Feb 07 14:05:41.437157 n-d-827865-2 devstack@placement-api.service[103742]: DEBUG placement.requestlog [req-63336d9d-cba6-41f2-8469-11eda179dedc req-35e3af16-1bc6-4ab1-89a6-596bce826396 None None] Starting request: 10.222.0.59 "GET /placement/allocations/9d617fda-f84c-4518-9dbd-576dfe321ec1" {{(pid=103742) __call__ /opt/stack/placement/placement/requestlog.py:55}}
Feb 07 14:05:41.456651 n-d-827865-2 devstack@placement-api.service[103742]: INFO placement.requestlog [req-63336d9d-cba6-41f2-8469-11eda179dedc req-35e3af16-1bc6-4ab1-89a6-596bce826396 service placement] 10.222.0.59 "GET /placement/allocations/9d617fda-f84c-4518-9dbd-576dfe321ec1" status: 200 len: 19 microversion: 1.28
Feb 07 14:05:41.457280 n-d-827865-2 devstack@placement-api.service[103742]: [pid: 103742|app: 0|req: 103/205] 10.222.0.59 () {60 vars in 1380 bytes} [Mon Feb 7 14:05:41 2022] GET /placement/allocations/9d617fda-f84c-4518-9dbd-576dfe321ec1 => generated 19 bytes in 20 msecs (HTTP/1.1 200) 8 headers in 295 bytes (2 switches on core 0)
Feb 07 14:05:41.466547 n-d-827865-2 devstack@placement-api.service[103743]: DEBUG placement.requestlog [req-63336d9d-cba6-41f2-8469-11eda179dedc req-e8ddc0fc-c576-4783-9fe0-3972e71bfbc7 None None] Starting request: 10.222.0.59 "PUT /placement/allocations/9d617fda-f84c-4518-9dbd-576dfe321ec1" {{(pid=103743) __call__ /opt/stack/placement/placement/requestlog.py:55}}
Feb 07 14:05:41.605958 n-d-827865-2 devstack@placement-api.service[103743]: DEBUG placement.handlers.allocation [req-63336d9d-cba6-41f2-8469-11eda179dedc req-e8ddc0fc-c576-4783-9fe0-3972e71bfbc7 service placement] Successfully wrote allocations [, , ] {{(pid=103743) _update_consumers_and_create_allocations /opt/stack/placement/placement/handlers/allocation.py:462}}
Feb 07 14:05:41.612855 n-d-827865-2 devstack@placement-api.service[103743]: INFO placement.requestlog [req-63336d9d-cba6-41f2-8469-11eda179dedc req-e8ddc0fc-c576-4783-9fe0-3972e71bfbc7 service placement] 10.222.0.59 "PUT /placement/allocations/9d617fda-f84c-4518-9dbd-576dfe321ec1" status: 204 len: 0 microversion: 1.36
Feb 07 14:05:41.615660 n-d-827865-2 devstack@placement-api.service[103743]: [pid: 103743|app: 0|req: 103/206] 10.222.0.59 () {64 vars in 1433 bytes} [Mon Feb 7 14:05:41 2022] PUT /placement/allocations/9d617fda-f84c-4518-9dbd-576dfe321ec1 => generated 0 bytes in 150 msecs (HTTP/1.1 204) 5 headers in 199 bytes (1 switches on core 0)
Feb 07 14:05:42.061671 n-d-827865-2 devstack@placement-api.service[103742]: DEBUG placement.requestlog [req-63336d9d-cba6-41f2-8469-11eda179dedc req-640fd6f2-25b0-48dc-b505-02faedbf0de7 None None] Starting request: 10.222.0.36 "GET /placement/allocations/9d617fda-f84c-4518-9dbd-576dfe321ec1" {{(pid=103742) __call__ /opt/stack/placement/placement/requestlog.py:55}}
Feb 07 14:05:42.093551 n-d-827865-2 devstack@placement-api.service[103742]: INFO placement.requestlog [req-63336d9d-cba6-41f2-8469-11eda179dedc req-640fd6f2-25b0-48dc-b505-02faedbf0de7 service placement] 10.222.0.36 "GET /placement/allocations/9d617fda-f84c-4518-9dbd-576dfe321ec1" status: 200 len: 259 microversion: 1.28
Feb 07 14:05:42.094210 n-d-827865-2 devstack@placement-api.service[103742]: [pid: 103742|app: 0|req: 104/207] 10.222.0.36 () {60 vars in 1377 bytes} [Mon Feb 7 14:05:42 2022] GET /placement/allocations/9d617fda-f84c-4518-9dbd-576dfe321ec1 => generated 259 bytes in 34 msecs (HTTP/1.1 200) 8 headers in 296 bytes (2 switches on core 0)
Feb 07 14:05:42.651530 n-d-827865-2 devstack@placement-api.service[103743]: DEBUG placement.requestlog [None req-67ad451f-3259-4082-b475-d066cef7a7e0 None None] Starting request: 10.222.0.59 "GET /placement/" {{(pid=103743) __call__ /opt/stack/placement/placement/requestlog.py:55}}
Feb 07 14:05:42.653327 n-d-827865-2 devstack@placement-api.service[103743]: INFO placement.requestlog [None req-67ad451f-3259-4082-b475-d066cef7a7e0 None None] 10.222.0.59 "GET /placement/" status: 200 len: 136 microversion: 1.0
Feb 07 14:05:42.654195 n-d-827865-2 devstack@placement-api.service[103743]: [pid: 103743|app: 0|req: 104/208] 10.222.0.59 () {54 vars in 916 bytes} [Mon Feb 7 14:05:42 2022] GET /placement => generated 136 bytes in 3 msecs (HTTP/1.1 200) 6 headers in 224 bytes (1 switches on core 0)
Feb 07 14:05:42.670164 n-d-827865-2 devstack@placement-api.service[103742]: DEBUG placement.requestlog [req-87d7046a-6ff8-409f-bbb9-ba957dd702b3 req-9abe2b09-ae2f-470c-bfc8-febf75bc32cc None None] Starting request: 10.222.0.59 "GET /placement/allocations/681413df-ced0-44cb-a50a-665ae91c5850" {{(pid=103742) __call__ /opt/stack/placement/placement/requestlog.py:55}}
Feb 07 14:05:42.831825 n-d-827865-2 devstack@placement-api.service[103742]: INFO placement.requestlog [req-87d7046a-6ff8-409f-bbb9-ba957dd702b3 req-9abe2b09-ae2f-470c-bfc8-febf75bc32cc service placement] 10.222.0.59 "GET /placement/allocations/681413df-ced0-44cb-a50a-665ae91c5850" status: 200 len: 259 microversion: 1.28
Feb 07 14:05:42.840405 n-d-827865-2 devstack@placement-api.service[103742]: [pid: 103742|app: 0|req: 105/209] 10.222.0.59 () {60 vars in 1380 bytes} [Mon Feb 7 14:05:42 2022] GET /placement/allocations/681413df-ced0-44cb-a50a-665ae91c5850 => generated 259 bytes in 171 msecs (HTTP/1.1 200) 8 headers in 296 bytes (1 switches on core 0)
Feb 07 14:05:42.841572 n-d-827865-2 devstack@placement-api.service[103743]: DEBUG placement.requestlog [req-87d7046a-6ff8-409f-bbb9-ba957dd702b3 req-b3cfca1d-9baa-4e5d-9f5e-4222ace1e9fb None None] Starting request: 10.222.0.59 "GET /placement/allocations/681413df-ced0-44cb-a50a-665ae91c5850" {{(pid=103743) __call__ /opt/stack/placement/placement/requestlog.py:55}}
Feb 07 14:05:42.890949 n-d-827865-2 devstack@placement-api.service[103743]: INFO placement.requestlog [req-87d7046a-6ff8-409f-bbb9-ba957dd702b3 req-b3cfca1d-9baa-4e5d-9f5e-4222ace1e9fb service placement] 10.222.0.59 "GET /placement/allocations/681413df-ced0-44cb-a50a-665ae91c5850" status: 200 len: 259 microversion: 1.28
Feb 07 14:05:42.892334 n-d-827865-2 devstack@placement-api.service[103743]: [pid: 103743|app: 0|req: 105/210] 10.222.0.59 () {60 vars in 1380 bytes} [Mon Feb 7 14:05:42 2022] GET /placement/allocations/681413df-ced0-44cb-a50a-665ae91c5850 => generated 259 bytes in 51 msecs (HTTP/1.1 200) 8 headers in 296 bytes (1 switches on core 0)
Feb 07 14:05:42.902504 n-d-827865-2 devstack@placement-api.service[103742]: DEBUG placement.requestlog [req-87d7046a-6ff8-409f-bbb9-ba957dd702b3 req-5c23e084-fc00-4893-8205-5961ac0fe660 None None] Starting request: 10.222.0.59 "GET /placement/allocations/7d5fcb32-05ad-4589-8f8b-d7d35218dd0f" {{(pid=103742) __call__ /opt/stack/placement/placement/requestlog.py:55}}
Feb 07 14:05:42.924724 n-d-827865-2 devstack@placement-api.service[103742]: INFO placement.requestlog [req-87d7046a-6ff8-409f-bbb9-ba957dd702b3 req-5c23e084-fc00-4893-8205-5961ac0fe660 service placement] 10.222.0.59 "GET /placement/allocations/7d5fcb32-05ad-4589-8f8b-d7d35218dd0f" status: 200 len: 19 microversion: 1.28
Feb 07 14:05:42.932556 n-d-827865-2 devstack@placement-api.service[103742]: [pid: 103742|app: 0|req: 106/211] 10.222.0.59 () {60 vars in 1380 bytes} [Mon Feb 7 14:05:42 2022] GET /placement/allocations/7d5fcb32-05ad-4589-8f8b-d7d35218dd0f => generated 19 bytes in 31 msecs (HTTP/1.1 200) 8 headers in 295 bytes (2 switches on core 0)
Feb 07 14:05:42.933452 n-d-827865-2 devstack@placement-api.service[103743]: DEBUG placement.requestlog [req-87d7046a-6ff8-409f-bbb9-ba957dd702b3 req-b5936b45-f1f4-465f-b68c-b78add050051 None None] Starting request: 10.222.0.59 "POST /placement/allocations" {{(pid=103743) __call__ /opt/stack/placement/placement/requestlog.py:55}}
