Feb 07 08:06:54.661009 n-d-827856-2 neutron-server[103329]: WARNING keystonemiddleware.auth_token [-] A valid token was submitted as a service token, but it was not a valid service token. This is incorrect but backwards compatible behaviour. This will be removed in future releases.
Feb 07 08:06:54.693503 n-d-827856-2 neutron-server[103329]: DEBUG neutron.wsgi [req-30eb7a4f-a459-4d5a-a741-bb01d2b0e38a req-a55c3bca-548c-44a3-a569-2408649647cf tempest-LiveMigrationTest-1948892756 tempest-LiveMigrationTest-1948892756-project-admin] http://10.222.0.37:9696/v2.0/extensions returned with HTTP 200 {{(pid=103329) __call__ /opt/stack/neutron/neutron/wsgi.py:730}}
Feb 07 08:06:54.694568 n-d-827856-2 neutron-server[103329]: INFO neutron.wsgi [req-30eb7a4f-a459-4d5a-a741-bb01d2b0e38a req-a55c3bca-548c-44a3-a569-2408649647cf tempest-LiveMigrationTest-1948892756 tempest-LiveMigrationTest-1948892756-project-admin] 10.222.0.37 "GET /v2.0/extensions HTTP/1.1" status: 200 len: 14082 time: 0.3663836
Feb 07 08:06:54.699879 n-d-827856-2 neutron-server[103329]: DEBUG neutron.pecan_wsgi.hooks.policy_enforcement [req-07cb97c6-be7c-4755-a29a-5dbcfa206548 req-6069d40c-fd2f-4dc5-abb5-ee72514c87fa service neutron] Attributes excluded by policy engine: ['standard_attr_id'] {{(pid=103329) _exclude_attributes_by_policy /opt/stack/neutron/neutron/pecan_wsgi/hooks/policy_enforcement.py:255}}
Feb 07 08:06:54.701344 n-d-827856-2 neutron-server[103329]: INFO neutron.wsgi [req-07cb97c6-be7c-4755-a29a-5dbcfa206548 req-6069d40c-fd2f-4dc5-abb5-ee72514c87fa service neutron] 10.222.0.24 "GET /v2.0/ports?tenant_id=6dec7fbc563c4d64b79c2a37da7389bd&device_id=a32ed089-3054-4447-9ac1-1f2b9f63ff9d HTTP/1.1" status: 200 len: 1129 time: 0.3525965
Feb 07 08:06:54.710281 n-d-827856-2 neutron-server[103328]: DEBUG neutron.pecan_wsgi.hooks.policy_enforcement [req-688f0645-a953-41bf-b5c7-7cc07cabb92a req-b2a9f6f3-24f2-4fbd-a700-6eb4951f9d7d tempest-LiveAutoBlockMigrationV225Test-1624367565 tempest-LiveAutoBlockMigrationV225Test-1624367565-project] Attributes excluded by policy engine: ['standard_attr_id', 'binding:profile', 'binding:host_id', 'binding:vif_type', 'binding:vif_details'] {{(pid=103328) _exclude_attributes_by_policy /opt/stack/neutron/neutron/pecan_wsgi/hooks/policy_enforcement.py:255}}
Feb 07 08:06:54.711791 n-d-827856-2 neutron-server[103328]: INFO neutron.wsgi [req-688f0645-a953-41bf-b5c7-7cc07cabb92a req-b2a9f6f3-24f2-4fbd-a700-6eb4951f9d7d tempest-LiveAutoBlockMigrationV225Test-1624367565 tempest-LiveAutoBlockMigrationV225Test-1624367565-project] 10.222.0.37 "GET /v2.0/ports?device_id=5d378ce9-7746-42f8-8e5f-9b49acce95a6 HTTP/1.1" status: 200 len: 944 time: 0.3700767
Feb 07 08:06:54.716205 n-d-827856-2 neutron-server[103328]: DEBUG neutron.pecan_wsgi.hooks.policy_enforcement [req-bffb21b4-63b9-42c5-aed4-76c08bf4008b req-5cd70d76-a590-4d7c-bea7-397e385a0297 service neutron] Attributes excluded by policy engine: ['standard_attr_id'] {{(pid=103328) _exclude_attributes_by_policy /opt/stack/neutron/neutron/pecan_wsgi/hooks/policy_enforcement.py:255}}
Feb 07 08:06:54.718271 n-d-827856-2 neutron-server[103328]: INFO neutron.wsgi [req-bffb21b4-63b9-42c5-aed4-76c08bf4008b req-5cd70d76-a590-4d7c-bea7-397e385a0297 service neutron] 10.222.0.18 "GET /v2.0/ports?device_id=e4abc7a9-4f74-4956-b70d-c604c0968998 HTTP/1.1" status: 200 len: 1132 time: 0.3752015
Feb 07 08:06:54.724157 n-d-827856-2 neutron-server[103328]: DEBUG neutron.pecan_wsgi.hooks.policy_enforcement [req-81b7cc0f-752a-4254-bbe6-df31f489246c req-83a8d1b7-3747-4da2-bbd9-7fa558fe7d48 service neutron] Attributes excluded by policy engine: ['standard_attr_id', 'vlan_transparent'] {{(pid=103328) _exclude_attributes_by_policy /opt/stack/neutron/neutron/pecan_wsgi/hooks/policy_enforcement.py:255}}
Feb 07 08:06:54.725624 n-d-827856-2 neutron-server[103328]: INFO neutron.wsgi [req-81b7cc0f-752a-4254-bbe6-df31f489246c req-83a8d1b7-3747-4da2-bbd9-7fa558fe7d48 service neutron] 10.222.0.18 "GET /v2.0/networks?id=6f8f2887-5302-47a2-9487-27ab9295c413 HTTP/1.1" status: 200 len: 870 time: 0.4450343
Feb 07 08:06:54.800369 n-d-827856-2 neutron-server[103328]: INFO neutron.wsgi [req-81b7cc0f-752a-4254-bbe6-df31f489246c req-314052fc-c7ee-47b3-a1cd-ca3db9e52a26 service neutron] 10.222.0.18 "GET /v2.0/floatingips?fixed_ip_address=192.168.233.160&port_id=aa642ea2-fe1a-4a98-897f-c5703a9d12dc HTTP/1.1" status: 200 len: 217 time: 0.0624897
Feb 07 08:06:54.852766 n-d-827856-2 neutron-server[103329]: DEBUG neutron.api.rpc.handlers.resources_rpc [None req-ae5be263-ed6d-49b3-86db-aab8801a2cb3 service neutron] Pushing event updated for resources: {'Port': ['ID=f372d811-8c70-4d3a-b0c0-99101d44ff1f,revision_number=2']} {{(pid=103329) push /opt/stack/neutron/neutron/api/rpc/handlers/resources_rpc.py:237}}
Feb 07 08:06:54.908581 n-d-827856-2 neutron-server[103328]: INFO neutron.wsgi [req-688f0645-a953-41bf-b5c7-7cc07cabb92a req-82f9d39b-d504-4314-8082-2f7f457f32dd tempest-LiveAutoBlockMigrationV225Test-1624367565 tempest-LiveAutoBlockMigrationV225Test-1624367565-project] 10.222.0.37 "GET /v2.0/security-groups?id=3ca5ebd7-e57f-4dae-a3e0-f396959c60ce&fields=id&fields=name HTTP/1.1" status: 200 len: 286 time: 0.1890159
Feb 07 08:06:54.910935 n-d-827856-2 neutron-server[103328]: INFO neutron.wsgi [req-bffb21b4-63b9-42c5-aed4-76c08bf4008b req-12edc664-0b4d-4bef-8f21-90f092ddafb4 service neutron] 10.222.0.18 "GET /v2.0/security-groups?id=58228c0e-fcd5-4e27-bf35-17478cdd52cb&fields=id&fields=name HTTP/1.1" status: 200 len: 286 time: 0.1811311
Feb 07 08:06:54.930699 n-d-827856-2 neutron-server[103328]: DEBUG neutron.pecan_wsgi.hooks.policy_enforcement [req-81b7cc0f-752a-4254-bbe6-df31f489246c req-eea42ad1-d84a-4ab9-ae62-2ad6f3bb986b service neutron] Attributes excluded by policy engine: ['standard_attr_id', 'shared'] {{(pid=103328) _exclude_attributes_by_policy /opt/stack/neutron/neutron/pecan_wsgi/hooks/policy_enforcement.py:255}}
Feb 07 08:06:54.932195 n-d-827856-2 neutron-server[103328]: INFO neutron.wsgi [req-81b7cc0f-752a-4254-bbe6-df31f489246c req-eea42ad1-d84a-4ab9-ae62-2ad6f3bb986b service neutron] 10.222.0.18 "GET /v2.0/subnets?id=0a5dbbe3-7784-417c-a68d-6e4fef75cfbf HTTP/1.1" status: 200 len: 843 time: 0.1156588
Feb 07 08:06:54.943242 n-d-827856-2 neutron-server[103328]: DEBUG neutron_lib.callbacks.manager [None req-559a78e7-3896-48e3-8753-e6d53dbee5c1 admin admin] Publish callbacks [] for security_group (c558037e-8910-4c79-92ab-2d83d37e5371), precommit_create {{(pid=103328) _notify_loop /usr/local/lib/python3.8/dist-packages/neutron_lib/callbacks/manager.py:176}}
Feb 07 08:06:54.948501 n-d-827856-2 neutron-server[103328]: DEBUG neutron_lib.callbacks.manager [None req-559a78e7-3896-48e3-8753-e6d53dbee5c1 admin admin] Publish callbacks ['neutron.plugins.ml2.ovo_rpc._ObjectChangeHandler.handle_event-621025'] for security_group (c558037e-8910-4c79-92ab-2d83d37e5371), after_create {{(pid=103328) _notify_loop /usr/local/lib/python3.8/dist-packages/neutron_lib/callbacks/manager.py:176}}
Feb 07 08:06:54.965205 n-d-827856-2 neutron-server[103329]: DEBUG neutron.plugins.ml2.managers [req-b59cff27-a910-4711-bafc-594b37f68bd6 req-ae5be263-ed6d-49b3-86db-aab8801a2cb3 service neutron] Attempting to bind port f372d811-8c70-4d3a-b0c0-99101d44ff1f on host n-h1-827856-2 for vnic_type normal with profile {{(pid=103329) bind_port /opt/stack/neutron/neutron/plugins/ml2/managers.py:795}}
Feb 07 08:06:54.965548 n-d-827856-2 neutron-server[103329]: DEBUG neutron.plugins.ml2.managers [req-b59cff27-a910-4711-bafc-594b37f68bd6 req-ae5be263-ed6d-49b3-86db-aab8801a2cb3 service neutron] Attempting to bind port f372d811-8c70-4d3a-b0c0-99101d44ff1f by drivers openvswitch,hyperv on host n-h1-827856-2 at level 0 using segments [{'id': 'dfb1c1d3-3c49-43a2-8d79-9e1db72cf98d', 'network_type': 'vlan', 'physical_network': 'physnet1', 'segmentation_id': 190, 'network_id': 'eed9be3e-e912-4305-a526-bf998e7d8732'}] {{(pid=103329) _bind_port_level /opt/stack/neutron/neutron/plugins/ml2/managers.py:820}}
Feb 07 08:06:54.966119 n-d-827856-2 neutron-server[103329]: DEBUG neutron.plugins.ml2.drivers.mech_agent [req-b59cff27-a910-4711-bafc-594b37f68bd6 req-ae5be263-ed6d-49b3-86db-aab8801a2cb3 service neutron] Attempting to bind port f372d811-8c70-4d3a-b0c0-99101d44ff1f on network eed9be3e-e912-4305-a526-bf998e7d8732 {{(pid=103329) bind_port /opt/stack/neutron/neutron/plugins/ml2/drivers/mech_agent.py:91}}
Feb 07 08:06:54.990216 n-d-827856-2 neutron-server[103329]: INFO neutron.db.l3_db [None req-49185f41-18f5-438a-8531-399e98f4697e tempest-ServersWithSpecificFlavorTestJSON-1851997330 tempest-ServersWithSpecificFlavorTestJSON-1851997330-project] Floating IP a286375b-29ef-4ee7-b257-f0e4daae4841 associated. External IP: 172.25.0.161, port: b896985c-616c-4525-a0fa-f5d9d4f4be9c.
Feb 07 08:06:55.002409 n-d-827856-2 neutron-server[103328]: DEBUG neutron.api.rpc.handlers.resources_rpc [None req-559a78e7-3896-48e3-8753-e6d53dbee5c1 admin admin] Pushing event updated for resources: {'SecurityGroup': ['ID=c558037e-8910-4c79-92ab-2d83d37e5371,revision_number=1']} {{(pid=103328) push /opt/stack/neutron/neutron/api/rpc/handlers/resources_rpc.py:237}}
Feb 07 08:06:55.005943 n-d-827856-2 neutron-server[103329]: DEBUG neutron.plugins.ml2.drivers.mech_agent [req-b59cff27-a910-4711-bafc-594b37f68bd6 req-ae5be263-ed6d-49b3-86db-aab8801a2cb3 service neutron] Port f372d811-8c70-4d3a-b0c0-99101d44ff1f on network eed9be3e-e912-4305-a526-bf998e7d8732 not bound, no agent of type Open vSwitch agent registered on host n-h1-827856-2 {{(pid=103329) bind_port /opt/stack/neutron/neutron/plugins/ml2/drivers/mech_agent.py:103}}
Feb 07 08:06:55.006276 n-d-827856-2 neutron-server[103329]: DEBUG neutron.plugins.ml2.drivers.mech_agent [req-b59cff27-a910-4711-bafc-594b37f68bd6 req-ae5be263-ed6d-49b3-86db-aab8801a2cb3 service neutron] Attempting to bind port f372d811-8c70-4d3a-b0c0-99101d44ff1f on network eed9be3e-e912-4305-a526-bf998e7d8732 {{(pid=103329) bind_port /opt/stack/neutron/neutron/plugins/ml2/drivers/mech_agent.py:91}}
Feb 07 08:06:55.031502 n-d-827856-2 neutron-server[103328]: INFO neutron.wsgi [None req-559a78e7-3896-48e3-8753-e6d53dbee5c1 admin admin] 10.222.0.37 "GET /v2.0/security-groups?tenant_id=f646df96d9cc4829b824e35616c88d43&name=default HTTP/1.1" status: 200 len: 2996 time: 0.4124150
Feb 07 08:06:55.045742 n-d-827856-2 neutron-server[103328]: DEBUG neutron.wsgi [-] (103328) accepted ('10.222.0.37', 51572) {{(pid=103328) server /usr/local/lib/python3.8/dist-packages/eventlet/wsgi.py:1004}}
Feb 07 08:06:55.070132 n-d-827856-2 neutron-server[103329]: DEBUG neutron.pecan_wsgi.hooks.policy_enforcement [req-07cb97c6-be7c-4755-a29a-5dbcfa206548 req-d3454c90-9045-41dc-b5c1-b7237ee1864b service neutron] Attributes excluded by policy engine: ['standard_attr_id', 'vlan_transparent'] {{(pid=103329) _exclude_attributes_by_policy /opt/stack/neutron/neutron/pecan_wsgi/hooks/policy_enforcement.py:255}}
Feb 07 08:06:55.071626 n-d-827856-2 neutron-server[103329]: INFO neutron.wsgi [req-07cb97c6-be7c-4755-a29a-5dbcfa206548 req-d3454c90-9045-41dc-b5c1-b7237ee1864b service neutron] 10.222.0.24 "GET /v2.0/networks?id=6f8f2887-5302-47a2-9487-27ab9295c413 HTTP/1.1" status: 200 len: 870 time: 0.3590946
Feb 07 08:06:55.072562 n-d-827856-2 neutron-server[103329]: DEBUG neutron.pecan_wsgi.hooks.policy_enforcement [req-30eb7a4f-a459-4d5a-a741-bb01d2b0e38a req-a643a1cd-b92f-4abf-87f8-3e260a54eec8 service neutron] Attributes excluded by policy engine: ['standard_attr_id'] {{(pid=103329) _exclude_attributes_by_policy /opt/stack/neutron/neutron/pecan_wsgi/hooks/policy_enforcement.py:255}}
Feb 07 08:06:55.073792 n-d-827856-2 neutron-server[103329]: INFO neutron.wsgi [req-30eb7a4f-a459-4d5a-a741-bb01d2b0e38a req-a643a1cd-b92f-4abf-87f8-3e260a54eec8 service neutron] 10.222.0.37 "GET /v2.0/ports/00a03802-ef5f-448a-a434-135012c3f6eb HTTP/1.1" status: 200 len: 1147 time: 0.2440639
Feb 07 08:06:55.093327 n-d-827856-2 neutron-server[103329]: DEBUG neutron.plugins.ml2.drivers.mech_agent [req-b59cff27-a910-4711-bafc-594b37f68bd6 req-ae5be263-ed6d-49b3-86db-aab8801a2cb3 service neutron] Checking agent: {'id': 'aa1c2eaa-3781-421d-b709-ef4985e372df', 'agent_type': 'HyperV agent', 'binary': 'neutron-hyperv-agent', 'topic': 'N/A', 'host': 'n-h1-827856-2', 'admin_state_up': True, 'created_at': datetime.datetime(2022, 2, 7, 8, 3, 44), 'started_at': datetime.datetime(2022, 2, 7, 8, 3, 44), 'heartbeat_timestamp': datetime.datetime(2022, 2, 7, 8, 6, 44), 'description': None, 'resources_synced': None, 'availability_zone': None, 'alive': True, 'configurations': {'vswitch_mappings': {'physnet1$': 'br-data'}}, 'resource_versions': {}} {{(pid=103329) bind_port /opt/stack/neutron/neutron/plugins/ml2/drivers/mech_agent.py:110}}
Feb 07 08:06:55.093681 n-d-827856-2 neutron-server[103329]: DEBUG neutron.plugins.ml2.drivers.mech_agent [req-b59cff27-a910-4711-bafc-594b37f68bd6 req-ae5be263-ed6d-49b3-86db-aab8801a2cb3 service neutron] Checking segment: {'id': 'dfb1c1d3-3c49-43a2-8d79-9e1db72cf98d', 'network_type': 'vlan', 'physical_network': 'physnet1', 'segmentation_id': 190, 'network_id': 'eed9be3e-e912-4305-a526-bf998e7d8732'} for mappings: {'physnet1$': 'br-data'} with network types: ['local', 'flat', 'vlan'] {{(pid=103329) check_segment_for_agent /opt/stack/neutron/neutron/plugins/ml2/drivers/mech_agent.py:373}}
Feb 07 08:06:55.094058 n-d-827856-2 neutron-server[103329]: DEBUG neutron.plugins.ml2.drivers.mech_agent [req-b59cff27-a910-4711-bafc-594b37f68bd6 req-ae5be263-ed6d-49b3-86db-aab8801a2cb3 service neutron] Bound using segment: {'id': 'dfb1c1d3-3c49-43a2-8d79-9e1db72cf98d', 'network_type': 'vlan', 'physical_network': 'physnet1', 'segmentation_id': 190, 'network_id': 'eed9be3e-e912-4305-a526-bf998e7d8732'} {{(pid=103329) bind_port /opt/stack/neutron/neutron/plugins/ml2/drivers/mech_agent.py:120}}
Feb 07 08:06:55.094507 n-d-827856-2 neutron-server[103329]: DEBUG neutron.plugins.ml2.managers [req-b59cff27-a910-4711-bafc-594b37f68bd6 req-ae5be263-ed6d-49b3-86db-aab8801a2cb3 service neutron] Bound port: f372d811-8c70-4d3a-b0c0-99101d44ff1f, host: n-h1-827856-2, vif_type: hyperv, vif_details: {"connectivity": "legacy", "port_filter": false}, binding_levels: [{'bound_driver': 'hyperv', 'bound_segment': {'id': 'dfb1c1d3-3c49-43a2-8d79-9e1db72cf98d', 'network_type': 'vlan', 'physical_network': 'physnet1', 'segmentation_id': 190, 'network_id': 'eed9be3e-e912-4305-a526-bf998e7d8732'}}] {{(pid=103329) _bind_port_level /opt/stack/neutron/neutron/plugins/ml2/managers.py:932}}
Feb 07 08:06:55.094865 n-d-827856-2 neutron-server[103329]: DEBUG neutron_lib.callbacks.manager [req-b59cff27-a910-4711-bafc-594b37f68bd6 req-ae5be263-ed6d-49b3-86db-aab8801a2cb3 service neutron] Publish callbacks ['neutron.plugins.ml2.plugin.SecurityGroupDbMixin._ensure_default_security_group_handler-4028039'] for port (f372d811-8c70-4d3a-b0c0-99101d44ff1f), before_update {{(pid=103329) _notify_loop /usr/local/lib/python3.8/dist-packages/neutron_lib/callbacks/manager.py:176}}
Feb 07 08:06:55.097548 n-d-827856-2 neutron-server[103328]: DEBUG neutron.pecan_wsgi.hooks.policy_enforcement [req-a60596fa-545d-45f5-8256-9065b35a85ef req-fc6729e1-4ffd-4b1e-a6fb-ae087438847c tempest-ServersAdminTestJSON-119035702 tempest-ServersAdminTestJSON-119035702-project] Attributes excluded by policy engine: ['standard_attr_id', 'binding:profile', 'binding:host_id', 'binding:vif_type', 'binding:vif_details'] {{(pid=103328) _exclude_attributes_by_policy /opt/stack/neutron/neutron/pecan_wsgi/hooks/policy_enforcement.py:255}}
Feb 07 08:06:55.099103 n-d-827856-2 neutron-server[103328]: INFO neutron.wsgi [req-a60596fa-545d-45f5-8256-9065b35a85ef req-fc6729e1-4ffd-4b1e-a6fb-ae087438847c tempest-ServersAdminTestJSON-119035702 tempest-ServersAdminTestJSON-119035702-project] 10.222.0.37 "GET /v2.0/ports?device_id=b833b763-be25-43b8-b673-404137b90bab HTTP/1.1" status: 200 len: 935 time: 0.0813563
Feb 07 08:06:55.110719 n-d-827856-2 neutron-server[103329]: DEBUG neutron.api.v2.base [req-30eb7a4f-a459-4d5a-a741-bb01d2b0e38a req-28eea7c5-3318-49e4-a6e3-a7b2bca7868b service neutron] Request body: {'binding': {'host': 'n-h1-827856-2', 'vnic_type': 'normal', 'profile': {}}} {{(pid=103329) prepare_request_body /opt/stack/neutron/neutron/api/v2/base.py:729}}
Feb 07 08:06:55.111226 n-d-827856-2 neutron-server[103329]: DEBUG neutron.api.v2.base [req-30eb7a4f-a459-4d5a-a741-bb01d2b0e38a req-28eea7c5-3318-49e4-a6e3-a7b2bca7868b service neutron] Unknown quota resources ['binding']. {{(pid=103329) _create /opt/stack/neutron/neutron/api/v2/base.py:496}}
Feb 07 08:06:55.132000 n-d-827856-2 neutron-server[103328]: DEBUG neutron_lib.callbacks.manager [None req-f1ac4158-697b-478e-82c9-123f5df099cd admin admin] Publish callbacks [] for security_group (c558037e-8910-4c79-92ab-2d83d37e5371), before_delete {{(pid=103328) _notify_loop /usr/local/lib/python3.8/dist-packages/neutron_lib/callbacks/manager.py:176}}
Feb 07 08:06:55.180573 n-d-827856-2 neutron-server[103329]: INFO neutron.wsgi [req-07cb97c6-be7c-4755-a29a-5dbcfa206548 req-14fa2dff-169d-4f95-806b-7343e1f790c8 service neutron] 10.222.0.24 "GET /v2.0/floatingips?fixed_ip_address=192.168.233.52&port_id=29eaed3a-1831-4b76-ac87-4209f06e329e HTTP/1.1" status: 200 len: 217 time: 0.0980954
Feb 07 08:06:55.181216 n-d-827856-2 neutron-server[103328]: DEBUG neutron_lib.callbacks.manager [None req-f1ac4158-697b-478e-82c9-123f5df099cd admin admin] Publish callbacks [] for security_group (c558037e-8910-4c79-92ab-2d83d37e5371), precommit_delete {{(pid=103328) _notify_loop /usr/local/lib/python3.8/dist-packages/neutron_lib/callbacks/manager.py:176}}
Feb 07 08:06:55.221480 n-d-827856-2 neutron-server[103328]: INFO neutron.wsgi [req-a60596fa-545d-45f5-8256-9065b35a85ef req-fd3d340b-9632-4a1c-baec-b109d7579959 tempest-ServersAdminTestJSON-119035702 tempest-ServersAdminTestJSON-119035702-project] 10.222.0.37 "GET /v2.0/security-groups?id=ae5f9928-d44a-4b6b-bfe0-e65b3bec2aa0&fields=id&fields=name HTTP/1.1" status: 200 len: 286 time: 0.1055067
Feb 07 08:06:55.265598 n-d-827856-2 neutron-server[103328]: DEBUG neutron.pecan_wsgi.hooks.policy_enforcement [req-81b7cc0f-752a-4254-bbe6-df31f489246c req-e479ea40-88e5-43cb-9a0f-d1c96d4acfd6 service neutron] Attributes excluded by policy engine: ['standard_attr_id'] {{(pid=103328) _exclude_attributes_by_policy /opt/stack/neutron/neutron/pecan_wsgi/hooks/policy_enforcement.py:255}}
Feb 07 08:06:55.267316 n-d-827856-2 neutron-server[103328]: INFO neutron.wsgi [req-81b7cc0f-752a-4254-bbe6-df31f489246c req-e479ea40-88e5-43cb-9a0f-d1c96d4acfd6 service neutron] 10.222.0.18 "GET /v2.0/ports?network_id=6f8f2887-5302-47a2-9487-27ab9295c413&device_owner=network%3Adhcp HTTP/1.1" status: 200 len: 1203 time: 0.1008756
Feb 07 08:06:55.273955 n-d-827856-2 neutron-server[103328]: DEBUG neutron_lib.callbacks.manager [None req-f1ac4158-697b-478e-82c9-123f5df099cd admin admin] Publish callbacks ['neutron.plugins.ml2.ovo_rpc._ObjectChangeHandler.handle_event-621025'] for security_group (c558037e-8910-4c79-92ab-2d83d37e5371), after_delete {{(pid=103328) _notify_loop /usr/local/lib/python3.8/dist-packages/neutron_lib/callbacks/manager.py:176}}
Feb 07 08:06:55.277189 n-d-827856-2 neutron-server[103328]: DEBUG neutron_lib.callbacks.manager [None req-f1ac4158-697b-478e-82c9-123f5df099cd admin admin] Publish callbacks [] for security_group (None), before_response {{(pid=103328) _notify_loop /usr/local/lib/python3.8/dist-packages/neutron_lib/callbacks/manager.py:176}}
Feb 07 08:06:55.278551 n-d-827856-2 neutron-server[103328]: INFO neutron.wsgi [None req-f1ac4158-697b-478e-82c9-123f5df099cd admin admin] 10.222.0.37 "DELETE /v2.0/security-groups/c558037e-8910-4c79-92ab-2d83d37e5371 HTTP/1.1" status: 204 len: 168 time: 0.2315338
Feb 07 08:06:55.341632 n-d-827856-2 neutron-server[103328]: DEBUG neutron.api.rpc.handlers.resources_rpc [None req-f1ac4158-697b-478e-82c9-123f5df099cd admin admin] Pushing event deleted for resources: {'SecurityGroup': ['ID=c558037e-8910-4c79-92ab-2d83d37e5371,revision_number=None']} {{(pid=103328) push /opt/stack/neutron/neutron/api/rpc/handlers/resources_rpc.py:237}}
Feb 07 08:06:55.383437 n-d-827856-2 neutron-server[103328]: DEBUG neutron.api.rpc.callbacks.version_manager [None req-f1ac4158-697b-478e-82c9-123f5df099cd admin admin] Version for resource type AddressGroup changed None to 1.2 on consumer Open vSwitch agent@n-d-827856-2 {{(pid=103328) _set_version /opt/stack/neutron/neutron/api/rpc/callbacks/version_manager.py:113}}
Feb 07 08:06:55.383783 n-d-827856-2 neutron-server[103328]: DEBUG neutron.api.rpc.callbacks.version_manager [None req-f1ac4158-697b-478e-82c9-123f5df099cd admin admin] Version for resource type ConntrackHelper changed None to 1.0 on consumer Open vSwitch agent@n-d-827856-2 {{(pid=103328) _set_version /opt/stack/neutron/neutron/api/rpc/callbacks/version_manager.py:113}}
Feb 07 08:06:55.384123 n-d-827856-2 neutron-server[103328]: DEBUG neutron.api.rpc.callbacks.version_manager [None req-f1ac4158-697b-478e-82c9-123f5df099cd admin admin] Version for resource type LocalIPAssociation changed None to 1.0 on consumer Open vSwitch agent@n-d-827856-2 {{(pid=103328) _set_version /opt/stack/neutron/neutron/api/rpc/callbacks/version_manager.py:113}}
Feb 07 08:06:55.384463 n-d-827856-2 neutron-server[103328]: DEBUG neutron.api.rpc.callbacks.version_manager [None req-f1ac4158-697b-478e-82c9-123f5df099cd admin admin] Version for resource type Log changed None to 1.0 on consumer Open vSwitch agent@n-d-827856-2 {{(pid=103328) _set_version /opt/stack/neutron/neutron/api/rpc/callbacks/version_manager.py:113}}
Feb 07 08:06:55.384787 n-d-827856-2 neutron-server[103328]: DEBUG neutron.api.rpc.callbacks.version_manager [None req-f1ac4158-697b-478e-82c9-123f5df099cd admin admin] Version for resource type Network changed None to 1.1 on consumer Open vSwitch agent@n-d-827856-2 {{(pid=103328) _set_version /opt/stack/neutron/neutron/api/rpc/callbacks/version_manager.py:113}}
Feb 07 08:06:55.385122 n-d-827856-2 neutron-server[103328]: DEBUG neutron.api.rpc.callbacks.version_manager [None req-f1ac4158-697b-478e-82c9-123f5df099cd admin admin] Version for resource type Port changed None to 1.7 on consumer Open vSwitch agent@n-d-827856-2 {{(pid=103328) _set_version /opt/stack/neutron/neutron/api/rpc/callbacks/version_manager.py:113}}
Feb 07 08:06:55.385450 n-d-827856-2 neutron-server[103328]: DEBUG neutron.api.rpc.callbacks.version_manager [None req-f1ac4158-697b-478e-82c9-123f5df099cd admin admin] Version for resource type PortForwarding changed None to 1.2 on consumer Open vSwitch agent@n-d-827856-2 {{(pid=103328) _set_version /opt/stack/neutron/neutron/api/rpc/callbacks/version_manager.py:113}}
Feb 07 08:06:55.385839 n-d-827856-2 neutron-server[103328]: DEBUG neutron.api.rpc.callbacks.version_manager [None req-f1ac4158-697b-478e-82c9-123f5df099cd admin admin] Version for resource type QosPolicy changed None to 1.10 on consumer Open vSwitch agent@n-d-827856-2 {{(pid=103328) _set_version /opt/stack/neutron/neutron/api/rpc/callbacks/version_manager.py:113}}
Feb 07 08:06:55.386325 n-d-827856-2 neutron-server[103328]: DEBUG neutron.api.rpc.callbacks.version_manager [None req-f1ac4158-697b-478e-82c9-123f5df099cd admin admin] Version for resource type SecurityGroup changed None to 1.5 on consumer Open vSwitch agent@n-d-827856-2 {{(pid=103328) _set_version /opt/stack/neutron/neutron/api/rpc/callbacks/version_manager.py:113}}
Feb 07 08:06:55.386555 n-d-827856-2 neutron-server[103328]: DEBUG neutron.api.rpc.callbacks.version_manager [None req-f1ac4158-697b-478e-82c9-123f5df099cd admin admin] Version for resource type SecurityGroupRule changed None to 1.2 on consumer Open vSwitch agent@n-d-827856-2 {{(pid=103328) _set_version /opt/stack/neutron/neutron/api/rpc/callbacks/version_manager.py:113}}
Feb 07 08:06:55.386882 n-d-827856-2 neutron-server[103328]: DEBUG neutron.api.rpc.callbacks.version_manager [None req-f1ac4158-697b-478e-82c9-123f5df099cd admin admin] Version for resource type SubPort changed None to 1.0 on consumer Open vSwitch agent@n-d-827856-2 {{(pid=103328) _set_version /opt/stack/neutron/neutron/api/rpc/callbacks/version_manager.py:113}}
Feb 07 08:06:55.387196 n-d-827856-2 neutron-server[103328]: DEBUG neutron.api.rpc.callbacks.version_manager [None req-f1ac4158-697b-478e-82c9-123f5df099cd admin admin] Version for resource type Subnet changed None to 1.1 on consumer Open vSwitch agent@n-d-827856-2 {{(pid=103328) _set_version /opt/stack/neutron/neutron/api/rpc/callbacks/version_manager.py:113}}
Feb 07 08:06:55.387509 n-d-827856-2 neutron-server[103328]: DEBUG neutron.api.rpc.callbacks.version_manager [None req-f1ac4158-697b-478e-82c9-123f5df099cd admin admin] Version for resource type Trunk changed None to 1.1 on consumer Open vSwitch agent@n-d-827856-2 {{(pid=103328) _set_version /opt/stack/neutron/neutron/api/rpc/callbacks/version_manager.py:113}}
Feb 07 08:06:55.455881 n-d-827856-2 neutron-server[103328]: INFO neutron.wsgi [req-81b7cc0f-752a-4254-bbe6-df31f489246c req-ae151c26-8220-430f-b08b-99fe1bea9217 service neutron] 10.222.0.18 "GET /v2.0/networks/6f8f2887-5302-47a2-9487-27ab9295c413?fields=segments HTTP/1.1" status: 200 len: 212 time: 0.1757514
Feb 07 08:06:55.468625 n-d-827856-2 neutron-server[103328]: DEBUG neutron.pecan_wsgi.hooks.policy_enforcement [req-5fde7c00-cee5-4177-82a0-8f7ec3bfcf1a req-217403a2-57dd-4039-b9f4-0852b73e28dd tempest-ListImageFiltersTestJSON-1736658148 tempest-ListImageFiltersTestJSON-1736658148-project] Attributes excluded by policy engine: ['standard_attr_id', 'binding:profile', 'binding:host_id', 'binding:vif_type', 'binding:vif_details'] {{(pid=103328) _exclude_attributes_by_policy /opt/stack/neutron/neutron/pecan_wsgi/hooks/policy_enforcement.py:255}}
Feb 07 08:06:55.470631 n-d-827856-2 neutron-server[103328]: INFO neutron.wsgi [req-5fde7c00-cee5-4177-82a0-8f7ec3bfcf1a req-217403a2-57dd-4039-b9f4-0852b73e28dd tempest-ListImageFiltersTestJSON-1736658148 tempest-ListImageFiltersTestJSON-1736658148-project] 10.222.0.37 "GET /v2.0/ports?device_id=2af4b929-cec0-4fec-87d4-bc3bae0d00e2 HTTP/1.1" status: 200 len: 948 time: 0.1687534
Feb 07 08:06:55.546501 n-d-827856-2 neutron-server[103329]: DEBUG neutron.notifiers.nova [req-d34826fc-bc3a-426e-aca2-b5dd2285d949 req-0d590a66-8fbd-4ba4-a2ef-4906fd86ddc0 service neutron] Ignoring state change previous_port_status: DOWN current_port_status: DOWN port_id d75e314d-aa61-41bf-b96e-fd39166ab77d {{(pid=103329) record_port_status_changed /opt/stack/neutron/neutron/notifiers/nova.py:228}}
Feb 07 08:06:55.564192 n-d-827856-2 neutron-server[103329]: DEBUG neutron_lib.callbacks.manager [req-d34826fc-bc3a-426e-aca2-b5dd2285d949 req-0d590a66-8fbd-4ba4-a2ef-4906fd86ddc0 service neutron] Publish callbacks [] for port (d75e314d-aa61-41bf-b96e-fd39166ab77d), precommit_update {{(pid=103329) _notify_loop /usr/local/lib/python3.8/dist-packages/neutron_lib/callbacks/manager.py:176}}
Feb 07 08:06:55.587527 n-d-827856-2 neutron-server[103328]: INFO neutron.wsgi [req-5fde7c00-cee5-4177-82a0-8f7ec3bfcf1a req-777e5db9-24c7-4ce2-81a7-162eccac0961 tempest-ListImageFiltersTestJSON-1736658148 tempest-ListImageFiltersTestJSON-1736658148-project] 10.222.0.37 "GET /v2.0/security-groups?id=dced78e8-6fa8-4b0c-84cf-61582bb71f3c&fields=id&fields=name HTTP/1.1" status: 200 len: 286 time: 0.1060092
Feb 07 08:06:55.594996 n-d-827856-2 neutron-server[103329]: DEBUG neutron.pecan_wsgi.hooks.policy_enforcement [req-07cb97c6-be7c-4755-a29a-5dbcfa206548 req-9a5824ef-ad08-47fc-8555-624cfef37ebc service neutron] Attributes excluded by policy engine: ['standard_attr_id', 'shared'] {{(pid=103329) _exclude_attributes_by_policy /opt/stack/neutron/neutron/pecan_wsgi/hooks/policy_enforcement.py:255}}
Feb 07 08:06:55.596478 n-d-827856-2 neutron-server[103329]: INFO neutron.wsgi [req-07cb97c6-be7c-4755-a29a-5dbcfa206548 req-9a5824ef-ad08-47fc-8555-624cfef37ebc service neutron] 10.222.0.24 "GET /v2.0/subnets?id=0a5dbbe3-7784-417c-a68d-6e4fef75cfbf HTTP/1.1" status: 200 len: 843 time: 0.3899131
Feb 07 08:06:55.602803 n-d-827856-2 neutron-server[103328]: INFO neutron.wsgi [req-81b7cc0f-752a-4254-bbe6-df31f489246c req-27e33c58-e407-47f9-af32-63af0efa54d8 service neutron] 10.222.0.18 "GET /v2.0/networks/6f8f2887-5302-47a2-9487-27ab9295c413?fields=provider%3Aphysical_network&fields=provider%3Anetwork_type HTTP/1.1" status: 200 len: 281 time: 0.1308382
Feb 07 08:06:55.626780 n-d-827856-2 neutron-server[103329]: DEBUG neutron.db.provisioning_blocks [req-d34826fc-bc3a-426e-aca2-b5dd2285d949 req-0d590a66-8fbd-4ba4-a2ef-4906fd86ddc0 service neutron] Transition to ACTIVE for port object d75e314d-aa61-41bf-b96e-fd39166ab77d will not be triggered until provisioned by entity L2. {{(pid=103329) add_provisioning_component /opt/stack/neutron/neutron/db/provisioning_blocks.py:73}}
Feb 07 08:06:55.646803 n-d-827856-2 neutron-server[103329]: DEBUG neutron.plugins.ml2.db [req-b59cff27-a910-4711-bafc-594b37f68bd6 req-ae5be263-ed6d-49b3-86db-aab8801a2cb3 service neutron] For port f372d811-8c70-4d3a-b0c0-99101d44ff1f, host n-h1-827856-2, cleared binding levels {{(pid=103329) clear_binding_levels /opt/stack/neutron/neutron/plugins/ml2/db.py:87}}
Feb 07 08:06:55.670072 n-d-827856-2 neutron-server[103329]: DEBUG neutron_lib.callbacks.manager [req-d34826fc-bc3a-426e-aca2-b5dd2285d949 req-0d590a66-8fbd-4ba4-a2ef-4906fd86ddc0 service neutron] Publish callbacks ['neutron.plugins.ml2.plugin.SecurityGroupServerNotifierRpcMixin._notify_sg_on_port_change-4027947', 'neutron.plugins.ml2.ovo_rpc._ObjectChangeHandler.handle_event-187904', 'neutron.api.rpc.agentnotifiers.dhcp_rpc_agent_api.DhcpAgentNotifyAPI._native_event_send_dhcp_notification-769942', 'neutron.db.l3_db.L3RpcNotifierMixin._notify_gateway_port_ip_changed-8750968234509', 'neutron.db.l3_dvrscheduler_db._notify_l3_agent_port_update-8750967911617', 'neutron.db.l3_hascheduler_db._notify_l3_agent_ha_port_update-8750967911635'] for port (d75e314d-aa61-41bf-b96e-fd39166ab77d), after_update {{(pid=103329) _notify_loop /usr/local/lib/python3.8/dist-packages/neutron_lib/callbacks/manager.py:176}}
Feb 07 08:06:55.742053 n-d-827856-2 neutron-server[103329]: DEBUG neutron.plugins.ml2.db [req-b59cff27-a910-4711-bafc-594b37f68bd6 req-ae5be263-ed6d-49b3-86db-aab8801a2cb3 service neutron] For port f372d811-8c70-4d3a-b0c0-99101d44ff1f, host n-h1-827856-2, set binding levels [PortBindingLevel(driver='hyperv',host='n-h1-827856-2',level=0,port_id=f372d811-8c70-4d3a-b0c0-99101d44ff1f,segment=NetworkSegment(dfb1c1d3-3c49-43a2-8d79-9e1db72cf98d),segment_id=dfb1c1d3-3c49-43a2-8d79-9e1db72cf98d)] {{(pid=103329) set_binding_levels /opt/stack/neutron/neutron/plugins/ml2/db.py:59}}
Feb 07 08:06:55.760533 n-d-827856-2 neutron-server[103328]: DEBUG neutron.pecan_wsgi.hooks.policy_enforcement [req-62d5501c-e278-41ff-a091-f69614c8b402 req-ac1f6dba-8e62-4e68-b196-cef721e63b7b tempest-DeleteServersAdminTestJSON-808217478 tempest-DeleteServersAdminTestJSON-808217478-project] Attributes excluded by policy engine: ['standard_attr_id', 'binding:profile', 'binding:host_id', 'binding:vif_type', 'binding:vif_details'] {{(pid=103328) _exclude_attributes_by_policy /opt/stack/neutron/neutron/pecan_wsgi/hooks/policy_enforcement.py:255}}
Feb 07 08:06:55.762225 n-d-827856-2 neutron-server[103328]: INFO neutron.wsgi [req-62d5501c-e278-41ff-a091-f69614c8b402 req-ac1f6dba-8e62-4e68-b196-cef721e63b7b tempest-DeleteServersAdminTestJSON-808217478 tempest-DeleteServersAdminTestJSON-808217478-project] 10.222.0.37 "GET /v2.0/ports?device_id=e4abc7a9-4f74-4956-b70d-c604c0968998 HTTP/1.1" status: 200 len: 950 time: 0.0585837
Feb 07 08:06:55.780802 n-d-827856-2 neutron-server[103329]: DEBUG neutron_lib.callbacks.manager [req-b59cff27-a910-4711-bafc-594b37f68bd6 req-ae5be263-ed6d-49b3-86db-aab8801a2cb3 service neutron] Publish callbacks ['neutron.plugins.ml2.plugin.SecurityGroupServerNotifierRpcMixin._notify_sg_on_port_change-4027947', 'neutron.plugins.ml2.ovo_rpc._ObjectChangeHandler.handle_event-187904', 'neutron.api.rpc.agentnotifiers.dhcp_rpc_agent_api.DhcpAgentNotifyAPI._native_event_send_dhcp_notification-769942', 'neutron.db.l3_db.L3RpcNotifierMixin._notify_gateway_port_ip_changed-8750968234509', 'neutron.db.l3_dvrscheduler_db._notify_l3_agent_port_update-8750967911617', 'neutron.db.l3_hascheduler_db._notify_l3_agent_ha_port_update-8750967911635'] for port (f372d811-8c70-4d3a-b0c0-99101d44ff1f), after_update {{(pid=103329) _notify_loop /usr/local/lib/python3.8/dist-packages/neutron_lib/callbacks/manager.py:176}}
Feb 07 08:06:55.819267 n-d-827856-2 neutron-server[103328]: INFO neutron.wsgi [req-62d5501c-e278-41ff-a091-f69614c8b402 req-51e4938c-f6d3-4951-ab99-4e49bd437171 tempest-DeleteServersAdminTestJSON-808217478 tempest-DeleteServersAdminTestJSON-808217478-project] 10.222.0.37 "GET /v2.0/security-groups?id=58228c0e-fcd5-4e27-bf35-17478cdd52cb&fields=id&fields=name HTTP/1.1" status: 200 len: 286 time: 0.0507457
Feb 07 08:06:55.841124 n-d-827856-2 neutron-server[103329]: DEBUG neutron.pecan_wsgi.hooks.policy_enforcement [req-b59cff27-a910-4711-bafc-594b37f68bd6 req-ae5be263-ed6d-49b3-86db-aab8801a2cb3 service neutron] Attributes excluded by policy engine: ['standard_attr_id'] {{(pid=103329) _exclude_attributes_by_policy /opt/stack/neutron/neutron/pecan_wsgi/hooks/policy_enforcement.py:255}}
Feb 07 08:06:55.841753 n-d-827856-2 neutron-server[103329]: DEBUG neutron_lib.callbacks.manager [req-b59cff27-a910-4711-bafc-594b37f68bd6 req-ae5be263-ed6d-49b3-86db-aab8801a2cb3 service neutron] Publish callbacks ['neutron.notifiers.nova.Notifier._send_nova_notification-98401'] for port (None), before_response {{(pid=103329) _notify_loop /usr/local/lib/python3.8/dist-packages/neutron_lib/callbacks/manager.py:176}}
Feb 07 08:06:55.848211 n-d-827856-2 neutron-server[103329]: INFO neutron.wsgi [req-b59cff27-a910-4711-bafc-594b37f68bd6 req-ae5be263-ed6d-49b3-86db-aab8801a2cb3 service neutron] 10.222.0.18 "PUT /v2.0/ports/f372d811-8c70-4d3a-b0c0-99101d44ff1f HTTP/1.1" status: 200 len: 1092 time: 3.2789686
Feb 07 08:06:55.850768 n-d-827856-2 neutron-server[103329]: DEBUG neutron.notifiers.nova [-] Sending events: [{'name': 'network-changed', 'server_uuid': '5d378ce9-7746-42f8-8e5f-9b49acce95a6', 'tag': 'f372d811-8c70-4d3a-b0c0-99101d44ff1f'}] {{(pid=103329) send_events /opt/stack/neutron/neutron/notifiers/nova.py:266}}
Feb 07 08:06:55.853079 n-d-827856-2 neutron-server[103329]: DEBUG novaclient.v2.client [-] REQ: curl -g -i --cacert "/opt/stack/data/ca-bundle.pem" -X POST http://10.222.0.37/compute/v2.1/os-server-external-events -H "Accept: application/json" -H "Content-Type: application/json" -H "User-Agent: python-novaclient" -H "X-Auth-Token: {SHA256}d491157439306ffffe862a96b60c9eab80c7f718e0b7c348c1bae3b710a3a057" -H "X-OpenStack-Nova-API-Version: 2.1" -H "X-OpenStack-Request-ID: req-d726cbfa-a07c-4649-83f8-f75f89d37f7f" -d '{"events": [{"name": "network-changed", "server_uuid": "5d378ce9-7746-42f8-8e5f-9b49acce95a6", "tag": "f372d811-8c70-4d3a-b0c0-99101d44ff1f"}]}' {{(pid=103329) _http_log_request /usr/local/lib/python3.8/dist-packages/keystoneauth1/session.py:519}}
Feb 07 08:06:55.885119 n-d-827856-2 neutron-server[103329]: DEBUG neutron.api.rpc.handlers.resources_rpc [None req-0d590a66-8fbd-4ba4-a2ef-4906fd86ddc0 service neutron] Pushing event updated for resources: {'Port': ['ID=d75e314d-aa61-41bf-b96e-fd39166ab77d,revision_number=2']} {{(pid=103329) push /opt/stack/neutron/neutron/api/rpc/handlers/resources_rpc.py:237}}
Feb 07 08:06:55.915683 n-d-827856-2 neutron-server[103329]: DEBUG neutron.pecan_wsgi.hooks.policy_enforcement [req-07cb97c6-be7c-4755-a29a-5dbcfa206548 req-03b0c69a-2e63-4495-915b-3658774dca2b service neutron] Attributes excluded by policy engine: ['standard_attr_id'] {{(pid=103329) _exclude_attributes_by_policy /opt/stack/neutron/neutron/pecan_wsgi/hooks/policy_enforcement.py:255}}
Feb 07 08:06:55.917233 n-d-827856-2 neutron-server[103329]: INFO neutron.wsgi [req-07cb97c6-be7c-4755-a29a-5dbcfa206548 req-03b0c69a-2e63-4495-915b-3658774dca2b service neutron] 10.222.0.24 "GET /v2.0/ports?network_id=6f8f2887-5302-47a2-9487-27ab9295c413&device_owner=network%3Adhcp HTTP/1.1" status: 200 len: 1203 time: 0.3116887
Feb 07 08:06:55.979463 n-d-827856-2 neutron-server[103329]: DEBUG neutron.plugins.ml2.managers [req-30eb7a4f-a459-4d5a-a741-bb01d2b0e38a req-28eea7c5-3318-49e4-a6e3-a7b2bca7868b service neutron] Attempting to bind port 00a03802-ef5f-448a-a434-135012c3f6eb on host n-h1-827856-2 for vnic_type normal with profile None {{(pid=103329) bind_port /opt/stack/neutron/neutron/plugins/ml2/managers.py:795}}
Feb 07 08:06:55.979861 n-d-827856-2 neutron-server[103329]: DEBUG neutron.plugins.ml2.managers [req-30eb7a4f-a459-4d5a-a741-bb01d2b0e38a req-28eea7c5-3318-49e4-a6e3-a7b2bca7868b service neutron] Attempting to bind port 00a03802-ef5f-448a-a434-135012c3f6eb by drivers openvswitch,hyperv on host n-h1-827856-2 at level 0 using segments [{'id': 'ef4c346e-e432-4f43-abc8-94b5650598cb', 'network_type': 'vlan', 'physical_network': 'physnet1', 'segmentation_id': 178, 'network_id': 'f1163066-8ae6-41ca-9dab-7d68a96434c0'}] {{(pid=103329) _bind_port_level /opt/stack/neutron/neutron/plugins/ml2/managers.py:820}}
Feb 07 08:06:55.980453 n-d-827856-2 neutron-server[103329]: DEBUG neutron.plugins.ml2.drivers.mech_agent [req-30eb7a4f-a459-4d5a-a741-bb01d2b0e38a req-28eea7c5-3318-49e4-a6e3-a7b2bca7868b service neutron] Attempting to bind port 00a03802-ef5f-448a-a434-135012c3f6eb on network f1163066-8ae6-41ca-9dab-7d68a96434c0 {{(pid=103329) bind_port /opt/stack/neutron/neutron/plugins/ml2/drivers/mech_agent.py:91}}
Feb 07 08:06:56.060759 n-d-827856-2 neutron-server[103329]: DEBUG neutron.plugins.ml2.drivers.mech_agent [req-30eb7a4f-a459-4d5a-a741-bb01d2b0e38a req-28eea7c5-3318-49e4-a6e3-a7b2bca7868b service neutron] Port 00a03802-ef5f-448a-a434-135012c3f6eb on network f1163066-8ae6-41ca-9dab-7d68a96434c0 not bound, no agent of type Open vSwitch agent registered on host n-h1-827856-2 {{(pid=103329) bind_port /opt/stack/neutron/neutron/plugins/ml2/drivers/mech_agent.py:103}}
Feb 07 08:06:56.061029 n-d-827856-2 neutron-server[103329]: DEBUG neutron.plugins.ml2.drivers.mech_agent [req-30eb7a4f-a459-4d5a-a741-bb01d2b0e38a req-28eea7c5-3318-49e4-a6e3-a7b2bca7868b service neutron] Attempting to bind port 00a03802-ef5f-448a-a434-135012c3f6eb on network f1163066-8ae6-41ca-9dab-7d68a96434c0 {{(pid=103329) bind_port /opt/stack/neutron/neutron/plugins/ml2/drivers/mech_agent.py:91}}
Feb 07 08:06:56.069564 n-d-827856-2 neutron-server[103329]: DEBUG neutron.plugins.ml2.managers [req-d34826fc-bc3a-426e-aca2-b5dd2285d949 req-0d590a66-8fbd-4ba4-a2ef-4906fd86ddc0 service neutron] Attempting to bind port d75e314d-aa61-41bf-b96e-fd39166ab77d on host n-h2-827856-2 for vnic_type normal with profile {{(pid=103329) bind_port /opt/stack/neutron/neutron/plugins/ml2/managers.py:795}}
Feb 07 08:06:56.069931 n-d-827856-2 neutron-server[103329]: DEBUG neutron.plugins.ml2.managers [req-d34826fc-bc3a-426e-aca2-b5dd2285d949 req-0d590a66-8fbd-4ba4-a2ef-4906fd86ddc0 service neutron] Attempting to bind port d75e314d-aa61-41bf-b96e-fd39166ab77d by drivers openvswitch,hyperv on host n-h2-827856-2 at level 0 using segments [{'id': 'c4bfe743-c869-49d3-8c28-0d2f1df40f3d', 'network_type': 'vlan', 'physical_network': 'physnet1', 'segmentation_id': 197, 'network_id': '6f8f2887-5302-47a2-9487-27ab9295c413'}] {{(pid=103329) _bind_port_level /opt/stack/neutron/neutron/plugins/ml2/managers.py:820}}
Feb 07 08:06:56.070257 n-d-827856-2 neutron-server[103329]: DEBUG neutron.plugins.ml2.drivers.mech_agent [req-d34826fc-bc3a-426e-aca2-b5dd2285d949 req-0d590a66-8fbd-4ba4-a2ef-4906fd86ddc0 service neutron] Attempting to bind port d75e314d-aa61-41bf-b96e-fd39166ab77d on network 6f8f2887-5302-47a2-9487-27ab9295c413 {{(pid=103329) bind_port /opt/stack/neutron/neutron/plugins/ml2/drivers/mech_agent.py:91}}
Feb 07 08:06:56.092823 n-d-827856-2 neutron-server[103329]: DEBUG neutron.scheduler.l3_agent_scheduler [None req-49185f41-18f5-438a-8531-399e98f4697e tempest-ServersWithSpecificFlavorTestJSON-1851997330 tempest-ServersWithSpecificFlavorTestJSON-1851997330-project] Router 8f3d07ee-f734-481f-87af-1cc33d2569ed has already been hosted by L3 agent e0dec034-f15e-44af-af92-1029ee620d40 {{(pid=103329) _get_candidates /opt/stack/neutron/neutron/scheduler/l3_agent_scheduler.py:126}}
Feb 07 08:06:56.094021 n-d-827856-2 neutron-server[103329]: DEBUG neutron.plugins.ml2.drivers.mech_agent [req-30eb7a4f-a459-4d5a-a741-bb01d2b0e38a req-28eea7c5-3318-49e4-a6e3-a7b2bca7868b service neutron] Checking agent: {'id': 'aa1c2eaa-3781-421d-b709-ef4985e372df', 'agent_type': 'HyperV agent', 'binary': 'neutron-hyperv-agent', 'topic': 'N/A', 'host': 'n-h1-827856-2', 'admin_state_up': True, 'created_at': datetime.datetime(2022, 2, 7, 8, 3, 44), 'started_at': datetime.datetime(2022, 2, 7, 8, 3, 44), 'heartbeat_timestamp': datetime.datetime(2022, 2, 7, 8, 6, 44), 'description': None, 'resources_synced': None, 'availability_zone': None, 'alive': True, 'configurations': {'vswitch_mappings': {'physnet1$': 'br-data'}}, 'resource_versions': {}} {{(pid=103329) bind_port /opt/stack/neutron/neutron/plugins/ml2/drivers/mech_agent.py:110}}
Feb 07 08:06:56.094358 n-d-827856-2 neutron-server[103329]: DEBUG neutron.plugins.ml2.drivers.mech_agent [req-30eb7a4f-a459-4d5a-a741-bb01d2b0e38a req-28eea7c5-3318-49e4-a6e3-a7b2bca7868b service neutron] Checking segment: {'id': 'ef4c346e-e432-4f43-abc8-94b5650598cb', 'network_type': 'vlan', 'physical_network': 'physnet1', 'segmentation_id': 178, 'network_id': 'f1163066-8ae6-41ca-9dab-7d68a96434c0'} for mappings: {'physnet1$': 'br-data'} with network types: ['local', 'flat', 'vlan'] {{(pid=103329) check_segment_for_agent /opt/stack/neutron/neutron/plugins/ml2/drivers/mech_agent.py:373}}
Feb 07 08:06:56.094740 n-d-827856-2 neutron-server[103329]: DEBUG neutron.plugins.ml2.drivers.mech_agent [req-30eb7a4f-a459-4d5a-a741-bb01d2b0e38a req-28eea7c5-3318-49e4-a6e3-a7b2bca7868b service neutron] Bound using segment: {'id': 'ef4c346e-e432-4f43-abc8-94b5650598cb', 'network_type': 'vlan', 'physical_network': 'physnet1', 'segmentation_id': 178, 'network_id': 'f1163066-8ae6-41ca-9dab-7d68a96434c0'} {{(pid=103329) bind_port /opt/stack/neutron/neutron/plugins/ml2/drivers/mech_agent.py:120}}
Feb 07 08:06:56.095175 n-d-827856-2 neutron-server[103329]: DEBUG neutron.plugins.ml2.managers [req-30eb7a4f-a459-4d5a-a741-bb01d2b0e38a req-28eea7c5-3318-49e4-a6e3-a7b2bca7868b service neutron] Bound port: 00a03802-ef5f-448a-a434-135012c3f6eb, host: n-h1-827856-2, vif_type: hyperv, vif_details: {"connectivity": "legacy", "port_filter": false}, binding_levels: [{'bound_driver': 'hyperv', 'bound_segment': {'id': 'ef4c346e-e432-4f43-abc8-94b5650598cb', 'network_type': 'vlan', 'physical_network': 'physnet1', 'segmentation_id': 178, 'network_id': 'f1163066-8ae6-41ca-9dab-7d68a96434c0'}}] {{(pid=103329) _bind_port_level /opt/stack/neutron/neutron/plugins/ml2/managers.py:932}}
Feb 07 08:06:56.105847 n-d-827856-2 neutron-server[103329]: DEBUG neutron.plugins.ml2.drivers.mech_agent [req-d34826fc-bc3a-426e-aca2-b5dd2285d949 req-0d590a66-8fbd-4ba4-a2ef-4906fd86ddc0 service neutron] Port d75e314d-aa61-41bf-b96e-fd39166ab77d on network 6f8f2887-5302-47a2-9487-27ab9295c413 not bound, no agent of type Open vSwitch agent registered on host n-h2-827856-2 {{(pid=103329) bind_port /opt/stack/neutron/neutron/plugins/ml2/drivers/mech_agent.py:103}}
Feb 07 08:06:56.106188 n-d-827856-2 neutron-server[103329]: DEBUG neutron.plugins.ml2.drivers.mech_agent [req-d34826fc-bc3a-426e-aca2-b5dd2285d949 req-0d590a66-8fbd-4ba4-a2ef-4906fd86ddc0 service neutron] Attempting to bind port d75e314d-aa61-41bf-b96e-fd39166ab77d on network 6f8f2887-5302-47a2-9487-27ab9295c413 {{(pid=103329) bind_port /opt/stack/neutron/neutron/plugins/ml2/drivers/mech_agent.py:91}}
Feb 07 08:06:56.161469 n-d-827856-2 neutron-server[103329]: DEBUG novaclient.v2.client [-] RESP: [200] Connection: close Content-Length: 179 Content-Type: application/json Date: Mon, 07 Feb 2022 08:06:55 GMT OpenStack-API-Version: compute 2.1 Server: Apache/2.4.41 (Ubuntu) Vary: OpenStack-API-Version,X-OpenStack-Nova-API-Version X-OpenStack-Nova-API-Version: 2.1 x-compute-request-id: req-0898902c-0a2e-4ecc-8dc2-f1add364da4f x-openstack-request-id: req-0898902c-0a2e-4ecc-8dc2-f1add364da4f {{(pid=103329) _http_log_response /usr/local/lib/python3.8/dist-packages/keystoneauth1/session.py:550}}
Feb 07 08:06:56.161756 n-d-827856-2 neutron-server[103329]: DEBUG novaclient.v2.client [-] RESP BODY: {"events": [{"name": "network-changed", "server_uuid": "5d378ce9-7746-42f8-8e5f-9b49acce95a6", "tag": "f372d811-8c70-4d3a-b0c0-99101d44ff1f", "status": "completed", "code": 200}]} {{(pid=103329) _http_log_response /usr/local/lib/python3.8/dist-packages/keystoneauth1/session.py:582}}
Feb 07 08:06:56.162034 n-d-827856-2 neutron-server[103329]: DEBUG novaclient.v2.client [-] POST call to compute for http://10.222.0.37/compute/v2.1/os-server-external-events used request id req-0898902c-0a2e-4ecc-8dc2-f1add364da4f {{(pid=103329) request /usr/local/lib/python3.8/dist-packages/keystoneauth1/session.py:954}}
Feb 07 08:06:56.162443 n-d-827856-2 neutron-server[103329]: INFO neutron.notifiers.nova [-] Nova event response: {'name': 'network-changed', 'server_uuid': '5d378ce9-7746-42f8-8e5f-9b49acce95a6', 'tag': 'f372d811-8c70-4d3a-b0c0-99101d44ff1f', 'status': 'completed', 'code': 200}
Feb 07 08:06:56.182152 n-d-827856-2 neutron-server[103329]: DEBUG neutron.plugins.ml2.drivers.mech_agent [req-d34826fc-bc3a-426e-aca2-b5dd2285d949 req-0d590a66-8fbd-4ba4-a2ef-4906fd86ddc0 service neutron] Checking agent: {'id': '1d652efb-de15-44b0-b59f-ad463a373b34', 'agent_type': 'HyperV agent', 'binary': 'neutron-hyperv-agent', 'topic': 'N/A', 'host': 'n-h2-827856-2', 'admin_state_up': True, 'created_at': datetime.datetime(2022, 2, 7, 8, 3, 40), 'started_at': datetime.datetime(2022, 2, 7, 8, 3, 40), 'heartbeat_timestamp': datetime.datetime(2022, 2, 7, 8, 6, 40), 'description': None, 'resources_synced': None, 'availability_zone': None, 'alive': True, 'configurations': {'vswitch_mappings': {'physnet1$': 'br-data'}}, 'resource_versions': {}} {{(pid=103329) bind_port /opt/stack/neutron/neutron/plugins/ml2/drivers/mech_agent.py:110}}
Feb 07 08:06:56.182859 n-d-827856-2 neutron-server[103329]: DEBUG neutron.plugins.ml2.drivers.mech_agent [req-d34826fc-bc3a-426e-aca2-b5dd2285d949 req-0d590a66-8fbd-4ba4-a2ef-4906fd86ddc0 service neutron] Checking segment: {'id': 'c4bfe743-c869-49d3-8c28-0d2f1df40f3d', 'network_type': 'vlan', 'physical_network': 'physnet1', 'segmentation_id': 197, 'network_id': '6f8f2887-5302-47a2-9487-27ab9295c413'} for mappings: {'physnet1$': 'br-data'} with network types: ['local', 'flat', 'vlan'] {{(pid=103329) check_segment_for_agent /opt/stack/neutron/neutron/plugins/ml2/drivers/mech_agent.py:373}}
Feb 07 08:06:56.182859 n-d-827856-2 neutron-server[103329]: DEBUG neutron.plugins.ml2.drivers.mech_agent [req-d34826fc-bc3a-426e-aca2-b5dd2285d949 req-0d590a66-8fbd-4ba4-a2ef-4906fd86ddc0 service neutron] Bound using segment: {'id': 'c4bfe743-c869-49d3-8c28-0d2f1df40f3d', 'network_type': 'vlan', 'physical_network': 'physnet1', 'segmentation_id': 197, 'network_id': '6f8f2887-5302-47a2-9487-27ab9295c413'} {{(pid=103329) bind_port /opt/stack/neutron/neutron/plugins/ml2/drivers/mech_agent.py:120}}
Feb 07 08:06:56.183381 n-d-827856-2 neutron-server[103329]: DEBUG neutron.plugins.ml2.managers [req-d34826fc-bc3a-426e-aca2-b5dd2285d949 req-0d590a66-8fbd-4ba4-a2ef-4906fd86ddc0 service neutron] Bound port: d75e314d-aa61-41bf-b96e-fd39166ab77d, host: n-h2-827856-2, vif_type: hyperv, vif_details: {"connectivity": "legacy", "port_filter": false}, binding_levels: [{'bound_driver': 'hyperv', 'bound_segment': {'id': 'c4bfe743-c869-49d3-8c28-0d2f1df40f3d', 'network_type': 'vlan', 'physical_network': 'physnet1', 'segmentation_id': 197, 'network_id': '6f8f2887-5302-47a2-9487-27ab9295c413'}}] {{(pid=103329) _bind_port_level /opt/stack/neutron/neutron/plugins/ml2/managers.py:932}}
Feb 07 08:06:56.183663 n-d-827856-2 neutron-server[103329]: DEBUG neutron_lib.callbacks.manager [req-d34826fc-bc3a-426e-aca2-b5dd2285d949 req-0d590a66-8fbd-4ba4-a2ef-4906fd86ddc0 service neutron] Publish callbacks ['neutron.plugins.ml2.plugin.SecurityGroupDbMixin._ensure_default_security_group_handler-4028039'] for port (d75e314d-aa61-41bf-b96e-fd39166ab77d), before_update {{(pid=103329) _notify_loop /usr/local/lib/python3.8/dist-packages/neutron_lib/callbacks/manager.py:176}}
Feb 07 08:06:56.212204 n-d-827856-2 neutron-server[103329]: DEBUG neutron.api.rpc.handlers.resources_rpc [None req-ae5be263-ed6d-49b3-86db-aab8801a2cb3 service neutron] Pushing event updated for resources: {'Port': ['ID=f372d811-8c70-4d3a-b0c0-99101d44ff1f,revision_number=3']} {{(pid=103329) push /opt/stack/neutron/neutron/api/rpc/handlers/resources_rpc.py:237}}
Feb 07 08:06:56.243327 n-d-827856-2 neutron-server[103329]: DEBUG neutron.pecan_wsgi.hooks.policy_enforcement [req-b59cff27-a910-4711-bafc-594b37f68bd6 req-6c58c1d8-c083-4f47-b8f2-89154cbae53d service neutron] Attributes excluded by policy engine: ['standard_attr_id'] {{(pid=103329) _exclude_attributes_by_policy /opt/stack/neutron/neutron/pecan_wsgi/hooks/policy_enforcement.py:255}}
Feb 07 08:06:56.245285 n-d-827856-2 neutron-server[103329]: INFO neutron.wsgi [req-b59cff27-a910-4711-bafc-594b37f68bd6 req-6c58c1d8-c083-4f47-b8f2-89154cbae53d service neutron] 10.222.0.18 "GET /v2.0/ports?tenant_id=723704de9f1d4f9683b30ef5a32474d8&device_id=5d378ce9-7746-42f8-8e5f-9b49acce95a6 HTTP/1.1" status: 200 len: 1126 time: 0.3176303
