Feb 15 21:32:02.936210 n-d-827844-3 devstack@placement-api.service[110927]: [pid: 110927|app: 0|req: 555/1108] 10.222.0.47 () {60 vars in 1506 bytes} [Tue Feb 15 21:32:02 2022] GET /placement/allocation_candidates?limit=1000&resources=DISK_GB%3A1%2CMEMORY_MB%3A1024%2CVCPU%3A1&root_required=%21COMPUTE_STATUS_DISABLED => generated 1309 bytes in 71 msecs (HTTP/1.1 200) 8 headers in 297 bytes (2 switches on core 0)
Feb 15 21:32:02.997089 n-d-827844-3 devstack@placement-api.service[110928]: DEBUG placement.requestlog [req-03b27544-752e-474d-a697-a3773afabf41 req-a5f0ca93-bced-4a68-ba65-d04101af29db None None] Starting request: 10.222.0.47 "GET /placement/allocations/5925a2b3-931a-478b-9bac-266d08e0a23c" {{(pid=110928) __call__ /opt/stack/placement/placement/requestlog.py:55}}
Feb 15 21:32:03.012199 n-d-827844-3 devstack@placement-api.service[110928]: INFO placement.requestlog [req-03b27544-752e-474d-a697-a3773afabf41 req-a5f0ca93-bced-4a68-ba65-d04101af29db service placement] 10.222.0.47 "GET /placement/allocations/5925a2b3-931a-478b-9bac-266d08e0a23c" status: 200 len: 19 microversion: 1.28
Feb 15 21:32:03.013783 n-d-827844-3 devstack@placement-api.service[110928]: [pid: 110928|app: 0|req: 554/1109] 10.222.0.47 () {60 vars in 1380 bytes} [Tue Feb 15 21:32:02 2022] GET /placement/allocations/5925a2b3-931a-478b-9bac-266d08e0a23c => generated 19 bytes in 17 msecs (HTTP/1.1 200) 8 headers in 295 bytes (1 switches on core 0)
Feb 15 21:32:03.030882 n-d-827844-3 devstack@placement-api.service[110927]: DEBUG placement.requestlog [req-03b27544-752e-474d-a697-a3773afabf41 req-e2bb229e-c6ff-46fb-abe0-08901cef1b07 None None] Starting request: 10.222.0.47 "PUT /placement/allocations/5925a2b3-931a-478b-9bac-266d08e0a23c" {{(pid=110927) __call__ /opt/stack/placement/placement/requestlog.py:55}}
Feb 15 21:32:03.356747 n-d-827844-3 devstack@placement-api.service[110927]: DEBUG placement.handlers.allocation [req-03b27544-752e-474d-a697-a3773afabf41 req-e2bb229e-c6ff-46fb-abe0-08901cef1b07 service placement] Successfully wrote allocations [, , ] {{(pid=110927) _update_consumers_and_create_allocations /opt/stack/placement/placement/handlers/allocation.py:462}}
Feb 15 21:32:03.443699 n-d-827844-3 devstack@placement-api.service[110927]: INFO placement.requestlog [req-03b27544-752e-474d-a697-a3773afabf41 req-e2bb229e-c6ff-46fb-abe0-08901cef1b07 service placement] 10.222.0.47 "PUT /placement/allocations/5925a2b3-931a-478b-9bac-266d08e0a23c" status: 204 len: 0 microversion: 1.36
Feb 15 21:32:03.443699 n-d-827844-3 devstack@placement-api.service[110927]: [pid: 110927|app: 0|req: 556/1110] 10.222.0.47 () {64 vars in 1433 bytes} [Tue Feb 15 21:32:03 2022] PUT /placement/allocations/5925a2b3-931a-478b-9bac-266d08e0a23c => generated 0 bytes in 413 msecs (HTTP/1.1 204) 5 headers in 199 bytes (1 switches on core 0)
Feb 15 21:32:04.698241 n-d-827844-3 devstack@placement-api.service[110928]: DEBUG placement.requestlog [req-03b27544-752e-474d-a697-a3773afabf41 req-5cece84f-fb00-4282-affd-a856010fb44a None None] Starting request: 10.222.0.48 "GET /placement/allocations/5925a2b3-931a-478b-9bac-266d08e0a23c" {{(pid=110928) __call__ /opt/stack/placement/placement/requestlog.py:55}}
Feb 15 21:32:04.716858 n-d-827844-3 devstack@placement-api.service[110928]: INFO placement.requestlog [req-03b27544-752e-474d-a697-a3773afabf41 req-5cece84f-fb00-4282-affd-a856010fb44a service placement] 10.222.0.48 "GET /placement/allocations/5925a2b3-931a-478b-9bac-266d08e0a23c" status: 200 len: 259 microversion: 1.28
Feb 15 21:32:04.718130 n-d-827844-3 devstack@placement-api.service[110928]: [pid: 110928|app: 0|req: 555/1111] 10.222.0.48 () {60 vars in 1377 bytes} [Tue Feb 15 21:32:04 2022] GET /placement/allocations/5925a2b3-931a-478b-9bac-266d08e0a23c => generated 259 bytes in 20 msecs (HTTP/1.1 200) 8 headers in 296 bytes (2 switches on core 0)
Feb 15 21:32:10.982446 n-d-827844-3 devstack@placement-api.service[110927]: DEBUG placement.requestlog [req-1d3fc146-6e55-4aa9-981e-ff8d3108da9d req-1c06b320-6d1f-4ff8-b5fb-89f6949a9e74 None None] Starting request: 10.222.0.47 "GET /placement/allocation_candidates?limit=1000&resources=MEMORY_MB%3A1024%2CVCPU%3A1&root_required=%21COMPUTE_STATUS_DISABLED" {{(pid=110927) __call__ /opt/stack/placement/placement/requestlog.py:55}}
Feb 15 21:32:11.017019 n-d-827844-3 devstack@placement-api.service[110927]: DEBUG placement.objects.research_context [req-1d3fc146-6e55-4aa9-981e-ff8d3108da9d req-1c06b320-6d1f-4ff8-b5fb-89f6949a9e74 service placement] getting providers with 1024 MEMORY_MB {{(pid=110927) __init__ /opt/stack/placement/placement/objects/research_context.py:126}}
Feb 15 21:32:11.024451 n-d-827844-3 devstack@placement-api.service[110927]: DEBUG placement.objects.research_context [req-1d3fc146-6e55-4aa9-981e-ff8d3108da9d req-1c06b320-6d1f-4ff8-b5fb-89f6949a9e74 service placement] getting providers with 1 VCPU {{(pid=110927) __init__ /opt/stack/placement/placement/objects/research_context.py:126}}
Feb 15 21:32:11.030562 n-d-827844-3 devstack@placement-api.service[110927]: DEBUG placement.objects.research_context [req-1d3fc146-6e55-4aa9-981e-ff8d3108da9d req-1c06b320-6d1f-4ff8-b5fb-89f6949a9e74 service placement] found 2 providers with available 1024 MEMORY_MB {{(pid=110927) get_provider_ids_matching /opt/stack/placement/placement/objects/research_context.py:549}}
Feb 15 21:32:11.030867 n-d-827844-3 devstack@placement-api.service[110927]: DEBUG placement.objects.research_context [req-1d3fc146-6e55-4aa9-981e-ff8d3108da9d req-1c06b320-6d1f-4ff8-b5fb-89f6949a9e74 service placement] found 2 providers with available 1 VCPU {{(pid=110927) get_provider_ids_matching /opt/stack/placement/placement/objects/research_context.py:549}}
Feb 15 21:32:11.031085 n-d-827844-3 devstack@placement-api.service[110927]: DEBUG placement.objects.research_context [req-1d3fc146-6e55-4aa9-981e-ff8d3108da9d req-1c06b320-6d1f-4ff8-b5fb-89f6949a9e74 service placement] found 2 providers after filtering by previous result {{(pid=110927) get_provider_ids_matching /opt/stack/placement/placement/objects/research_context.py:580}}
Feb 15 21:32:11.043214 n-d-827844-3 devstack@placement-api.service[110927]: DEBUG placement.objects.allocation_candidate [req-1d3fc146-6e55-4aa9-981e-ff8d3108da9d req-1c06b320-6d1f-4ff8-b5fb-89f6949a9e74 service placement] RequestGroup(use_same_provider=False, resources={MEMORY_MB:1024, VCPU:1}, traits=[], aggregates=[]) (suffix '') returned 2 matches {{(pid=110927) _get_by_requests /opt/stack/placement/placement/objects/allocation_candidate.py:145}}
Feb 15 21:32:11.043704 n-d-827844-3 devstack@placement-api.service[110927]: DEBUG placement.objects.allocation_candidate [req-1d3fc146-6e55-4aa9-981e-ff8d3108da9d req-1c06b320-6d1f-4ff8-b5fb-89f6949a9e74 service placement] Merging candidates yields 2 allocation requests and 2 provider summaries {{(pid=110927) _merge_candidates /opt/stack/placement/placement/objects/allocation_candidate.py:783}}
Feb 15 21:32:11.045386 n-d-827844-3 devstack@placement-api.service[110927]: INFO placement.requestlog [req-1d3fc146-6e55-4aa9-981e-ff8d3108da9d req-1c06b320-6d1f-4ff8-b5fb-89f6949a9e74 service placement] 10.222.0.47 "GET /placement/allocation_candidates?limit=1000&resources=MEMORY_MB%3A1024%2CVCPU%3A1&root_required=%21COMPUTE_STATUS_DISABLED" status: 200 len: 1281 microversion: 1.36
Feb 15 21:32:11.045759 n-d-827844-3 devstack@placement-api.service[110927]: [pid: 110927|app: 0|req: 557/1112] 10.222.0.47 () {60 vars in 1478 bytes} [Tue Feb 15 21:32:10 2022] GET /placement/allocation_candidates?limit=1000&resources=MEMORY_MB%3A1024%2CVCPU%3A1&root_required=%21COMPUTE_STATUS_DISABLED => generated 1281 bytes in 64 msecs (HTTP/1.1 200) 8 headers in 297 bytes (1 switches on core 0)
Feb 15 21:32:11.094587 n-d-827844-3 devstack@placement-api.service[110928]: DEBUG placement.requestlog [req-1d3fc146-6e55-4aa9-981e-ff8d3108da9d req-a7b351b3-c204-4231-a042-3d92321fca91 None None] Starting request: 10.222.0.47 "GET /placement/allocations/fa41d181-d022-4e76-b7a8-ba7d4187289d" {{(pid=110928) __call__ /opt/stack/placement/placement/requestlog.py:55}}
Feb 15 21:32:11.105703 n-d-827844-3 devstack@placement-api.service[110928]: INFO placement.requestlog [req-1d3fc146-6e55-4aa9-981e-ff8d3108da9d req-a7b351b3-c204-4231-a042-3d92321fca91 service placement] 10.222.0.47 "GET /placement/allocations/fa41d181-d022-4e76-b7a8-ba7d4187289d" status: 200 len: 19 microversion: 1.28
Feb 15 21:32:11.106212 n-d-827844-3 devstack@placement-api.service[110928]: [pid: 110928|app: 0|req: 556/1113] 10.222.0.47 () {60 vars in 1380 bytes} [Tue Feb 15 21:32:11 2022] GET /placement/allocations/fa41d181-d022-4e76-b7a8-ba7d4187289d => generated 19 bytes in 12 msecs (HTTP/1.1 200) 8 headers in 295 bytes (1 switches on core 0)
Feb 15 21:32:11.112522 n-d-827844-3 devstack@placement-api.service[110927]: DEBUG placement.requestlog [req-1d3fc146-6e55-4aa9-981e-ff8d3108da9d req-4f3407f7-20d1-45b4-bed9-7cb76079dc25 None None] Starting request: 10.222.0.47 "PUT /placement/allocations/fa41d181-d022-4e76-b7a8-ba7d4187289d" {{(pid=110927) __call__ /opt/stack/placement/placement/requestlog.py:55}}
Feb 15 21:32:11.262092 n-d-827844-3 devstack@placement-api.service[110927]: DEBUG placement.handlers.allocation [req-1d3fc146-6e55-4aa9-981e-ff8d3108da9d req-4f3407f7-20d1-45b4-bed9-7cb76079dc25 service placement] Successfully wrote allocations [, ] {{(pid=110927) _update_consumers_and_create_allocations /opt/stack/placement/placement/handlers/allocation.py:462}}
Feb 15 21:32:11.343013 n-d-827844-3 devstack@placement-api.service[110927]: INFO placement.requestlog [req-1d3fc146-6e55-4aa9-981e-ff8d3108da9d req-4f3407f7-20d1-45b4-bed9-7cb76079dc25 service placement] 10.222.0.47 "PUT /placement/allocations/fa41d181-d022-4e76-b7a8-ba7d4187289d" status: 204 len: 0 microversion: 1.36
Feb 15 21:32:11.343357 n-d-827844-3 devstack@placement-api.service[110927]: [pid: 110927|app: 0|req: 558/1114] 10.222.0.47 () {64 vars in 1433 bytes} [Tue Feb 15 21:32:11 2022] PUT /placement/allocations/fa41d181-d022-4e76-b7a8-ba7d4187289d => generated 0 bytes in 231 msecs (HTTP/1.1 204) 5 headers in 199 bytes (1 switches on core 0)
Feb 15 21:32:12.193679 n-d-827844-3 devstack@placement-api.service[110928]: DEBUG placement.requestlog [req-1d3fc146-6e55-4aa9-981e-ff8d3108da9d req-48715414-faa0-4d0f-9018-a85b38218b28 None None] Starting request: 10.222.0.10 "GET /placement/allocations/fa41d181-d022-4e76-b7a8-ba7d4187289d" {{(pid=110928) __call__ /opt/stack/placement/placement/requestlog.py:55}}
Feb 15 21:32:12.210054 n-d-827844-3 devstack@placement-api.service[110928]: INFO placement.requestlog [req-1d3fc146-6e55-4aa9-981e-ff8d3108da9d req-48715414-faa0-4d0f-9018-a85b38218b28 service placement] 10.222.0.10 "GET /placement/allocations/fa41d181-d022-4e76-b7a8-ba7d4187289d" status: 200 len: 246 microversion: 1.28
Feb 15 21:32:12.210403 n-d-827844-3 devstack@placement-api.service[110928]: [pid: 110928|app: 0|req: 557/1115] 10.222.0.10 () {60 vars in 1377 bytes} [Tue Feb 15 21:32:12 2022] GET /placement/allocations/fa41d181-d022-4e76-b7a8-ba7d4187289d => generated 246 bytes in 17 msecs (HTTP/1.1 200) 8 headers in 296 bytes (1 switches on core 0)
Feb 15 21:32:52.106928 n-d-827844-3 devstack@placement-api.service[110927]: DEBUG placement.requestlog [req-01d94ad0-d500-4d13-8cee-521586b900a8 req-64fde2cf-3245-428d-92a2-6bbd74ef674f None None] Starting request: 10.222.0.10 "GET /placement/resource_providers?in_tree=a6ea7f8b-5037-466a-93a7-ad4ffa261783" {{(pid=110927) __call__ /opt/stack/placement/placement/requestlog.py:55}}
Feb 15 21:32:52.246780 n-d-827844-3 devstack@placement-api.service[110927]: INFO placement.requestlog [req-01d94ad0-d500-4d13-8cee-521586b900a8 req-64fde2cf-3245-428d-92a2-6bbd74ef674f service placement] 10.222.0.10 "GET /placement/resource_providers?in_tree=a6ea7f8b-5037-466a-93a7-ad4ffa261783" status: 200 len: 864 microversion: 1.14
Feb 15 21:32:52.247131 n-d-827844-3 devstack@placement-api.service[110927]: [pid: 110927|app: 0|req: 559/1116] 10.222.0.10 () {60 vars in 1376 bytes} [Tue Feb 15 21:32:52 2022] GET /placement/resource_providers?in_tree=a6ea7f8b-5037-466a-93a7-ad4ffa261783 => generated 864 bytes in 141 msecs (HTTP/1.1 200) 6 headers in 225 bytes (2 switches on core 0)
Feb 15 21:32:52.254792 n-d-827844-3 devstack@placement-api.service[110928]: DEBUG placement.requestlog [req-01d94ad0-d500-4d13-8cee-521586b900a8 req-f306b8d7-ac84-450b-b59a-961b1f7006ca None None] Starting request: 10.222.0.10 "GET /placement/resource_providers/a6ea7f8b-5037-466a-93a7-ad4ffa261783/inventories" {{(pid=110928) __call__ /opt/stack/placement/placement/requestlog.py:55}}
Feb 15 21:32:52.273477 n-d-827844-3 devstack@placement-api.service[110928]: INFO placement.requestlog [req-01d94ad0-d500-4d13-8cee-521586b900a8 req-f306b8d7-ac84-450b-b59a-961b1f7006ca service placement] 10.222.0.10 "GET /placement/resource_providers/a6ea7f8b-5037-466a-93a7-ad4ffa261783/inventories" status: 200 len: 399 microversion: 1.0
Feb 15 21:32:52.273871 n-d-827844-3 devstack@placement-api.service[110928]: [pid: 110928|app: 0|req: 558/1117] 10.222.0.10 () {58 vars in 1390 bytes} [Tue Feb 15 21:32:52 2022] GET /placement/resource_providers/a6ea7f8b-5037-466a-93a7-ad4ffa261783/inventories => generated 399 bytes in 19 msecs (HTTP/1.1 200) 6 headers in 224 bytes (2 switches on core 0)
Feb 15 21:32:52.282053 n-d-827844-3 devstack@placement-api.service[110927]: DEBUG placement.requestlog [req-01d94ad0-d500-4d13-8cee-521586b900a8 req-4718a767-b7fd-44e7-8078-0bc7b6ca29f4 None None] Starting request: 10.222.0.10 "GET /placement/resource_providers/a6ea7f8b-5037-466a-93a7-ad4ffa261783/aggregates" {{(pid=110927) __call__ /opt/stack/placement/placement/requestlog.py:55}}
Feb 15 21:32:52.294689 n-d-827844-3 devstack@placement-api.service[110927]: INFO placement.requestlog [req-01d94ad0-d500-4d13-8cee-521586b900a8 req-4718a767-b7fd-44e7-8078-0bc7b6ca29f4 service placement] 10.222.0.10 "GET /placement/resource_providers/a6ea7f8b-5037-466a-93a7-ad4ffa261783/aggregates" status: 200 len: 55 microversion: 1.19
Feb 15 21:32:52.295098 n-d-827844-3 devstack@placement-api.service[110927]: [pid: 110927|app: 0|req: 560/1118] 10.222.0.10 () {60 vars in 1431 bytes} [Tue Feb 15 21:32:52 2022] GET /placement/resource_providers/a6ea7f8b-5037-466a-93a7-ad4ffa261783/aggregates => generated 55 bytes in 14 msecs (HTTP/1.1 200) 8 headers in 295 bytes (2 switches on core 0)
Feb 15 21:32:52.302622 n-d-827844-3 devstack@placement-api.service[110928]: DEBUG placement.requestlog [req-01d94ad0-d500-4d13-8cee-521586b900a8 req-e71fea45-121b-4940-aeff-0ff4a308c688 None None] Starting request: 10.222.0.10 "GET /placement/resource_providers/a6ea7f8b-5037-466a-93a7-ad4ffa261783/traits" {{(pid=110928) __call__ /opt/stack/placement/placement/requestlog.py:55}}
Feb 15 21:32:52.332347 n-d-827844-3 devstack@placement-api.service[110928]: INFO placement.requestlog [req-01d94ad0-d500-4d13-8cee-521586b900a8 req-e71fea45-121b-4940-aeff-0ff4a308c688 service placement] 10.222.0.10 "GET /placement/resource_providers/a6ea7f8b-5037-466a-93a7-ad4ffa261783/traits" status: 200 len: 213 microversion: 1.6
Feb 15 21:32:52.333287 n-d-827844-3 devstack@placement-api.service[110928]: [pid: 110928|app: 0|req: 559/1119] 10.222.0.10 () {60 vars in 1418 bytes} [Tue Feb 15 21:32:52 2022] GET /placement/resource_providers/a6ea7f8b-5037-466a-93a7-ad4ffa261783/traits => generated 213 bytes in 31 msecs (HTTP/1.1 200) 6 headers in 224 bytes (1 switches on core 0)
Feb 15 21:32:52.573125 n-d-827844-3 devstack@placement-api.service[110927]: DEBUG placement.requestlog [req-01d94ad0-d500-4d13-8cee-521586b900a8 req-d9040770-ee69-4245-ad0e-51e9ae7c8771 None None] Starting request: 10.222.0.10 "DELETE /placement/allocations/08e6ac8e-cd89-4c78-bc57-11880a857431" {{(pid=110927) __call__ /opt/stack/placement/placement/requestlog.py:55}}
Feb 15 21:32:52.736849 n-d-827844-3 devstack@placement-api.service[110927]: DEBUG placement.handlers.allocation [req-01d94ad0-d500-4d13-8cee-521586b900a8 req-d9040770-ee69-4245-ad0e-51e9ae7c8771 service placement] Successfully deleted allocations [, ] {{(pid=110927) delete_allocations /opt/stack/placement/placement/handlers/allocation.py:627}}
Feb 15 21:32:52.737631 n-d-827844-3 devstack@placement-api.service[110927]: INFO placement.requestlog [req-01d94ad0-d500-4d13-8cee-521586b900a8 req-d9040770-ee69-4245-ad0e-51e9ae7c8771 service placement] 10.222.0.10 "DELETE /placement/allocations/08e6ac8e-cd89-4c78-bc57-11880a857431" status: 204 len: 0 microversion: 1.0
Feb 15 21:32:52.738305 n-d-827844-3 devstack@placement-api.service[110927]: [pid: 110927|app: 0|req: 561/1120] 10.222.0.10 () {60 vars in 1355 bytes} [Tue Feb 15 21:32:52 2022] DELETE /placement/allocations/08e6ac8e-cd89-4c78-bc57-11880a857431 => generated 0 bytes in 168 msecs (HTTP/1.1 204) 5 headers in 198 bytes (1 switches on core 0)
Feb 15 21:32:53.972247 n-d-827844-3 devstack@placement-api.service[110928]: DEBUG placement.requestlog [req-a8b40069-f16b-49ea-b17d-cff8d90408af req-77239de7-622f-4f1e-a33f-497dd6f501c5 None None] Starting request: 10.222.0.10 "GET /placement/resource_providers/a6ea7f8b-5037-466a-93a7-ad4ffa261783/allocations" {{(pid=110928) __call__ /opt/stack/placement/placement/requestlog.py:55}}
Feb 15 21:32:53.991448 n-d-827844-3 devstack@placement-api.service[110928]: INFO placement.requestlog [req-a8b40069-f16b-49ea-b17d-cff8d90408af req-77239de7-622f-4f1e-a33f-497dd6f501c5 service placement] 10.222.0.10 "GET /placement/resource_providers/a6ea7f8b-5037-466a-93a7-ad4ffa261783/allocations" status: 200 len: 141 microversion: 1.0
Feb 15 21:32:53.991912 n-d-827844-3 devstack@placement-api.service[110928]: [pid: 110928|app: 0|req: 560/1121] 10.222.0.10 () {58 vars in 1390 bytes} [Tue Feb 15 21:32:53 2022] GET /placement/resource_providers/a6ea7f8b-5037-466a-93a7-ad4ffa261783/allocations => generated 141 bytes in 20 msecs (HTTP/1.1 200) 6 headers in 224 bytes (1 switches on core 0)
Feb 15 21:32:57.643899 n-d-827844-3 devstack@placement-api.service[110927]: DEBUG placement.requestlog [req-41db8501-eeea-401b-bb3f-1bc60bbb34e5 req-adf1b570-6ed1-40d2-a1e8-370389177381 None None] Starting request: 10.222.0.47 "GET /placement/allocation_candidates?limit=1000&resources=DISK_GB%3A1%2CMEMORY_MB%3A1024%2CVCPU%3A1&root_required=%21COMPUTE_STATUS_DISABLED" {{(pid=110927) __call__ /opt/stack/placement/placement/requestlog.py:55}}
Feb 15 21:32:57.736845 n-d-827844-3 devstack@placement-api.service[110927]: DEBUG placement.objects.research_context [req-41db8501-eeea-401b-bb3f-1bc60bbb34e5 req-adf1b570-6ed1-40d2-a1e8-370389177381 service placement] getting providers with 1 DISK_GB {{(pid=110927) __init__ /opt/stack/placement/placement/objects/research_context.py:126}}
Feb 15 21:32:57.742321 n-d-827844-3 devstack@placement-api.service[110927]: DEBUG placement.objects.research_context [req-41db8501-eeea-401b-bb3f-1bc60bbb34e5 req-adf1b570-6ed1-40d2-a1e8-370389177381 service placement] getting providers with 1024 MEMORY_MB {{(pid=110927) __init__ /opt/stack/placement/placement/objects/research_context.py:126}}
Feb 15 21:32:57.748412 n-d-827844-3 devstack@placement-api.service[110927]: DEBUG placement.objects.research_context [req-41db8501-eeea-401b-bb3f-1bc60bbb34e5 req-adf1b570-6ed1-40d2-a1e8-370389177381 service placement] getting providers with 1 VCPU {{(pid=110927) __init__ /opt/stack/placement/placement/objects/research_context.py:126}}
Feb 15 21:32:57.754503 n-d-827844-3 devstack@placement-api.service[110927]: DEBUG placement.objects.research_context [req-41db8501-eeea-401b-bb3f-1bc60bbb34e5 req-adf1b570-6ed1-40d2-a1e8-370389177381 service placement] found 2 providers with available 1 DISK_GB {{(pid=110927) get_provider_ids_matching /opt/stack/placement/placement/objects/research_context.py:549}}
Feb 15 21:32:57.754781 n-d-827844-3 devstack@placement-api.service[110927]: DEBUG placement.objects.research_context [req-41db8501-eeea-401b-bb3f-1bc60bbb34e5 req-adf1b570-6ed1-40d2-a1e8-370389177381 service placement] found 2 providers with available 1024 MEMORY_MB {{(pid=110927) get_provider_ids_matching /opt/stack/placement/placement/objects/research_context.py:549}}
Feb 15 21:32:57.755052 n-d-827844-3 devstack@placement-api.service[110927]: DEBUG placement.objects.research_context [req-41db8501-eeea-401b-bb3f-1bc60bbb34e5 req-adf1b570-6ed1-40d2-a1e8-370389177381 service placement] found 2 providers after filtering by previous result {{(pid=110927) get_provider_ids_matching /opt/stack/placement/placement/objects/research_context.py:580}}
Feb 15 21:32:57.755309 n-d-827844-3 devstack@placement-api.service[110927]: DEBUG placement.objects.research_context [req-41db8501-eeea-401b-bb3f-1bc60bbb34e5 req-adf1b570-6ed1-40d2-a1e8-370389177381 service placement] found 2 providers with available 1 VCPU {{(pid=110927) get_provider_ids_matching /opt/stack/placement/placement/objects/research_context.py:549}}
Feb 15 21:32:57.755567 n-d-827844-3 devstack@placement-api.service[110927]: DEBUG placement.objects.research_context [req-41db8501-eeea-401b-bb3f-1bc60bbb34e5 req-adf1b570-6ed1-40d2-a1e8-370389177381 service placement] found 2 providers after filtering by previous result {{(pid=110927) get_provider_ids_matching /opt/stack/placement/placement/objects/research_context.py:580}}
Feb 15 21:32:57.766833 n-d-827844-3 devstack@placement-api.service[110927]: DEBUG placement.objects.allocation_candidate [req-41db8501-eeea-401b-bb3f-1bc60bbb34e5 req-adf1b570-6ed1-40d2-a1e8-370389177381 service placement] RequestGroup(use_same_provider=False, resources={DISK_GB:1, MEMORY_MB:1024, VCPU:1}, traits=[], aggregates=[]) (suffix '') returned 2 matches {{(pid=110927) _get_by_requests /opt/stack/placement/placement/objects/allocation_candidate.py:145}}
Feb 15 21:32:57.768474 n-d-827844-3 devstack@placement-api.service[110927]: DEBUG placement.objects.allocation_candidate [req-41db8501-eeea-401b-bb3f-1bc60bbb34e5 req-adf1b570-6ed1-40d2-a1e8-370389177381 service placement] Merging candidates yields 2 allocation requests and 2 provider summaries {{(pid=110927) _merge_candidates /opt/stack/placement/placement/objects/allocation_candidate.py:783}}
Feb 15 21:32:57.769093 n-d-827844-3 devstack@placement-api.service[110927]: INFO placement.requestlog [req-41db8501-eeea-401b-bb3f-1bc60bbb34e5 req-adf1b570-6ed1-40d2-a1e8-370389177381 service placement] 10.222.0.47 "GET /placement/allocation_candidates?limit=1000&resources=DISK_GB%3A1%2CMEMORY_MB%3A1024%2CVCPU%3A1&root_required=%21COMPUTE_STATUS_DISABLED" status: 200 len: 1309 microversion: 1.36
Feb 15 21:32:57.769771 n-d-827844-3 devstack@placement-api.service[110927]: [pid: 110927|app: 0|req: 562/1122] 10.222.0.47 () {60 vars in 1506 bytes} [Tue Feb 15 21:32:57 2022] GET /placement/allocation_candidates?limit=1000&resources=DISK_GB%3A1%2CMEMORY_MB%3A1024%2CVCPU%3A1&root_required=%21COMPUTE_STATUS_DISABLED => generated 1309 bytes in 126 msecs (HTTP/1.1 200) 8 headers in 297 bytes (1 switches on core 0)
Feb 15 21:32:57.816936 n-d-827844-3 devstack@placement-api.service[110928]: DEBUG placement.requestlog [req-41db8501-eeea-401b-bb3f-1bc60bbb34e5 req-cc466ac2-cfc1-4a0b-8372-7911a3184cfc None None] Starting request: 10.222.0.47 "GET /placement/allocations/efbdfca6-e2b9-4a98-8578-2ebad7099822" {{(pid=110928) __call__ /opt/stack/placement/placement/requestlog.py:55}}
Feb 15 21:32:57.829438 n-d-827844-3 devstack@placement-api.service[110928]: INFO placement.requestlog [req-41db8501-eeea-401b-bb3f-1bc60bbb34e5 req-cc466ac2-cfc1-4a0b-8372-7911a3184cfc service placement] 10.222.0.47 "GET /placement/allocations/efbdfca6-e2b9-4a98-8578-2ebad7099822" status: 200 len: 19 microversion: 1.28
Feb 15 21:32:57.830134 n-d-827844-3 devstack@placement-api.service[110928]: [pid: 110928|app: 0|req: 561/1123] 10.222.0.47 () {60 vars in 1380 bytes} [Tue Feb 15 21:32:57 2022] GET /placement/allocations/efbdfca6-e2b9-4a98-8578-2ebad7099822 => generated 19 bytes in 13 msecs (HTTP/1.1 200) 8 headers in 295 bytes (1 switches on core 0)
Feb 15 21:32:57.836527 n-d-827844-3 devstack@placement-api.service[110927]: DEBUG placement.requestlog [req-41db8501-eeea-401b-bb3f-1bc60bbb34e5 req-50c46aaa-d580-4ef5-a2fc-ef91aa9479c3 None None] Starting request: 10.222.0.47 "PUT /placement/allocations/efbdfca6-e2b9-4a98-8578-2ebad7099822" {{(pid=110927) __call__ /opt/stack/placement/placement/requestlog.py:55}}
Feb 15 21:32:58.105584 n-d-827844-3 devstack@placement-api.service[110927]: DEBUG placement.handlers.allocation [req-41db8501-eeea-401b-bb3f-1bc60bbb34e5 req-50c46aaa-d580-4ef5-a2fc-ef91aa9479c3 service placement] Successfully wrote allocations [, , ] {{(pid=110927) _update_consumers_and_create_allocations /opt/stack/placement/placement/handlers/allocation.py:462}}
Feb 15 21:32:58.182504 n-d-827844-3 devstack@placement-api.service[110927]: INFO placement.requestlog [req-41db8501-eeea-401b-bb3f-1bc60bbb34e5 req-50c46aaa-d580-4ef5-a2fc-ef91aa9479c3 service placement] 10.222.0.47 "PUT /placement/allocations/efbdfca6-e2b9-4a98-8578-2ebad7099822" status: 204 len: 0 microversion: 1.36
Feb 15 21:32:58.196395 n-d-827844-3 devstack@placement-api.service[110927]: [pid: 110927|app: 0|req: 563/1124] 10.222.0.47 () {64 vars in 1433 bytes} [Tue Feb 15 21:32:57 2022] PUT /placement/allocations/efbdfca6-e2b9-4a98-8578-2ebad7099822 => generated 0 bytes in 359 msecs (HTTP/1.1 204) 5 headers in 199 bytes (2 switches on core 0)
Feb 15 21:32:59.182641 n-d-827844-3 devstack@placement-api.service[110928]: DEBUG placement.requestlog [req-41db8501-eeea-401b-bb3f-1bc60bbb34e5 req-d4795b1f-b90b-40a9-962b-173e2a7f4f5f None None] Starting request: 10.222.0.10 "GET /placement/allocations/efbdfca6-e2b9-4a98-8578-2ebad7099822" {{(pid=110928) __call__ /opt/stack/placement/placement/requestlog.py:55}}
Feb 15 21:32:59.200861 n-d-827844-3 devstack@placement-api.service[110928]: INFO placement.requestlog [req-41db8501-eeea-401b-bb3f-1bc60bbb34e5 req-d4795b1f-b90b-40a9-962b-173e2a7f4f5f service placement] 10.222.0.10 "GET /placement/allocations/efbdfca6-e2b9-4a98-8578-2ebad7099822" status: 200 len: 260 microversion: 1.28
Feb 15 21:32:59.202702 n-d-827844-3 devstack@placement-api.service[110928]: [pid: 110928|app: 0|req: 562/1125] 10.222.0.10 () {60 vars in 1377 bytes} [Tue Feb 15 21:32:59 2022] GET /placement/allocations/efbdfca6-e2b9-4a98-8578-2ebad7099822 => generated 260 bytes in 19 msecs (HTTP/1.1 200) 8 headers in 296 bytes (1 switches on core 0)
Feb 15 21:32:59.501398 n-d-827844-3 devstack@placement-api.service[110927]: DEBUG placement.requestlog [req-835c1cde-a2b8-4451-bc6e-1f00e5366f1e req-dac9bec8-5714-4703-8195-61339c4889fd None None] Starting request: 10.222.0.48 "GET /placement/resource_providers/99a62369-585a-4b2b-9050-061a79bf087b/allocations" {{(pid=110927) __call__ /opt/stack/placement/placement/requestlog.py:55}}
Feb 15 21:32:59.524280 n-d-827844-3 devstack@placement-api.service[110927]: INFO placement.requestlog [req-835c1cde-a2b8-4451-bc6e-1f00e5366f1e req-dac9bec8-5714-4703-8195-61339c4889fd service placement] 10.222.0.48 "GET /placement/resource_providers/99a62369-585a-4b2b-9050-061a79bf087b/allocations" status: 200 len: 241 microversion: 1.0
Feb 15 21:32:59.525440 n-d-827844-3 devstack@placement-api.service[110927]: [pid: 110927|app: 0|req: 564/1126] 10.222.0.48 () {58 vars in 1390 bytes} [Tue Feb 15 21:32:59 2022] GET /placement/resource_providers/99a62369-585a-4b2b-9050-061a79bf087b/allocations => generated 241 bytes in 24 msecs (HTTP/1.1 200) 6 headers in 224 bytes (1 switches on core 0)
Feb 15 21:33:14.248864 n-d-827844-3 devstack@placement-api.service[110928]: DEBUG placement.requestlog [req-9fcb0e99-cbb4-428f-ab2f-03b6b8987e05 req-129bfb17-5d64-49b5-af18-ded208fcb721 None None] Starting request: 10.222.0.10 "DELETE /placement/allocations/efbdfca6-e2b9-4a98-8578-2ebad7099822" {{(pid=110928) __call__ /opt/stack/placement/placement/requestlog.py:55}}
Feb 15 21:33:14.443864 n-d-827844-3 devstack@placement-api.service[110928]: DEBUG placement.handlers.allocation [req-9fcb0e99-cbb4-428f-ab2f-03b6b8987e05 req-129bfb17-5d64-49b5-af18-ded208fcb721 service placement] Successfully deleted allocations [, , ] {{(pid=110928) delete_allocations /opt/stack/placement/placement/handlers/allocation.py:627}}
Feb 15 21:33:14.444357 n-d-827844-3 devstack@placement-api.service[110928]: INFO placement.requestlog [req-9fcb0e99-cbb4-428f-ab2f-03b6b8987e05 req-129bfb17-5d64-49b5-af18-ded208fcb721 service placement] 10.222.0.10 "DELETE /placement/allocations/efbdfca6-e2b9-4a98-8578-2ebad7099822" status: 204 len: 0 microversion: 1.0
Feb 15 21:33:14.445094 n-d-827844-3 devstack@placement-api.service[110928]: [pid: 110928|app: 0|req: 563/1127] 10.222.0.10 () {60 vars in 1355 bytes} [Tue Feb 15 21:33:14 2022] DELETE /placement/allocations/efbdfca6-e2b9-4a98-8578-2ebad7099822 => generated 0 bytes in 197 msecs (HTTP/1.1 204) 5 headers in 198 bytes (1 switches on core 0)
Feb 15 21:33:24.754336 n-d-827844-3 devstack@placement-api.service[110927]: DEBUG placement.requestlog [req-32767e34-0a71-45e2-bebe-0ca1597bdff0 req-e0bdde93-bb77-4c12-a423-4ce1c61d0f3f None None] Starting request: 10.222.0.47 "GET /placement/resource_providers/99a62369-585a-4b2b-9050-061a79bf087b/traits" {{(pid=110927) __call__ /opt/stack/placement/placement/requestlog.py:55}}
Feb 15 21:33:24.900549 n-d-827844-3 devstack@placement-api.service[110927]: INFO placement.requestlog [req-32767e34-0a71-45e2-bebe-0ca1597bdff0 req-e0bdde93-bb77-4c12-a423-4ce1c61d0f3f service placement] 10.222.0.47 "GET /placement/resource_providers/99a62369-585a-4b2b-9050-061a79bf087b/traits" status: 200 len: 212 microversion: 1.6
Feb 15 21:33:24.900884 n-d-827844-3 devstack@placement-api.service[110927]: [pid: 110927|app: 0|req: 565/1128] 10.222.0.47 () {60 vars in 1412 bytes} [Tue Feb 15 21:33:24 2022] GET /placement/resource_providers/99a62369-585a-4b2b-9050-061a79bf087b/traits => generated 212 bytes in 147 msecs (HTTP/1.1 200) 6 headers in 224 bytes (1 switches on core 0)
Feb 15 21:33:25.798536 n-d-827844-3 devstack@placement-api.service[110928]: DEBUG placement.requestlog [None req-731f9bea-bc33-4ca6-a064-08e0f475b1a8 None None] Starting request: 10.222.0.47 "GET /placement/" {{(pid=110928) __call__ /opt/stack/placement/placement/requestlog.py:55}}
Feb 15 21:33:25.799615 n-d-827844-3 devstack@placement-api.service[110928]: INFO placement.requestlog [None req-731f9bea-bc33-4ca6-a064-08e0f475b1a8 None None] 10.222.0.47 "GET /placement/" status: 200 len: 136 microversion: 1.0
Feb 15 21:33:25.799936 n-d-827844-3 devstack@placement-api.service[110928]: [pid: 110928|app: 0|req: 564/1129] 10.222.0.47 () {54 vars in 916 bytes} [Tue Feb 15 21:33:25 2022] GET /placement => generated 136 bytes in 2 msecs (HTTP/1.1 200) 6 headers in 224 bytes (1 switches on core 0)
Feb 15 21:33:25.809108 n-d-827844-3 devstack@placement-api.service[110927]: DEBUG placement.requestlog [req-32767e34-0a71-45e2-bebe-0ca1597bdff0 req-849e0f8d-6fc3-452c-abd2-7b3b61ceda2e None None] Starting request: 10.222.0.47 "GET /placement/allocations/5925a2b3-931a-478b-9bac-266d08e0a23c" {{(pid=110927) __call__ /opt/stack/placement/placement/requestlog.py:55}}
Feb 15 21:33:25.876281 n-d-827844-3 devstack@placement-api.service[110927]: INFO placement.requestlog [req-32767e34-0a71-45e2-bebe-0ca1597bdff0 req-849e0f8d-6fc3-452c-abd2-7b3b61ceda2e service placement] 10.222.0.47 "GET /placement/allocations/5925a2b3-931a-478b-9bac-266d08e0a23c" status: 200 len: 259 microversion: 1.28
Feb 15 21:33:25.876623 n-d-827844-3 devstack@placement-api.service[110927]: [pid: 110927|app: 0|req: 566/1130] 10.222.0.47 () {60 vars in 1380 bytes} [Tue Feb 15 21:33:25 2022] GET /placement/allocations/5925a2b3-931a-478b-9bac-266d08e0a23c => generated 259 bytes in 68 msecs (HTTP/1.1 200) 8 headers in 296 bytes (1 switches on core 0)
Feb 15 21:33:25.882611 n-d-827844-3 devstack@placement-api.service[110928]: DEBUG placement.requestlog [req-32767e34-0a71-45e2-bebe-0ca1597bdff0 req-e29dd800-8877-4229-9cd3-c6027d043bad None None] Starting request: 10.222.0.47 "GET /placement/allocations/5925a2b3-931a-478b-9bac-266d08e0a23c" {{(pid=110928) __call__ /opt/stack/placement/placement/requestlog.py:55}}
Feb 15 21:33:25.897810 n-d-827844-3 devstack@placement-api.service[110928]: INFO placement.requestlog [req-32767e34-0a71-45e2-bebe-0ca1597bdff0 req-e29dd800-8877-4229-9cd3-c6027d043bad service placement] 10.222.0.47 "GET /placement/allocations/5925a2b3-931a-478b-9bac-266d08e0a23c" status: 200 len: 259 microversion: 1.28
Feb 15 21:33:25.898352 n-d-827844-3 devstack@placement-api.service[110928]: [pid: 110928|app: 0|req: 565/1131] 10.222.0.47 () {60 vars in 1380 bytes} [Tue Feb 15 21:33:25 2022] GET /placement/allocations/5925a2b3-931a-478b-9bac-266d08e0a23c => generated 259 bytes in 16 msecs (HTTP/1.1 200) 8 headers in 296 bytes (1 switches on core 0)
Feb 15 21:33:25.904379 n-d-827844-3 devstack@placement-api.service[110927]: DEBUG placement.requestlog [req-32767e34-0a71-45e2-bebe-0ca1597bdff0 req-511704ab-394a-4281-a97a-15eab2fb946e None None] Starting request: 10.222.0.47 "GET /placement/allocations/95b86e15-77d4-4116-b5b7-79a9d274acdf" {{(pid=110927) __call__ /opt/stack/placement/placement/requestlog.py:55}}
Feb 15 21:33:25.915027 n-d-827844-3 devstack@placement-api.service[110927]: INFO placement.requestlog [req-32767e34-0a71-45e2-bebe-0ca1597bdff0 req-511704ab-394a-4281-a97a-15eab2fb946e service placement] 10.222.0.47 "GET /placement/allocations/95b86e15-77d4-4116-b5b7-79a9d274acdf" status: 200 len: 19 microversion: 1.28
Feb 15 21:33:25.915340 n-d-827844-3 devstack@placement-api.service[110927]: [pid: 110927|app: 0|req: 567/1132] 10.222.0.47 () {60 vars in 1380 bytes} [Tue Feb 15 21:33:25 2022] GET /placement/allocations/95b86e15-77d4-4116-b5b7-79a9d274acdf => generated 19 bytes in 11 msecs (HTTP/1.1 200) 8 headers in 295 bytes (1 switches on core 0)
Feb 15 21:33:25.920628 n-d-827844-3 devstack@placement-api.service[110928]: DEBUG placement.requestlog [req-32767e34-0a71-45e2-bebe-0ca1597bdff0 req-865f96a2-e68e-444d-9d41-b401f2f33979 None None] Starting request: 10.222.0.47 "POST /placement/allocations" {{(pid=110928) __call__ /opt/stack/placement/placement/requestlog.py:55}}
Feb 15 21:33:26.031929 n-d-827844-3 devstack@placement-api.service[110928]: DEBUG placement.handlers.allocation [req-32767e34-0a71-45e2-bebe-0ca1597bdff0 req-865f96a2-e68e-444d-9d41-b401f2f33979 service placement] Successfully wrote allocations [, , , , , ] {{(pid=110928) _update_consumers_and_create_allocations /opt/stack/placement/placement/handlers/allocation.py:572}}
Feb 15 21:33:26.089811 n-d-827844-3 devstack@placement-api.service[110928]: INFO placement.requestlog [req-32767e34-0a71-45e2-bebe-0ca1597bdff0 req-865f96a2-e68e-444d-9d41-b401f2f33979 service placement] 10.222.0.47 "POST /placement/allocations" status: 204 len: 0 microversion: 1.28
Feb 15 21:33:26.090239 n-d-827844-3 devstack@placement-api.service[110928]: [pid: 110928|app: 0|req: 566/1133] 10.222.0.47 () {64 vars in 1323 bytes} [Tue Feb 15 21:33:25 2022] POST /placement/allocations => generated 0 bytes in 170 msecs (HTTP/1.1 204) 5 headers in 199 bytes (2 switches on core 0)
Feb 15 21:33:26.423220 n-d-827844-3 devstack@placement-api.service[110927]: DEBUG placement.requestlog [req-32767e34-0a71-45e2-bebe-0ca1597bdff0 req-eab76296-8536-4899-94bc-a99377caa592 None None] Starting request: 10.222.0.47 "GET /placement/allocation_candidates?limit=1000&resources=DISK_GB%3A1%2CMEMORY_MB%3A1024%2CVCPU%3A1&root_required=%21COMPUTE_STATUS_DISABLED" {{(pid=110927) __call__ /opt/stack/placement/placement/requestlog.py:55}}
Feb 15 21:33:26.509248 n-d-827844-3 devstack@placement-api.service[110927]: DEBUG placement.objects.research_context [req-32767e34-0a71-45e2-bebe-0ca1597bdff0 req-eab76296-8536-4899-94bc-a99377caa592 service placement] getting providers with 1 DISK_GB {{(pid=110927) __init__ /opt/stack/placement/placement/objects/research_context.py:126}}
Feb 15 21:33:26.515237 n-d-827844-3 devstack@placement-api.service[110927]: DEBUG placement.objects.research_context [req-32767e34-0a71-45e2-bebe-0ca1597bdff0 req-eab76296-8536-4899-94bc-a99377caa592 service placement] getting providers with 1024 MEMORY_MB {{(pid=110927) __init__ /opt/stack/placement/placement/objects/research_context.py:126}}
Feb 15 21:33:26.520322 n-d-827844-3 devstack@placement-api.service[110927]: DEBUG placement.objects.research_context [req-32767e34-0a71-45e2-bebe-0ca1597bdff0 req-eab76296-8536-4899-94bc-a99377caa592 service placement] getting providers with 1 VCPU {{(pid=110927) __init__ /opt/stack/placement/placement/objects/research_context.py:126}}
Feb 15 21:33:26.525568 n-d-827844-3 devstack@placement-api.service[110927]: DEBUG placement.objects.research_context [req-32767e34-0a71-45e2-bebe-0ca1597bdff0 req-eab76296-8536-4899-94bc-a99377caa592 service placement] found 2 providers with available 1 DISK_GB {{(pid=110927) get_provider_ids_matching /opt/stack/placement/placement/objects/research_context.py:549}}
Feb 15 21:33:26.526169 n-d-827844-3 devstack@placement-api.service[110927]: DEBUG placement.objects.research_context [req-32767e34-0a71-45e2-bebe-0ca1597bdff0 req-eab76296-8536-4899-94bc-a99377caa592 service placement] found 2 providers with available 1024 MEMORY_MB {{(pid=110927) get_provider_ids_matching /opt/stack/placement/placement/objects/research_context.py:549}}
Feb 15 21:33:26.526169 n-d-827844-3 devstack@placement-api.service[110927]: DEBUG placement.objects.research_context [req-32767e34-0a71-45e2-bebe-0ca1597bdff0 req-eab76296-8536-4899-94bc-a99377caa592 service placement] found 2 providers after filtering by previous result {{(pid=110927) get_provider_ids_matching /opt/stack/placement/placement/objects/research_context.py:580}}
Feb 15 21:33:26.526363 n-d-827844-3 devstack@placement-api.service[110927]: DEBUG placement.objects.research_context [req-32767e34-0a71-45e2-bebe-0ca1597bdff0 req-eab76296-8536-4899-94bc-a99377caa592 service placement] found 2 providers with available 1 VCPU {{(pid=110927) get_provider_ids_matching /opt/stack/placement/placement/objects/research_context.py:549}}
Feb 15 21:33:26.526621 n-d-827844-3 devstack@placement-api.service[110927]: DEBUG placement.objects.research_context [req-32767e34-0a71-45e2-bebe-0ca1597bdff0 req-eab76296-8536-4899-94bc-a99377caa592 service placement] found 2 providers after filtering by previous result {{(pid=110927) get_provider_ids_matching /opt/stack/placement/placement/objects/research_context.py:580}}
Feb 15 21:33:26.536868 n-d-827844-3 devstack@placement-api.service[110927]: DEBUG placement.objects.allocation_candidate [req-32767e34-0a71-45e2-bebe-0ca1597bdff0 req-eab76296-8536-4899-94bc-a99377caa592 service placement] RequestGroup(use_same_provider=False, resources={DISK_GB:1, MEMORY_MB:1024, VCPU:1}, traits=[], aggregates=[]) (suffix '') returned 2 matches {{(pid=110927) _get_by_requests /opt/stack/placement/placement/objects/allocation_candidate.py:145}}
Feb 15 21:33:26.537234 n-d-827844-3 devstack@placement-api.service[110927]: DEBUG placement.objects.allocation_candidate [req-32767e34-0a71-45e2-bebe-0ca1597bdff0 req-eab76296-8536-4899-94bc-a99377caa592 service placement] Merging candidates yields 2 allocation requests and 2 provider summaries {{(pid=110927) _merge_candidates /opt/stack/placement/placement/objects/allocation_candidate.py:783}}
Feb 15 21:33:26.538817 n-d-827844-3 devstack@placement-api.service[110927]: INFO placement.requestlog [req-32767e34-0a71-45e2-bebe-0ca1597bdff0 req-eab76296-8536-4899-94bc-a99377caa592 service placement] 10.222.0.47 "GET /placement/allocation_candidates?limit=1000&resources=DISK_GB%3A1%2CMEMORY_MB%3A1024%2CVCPU%3A1&root_required=%21COMPUTE_STATUS_DISABLED" status: 200 len: 1309 microversion: 1.36
Feb 15 21:33:26.539202 n-d-827844-3 devstack@placement-api.service[110927]: [pid: 110927|app: 0|req: 568/1134] 10.222.0.47 () {60 vars in 1506 bytes} [Tue Feb 15 21:33:26 2022] GET /placement/allocation_candidates?limit=1000&resources=DISK_GB%3A1%2CMEMORY_MB%3A1024%2CVCPU%3A1&root_required=%21COMPUTE_STATUS_DISABLED => generated 1309 bytes in 116 msecs (HTTP/1.1 200) 8 headers in 297 bytes (1 switches on core 0)
Feb 15 21:33:26.585092 n-d-827844-3 devstack@placement-api.service[110928]: DEBUG placement.requestlog [req-32767e34-0a71-45e2-bebe-0ca1597bdff0 req-ea6647c7-9c7d-41b7-a2bb-bae57b6dd5ba None None] Starting request: 10.222.0.47 "GET /placement/allocations/5925a2b3-931a-478b-9bac-266d08e0a23c" {{(pid=110928) __call__ /opt/stack/placement/placement/requestlog.py:55}}
Feb 15 21:33:26.595509 n-d-827844-3 devstack@placement-api.service[110928]: INFO placement.requestlog [req-32767e34-0a71-45e2-bebe-0ca1597bdff0 req-ea6647c7-9c7d-41b7-a2bb-bae57b6dd5ba service placement] 10.222.0.47 "GET /placement/allocations/5925a2b3-931a-478b-9bac-266d08e0a23c" status: 200 len: 19 microversion: 1.28
Feb 15 21:33:26.595917 n-d-827844-3 devstack@placement-api.service[110928]: [pid: 110928|app: 0|req: 567/1135] 10.222.0.47 () {60 vars in 1380 bytes} [Tue Feb 15 21:33:26 2022] GET /placement/allocations/5925a2b3-931a-478b-9bac-266d08e0a23c => generated 19 bytes in 11 msecs (HTTP/1.1 200) 8 headers in 295 bytes (1 switches on core 0)
Feb 15 21:33:26.603509 n-d-827844-3 devstack@placement-api.service[110927]: DEBUG placement.requestlog [req-32767e34-0a71-45e2-bebe-0ca1597bdff0 req-31848279-141c-4e7b-840f-5ea72a31b553 None None] Starting request: 10.222.0.47 "PUT /placement/allocations/5925a2b3-931a-478b-9bac-266d08e0a23c" {{(pid=110927) __call__ /opt/stack/placement/placement/requestlog.py:55}}
Feb 15 21:33:26.684398 n-d-827844-3 devstack@placement-api.service[110927]: DEBUG placement.handlers.allocation [req-32767e34-0a71-45e2-bebe-0ca1597bdff0 req-31848279-141c-4e7b-840f-5ea72a31b553 service placement] Successfully wrote allocations [, , ] {{(pid=110927) _update_consumers_and_create_allocations /opt/stack/placement/placement/handlers/allocation.py:462}}
Feb 15 21:33:26.747140 n-d-827844-3 devstack@placement-api.service[110927]: INFO placement.requestlog [req-32767e34-0a71-45e2-bebe-0ca1597bdff0 req-31848279-141c-4e7b-840f-5ea72a31b553 service placement] 10.222.0.47 "PUT /placement/allocations/5925a2b3-931a-478b-9bac-266d08e0a23c" status: 204 len: 0 microversion: 1.36
Feb 15 21:33:26.747627 n-d-827844-3 devstack@placement-api.service[110927]: [pid: 110927|app: 0|req: 569/1136] 10.222.0.47 () {64 vars in 1433 bytes} [Tue Feb 15 21:33:26 2022] PUT /placement/allocations/5925a2b3-931a-478b-9bac-266d08e0a23c => generated 0 bytes in 144 msecs (HTTP/1.1 204) 5 headers in 199 bytes (1 switches on core 0)
Feb 15 21:33:27.097031 n-d-827844-3 devstack@placement-api.service[110928]: DEBUG placement.requestlog [req-32767e34-0a71-45e2-bebe-0ca1597bdff0 req-9d1a4a6e-7161-4d08-aab0-0abc353b88b9 None None] Starting request: 10.222.0.10 "GET /placement/allocations/5925a2b3-931a-478b-9bac-266d08e0a23c" {{(pid=110928) __call__ /opt/stack/placement/placement/requestlog.py:55}}
Feb 15 21:33:27.114298 n-d-827844-3 devstack@placement-api.service[110928]: INFO placement.requestlog [req-32767e34-0a71-45e2-bebe-0ca1597bdff0 req-9d1a4a6e-7161-4d08-aab0-0abc353b88b9 service placement] 10.222.0.10 "GET /placement/allocations/5925a2b3-931a-478b-9bac-266d08e0a23c" status: 200 len: 260 microversion: 1.28
Feb 15 21:33:27.114894 n-d-827844-3 devstack@placement-api.service[110928]: [pid: 110928|app: 0|req: 568/1137] 10.222.0.10 () {60 vars in 1377 bytes} [Tue Feb 15 21:33:27 2022] GET /placement/allocations/5925a2b3-931a-478b-9bac-266d08e0a23c => generated 260 bytes in 18 msecs (HTTP/1.1 200) 8 headers in 296 bytes (1 switches on core 0)
Feb 15 21:33:37.996055 n-d-827844-3 devstack@placement-api.service[110927]: DEBUG placement.requestlog [req-27ddb042-e8e2-4b8f-b8d4-ede6fbe3d2a6 req-4d939f44-61ec-4b8d-b157-54538994e158 None None] Starting request: 10.222.0.47 "GET /placement/allocation_candidates?limit=1000&resources=DISK_GB%3A1%2CMEMORY_MB%3A1024%2CVCPU%3A1&root_required=%21COMPUTE_STATUS_DISABLED" {{(pid=110927) __call__ /opt/stack/placement/placement/requestlog.py:55}}
Feb 15 21:33:38.029760 n-d-827844-3 devstack@placement-api.service[110927]: DEBUG placement.objects.research_context [req-27ddb042-e8e2-4b8f-b8d4-ede6fbe3d2a6 req-4d939f44-61ec-4b8d-b157-54538994e158 service placement] getting providers with 1 DISK_GB {{(pid=110927) __init__ /opt/stack/placement/placement/objects/research_context.py:126}}
Feb 15 21:33:38.035934 n-d-827844-3 devstack@placement-api.service[110927]: DEBUG placement.objects.research_context [req-27ddb042-e8e2-4b8f-b8d4-ede6fbe3d2a6 req-4d939f44-61ec-4b8d-b157-54538994e158 service placement] getting providers with 1024 MEMORY_MB {{(pid=110927) __init__ /opt/stack/placement/placement/objects/research_context.py:126}}
Feb 15 21:33:38.041646 n-d-827844-3 devstack@placement-api.service[110927]: DEBUG placement.objects.research_context [req-27ddb042-e8e2-4b8f-b8d4-ede6fbe3d2a6 req-4d939f44-61ec-4b8d-b157-54538994e158 service placement] getting providers with 1 VCPU {{(pid=110927) __init__ /opt/stack/placement/placement/objects/research_context.py:126}}
Feb 15 21:33:38.048975 n-d-827844-3 devstack@placement-api.service[110927]: DEBUG placement.objects.research_context [req-27ddb042-e8e2-4b8f-b8d4-ede6fbe3d2a6 req-4d939f44-61ec-4b8d-b157-54538994e158 service placement] found 2 providers with available 1 DISK_GB {{(pid=110927) get_provider_ids_matching /opt/stack/placement/placement/objects/research_context.py:549}}
Feb 15 21:33:38.048975 n-d-827844-3 devstack@placement-api.service[110927]: DEBUG placement.objects.research_context [req-27ddb042-e8e2-4b8f-b8d4-ede6fbe3d2a6 req-4d939f44-61ec-4b8d-b157-54538994e158 service placement] found 2 providers with available 1024 MEMORY_MB {{(pid=110927) get_provider_ids_matching /opt/stack/placement/placement/objects/research_context.py:549}}
Feb 15 21:33:38.048975 n-d-827844-3 devstack@placement-api.service[110927]: DEBUG placement.objects.research_context [req-27ddb042-e8e2-4b8f-b8d4-ede6fbe3d2a6 req-4d939f44-61ec-4b8d-b157-54538994e158 service placement] found 2 providers after filtering by previous result {{(pid=110927) get_provider_ids_matching /opt/stack/placement/placement/objects/research_context.py:580}}
Feb 15 21:33:38.048975 n-d-827844-3 devstack@placement-api.service[110927]: DEBUG placement.objects.research_context [req-27ddb042-e8e2-4b8f-b8d4-ede6fbe3d2a6 req-4d939f44-61ec-4b8d-b157-54538994e158 service placement] found 2 providers with available 1 VCPU {{(pid=110927) get_provider_ids_matching /opt/stack/placement/placement/objects/research_context.py:549}}
Feb 15 21:33:38.048975 n-d-827844-3 devstack@placement-api.service[110927]: DEBUG placement.objects.research_context [req-27ddb042-e8e2-4b8f-b8d4-ede6fbe3d2a6 req-4d939f44-61ec-4b8d-b157-54538994e158 service placement] found 2 providers after filtering by previous result {{(pid=110927) get_provider_ids_matching /opt/stack/placement/placement/objects/research_context.py:580}}
Feb 15 21:33:38.058764 n-d-827844-3 devstack@placement-api.service[110927]: DEBUG placement.objects.allocation_candidate [req-27ddb042-e8e2-4b8f-b8d4-ede6fbe3d2a6 req-4d939f44-61ec-4b8d-b157-54538994e158 service placement] RequestGroup(use_same_provider=False, resources={DISK_GB:1, MEMORY_MB:1024, VCPU:1}, traits=[], aggregates=[]) (suffix '') returned 2 matches {{(pid=110927) _get_by_requests /opt/stack/placement/placement/objects/allocation_candidate.py:145}}
Feb 15 21:33:38.059207 n-d-827844-3 devstack@placement-api.service[110927]: DEBUG placement.objects.allocation_candidate [req-27ddb042-e8e2-4b8f-b8d4-ede6fbe3d2a6 req-4d939f44-61ec-4b8d-b157-54538994e158 service placement] Merging candidates yields 2 allocation requests and 2 provider summaries {{(pid=110927) _merge_candidates /opt/stack/placement/placement/objects/allocation_candidate.py:783}}
Feb 15 21:33:38.060778 n-d-827844-3 devstack@placement-api.service[110927]: INFO placement.requestlog [req-27ddb042-e8e2-4b8f-b8d4-ede6fbe3d2a6 req-4d939f44-61ec-4b8d-b157-54538994e158 service placement] 10.222.0.47 "GET /placement/allocation_candidates?limit=1000&resources=DISK_GB%3A1%2CMEMORY_MB%3A1024%2CVCPU%3A1&root_required=%21COMPUTE_STATUS_DISABLED" status: 200 len: 1309 microversion: 1.36
Feb 15 21:33:38.061217 n-d-827844-3 devstack@placement-api.service[110927]: [pid: 110927|app: 0|req: 570/1138] 10.222.0.47 () {60 vars in 1506 bytes} [Tue Feb 15 21:33:37 2022] GET /placement/allocation_candidates?limit=1000&resources=DISK_GB%3A1%2CMEMORY_MB%3A1024%2CVCPU%3A1&root_required=%21COMPUTE_STATUS_DISABLED => generated 1309 bytes in 65 msecs (HTTP/1.1 200) 8 headers in 297 bytes (2 switches on core 0)
Feb 15 21:33:38.106098 n-d-827844-3 devstack@placement-api.service[110928]: DEBUG placement.requestlog [req-27ddb042-e8e2-4b8f-b8d4-ede6fbe3d2a6 req-0cdeadbc-6ef8-4b5f-be12-aec1904bd322 None None] Starting request: 10.222.0.47 "GET /placement/allocations/056729a6-2dd1-4a83-8a99-a8a266591566" {{(pid=110928) __call__ /opt/stack/placement/placement/requestlog.py:55}}
Feb 15 21:33:38.121729 n-d-827844-3 devstack@placement-api.service[110928]: INFO placement.requestlog [req-27ddb042-e8e2-4b8f-b8d4-ede6fbe3d2a6 req-0cdeadbc-6ef8-4b5f-be12-aec1904bd322 service placement] 10.222.0.47 "GET /placement/allocations/056729a6-2dd1-4a83-8a99-a8a266591566" status: 200 len: 19 microversion: 1.28
Feb 15 21:33:38.123388 n-d-827844-3 devstack@placement-api.service[110928]: [pid: 110928|app: 0|req: 569/1139] 10.222.0.47 () {60 vars in 1380 bytes} [Tue Feb 15 21:33:38 2022] GET /placement/allocations/056729a6-2dd1-4a83-8a99-a8a266591566 => generated 19 bytes in 16 msecs (HTTP/1.1 200) 8 headers in 295 bytes (1 switches on core 0)
Feb 15 21:33:38.128504 n-d-827844-3 devstack@placement-api.service[110927]: DEBUG placement.requestlog [req-27ddb042-e8e2-4b8f-b8d4-ede6fbe3d2a6 req-66db2dc6-29c2-4f75-b633-bd955922b2a7 None None] Starting request: 10.222.0.47 "PUT /placement/allocations/056729a6-2dd1-4a83-8a99-a8a266591566" {{(pid=110927) __call__ /opt/stack/placement/placement/requestlog.py:55}}
