Feb 09 02:33:37.618147 n-d-827839-4 devstack@n-api.service[109118]: DEBUG nova.api.openstack.wsgi [None req-ed24b1fb-b8aa-4d23-8059-8686342627b6 admin admin] Action: 'create', calling method: >, body: {"flavor": {"name": "ds512M", "id": "d1", "disk": 5, "vcpus": 1, "OS-FLV-EXT-DATA:ephemeral": 0, "swap": 0, "rxtx_factor": 1.0, "os-flavor-access:is_public": true, "ram": 512}} {{(pid=109118) _process_stack /opt/stack/nova/nova/api/openstack/wsgi.py:511}}
Feb 09 02:33:37.636306 n-d-827839-4 devstack@n-api.service[109118]: /usr/local/lib/python3.8/dist-packages/oslo_policy/policy.py:1119: UserWarning: Policy "os_compute_api:os-flavor-manage:create": "rule:system_admin_api" failed scope check. The token used to make the request was project scoped but the policy requires ['system'] scope. This behavior may change in the future where using the intended scope is required
Feb 09 02:33:37.636306 n-d-827839-4 devstack@n-api.service[109118]: warnings.warn(msg)
Feb 09 02:33:37.657104 n-d-827839-4 devstack@n-api.service[109118]: INFO nova.api.openstack.requestlog [None req-ed24b1fb-b8aa-4d23-8059-8686342627b6 admin admin] 10.222.0.32 "POST /compute/v2.1/flavors" status: 200 len: 404 microversion: 2.61 time: 0.141521
Feb 09 02:33:37.657678 n-d-827839-4 devstack@n-api.service[109118]: [pid: 109118|app: 0|req: 4/8] 10.222.0.32 () {64 vars in 1282 bytes} [Wed Feb 9 02:33:37 2022] POST /compute/v2.1/flavors => generated 404 bytes in 143 msecs (HTTP/1.1 200) 9 headers in 359 bytes (2 switches on core 0)
Feb 09 02:33:37.669510 n-d-827839-4 devstack@n-api.service[109117]: DEBUG nova.api.openstack.wsgi [None req-43ecf9c7-0d74-4a15-aa77-f1ad530b9cf1 admin admin] Action: 'create', calling method: >, body: {"extra_specs": {"hw_rng:allowed": "True"}} {{(pid=109117) _process_stack /opt/stack/nova/nova/api/openstack/wsgi.py:511}}
Feb 09 02:33:37.671190 n-d-827839-4 devstack@n-api.service[109117]: /usr/local/lib/python3.8/dist-packages/oslo_policy/policy.py:1119: UserWarning: Policy "os_compute_api:os-flavor-extra-specs:create": "rule:system_admin_api" failed scope check. The token used to make the request was project scoped but the policy requires ['system'] scope. This behavior may change in the future where using the intended scope is required
Feb 09 02:33:37.671190 n-d-827839-4 devstack@n-api.service[109117]: warnings.warn(msg)
Feb 09 02:33:37.703854 n-d-827839-4 devstack@n-api.service[109117]: INFO nova.api.openstack.requestlog [None req-43ecf9c7-0d74-4a15-aa77-f1ad530b9cf1 admin admin] 10.222.0.32 "POST /compute/v2.1/flavors/d1/os-extra_specs" status: 200 len: 43 microversion: 2.61 time: 0.038102
Feb 09 02:33:37.704351 n-d-827839-4 devstack@n-api.service[109117]: [pid: 109117|app: 0|req: 5/9] 10.222.0.32 () {64 vars in 1335 bytes} [Wed Feb 9 02:33:37 2022] POST /compute/v2.1/flavors/d1/os-extra_specs => generated 43 bytes in 39 msecs (HTTP/1.1 200) 9 headers in 358 bytes (2 switches on core 0)
Feb 09 02:33:40.044806 n-d-827839-4 devstack@n-api.service[109118]: DEBUG nova.api.openstack.wsgi [None req-ed24b1fb-b8aa-4d23-8059-8686342627b6 admin admin] Calling method '>' {{(pid=109118) _process_stack /opt/stack/nova/nova/api/openstack/wsgi.py:513}}
Feb 09 02:33:40.047405 n-d-827839-4 devstack@n-api.service[109118]: INFO nova.api.openstack.requestlog [None req-ed24b1fb-b8aa-4d23-8059-8686342627b6 admin admin] 10.222.0.32 "GET /compute/v2.1" status: 200 len: 388 microversion: 2.1 time: 0.003217
Feb 09 02:33:40.054509 n-d-827839-4 devstack@n-api.service[109118]: [pid: 109118|app: 0|req: 5/10] 10.222.0.32 () {54 vars in 930 bytes} [Wed Feb 9 02:33:40 2022] GET /compute/v2.1 => generated 388 bytes in 5 msecs (HTTP/1.1 200) 9 headers in 357 bytes (1 switches on core 0)
Feb 09 02:33:40.142211 n-d-827839-4 devstack@n-api.service[109117]: DEBUG nova.api.openstack.wsgi [None req-7a730e15-5031-407a-aac8-d2fd9c604ac2 admin admin] Action: 'create', calling method: >, body: {"flavor": {"name": "ds1G", "vcpus": 1, "OS-FLV-EXT-DATA:ephemeral": 0, "id": "d2", "rxtx_factor": 1.0, "os-flavor-access:is_public": true, "disk": 10, "ram": 1024, "swap": 0}} {{(pid=109117) _process_stack /opt/stack/nova/nova/api/openstack/wsgi.py:511}}
Feb 09 02:33:40.169635 n-d-827839-4 devstack@n-api.service[109117]: INFO nova.api.openstack.requestlog [None req-7a730e15-5031-407a-aac8-d2fd9c604ac2 admin admin] 10.222.0.32 "POST /compute/v2.1/flavors" status: 200 len: 404 microversion: 2.61 time: 0.113338
Feb 09 02:33:40.170519 n-d-827839-4 devstack@n-api.service[109117]: [pid: 109117|app: 0|req: 6/11] 10.222.0.32 () {64 vars in 1282 bytes} [Wed Feb 9 02:33:40 2022] POST /compute/v2.1/flavors => generated 404 bytes in 115 msecs (HTTP/1.1 200) 9 headers in 359 bytes (1 switches on core 0)
Feb 09 02:33:40.184514 n-d-827839-4 devstack@n-api.service[109118]: DEBUG nova.api.openstack.wsgi [None req-74bd99bc-8948-417b-a204-b93d6f098416 admin admin] Action: 'create', calling method: >, body: {"extra_specs": {"hw_rng:allowed": "True"}} {{(pid=109118) _process_stack /opt/stack/nova/nova/api/openstack/wsgi.py:511}}
Feb 09 02:33:40.222456 n-d-827839-4 devstack@n-api.service[109118]: INFO nova.api.openstack.requestlog [None req-74bd99bc-8948-417b-a204-b93d6f098416 admin admin] 10.222.0.32 "POST /compute/v2.1/flavors/d2/os-extra_specs" status: 200 len: 43 microversion: 2.61 time: 0.041665
Feb 09 02:33:40.233473 n-d-827839-4 devstack@n-api.service[109118]: [pid: 109118|app: 0|req: 6/12] 10.222.0.32 () {64 vars in 1335 bytes} [Wed Feb 9 02:33:40 2022] POST /compute/v2.1/flavors/d2/os-extra_specs => generated 43 bytes in 54 msecs (HTTP/1.1 200) 9 headers in 358 bytes (1 switches on core 0)
Feb 09 02:33:42.803662 n-d-827839-4 devstack@n-api.service[109117]: DEBUG nova.api.openstack.wsgi [None req-7a730e15-5031-407a-aac8-d2fd9c604ac2 admin admin] Calling method '>' {{(pid=109117) _process_stack /opt/stack/nova/nova/api/openstack/wsgi.py:513}}
Feb 09 02:33:42.805211 n-d-827839-4 devstack@n-api.service[109117]: INFO nova.api.openstack.requestlog [None req-7a730e15-5031-407a-aac8-d2fd9c604ac2 admin admin] 10.222.0.32 "GET /compute/v2.1" status: 200 len: 388 microversion: 2.1 time: 0.002157
Feb 09 02:33:42.814312 n-d-827839-4 devstack@n-api.service[109117]: [pid: 109117|app: 0|req: 7/13] 10.222.0.32 () {54 vars in 930 bytes} [Wed Feb 9 02:33:42 2022] GET /compute/v2.1 => generated 388 bytes in 8 msecs (HTTP/1.1 200) 9 headers in 357 bytes (1 switches on core 0)
Feb 09 02:33:42.865867 n-d-827839-4 devstack@n-api.service[109118]: DEBUG nova.api.openstack.wsgi [None req-bb6f019c-7b46-469f-967b-ac17b5596973 admin admin] Action: 'create', calling method: >, body: {"flavor": {"id": "d3", "OS-FLV-EXT-DATA:ephemeral": 0, "vcpus": 2, "ram": 2048, "name": "ds2G", "os-flavor-access:is_public": true, "swap": 0, "disk": 10, "rxtx_factor": 1.0}} {{(pid=109118) _process_stack /opt/stack/nova/nova/api/openstack/wsgi.py:511}}
Feb 09 02:33:42.886389 n-d-827839-4 devstack@n-api.service[109118]: INFO nova.api.openstack.requestlog [None req-bb6f019c-7b46-469f-967b-ac17b5596973 admin admin] 10.222.0.32 "POST /compute/v2.1/flavors" status: 200 len: 404 microversion: 2.61 time: 0.074363
Feb 09 02:33:42.899239 n-d-827839-4 devstack@n-api.service[109117]: DEBUG nova.api.openstack.wsgi [None req-a7b7570c-d543-4373-9dd3-6210655df58d admin admin] Action: 'create', calling method: >, body: {"extra_specs": {"hw_rng:allowed": "True"}} {{(pid=109117) _process_stack /opt/stack/nova/nova/api/openstack/wsgi.py:511}}
Feb 09 02:33:42.904228 n-d-827839-4 devstack@n-api.service[109118]: [pid: 109118|app: 0|req: 7/14] 10.222.0.32 () {64 vars in 1282 bytes} [Wed Feb 9 02:33:42 2022] POST /compute/v2.1/flavors => generated 404 bytes in 83 msecs (HTTP/1.1 200) 9 headers in 359 bytes (1 switches on core 0)
Feb 09 02:33:42.924741 n-d-827839-4 devstack@n-api.service[109117]: INFO nova.api.openstack.requestlog [None req-a7b7570c-d543-4373-9dd3-6210655df58d admin admin] 10.222.0.32 "POST /compute/v2.1/flavors/d3/os-extra_specs" status: 200 len: 43 microversion: 2.61 time: 0.029222
Feb 09 02:33:42.930787 n-d-827839-4 devstack@n-api.service[109117]: [pid: 109117|app: 0|req: 8/15] 10.222.0.32 () {64 vars in 1335 bytes} [Wed Feb 9 02:33:42 2022] POST /compute/v2.1/flavors/d3/os-extra_specs => generated 43 bytes in 36 msecs (HTTP/1.1 200) 9 headers in 358 bytes (1 switches on core 0)
Feb 09 02:33:45.316687 n-d-827839-4 devstack@n-api.service[109118]: DEBUG nova.api.openstack.wsgi [None req-bb6f019c-7b46-469f-967b-ac17b5596973 admin admin] Calling method '>' {{(pid=109118) _process_stack /opt/stack/nova/nova/api/openstack/wsgi.py:513}}
Feb 09 02:33:45.317700 n-d-827839-4 devstack@n-api.service[109118]: INFO nova.api.openstack.requestlog [None req-bb6f019c-7b46-469f-967b-ac17b5596973 admin admin] 10.222.0.32 "GET /compute/v2.1" status: 200 len: 388 microversion: 2.1 time: 0.001466
Feb 09 02:33:45.318312 n-d-827839-4 devstack@n-api.service[109118]: [pid: 109118|app: 0|req: 8/16] 10.222.0.32 () {54 vars in 930 bytes} [Wed Feb 9 02:33:45 2022] GET /compute/v2.1 => generated 388 bytes in 3 msecs (HTTP/1.1 200) 9 headers in 357 bytes (1 switches on core 0)
Feb 09 02:33:45.384680 n-d-827839-4 devstack@n-api.service[109117]: DEBUG nova.api.openstack.wsgi [None req-61491125-64d5-4e8c-a4f4-17251d0c188d admin admin] Action: 'create', calling method: >, body: {"flavor": {"rxtx_factor": 1.0, "ram": 4096, "vcpus": 4, "swap": 0, "name": "ds4G", "id": "d4", "OS-FLV-EXT-DATA:ephemeral": 0, "disk": 20, "os-flavor-access:is_public": true}} {{(pid=109117) _process_stack /opt/stack/nova/nova/api/openstack/wsgi.py:511}}
Feb 09 02:33:45.405849 n-d-827839-4 devstack@n-api.service[109117]: INFO nova.api.openstack.requestlog [None req-61491125-64d5-4e8c-a4f4-17251d0c188d admin admin] 10.222.0.32 "POST /compute/v2.1/flavors" status: 200 len: 404 microversion: 2.61 time: 0.080203
Feb 09 02:33:45.406612 n-d-827839-4 devstack@n-api.service[109117]: [pid: 109117|app: 0|req: 9/17] 10.222.0.32 () {64 vars in 1282 bytes} [Wed Feb 9 02:33:45 2022] POST /compute/v2.1/flavors => generated 404 bytes in 82 msecs (HTTP/1.1 200) 9 headers in 359 bytes (2 switches on core 0)
Feb 09 02:33:45.418921 n-d-827839-4 devstack@n-api.service[109118]: DEBUG nova.api.openstack.wsgi [None req-238b837a-272d-424e-b294-60975a9d139f admin admin] Action: 'create', calling method: >, body: {"extra_specs": {"hw_rng:allowed": "True"}} {{(pid=109118) _process_stack /opt/stack/nova/nova/api/openstack/wsgi.py:511}}
Feb 09 02:33:45.442967 n-d-827839-4 devstack@n-api.service[109118]: INFO nova.api.openstack.requestlog [None req-238b837a-272d-424e-b294-60975a9d139f admin admin] 10.222.0.32 "POST /compute/v2.1/flavors/d4/os-extra_specs" status: 200 len: 43 microversion: 2.61 time: 0.027674
Feb 09 02:33:45.443702 n-d-827839-4 devstack@n-api.service[109118]: [pid: 109118|app: 0|req: 9/18] 10.222.0.32 () {64 vars in 1335 bytes} [Wed Feb 9 02:33:45 2022] POST /compute/v2.1/flavors/d4/os-extra_specs => generated 43 bytes in 29 msecs (HTTP/1.1 200) 9 headers in 358 bytes (2 switches on core 0)
Feb 09 02:33:47.903744 n-d-827839-4 devstack@n-api.service[109117]: DEBUG nova.api.openstack.wsgi [None req-61491125-64d5-4e8c-a4f4-17251d0c188d admin admin] Calling method '>' {{(pid=109117) _process_stack /opt/stack/nova/nova/api/openstack/wsgi.py:513}}
Feb 09 02:33:47.906734 n-d-827839-4 devstack@n-api.service[109117]: INFO nova.api.openstack.requestlog [None req-61491125-64d5-4e8c-a4f4-17251d0c188d admin admin] 10.222.0.32 "GET /compute/v2.1" status: 200 len: 388 microversion: 2.1 time: 0.002078
Feb 09 02:33:47.913611 n-d-827839-4 devstack@n-api.service[109117]: [pid: 109117|app: 0|req: 10/19] 10.222.0.32 () {54 vars in 930 bytes} [Wed Feb 9 02:33:47 2022] GET /compute/v2.1 => generated 388 bytes in 10 msecs (HTTP/1.1 200) 9 headers in 357 bytes (1 switches on core 0)
Feb 09 02:33:47.981181 n-d-827839-4 devstack@n-api.service[109118]: DEBUG nova.api.openstack.wsgi [None req-92b79836-f7de-4583-8d5b-d3ff3e09eb2a admin admin] Calling method '>' {{(pid=109118) _process_stack /opt/stack/nova/nova/api/openstack/wsgi.py:513}}
Feb 09 02:33:48.010934 n-d-827839-4 devstack@n-api.service[109118]: INFO nova.api.openstack.requestlog [None req-92b79836-f7de-4583-8d5b-d3ff3e09eb2a admin admin] 10.222.0.32 "GET /compute/v2.1/flavors/detail?is_public=True" status: 200 len: 2106 microversion: 2.61 time: 0.095183
Feb 09 02:33:48.012360 n-d-827839-4 devstack@n-api.service[109118]: [pid: 109118|app: 0|req: 10/20] 10.222.0.32 () {60 vars in 1291 bytes} [Wed Feb 9 02:33:47 2022] GET /compute/v2.1/flavors/detail?is_public=True => generated 2106 bytes in 98 msecs (HTTP/1.1 200) 9 headers in 360 bytes (1 switches on core 0)
Feb 09 02:33:50.413955 n-d-827839-4 devstack@n-api.service[109117]: DEBUG nova.api.openstack.wsgi [None req-61491125-64d5-4e8c-a4f4-17251d0c188d admin admin] Calling method '>' {{(pid=109117) _process_stack /opt/stack/nova/nova/api/openstack/wsgi.py:513}}
Feb 09 02:33:50.415703 n-d-827839-4 devstack@n-api.service[109117]: INFO nova.api.openstack.requestlog [None req-61491125-64d5-4e8c-a4f4-17251d0c188d admin admin] 10.222.0.32 "GET /compute/v2.1" status: 200 len: 388 microversion: 2.1 time: 0.002149
Feb 09 02:33:50.422439 n-d-827839-4 devstack@n-api.service[109117]: [pid: 109117|app: 0|req: 11/21] 10.222.0.32 () {54 vars in 930 bytes} [Wed Feb 9 02:33:50 2022] GET /compute/v2.1 => generated 388 bytes in 9 msecs (HTTP/1.1 200) 9 headers in 357 bytes (1 switches on core 0)
Feb 09 02:33:50.493726 n-d-827839-4 devstack@n-api.service[109118]: DEBUG nova.api.openstack.wsgi [None req-5b66cee3-219a-4c3e-b4aa-67d399af8e51 admin admin] Action: 'create', calling method: >, body: {"flavor": {"vcpus": 1, "id": "1", "swap": 0, "rxtx_factor": 1.0, "OS-FLV-EXT-DATA:ephemeral": 0, "name": "m1.tiny", "disk": 1, "ram": 512, "os-flavor-access:is_public": true}} {{(pid=109118) _process_stack /opt/stack/nova/nova/api/openstack/wsgi.py:511}}
Feb 09 02:33:50.523142 n-d-827839-4 devstack@n-api.service[109118]: INFO nova.api.openstack.requestlog [None req-5b66cee3-219a-4c3e-b4aa-67d399af8e51 admin admin] 10.222.0.32 "POST /compute/v2.1/flavors" status: 200 len: 402 microversion: 2.61 time: 0.099408
Feb 09 02:33:50.523759 n-d-827839-4 devstack@n-api.service[109118]: [pid: 109118|app: 0|req: 11/22] 10.222.0.32 () {64 vars in 1282 bytes} [Wed Feb 9 02:33:50 2022] POST /compute/v2.1/flavors => generated 402 bytes in 101 msecs (HTTP/1.1 200) 9 headers in 359 bytes (2 switches on core 0)
Feb 09 02:33:50.536316 n-d-827839-4 devstack@n-api.service[109117]: DEBUG nova.api.openstack.wsgi [None req-dbaf9a8f-26d0-4a2d-a944-043aeb7c63b3 admin admin] Action: 'create', calling method: >, body: {"extra_specs": {"hw_rng:allowed": "True"}} {{(pid=109117) _process_stack /opt/stack/nova/nova/api/openstack/wsgi.py:511}}
Feb 09 02:33:50.561455 n-d-827839-4 devstack@n-api.service[109117]: INFO nova.api.openstack.requestlog [None req-dbaf9a8f-26d0-4a2d-a944-043aeb7c63b3 admin admin] 10.222.0.32 "POST /compute/v2.1/flavors/1/os-extra_specs" status: 200 len: 43 microversion: 2.61 time: 0.028783
Feb 09 02:33:50.575460 n-d-827839-4 devstack@n-api.service[109117]: [pid: 109117|app: 0|req: 12/23] 10.222.0.32 () {64 vars in 1332 bytes} [Wed Feb 9 02:33:50 2022] POST /compute/v2.1/flavors/1/os-extra_specs => generated 43 bytes in 43 msecs (HTTP/1.1 200) 9 headers in 358 bytes (1 switches on core 0)
Feb 09 02:33:53.013354 n-d-827839-4 devstack@n-api.service[109118]: DEBUG nova.api.openstack.wsgi [None req-5b66cee3-219a-4c3e-b4aa-67d399af8e51 admin admin] Calling method '>' {{(pid=109118) _process_stack /opt/stack/nova/nova/api/openstack/wsgi.py:513}}
Feb 09 02:33:53.016127 n-d-827839-4 devstack@n-api.service[109118]: INFO nova.api.openstack.requestlog [None req-5b66cee3-219a-4c3e-b4aa-67d399af8e51 admin admin] 10.222.0.32 "GET /compute/v2.1" status: 200 len: 388 microversion: 2.1 time: 0.003339
Feb 09 02:33:53.016839 n-d-827839-4 devstack@n-api.service[109118]: [pid: 109118|app: 0|req: 12/24] 10.222.0.32 () {54 vars in 930 bytes} [Wed Feb 9 02:33:53 2022] GET /compute/v2.1 => generated 388 bytes in 4 msecs (HTTP/1.1 200) 9 headers in 357 bytes (1 switches on core 0)
Feb 09 02:33:53.079791 n-d-827839-4 devstack@n-api.service[109117]: DEBUG nova.api.openstack.wsgi [None req-a2a35524-6f62-48ec-b90d-d905667bd544 admin admin] Action: 'create', calling method: >, body: {"flavor": {"OS-FLV-EXT-DATA:ephemeral": 0, "swap": 0, "rxtx_factor": 1.0, "ram": 2048, "name": "m1.small", "vcpus": 1, "disk": 20, "os-flavor-access:is_public": true, "id": "2"}} {{(pid=109117) _process_stack /opt/stack/nova/nova/api/openstack/wsgi.py:511}}
Feb 09 02:33:53.108449 n-d-827839-4 devstack@n-api.service[109117]: INFO nova.api.openstack.requestlog [None req-a2a35524-6f62-48ec-b90d-d905667bd544 admin admin] 10.222.0.32 "POST /compute/v2.1/flavors" status: 200 len: 405 microversion: 2.61 time: 0.085283
Feb 09 02:33:53.109801 n-d-827839-4 devstack@n-api.service[109117]: [pid: 109117|app: 0|req: 13/25] 10.222.0.32 () {64 vars in 1282 bytes} [Wed Feb 9 02:33:53 2022] POST /compute/v2.1/flavors => generated 405 bytes in 87 msecs (HTTP/1.1 200) 9 headers in 359 bytes (1 switches on core 0)
Feb 09 02:33:53.124207 n-d-827839-4 devstack@n-api.service[109118]: DEBUG nova.api.openstack.wsgi [None req-9a43789d-fdeb-422d-a001-a0d8958f1e34 admin admin] Action: 'create', calling method: >, body: {"extra_specs": {"hw_rng:allowed": "True"}} {{(pid=109118) _process_stack /opt/stack/nova/nova/api/openstack/wsgi.py:511}}
Feb 09 02:33:53.153649 n-d-827839-4 devstack@n-api.service[109118]: INFO nova.api.openstack.requestlog [None req-9a43789d-fdeb-422d-a001-a0d8958f1e34 admin admin] 10.222.0.32 "POST /compute/v2.1/flavors/2/os-extra_specs" status: 200 len: 43 microversion: 2.61 time: 0.034940
Feb 09 02:33:53.162293 n-d-827839-4 devstack@n-api.service[109118]: [pid: 109118|app: 0|req: 13/26] 10.222.0.32 () {64 vars in 1332 bytes} [Wed Feb 9 02:33:53 2022] POST /compute/v2.1/flavors/2/os-extra_specs => generated 43 bytes in 36 msecs (HTTP/1.1 200) 9 headers in 358 bytes (1 switches on core 0)
Feb 09 02:33:55.914584 n-d-827839-4 devstack@n-api.service[109117]: DEBUG nova.api.openstack.wsgi [None req-a2a35524-6f62-48ec-b90d-d905667bd544 admin admin] Calling method '>' {{(pid=109117) _process_stack /opt/stack/nova/nova/api/openstack/wsgi.py:513}}
Feb 09 02:33:55.915651 n-d-827839-4 devstack@n-api.service[109117]: INFO nova.api.openstack.requestlog [None req-a2a35524-6f62-48ec-b90d-d905667bd544 admin admin] 10.222.0.32 "GET /compute/v2.1" status: 200 len: 388 microversion: 2.1 time: 0.001559
Feb 09 02:33:55.916716 n-d-827839-4 devstack@n-api.service[109117]: [pid: 109117|app: 0|req: 14/27] 10.222.0.32 () {54 vars in 930 bytes} [Wed Feb 9 02:33:55 2022] GET /compute/v2.1 => generated 388 bytes in 3 msecs (HTTP/1.1 200) 9 headers in 357 bytes (1 switches on core 0)
Feb 09 02:33:55.984099 n-d-827839-4 devstack@n-api.service[109118]: DEBUG nova.api.openstack.wsgi [None req-d4330eaa-1545-45bf-a7b7-1948d83f6f6e admin admin] Action: 'create', calling method: >, body: {"flavor": {"os-flavor-access:is_public": true, "rxtx_factor": 1.0, "id": "3", "ram": 4096, "disk": 40, "OS-FLV-EXT-DATA:ephemeral": 0, "vcpus": 2, "name": "m1.medium", "swap": 0}} {{(pid=109118) _process_stack /opt/stack/nova/nova/api/openstack/wsgi.py:511}}
Feb 09 02:33:56.007255 n-d-827839-4 devstack@n-api.service[109118]: INFO nova.api.openstack.requestlog [None req-d4330eaa-1545-45bf-a7b7-1948d83f6f6e admin admin] 10.222.0.32 "POST /compute/v2.1/flavors" status: 200 len: 406 microversion: 2.61 time: 0.082989
Feb 09 02:33:56.008086 n-d-827839-4 devstack@n-api.service[109118]: [pid: 109118|app: 0|req: 14/28] 10.222.0.32 () {64 vars in 1282 bytes} [Wed Feb 9 02:33:55 2022] POST /compute/v2.1/flavors => generated 406 bytes in 85 msecs (HTTP/1.1 200) 9 headers in 359 bytes (1 switches on core 0)
Feb 09 02:33:56.023170 n-d-827839-4 devstack@n-api.service[109117]: DEBUG nova.api.openstack.wsgi [None req-a76d387e-8464-4373-b0e2-3a7159ca4576 admin admin] Action: 'create', calling method: >, body: {"extra_specs": {"hw_rng:allowed": "True"}} {{(pid=109117) _process_stack /opt/stack/nova/nova/api/openstack/wsgi.py:511}}
Feb 09 02:33:56.052397 n-d-827839-4 devstack@n-api.service[109117]: INFO nova.api.openstack.requestlog [None req-a76d387e-8464-4373-b0e2-3a7159ca4576 admin admin] 10.222.0.32 "POST /compute/v2.1/flavors/3/os-extra_specs" status: 200 len: 43 microversion: 2.61 time: 0.034080
Feb 09 02:33:56.053173 n-d-827839-4 devstack@n-api.service[109117]: [pid: 109117|app: 0|req: 15/29] 10.222.0.32 () {64 vars in 1332 bytes} [Wed Feb 9 02:33:56 2022] POST /compute/v2.1/flavors/3/os-extra_specs => generated 43 bytes in 36 msecs (HTTP/1.1 200) 9 headers in 358 bytes (1 switches on core 0)
Feb 09 02:33:58.803342 n-d-827839-4 devstack@n-api.service[109118]: DEBUG nova.api.openstack.wsgi [None req-d4330eaa-1545-45bf-a7b7-1948d83f6f6e admin admin] Calling method '>' {{(pid=109118) _process_stack /opt/stack/nova/nova/api/openstack/wsgi.py:513}}
Feb 09 02:33:58.804303 n-d-827839-4 devstack@n-api.service[109118]: INFO nova.api.openstack.requestlog [None req-d4330eaa-1545-45bf-a7b7-1948d83f6f6e admin admin] 10.222.0.32 "GET /compute/v2.1" status: 200 len: 388 microversion: 2.1 time: 0.001526
Feb 09 02:33:58.804753 n-d-827839-4 devstack@n-api.service[109118]: [pid: 109118|app: 0|req: 15/30] 10.222.0.32 () {54 vars in 930 bytes} [Wed Feb 9 02:33:58 2022] GET /compute/v2.1 => generated 388 bytes in 3 msecs (HTTP/1.1 200) 9 headers in 357 bytes (1 switches on core 0)
Feb 09 02:33:58.864751 n-d-827839-4 devstack@n-api.service[109117]: DEBUG nova.api.openstack.wsgi [None req-4eaadd0a-ed91-467f-83a3-10e7fa41f86a admin admin] Action: 'create', calling method: >, body: {"flavor": {"id": "4", "swap": 0, "rxtx_factor": 1.0, "disk": 80, "os-flavor-access:is_public": true, "OS-FLV-EXT-DATA:ephemeral": 0, "ram": 8192, "vcpus": 4, "name": "m1.large"}} {{(pid=109117) _process_stack /opt/stack/nova/nova/api/openstack/wsgi.py:511}}
Feb 09 02:33:58.883029 n-d-827839-4 devstack@n-api.service[109117]: INFO nova.api.openstack.requestlog [None req-4eaadd0a-ed91-467f-83a3-10e7fa41f86a admin admin] 10.222.0.32 "POST /compute/v2.1/flavors" status: 200 len: 405 microversion: 2.61 time: 0.071707
Feb 09 02:33:58.883802 n-d-827839-4 devstack@n-api.service[109117]: [pid: 109117|app: 0|req: 16/31] 10.222.0.32 () {64 vars in 1282 bytes} [Wed Feb 9 02:33:58 2022] POST /compute/v2.1/flavors => generated 405 bytes in 73 msecs (HTTP/1.1 200) 9 headers in 359 bytes (2 switches on core 0)
Feb 09 02:33:58.895540 n-d-827839-4 devstack@n-api.service[109118]: DEBUG nova.api.openstack.wsgi [None req-00a1f781-dcf6-4750-8a78-280b94b6bf65 admin admin] Action: 'create', calling method: >, body: {"extra_specs": {"hw_rng:allowed": "True"}} {{(pid=109118) _process_stack /opt/stack/nova/nova/api/openstack/wsgi.py:511}}
Feb 09 02:33:58.918686 n-d-827839-4 devstack@n-api.service[109118]: INFO nova.api.openstack.requestlog [None req-00a1f781-dcf6-4750-8a78-280b94b6bf65 admin admin] 10.222.0.32 "POST /compute/v2.1/flavors/4/os-extra_specs" status: 200 len: 43 microversion: 2.61 time: 0.026811
Feb 09 02:33:58.919285 n-d-827839-4 devstack@n-api.service[109118]: [pid: 109118|app: 0|req: 16/32] 10.222.0.32 () {64 vars in 1332 bytes} [Wed Feb 9 02:33:58 2022] POST /compute/v2.1/flavors/4/os-extra_specs => generated 43 bytes in 28 msecs (HTTP/1.1 200) 9 headers in 358 bytes (1 switches on core 0)
Feb 09 02:34:01.188466 n-d-827839-4 devstack@n-api.service[109117]: DEBUG nova.api.openstack.wsgi [None req-4eaadd0a-ed91-467f-83a3-10e7fa41f86a admin admin] Calling method '>' {{(pid=109117) _process_stack /opt/stack/nova/nova/api/openstack/wsgi.py:513}}
Feb 09 02:34:01.189959 n-d-827839-4 devstack@n-api.service[109117]: INFO nova.api.openstack.requestlog [None req-4eaadd0a-ed91-467f-83a3-10e7fa41f86a admin admin] 10.222.0.32 "GET /compute/v2.1" status: 200 len: 388 microversion: 2.1 time: 0.001437
Feb 09 02:34:01.189959 n-d-827839-4 devstack@n-api.service[109117]: [pid: 109117|app: 0|req: 17/33] 10.222.0.32 () {54 vars in 930 bytes} [Wed Feb 9 02:34:01 2022] GET /compute/v2.1 => generated 388 bytes in 2 msecs (HTTP/1.1 200) 9 headers in 357 bytes (2 switches on core 0)
Feb 09 02:34:01.262834 n-d-827839-4 devstack@n-api.service[109118]: DEBUG nova.api.openstack.wsgi [None req-57b13c50-40cc-45a3-bde6-2bf6c5665806 admin admin] Action: 'create', calling method: >, body: {"flavor": {"OS-FLV-EXT-DATA:ephemeral": 0, "disk": 160, "ram": 16384, "swap": 0, "vcpus": 8, "name": "m1.xlarge", "id": "5", "os-flavor-access:is_public": true, "rxtx_factor": 1.0}} {{(pid=109118) _process_stack /opt/stack/nova/nova/api/openstack/wsgi.py:511}}
Feb 09 02:34:01.282514 n-d-827839-4 devstack@n-api.service[109118]: INFO nova.api.openstack.requestlog [None req-57b13c50-40cc-45a3-bde6-2bf6c5665806 admin admin] 10.222.0.32 "POST /compute/v2.1/flavors" status: 200 len: 408 microversion: 2.61 time: 0.086721
Feb 09 02:34:01.283344 n-d-827839-4 devstack@n-api.service[109118]: [pid: 109118|app: 0|req: 17/34] 10.222.0.32 () {64 vars in 1282 bytes} [Wed Feb 9 02:34:01 2022] POST /compute/v2.1/flavors => generated 408 bytes in 88 msecs (HTTP/1.1 200) 9 headers in 359 bytes (2 switches on core 0)
Feb 09 02:34:01.296016 n-d-827839-4 devstack@n-api.service[109117]: DEBUG nova.api.openstack.wsgi [None req-e44e4906-6b13-45d8-9d0b-2ede3ff77244 admin admin] Action: 'create', calling method: >, body: {"extra_specs": {"hw_rng:allowed": "True"}} {{(pid=109117) _process_stack /opt/stack/nova/nova/api/openstack/wsgi.py:511}}
Feb 09 02:34:01.322897 n-d-827839-4 devstack@n-api.service[109117]: INFO nova.api.openstack.requestlog [None req-e44e4906-6b13-45d8-9d0b-2ede3ff77244 admin admin] 10.222.0.32 "POST /compute/v2.1/flavors/5/os-extra_specs" status: 200 len: 43 microversion: 2.61 time: 0.030821
Feb 09 02:34:01.331778 n-d-827839-4 devstack@n-api.service[109117]: [pid: 109117|app: 0|req: 18/35] 10.222.0.32 () {64 vars in 1332 bytes} [Wed Feb 9 02:34:01 2022] POST /compute/v2.1/flavors/5/os-extra_specs => generated 43 bytes in 34 msecs (HTTP/1.1 200) 9 headers in 358 bytes (1 switches on core 0)
Feb 09 02:34:27.146666 n-d-827839-4 devstack@n-api.service[109118]: DEBUG nova.api.openstack.wsgi [None req-57b13c50-40cc-45a3-bde6-2bf6c5665806 admin admin] Calling method '>' {{(pid=109118) _process_stack /opt/stack/nova/nova/api/openstack/wsgi.py:513}}
Feb 09 02:34:27.147671 n-d-827839-4 devstack@n-api.service[109118]: INFO nova.api.openstack.requestlog [None req-57b13c50-40cc-45a3-bde6-2bf6c5665806 admin admin] 10.222.0.32 "GET /compute/v2.1" status: 200 len: 388 microversion: 2.1 time: 0.001538
Feb 09 02:34:27.148106 n-d-827839-4 devstack@n-api.service[109118]: [pid: 109118|app: 0|req: 18/36] 10.222.0.32 () {54 vars in 930 bytes} [Wed Feb 9 02:34:27 2022] GET /compute/v2.1 => generated 388 bytes in 2 msecs (HTTP/1.1 200) 9 headers in 357 bytes (1 switches on core 0)
Feb 09 02:34:27.206064 n-d-827839-4 devstack@n-api.service[109117]: DEBUG nova.api.openstack.wsgi [None req-d86b312f-a3ff-4057-a66a-b33a8ec44f7a admin admin] Calling method '>' {{(pid=109117) _process_stack /opt/stack/nova/nova/api/openstack/wsgi.py:513}}
Feb 09 02:34:27.223043 n-d-827839-4 devstack@n-api.service[109117]: INFO nova.api.openstack.requestlog [None req-d86b312f-a3ff-4057-a66a-b33a8ec44f7a admin admin] 10.222.0.32 "GET /compute/v2.1/flavors/detail?is_public=True" status: 200 len: 4202 microversion: 2.61 time: 0.068427
Feb 09 02:34:27.223562 n-d-827839-4 devstack@n-api.service[109117]: [pid: 109117|app: 0|req: 19/37] 10.222.0.32 () {60 vars in 1291 bytes} [Wed Feb 9 02:34:27 2022] GET /compute/v2.1/flavors/detail?is_public=True => generated 4202 bytes in 69 msecs (HTTP/1.1 200) 9 headers in 360 bytes (1 switches on core 0)
Feb 09 02:34:28.615810 n-d-827839-4 devstack@n-api.service[109118]: DEBUG nova.api.openstack.wsgi [None req-57b13c50-40cc-45a3-bde6-2bf6c5665806 admin admin] Calling method '>' {{(pid=109118) _process_stack /opt/stack/nova/nova/api/openstack/wsgi.py:513}}
Feb 09 02:34:28.616836 n-d-827839-4 devstack@n-api.service[109118]: INFO nova.api.openstack.requestlog [None req-57b13c50-40cc-45a3-bde6-2bf6c5665806 admin admin] 10.222.0.32 "GET /compute/v2.1" status: 200 len: 388 microversion: 2.1 time: 0.001440
Feb 09 02:34:28.617258 n-d-827839-4 devstack@n-api.service[109118]: [pid: 109118|app: 0|req: 19/38] 10.222.0.32 () {56 vars in 1074 bytes} [Wed Feb 9 02:34:28 2022] GET /compute/v2.1 => generated 388 bytes in 2 msecs (HTTP/1.1 200) 9 headers in 357 bytes (1 switches on core 0)
Feb 09 02:34:28.825451 n-d-827839-4 devstack@n-api.service[109117]: DEBUG nova.api.openstack.wsgi [None req-2cb9dc5f-fdbb-4e6a-90a6-b134bdb00810 admin admin] Calling method '>' {{(pid=109117) _process_stack /opt/stack/nova/nova/api/openstack/wsgi.py:513}}
Feb 09 02:34:28.831065 n-d-827839-4 devstack@n-api.service[109117]: INFO nova.api.openstack.wsgi [None req-2cb9dc5f-fdbb-4e6a-90a6-b134bdb00810 admin admin] HTTP exception thrown: Flavor 42 could not be found.
Feb 09 02:34:28.831656 n-d-827839-4 devstack@n-api.service[109117]: DEBUG nova.api.openstack.wsgi [None req-2cb9dc5f-fdbb-4e6a-90a6-b134bdb00810 admin admin] Returning 404 to user: Flavor 42 could not be found. {{(pid=109117) __call__ /opt/stack/nova/nova/api/openstack/wsgi.py:936}}
Feb 09 02:34:28.832435 n-d-827839-4 devstack@n-api.service[109117]: INFO nova.api.openstack.requestlog [None req-2cb9dc5f-fdbb-4e6a-90a6-b134bdb00810 admin admin] 10.222.0.32 "GET /compute/v2.1/flavors/42" status: 404 len: 75 microversion: 2.90 time: 0.057352
Feb 09 02:34:28.832937 n-d-827839-4 devstack@n-api.service[109117]: [pid: 109117|app: 0|req: 20/39] 10.222.0.32 () {60 vars in 1190 bytes} [Wed Feb 9 02:34:28 2022] GET /compute/v2.1/flavors/42 => generated 75 bytes in 59 msecs (HTTP/1.1 404) 9 headers in 380 bytes (1 switches on core 0)
Feb 09 02:34:28.842985 n-d-827839-4 devstack@n-api.service[109118]: DEBUG nova.api.openstack.wsgi [None req-c0e38b03-81ed-48e2-b6fa-2fc163defd13 admin admin] Calling method '>' {{(pid=109118) _process_stack /opt/stack/nova/nova/api/openstack/wsgi.py:513}}
Feb 09 02:34:28.863013 n-d-827839-4 devstack@n-api.service[109118]: INFO nova.api.openstack.requestlog [None req-c0e38b03-81ed-48e2-b6fa-2fc163defd13 admin admin] 10.222.0.32 "GET /compute/v2.1/flavors?is_public=None" status: 200 len: 2056 microversion: 2.90 time: 0.023610
Feb 09 02:34:28.863563 n-d-827839-4 devstack@n-api.service[109118]: [pid: 109118|app: 0|req: 20/40] 10.222.0.32 () {60 vars in 1210 bytes} [Wed Feb 9 02:34:28 2022] GET /compute/v2.1/flavors?is_public=None => generated 2056 bytes in 25 msecs (HTTP/1.1 200) 9 headers in 360 bytes (1 switches on core 0)
Feb 09 02:34:28.879194 n-d-827839-4 devstack@n-api.service[109117]: DEBUG nova.api.openstack.wsgi [None req-cb0895fa-f646-40e6-8d89-e7f46ee3ade8 admin admin] Calling method '>' {{(pid=109117) _process_stack /opt/stack/nova/nova/api/openstack/wsgi.py:513}}
Feb 09 02:34:28.901190 n-d-827839-4 devstack@n-api.service[109117]: INFO nova.api.openstack.requestlog [None req-cb0895fa-f646-40e6-8d89-e7f46ee3ade8 admin admin] 10.222.0.32 "GET /compute/v2.1/flavors?is_public=None" status: 200 len: 2056 microversion: 2.90 time: 0.025423
Feb 09 02:34:28.901735 n-d-827839-4 devstack@n-api.service[109117]: [pid: 109117|app: 0|req: 21/41] 10.222.0.32 () {60 vars in 1210 bytes} [Wed Feb 9 02:34:28 2022] GET /compute/v2.1/flavors?is_public=None => generated 2056 bytes in 27 msecs (HTTP/1.1 200) 9 headers in 360 bytes (1 switches on core 0)
Feb 09 02:34:28.911020 n-d-827839-4 devstack@n-api.service[109118]: DEBUG nova.api.openstack.wsgi [None req-6aaea711-0afd-4e25-aaec-118b668c0db3 admin admin] Calling method '>' {{(pid=109118) _process_stack /opt/stack/nova/nova/api/openstack/wsgi.py:513}}
Feb 09 02:34:28.916415 n-d-827839-4 devstack@n-api.service[109118]: INFO nova.api.openstack.wsgi [None req-6aaea711-0afd-4e25-aaec-118b668c0db3 admin admin] HTTP exception thrown: Flavor 42 could not be found.
Feb 09 02:34:28.916972 n-d-827839-4 devstack@n-api.service[109118]: DEBUG nova.api.openstack.wsgi [None req-6aaea711-0afd-4e25-aaec-118b668c0db3 admin admin] Returning 404 to user: Flavor 42 could not be found. {{(pid=109118) __call__ /opt/stack/nova/nova/api/openstack/wsgi.py:936}}
Feb 09 02:34:28.917747 n-d-827839-4 devstack@n-api.service[109118]: INFO nova.api.openstack.requestlog [None req-6aaea711-0afd-4e25-aaec-118b668c0db3 admin admin] 10.222.0.32 "GET /compute/v2.1/flavors/42" status: 404 len: 75 microversion: 2.90 time: 0.010324
Feb 09 02:34:28.918249 n-d-827839-4 devstack@n-api.service[109118]: [pid: 109118|app: 0|req: 21/42] 10.222.0.32 () {60 vars in 1190 bytes} [Wed Feb 9 02:34:28 2022] GET /compute/v2.1/flavors/42 => generated 75 bytes in 11 msecs (HTTP/1.1 404) 9 headers in 380 bytes (2 switches on core 0)
Feb 09 02:34:30.196019 n-d-827839-4 devstack@n-api.service[109117]: DEBUG nova.api.openstack.wsgi [None req-cb0895fa-f646-40e6-8d89-e7f46ee3ade8 admin admin] Calling method '>' {{(pid=109117) _process_stack /opt/stack/nova/nova/api/openstack/wsgi.py:513}}
Feb 09 02:34:30.197093 n-d-827839-4 devstack@n-api.service[109117]: INFO nova.api.openstack.requestlog [None req-cb0895fa-f646-40e6-8d89-e7f46ee3ade8 admin admin] 10.222.0.32 "GET /compute/v2.1" status: 200 len: 388 microversion: 2.1 time: 0.001560
Feb 09 02:34:30.197470 n-d-827839-4 devstack@n-api.service[109117]: [pid: 109117|app: 0|req: 22/43] 10.222.0.32 () {56 vars in 1074 bytes} [Wed Feb 9 02:34:30 2022] GET /compute/v2.1 => generated 388 bytes in 2 msecs (HTTP/1.1 200) 9 headers in 357 bytes (1 switches on core 0)
Feb 09 02:34:30.388187 n-d-827839-4 devstack@n-api.service[109118]: DEBUG nova.api.openstack.wsgi [None req-7a2112b8-ec94-44a1-b2ec-1a15b98ba697 admin admin] Calling method '>' {{(pid=109118) _process_stack /opt/stack/nova/nova/api/openstack/wsgi.py:513}}
Feb 09 02:34:30.393654 n-d-827839-4 devstack@n-api.service[109118]: INFO nova.api.openstack.wsgi [None req-7a2112b8-ec94-44a1-b2ec-1a15b98ba697 admin admin] HTTP exception thrown: Flavor 84 could not be found.
Feb 09 02:34:30.394199 n-d-827839-4 devstack@n-api.service[109118]: DEBUG nova.api.openstack.wsgi [None req-7a2112b8-ec94-44a1-b2ec-1a15b98ba697 admin admin] Returning 404 to user: Flavor 84 could not be found. {{(pid=109118) __call__ /opt/stack/nova/nova/api/openstack/wsgi.py:936}}
Feb 09 02:34:30.395019 n-d-827839-4 devstack@n-api.service[109118]: INFO nova.api.openstack.requestlog [None req-7a2112b8-ec94-44a1-b2ec-1a15b98ba697 admin admin] 10.222.0.32 "GET /compute/v2.1/flavors/84" status: 404 len: 75 microversion: 2.90 time: 0.056911
Feb 09 02:34:30.395521 n-d-827839-4 devstack@n-api.service[109118]: [pid: 109118|app: 0|req: 22/44] 10.222.0.32 () {60 vars in 1190 bytes} [Wed Feb 9 02:34:30 2022] GET /compute/v2.1/flavors/84 => generated 75 bytes in 58 msecs (HTTP/1.1 404) 9 headers in 380 bytes (1 switches on core 0)
Feb 09 02:34:30.405371 n-d-827839-4 devstack@n-api.service[109117]: DEBUG nova.api.openstack.wsgi [None req-82ae9eeb-7923-4b28-b387-01ad938964c0 admin admin] Calling method '>' {{(pid=109117) _process_stack /opt/stack/nova/nova/api/openstack/wsgi.py:513}}
Feb 09 02:34:30.421023 n-d-827839-4 devstack@n-api.service[109117]: INFO nova.api.openstack.requestlog [None req-82ae9eeb-7923-4b28-b387-01ad938964c0 admin admin] 10.222.0.32 "GET /compute/v2.1/flavors?is_public=None" status: 200 len: 2056 microversion: 2.90 time: 0.019158
Feb 09 02:34:30.421561 n-d-827839-4 devstack@n-api.service[109117]: [pid: 109117|app: 0|req: 23/45] 10.222.0.32 () {60 vars in 1210 bytes} [Wed Feb 9 02:34:30 2022] GET /compute/v2.1/flavors?is_public=None => generated 2056 bytes in 20 msecs (HTTP/1.1 200) 9 headers in 360 bytes (1 switches on core 0)
Feb 09 02:34:30.430963 n-d-827839-4 devstack@n-api.service[109118]: DEBUG nova.api.openstack.wsgi [None req-ece416d9-158d-4bee-8c8e-49a0f3a9f135 admin admin] Calling method '>' {{(pid=109118) _process_stack /opt/stack/nova/nova/api/openstack/wsgi.py:513}}
Feb 09 02:34:30.444303 n-d-827839-4 devstack@n-api.service[109118]: INFO nova.api.openstack.requestlog [None req-ece416d9-158d-4bee-8c8e-49a0f3a9f135 admin admin] 10.222.0.32 "GET /compute/v2.1/flavors?is_public=None" status: 200 len: 2056 microversion: 2.90 time: 0.016831
Feb 09 02:34:30.444826 n-d-827839-4 devstack@n-api.service[109118]: [pid: 109118|app: 0|req: 23/46] 10.222.0.32 () {60 vars in 1210 bytes} [Wed Feb 9 02:34:30 2022] GET /compute/v2.1/flavors?is_public=None => generated 2056 bytes in 18 msecs (HTTP/1.1 200) 9 headers in 360 bytes (2 switches on core 0)
Feb 09 02:34:30.454403 n-d-827839-4 devstack@n-api.service[109117]: DEBUG nova.api.openstack.wsgi [None req-8bc8772a-0015-49c7-a1de-e2d57a8ce81b admin admin] Calling method '>' {{(pid=109117) _process_stack /opt/stack/nova/nova/api/openstack/wsgi.py:513}}
Feb 09 02:34:30.459645 n-d-827839-4 devstack@n-api.service[109117]: INFO nova.api.openstack.wsgi [None req-8bc8772a-0015-49c7-a1de-e2d57a8ce81b admin admin] HTTP exception thrown: Flavor 84 could not be found.
Feb 09 02:34:30.460206 n-d-827839-4 devstack@n-api.service[109117]: DEBUG nova.api.openstack.wsgi [None req-8bc8772a-0015-49c7-a1de-e2d57a8ce81b admin admin] Returning 404 to user: Flavor 84 could not be found. {{(pid=109117) __call__ /opt/stack/nova/nova/api/openstack/wsgi.py:936}}
Feb 09 02:34:30.460984 n-d-827839-4 devstack@n-api.service[109117]: INFO nova.api.openstack.requestlog [None req-8bc8772a-0015-49c7-a1de-e2d57a8ce81b admin admin] 10.222.0.32 "GET /compute/v2.1/flavors/84" status: 404 len: 75 microversion: 2.90 time: 0.010142
Feb 09 02:34:30.461532 n-d-827839-4 devstack@n-api.service[109117]: [pid: 109117|app: 0|req: 24/47] 10.222.0.32 () {60 vars in 1190 bytes} [Wed Feb 9 02:34:30 2022] GET /compute/v2.1/flavors/84 => generated 75 bytes in 11 msecs (HTTP/1.1 404) 9 headers in 380 bytes (1 switches on core 0)
Feb 09 02:34:31.751821 n-d-827839-4 devstack@n-api.service[109118]: DEBUG nova.api.openstack.wsgi [None req-ece416d9-158d-4bee-8c8e-49a0f3a9f135 admin admin] Calling method '>' {{(pid=109118) _process_stack /opt/stack/nova/nova/api/openstack/wsgi.py:513}}
Feb 09 02:34:31.752812 n-d-827839-4 devstack@n-api.service[109118]: INFO nova.api.openstack.requestlog [None req-ece416d9-158d-4bee-8c8e-49a0f3a9f135 admin admin] 10.222.0.32 "GET /compute/v2.1" status: 200 len: 388 microversion: 2.1 time: 0.001492
Feb 09 02:34:31.753210 n-d-827839-4 devstack@n-api.service[109118]: [pid: 109118|app: 0|req: 24/48] 10.222.0.32 () {56 vars in 1074 bytes} [Wed Feb 9 02:34:31 2022] GET /compute/v2.1 => generated 388 bytes in 2 msecs (HTTP/1.1 200) 9 headers in 357 bytes (1 switches on core 0)
Feb 09 02:34:31.943867 n-d-827839-4 devstack@n-api.service[109117]: DEBUG nova.api.openstack.wsgi [None req-715d9653-0226-4bdd-a348-965416644b5a admin admin] Calling method '>' {{(pid=109117) _process_stack /opt/stack/nova/nova/api/openstack/wsgi.py:513}}
Feb 09 02:34:31.949639 n-d-827839-4 devstack@n-api.service[109117]: INFO nova.api.openstack.wsgi [None req-715d9653-0226-4bdd-a348-965416644b5a admin admin] HTTP exception thrown: Flavor 451 could not be found.
Feb 09 02:34:31.950197 n-d-827839-4 devstack@n-api.service[109117]: DEBUG nova.api.openstack.wsgi [None req-715d9653-0226-4bdd-a348-965416644b5a admin admin] Returning 404 to user: Flavor 451 could not be found. {{(pid=109117) __call__ /opt/stack/nova/nova/api/openstack/wsgi.py:936}}
Feb 09 02:34:31.951014 n-d-827839-4 devstack@n-api.service[109117]: INFO nova.api.openstack.requestlog [None req-715d9653-0226-4bdd-a348-965416644b5a admin admin] 10.222.0.32 "GET /compute/v2.1/flavors/451" status: 404 len: 76 microversion: 2.90 time: 0.059652
Feb 09 02:34:31.951527 n-d-827839-4 devstack@n-api.service[109117]: [pid: 109117|app: 0|req: 25/49] 10.222.0.32 () {60 vars in 1193 bytes} [Wed Feb 9 02:34:31 2022] GET /compute/v2.1/flavors/451 => generated 76 bytes in 61 msecs (HTTP/1.1 404) 9 headers in 380 bytes (1 switches on core 0)
Feb 09 02:34:31.960801 n-d-827839-4 devstack@n-api.service[109118]: DEBUG nova.api.openstack.wsgi [None req-b39f4ca2-01ba-4b00-ad75-8fd76fffc909 admin admin] Calling method '>' {{(pid=109118) _process_stack /opt/stack/nova/nova/api/openstack/wsgi.py:513}}
Feb 09 02:34:31.975882 n-d-827839-4 devstack@n-api.service[109118]: INFO nova.api.openstack.requestlog [None req-b39f4ca2-01ba-4b00-ad75-8fd76fffc909 admin admin] 10.222.0.32 "GET /compute/v2.1/flavors?is_public=None" status: 200 len: 2056 microversion: 2.90 time: 0.018535
Feb 09 02:34:31.976407 n-d-827839-4 devstack@n-api.service[109118]: [pid: 109118|app: 0|req: 25/50] 10.222.0.32 () {60 vars in 1210 bytes} [Wed Feb 9 02:34:31 2022] GET /compute/v2.1/flavors?is_public=None => generated 2056 bytes in 20 msecs (HTTP/1.1 200) 9 headers in 360 bytes (1 switches on core 0)
Feb 09 02:34:31.986215 n-d-827839-4 devstack@n-api.service[109117]: DEBUG nova.api.openstack.wsgi [None req-ad4b6811-066e-42ff-b4d5-5d6b46adbeab admin admin] Calling method '>' {{(pid=109117) _process_stack /opt/stack/nova/nova/api/openstack/wsgi.py:513}}
Feb 09 02:34:31.999082 n-d-827839-4 devstack@n-api.service[109117]: INFO nova.api.openstack.requestlog [None req-ad4b6811-066e-42ff-b4d5-5d6b46adbeab admin admin] 10.222.0.32 "GET /compute/v2.1/flavors?is_public=None" status: 200 len: 2056 microversion: 2.90 time: 0.016814
Feb 09 02:34:31.999608 n-d-827839-4 devstack@n-api.service[109117]: [pid: 109117|app: 0|req: 26/51] 10.222.0.32 () {60 vars in 1210 bytes} [Wed Feb 9 02:34:31 2022] GET /compute/v2.1/flavors?is_public=None => generated 2056 bytes in 18 msecs (HTTP/1.1 200) 9 headers in 360 bytes (1 switches on core 0)
Feb 09 02:34:32.009431 n-d-827839-4 devstack@n-api.service[109118]: DEBUG nova.api.openstack.wsgi [None req-669c4bc2-214e-4fea-9c58-6334a129de8e admin admin] Calling method '>' {{(pid=109118) _process_stack /opt/stack/nova/nova/api/openstack/wsgi.py:513}}
Feb 09 02:34:32.015071 n-d-827839-4 devstack@n-api.service[109118]: INFO nova.api.openstack.wsgi [None req-669c4bc2-214e-4fea-9c58-6334a129de8e admin admin] HTTP exception thrown: Flavor 451 could not be found.
Feb 09 02:34:32.015628 n-d-827839-4 devstack@n-api.service[109118]: DEBUG nova.api.openstack.wsgi [None req-669c4bc2-214e-4fea-9c58-6334a129de8e admin admin] Returning 404 to user: Flavor 451 could not be found. {{(pid=109118) __call__ /opt/stack/nova/nova/api/openstack/wsgi.py:936}}
Feb 09 02:34:32.016403 n-d-827839-4 devstack@n-api.service[109118]: INFO nova.api.openstack.requestlog [None req-669c4bc2-214e-4fea-9c58-6334a129de8e admin admin] 10.222.0.32 "GET /compute/v2.1/flavors/451" status: 404 len: 76 microversion: 2.90 time: 0.011393
Feb 09 02:34:32.016898 n-d-827839-4 devstack@n-api.service[109118]: [pid: 109118|app: 0|req: 26/52] 10.222.0.32 () {60 vars in 1193 bytes} [Wed Feb 9 02:34:32 2022] GET /compute/v2.1/flavors/451 => generated 76 bytes in 12 msecs (HTTP/1.1 404) 9 headers in 380 bytes (1 switches on core 0)
Feb 09 02:34:33.298888 n-d-827839-4 devstack@n-api.service[109117]: DEBUG nova.api.openstack.wsgi [None req-ad4b6811-066e-42ff-b4d5-5d6b46adbeab admin admin] Calling method '>' {{(pid=109117) _process_stack /opt/stack/nova/nova/api/openstack/wsgi.py:513}}
Feb 09 02:34:33.299917 n-d-827839-4 devstack@n-api.service[109117]: INFO nova.api.openstack.requestlog [None req-ad4b6811-066e-42ff-b4d5-5d6b46adbeab admin admin] 10.222.0.32 "GET /compute/v2.1" status: 200 len: 388 microversion: 2.1 time: 0.001495
Feb 09 02:34:33.300307 n-d-827839-4 devstack@n-api.service[109117]: [pid: 109117|app: 0|req: 27/53] 10.222.0.32 () {56 vars in 1074 bytes} [Wed Feb 9 02:34:33 2022] GET /compute/v2.1 => generated 388 bytes in 2 msecs (HTTP/1.1 200) 9 headers in 357 bytes (1 switches on core 0)
Feb 09 02:34:33.490378 n-d-827839-4 devstack@n-api.service[109118]: DEBUG nova.api.openstack.wsgi [None req-4a401252-203d-4d1f-9923-846dc9a1c312 admin admin] Action: 'create', calling method: >, body: {"flavor": {"name": "m1.nano", "ram": 256, "vcpus": 1, "disk": 1, "id": "42", "swap": 0, "OS-FLV-EXT-DATA:ephemeral": 0, "rxtx_factor": 1.0, "os-flavor-access:is_public": true}} {{(pid=109118) _process_stack /opt/stack/nova/nova/api/openstack/wsgi.py:511}}
Feb 09 02:34:33.511264 n-d-827839-4 devstack@n-api.service[109118]: INFO nova.api.openstack.requestlog [None req-4a401252-203d-4d1f-9923-846dc9a1c312 admin admin] 10.222.0.32 "POST /compute/v2.1/flavors" status: 200 len: 404 microversion: 2.90 time: 0.071469
Feb 09 02:34:33.511739 n-d-827839-4 devstack@n-api.service[109118]: [pid: 109118|app: 0|req: 27/54] 10.222.0.32 () {64 vars in 1235 bytes} [Wed Feb 9 02:34:33 2022] POST /compute/v2.1/flavors => generated 404 bytes in 73 msecs (HTTP/1.1 200) 9 headers in 359 bytes (2 switches on core 0)
Feb 09 02:34:34.809412 n-d-827839-4 devstack@n-api.service[109117]: DEBUG nova.api.openstack.wsgi [None req-ad4b6811-066e-42ff-b4d5-5d6b46adbeab admin admin] Calling method '>' {{(pid=109117) _process_stack /opt/stack/nova/nova/api/openstack/wsgi.py:513}}
Feb 09 02:34:34.810448 n-d-827839-4 devstack@n-api.service[109117]: INFO nova.api.openstack.requestlog [None req-ad4b6811-066e-42ff-b4d5-5d6b46adbeab admin admin] 10.222.0.32 "GET /compute/v2.1" status: 200 len: 388 microversion: 2.1 time: 0.001453
Feb 09 02:34:34.810842 n-d-827839-4 devstack@n-api.service[109117]: [pid: 109117|app: 0|req: 28/55] 10.222.0.32 () {56 vars in 1074 bytes} [Wed Feb 9 02:34:34 2022] GET /compute/v2.1 => generated 388 bytes in 3 msecs (HTTP/1.1 200) 9 headers in 357 bytes (1 switches on core 0)
Feb 09 02:34:35.004475 n-d-827839-4 devstack@n-api.service[109118]: DEBUG nova.api.openstack.wsgi [None req-45fad730-a9ca-4dce-a883-a1e355d0bdf7 admin admin] Action: 'create', calling method: >, body: {"flavor": {"name": "m1.micro", "ram": 256, "vcpus": 1, "disk": 2, "id": "84", "swap": 0, "OS-FLV-EXT-DATA:ephemeral": 0, "rxtx_factor": 1.0, "os-flavor-access:is_public": true}} {{(pid=109118) _process_stack /opt/stack/nova/nova/api/openstack/wsgi.py:511}}
Feb 09 02:34:35.021742 n-d-827839-4 devstack@n-api.service[109118]: INFO nova.api.openstack.requestlog [None req-45fad730-a9ca-4dce-a883-a1e355d0bdf7 admin admin] 10.222.0.32 "POST /compute/v2.1/flavors" status: 200 len: 405 microversion: 2.90 time: 0.068766
Feb 09 02:34:35.022301 n-d-827839-4 devstack@n-api.service[109118]: [pid: 109118|app: 0|req: 28/56] 10.222.0.32 () {64 vars in 1235 bytes} [Wed Feb 9 02:34:34 2022] POST /compute/v2.1/flavors => generated 405 bytes in 70 msecs (HTTP/1.1 200) 9 headers in 359 bytes (1 switches on core 0)
Feb 09 02:34:36.318539 n-d-827839-4 devstack@n-api.service[109117]: DEBUG nova.api.openstack.wsgi [None req-ad4b6811-066e-42ff-b4d5-5d6b46adbeab admin admin] Calling method '>' {{(pid=109117) _process_stack /opt/stack/nova/nova/api/openstack/wsgi.py:513}}
Feb 09 02:34:36.319565 n-d-827839-4 devstack@n-api.service[109117]: INFO nova.api.openstack.requestlog [None req-ad4b6811-066e-42ff-b4d5-5d6b46adbeab admin admin] 10.222.0.32 "GET /compute/v2.1" status: 200 len: 388 microversion: 2.1 time: 0.001458
Feb 09 02:34:36.319956 n-d-827839-4 devstack@n-api.service[109117]: [pid: 109117|app: 0|req: 29/57] 10.222.0.32 () {56 vars in 1074 bytes} [Wed Feb 9 02:34:36 2022] GET /compute/v2.1 => generated 388 bytes in 2 msecs (HTTP/1.1 200) 9 headers in 357 bytes (1 switches on core 0)
Feb 09 02:34:36.509920 n-d-827839-4 devstack@n-api.service[109118]: DEBUG nova.api.openstack.wsgi [None req-32f996c9-84f9-4220-a6dd-e5e1308e2304 admin admin] Action: 'create', calling method: >, body: {"flavor": {"name": "m1.heat", "ram": 512, "vcpus": 1, "disk": 1, "id": "451", "swap": 0, "OS-FLV-EXT-DATA:ephemeral": 0, "rxtx_factor": 1.0, "os-flavor-access:is_public": true}} {{(pid=109118) _process_stack /opt/stack/nova/nova/api/openstack/wsgi.py:511}}
Feb 09 02:34:36.527682 n-d-827839-4 devstack@n-api.service[109118]: INFO nova.api.openstack.requestlog [None req-32f996c9-84f9-4220-a6dd-e5e1308e2304 admin admin] 10.222.0.32 "POST /compute/v2.1/flavors" status: 200 len: 407 microversion: 2.90 time: 0.069796
Feb 09 02:34:36.528222 n-d-827839-4 devstack@n-api.service[109118]: [pid: 109118|app: 0|req: 29/58] 10.222.0.32 () {64 vars in 1235 bytes} [Wed Feb 9 02:34:36 2022] POST /compute/v2.1/flavors => generated 407 bytes in 71 msecs (HTTP/1.1 200) 9 headers in 359 bytes (1 switches on core 0)
Feb 09 02:34:37.815839 n-d-827839-4 devstack@n-api.service[109117]: DEBUG nova.api.openstack.wsgi [None req-ad4b6811-066e-42ff-b4d5-5d6b46adbeab admin admin] Calling method '>' {{(pid=109117) _process_stack /opt/stack/nova/nova/api/openstack/wsgi.py:513}}
Feb 09 02:34:37.816834 n-d-827839-4 devstack@n-api.service[109117]: INFO nova.api.openstack.requestlog [None req-ad4b6811-066e-42ff-b4d5-5d6b46adbeab admin admin] 10.222.0.32 "GET /compute/v2.1" status: 200 len: 388 microversion: 2.1 time: 0.001391
Feb 09 02:34:37.817226 n-d-827839-4 devstack@n-api.service[109117]: [pid: 109117|app: 0|req: 30/59] 10.222.0.32 () {56 vars in 1074 bytes} [Wed Feb 9 02:34:37 2022] GET /compute/v2.1 => generated 388 bytes in 2 msecs (HTTP/1.1 200) 9 headers in 357 bytes (1 switches on core 0)
Feb 09 02:34:38.006591 n-d-827839-4 devstack@n-api.service[109118]: DEBUG nova.api.openstack.wsgi [None req-e1749b34-3c84-48d4-b4d9-b10a1eeba96d admin admin] Action: 'create', calling method: >, body: {"flavor": {"name": "m1.heat2", "ram": 1024, "vcpus": 1, "disk": 1, "id": "452", "swap": 0, "OS-FLV-EXT-DATA:ephemeral": 0, "rxtx_factor": 1.0, "os-flavor-access:is_public": true}} {{(pid=109118) _process_stack /opt/stack/nova/nova/api/openstack/wsgi.py:511}}
Feb 09 02:34:38.024304 n-d-827839-4 devstack@n-api.service[109118]: INFO nova.api.openstack.requestlog [None req-e1749b34-3c84-48d4-b4d9-b10a1eeba96d admin admin] 10.222.0.32 "POST /compute/v2.1/flavors" status: 200 len: 409 microversion: 2.90 time: 0.070435
