Feb 09 02:43:05.500995 n-d-827839-4 devstack@n-api.service[124185]: DEBUG oslo_concurrency.lockutils [None req-805d3dd9-4ecc-455c-a742-db263b5534f2 tempest-LiveAutoBlockMigrationV225Test-1304803799 tempest-LiveAutoBlockMigrationV225Test-1304803799-project] Lock "1f687ed1-a790-47bc-8f9e-1c4adf7647d0" acquired by "nova.context.set_target_cell..get_or_set_cached_cell_and_set_connections" :: waited 0.000s {{(pid=124185) inner /usr/local/lib/python3.8/dist-packages/oslo_concurrency/lockutils.py:386}}
Feb 09 02:43:05.501585 n-d-827839-4 devstack@n-api.service[124185]: DEBUG oslo_concurrency.lockutils [None req-805d3dd9-4ecc-455c-a742-db263b5534f2 tempest-LiveAutoBlockMigrationV225Test-1304803799 tempest-LiveAutoBlockMigrationV225Test-1304803799-project] Lock "1f687ed1-a790-47bc-8f9e-1c4adf7647d0" "released" by "nova.context.set_target_cell..get_or_set_cached_cell_and_set_connections" :: held 0.001s {{(pid=124185) inner /usr/local/lib/python3.8/dist-packages/oslo_concurrency/lockutils.py:400}}
Feb 09 02:43:05.504787 n-d-827839-4 devstack@n-api.service[124186]: INFO nova.api.openstack.requestlog [None req-d572ecd2-690c-4af3-b6a2-bc5bb0e067a4 tempest-QuotasAdminTestV236-1719038712 tempest-QuotasAdminTestV236-1719038712-project-admin] 10.222.0.32 "GET /compute/v2.1/os-quota-sets/37f7487f92714500b2b61b38db9f324b/detail" status: 200 len: 672 microversion: 2.36 time: 0.093262
Feb 09 02:43:05.513072 n-d-827839-4 devstack@n-api.service[124186]: [pid: 124186|app: 0|req: 85/149] 10.222.0.32 () {60 vars in 1303 bytes} [Wed Feb 9 02:43:05 2022] GET /compute/v2.1/os-quota-sets/37f7487f92714500b2b61b38db9f324b/detail => generated 672 bytes in 95 msecs (HTTP/1.1 200) 9 headers in 359 bytes (1 switches on core 0)
Feb 09 02:43:05.579882 n-d-827839-4 devstack@n-api.service[124185]: DEBUG nova.policy [None req-805d3dd9-4ecc-455c-a742-db263b5534f2 tempest-LiveAutoBlockMigrationV225Test-1304803799 tempest-LiveAutoBlockMigrationV225Test-1304803799-project] Policy check for os_compute_api:os-extended-server-attributes failed with credentials {'is_admin': False, 'user_id': 'ee3d7d4727d8446698b07de91fb170d2', 'user_domain_id': 'default', 'system_scope': None, 'domain_id': None, 'project_id': '7e39c9e1d96f4074ab8d3ba88a89a77e', 'project_domain_id': 'default', 'roles': ['member', 'reader'], 'is_admin_project': True, 'service_user_id': None, 'service_user_domain_id': None, 'service_project_id': None, 'service_project_domain_id': None, 'service_roles': []} {{(pid=124185) authorize /opt/stack/nova/nova/policy.py:199}}
Feb 09 02:43:05.588150 n-d-827839-4 devstack@n-api.service[124185]: DEBUG nova.policy [None req-805d3dd9-4ecc-455c-a742-db263b5534f2 tempest-LiveAutoBlockMigrationV225Test-1304803799 tempest-LiveAutoBlockMigrationV225Test-1304803799-project] Policy check for os_compute_api:servers:show:host_status failed with credentials {'is_admin': False, 'user_id': 'ee3d7d4727d8446698b07de91fb170d2', 'user_domain_id': 'default', 'system_scope': None, 'domain_id': None, 'project_id': '7e39c9e1d96f4074ab8d3ba88a89a77e', 'project_domain_id': 'default', 'roles': ['member', 'reader'], 'is_admin_project': True, 'service_user_id': None, 'service_user_domain_id': None, 'service_project_id': None, 'service_project_domain_id': None, 'service_roles': []} {{(pid=124185) authorize /opt/stack/nova/nova/policy.py:199}}
Feb 09 02:43:05.590491 n-d-827839-4 devstack@n-api.service[124185]: DEBUG nova.policy [None req-805d3dd9-4ecc-455c-a742-db263b5534f2 tempest-LiveAutoBlockMigrationV225Test-1304803799 tempest-LiveAutoBlockMigrationV225Test-1304803799-project] Policy check for os_compute_api:servers:show:host_status:unknown-only failed with credentials {'is_admin': False, 'user_id': 'ee3d7d4727d8446698b07de91fb170d2', 'user_domain_id': 'default', 'system_scope': None, 'domain_id': None, 'project_id': '7e39c9e1d96f4074ab8d3ba88a89a77e', 'project_domain_id': 'default', 'roles': ['member', 'reader'], 'is_admin_project': True, 'service_user_id': None, 'service_user_domain_id': None, 'service_project_id': None, 'service_project_domain_id': None, 'service_roles': []} {{(pid=124185) authorize /opt/stack/nova/nova/policy.py:199}}
Feb 09 02:43:05.591920 n-d-827839-4 devstack@n-api.service[124185]: INFO nova.api.openstack.requestlog [None req-805d3dd9-4ecc-455c-a742-db263b5534f2 tempest-LiveAutoBlockMigrationV225Test-1304803799 tempest-LiveAutoBlockMigrationV225Test-1304803799-project] 10.222.0.32 "GET /compute/v2.1/servers/8c8bb0dc-388c-49c1-9f7c-a289c468acfe" status: 200 len: 1336 microversion: 2.25 time: 0.102831
Feb 09 02:43:05.593062 n-d-827839-4 devstack@n-api.service[124185]: [pid: 124185|app: 0|req: 65/150] 10.222.0.32 () {60 vars in 1276 bytes} [Wed Feb 9 02:43:05 2022] GET /compute/v2.1/servers/8c8bb0dc-388c-49c1-9f7c-a289c468acfe => generated 1336 bytes in 104 msecs (HTTP/1.1 200) 9 headers in 360 bytes (1 switches on core 0)
Feb 09 02:43:05.649083 n-d-827839-4 devstack@n-api.service[124186]: DEBUG nova.api.openstack.wsgi [None req-34e1f009-e5bf-4b4e-9879-90f34cb81f36 tempest-LiveMigrationNegativeTest-744966383 tempest-LiveMigrationNegativeTest-744966383-project] Calling method '>' {{(pid=124186) _process_stack /opt/stack/nova/nova/api/openstack/wsgi.py:513}}
Feb 09 02:43:05.650340 n-d-827839-4 devstack@n-api.service[124186]: DEBUG nova.compute.api [None req-34e1f009-e5bf-4b4e-9879-90f34cb81f36 tempest-LiveMigrationNegativeTest-744966383 tempest-LiveMigrationNegativeTest-744966383-project] [instance: 15615fef-8f41-4b1e-a93b-7b67b8a7b798] Fetching instance by UUID {{(pid=124186) get /opt/stack/nova/nova/compute/api.py:2866}}
Feb 09 02:43:05.658585 n-d-827839-4 devstack@n-api.service[124185]: DEBUG nova.api.openstack.wsgi [None req-8066c831-28c9-4105-b634-8888d698cfce tempest-QuotasAdminTestV236-1719038712 tempest-QuotasAdminTestV236-1719038712-project-admin] Action: 'update', calling method: .version_select at 0x7fcea24825e0>, body: {"quota_set": {"ram": "2048"}} {{(pid=124185) _process_stack /opt/stack/nova/nova/api/openstack/wsgi.py:511}}
Feb 09 02:43:05.661020 n-d-827839-4 devstack@n-api.service[124185]: /usr/local/lib/python3.8/dist-packages/oslo_policy/policy.py:1119: UserWarning: Policy "os_compute_api:os-quota-sets:update": "rule:system_admin_api" failed scope check. The token used to make the request was project scoped but the policy requires ['system'] scope. This behavior may change in the future where using the intended scope is required
Feb 09 02:43:05.661020 n-d-827839-4 devstack@n-api.service[124185]: warnings.warn(msg)
Feb 09 02:43:05.672024 n-d-827839-4 devstack@n-api.service[124186]: DEBUG oslo_concurrency.lockutils [None req-34e1f009-e5bf-4b4e-9879-90f34cb81f36 tempest-LiveMigrationNegativeTest-744966383 tempest-LiveMigrationNegativeTest-744966383-project] Lock "1f687ed1-a790-47bc-8f9e-1c4adf7647d0" acquired by "nova.context.set_target_cell..get_or_set_cached_cell_and_set_connections" :: waited 0.000s {{(pid=124186) inner /usr/local/lib/python3.8/dist-packages/oslo_concurrency/lockutils.py:386}}
Feb 09 02:43:05.672705 n-d-827839-4 devstack@n-api.service[124186]: DEBUG oslo_concurrency.lockutils [None req-34e1f009-e5bf-4b4e-9879-90f34cb81f36 tempest-LiveMigrationNegativeTest-744966383 tempest-LiveMigrationNegativeTest-744966383-project] Lock "1f687ed1-a790-47bc-8f9e-1c4adf7647d0" "released" by "nova.context.set_target_cell..get_or_set_cached_cell_and_set_connections" :: held 0.001s {{(pid=124186) inner /usr/local/lib/python3.8/dist-packages/oslo_concurrency/lockutils.py:400}}
Feb 09 02:43:05.673676 n-d-827839-4 devstack@n-api.service[124186]: DEBUG oslo_concurrency.lockutils [None req-34e1f009-e5bf-4b4e-9879-90f34cb81f36 tempest-LiveMigrationNegativeTest-744966383 tempest-LiveMigrationNegativeTest-744966383-project] Lock "1f687ed1-a790-47bc-8f9e-1c4adf7647d0" acquired by "nova.context.set_target_cell..get_or_set_cached_cell_and_set_connections" :: waited 0.000s {{(pid=124186) inner /usr/local/lib/python3.8/dist-packages/oslo_concurrency/lockutils.py:386}}
Feb 09 02:43:05.678580 n-d-827839-4 devstack@n-api.service[124186]: DEBUG oslo_concurrency.lockutils [None req-34e1f009-e5bf-4b4e-9879-90f34cb81f36 tempest-LiveMigrationNegativeTest-744966383 tempest-LiveMigrationNegativeTest-744966383-project] Lock "1f687ed1-a790-47bc-8f9e-1c4adf7647d0" "released" by "nova.context.set_target_cell..get_or_set_cached_cell_and_set_connections" :: held 0.001s {{(pid=124186) inner /usr/local/lib/python3.8/dist-packages/oslo_concurrency/lockutils.py:400}}
Feb 09 02:43:05.796916 n-d-827839-4 devstack@n-api.service[124185]: DEBUG oslo_concurrency.lockutils [None req-8066c831-28c9-4105-b634-8888d698cfce tempest-QuotasAdminTestV236-1719038712 tempest-QuotasAdminTestV236-1719038712-project-admin] Lock "00000000-0000-0000-0000-000000000000" acquired by "nova.context.set_target_cell..get_or_set_cached_cell_and_set_connections" :: waited 0.000s {{(pid=124185) inner /usr/local/lib/python3.8/dist-packages/oslo_concurrency/lockutils.py:386}}
Feb 09 02:43:05.797396 n-d-827839-4 devstack@n-api.service[124185]: DEBUG oslo_concurrency.lockutils [None req-8066c831-28c9-4105-b634-8888d698cfce tempest-QuotasAdminTestV236-1719038712 tempest-QuotasAdminTestV236-1719038712-project-admin] Lock "00000000-0000-0000-0000-000000000000" "released" by "nova.context.set_target_cell..get_or_set_cached_cell_and_set_connections" :: held 0.001s {{(pid=124185) inner /usr/local/lib/python3.8/dist-packages/oslo_concurrency/lockutils.py:400}}
Feb 09 02:43:05.798178 n-d-827839-4 devstack@n-api.service[124185]: DEBUG oslo_concurrency.lockutils [None req-8066c831-28c9-4105-b634-8888d698cfce tempest-QuotasAdminTestV236-1719038712 tempest-QuotasAdminTestV236-1719038712-project-admin] Lock "1f687ed1-a790-47bc-8f9e-1c4adf7647d0" acquired by "nova.context.set_target_cell..get_or_set_cached_cell_and_set_connections" :: waited 0.000s {{(pid=124185) inner /usr/local/lib/python3.8/dist-packages/oslo_concurrency/lockutils.py:386}}
Feb 09 02:43:05.798857 n-d-827839-4 devstack@n-api.service[124185]: DEBUG oslo_concurrency.lockutils [None req-8066c831-28c9-4105-b634-8888d698cfce tempest-QuotasAdminTestV236-1719038712 tempest-QuotasAdminTestV236-1719038712-project-admin] Lock "1f687ed1-a790-47bc-8f9e-1c4adf7647d0" "released" by "nova.context.set_target_cell..get_or_set_cached_cell_and_set_connections" :: held 0.001s {{(pid=124185) inner /usr/local/lib/python3.8/dist-packages/oslo_concurrency/lockutils.py:400}}
Feb 09 02:43:05.865541 n-d-827839-4 devstack@n-api.service[124185]: DEBUG oslo_concurrency.lockutils [None req-8066c831-28c9-4105-b634-8888d698cfce tempest-QuotasAdminTestV236-1719038712 tempest-QuotasAdminTestV236-1719038712-project-admin] Lock "00000000-0000-0000-0000-000000000000" acquired by "nova.context.set_target_cell..get_or_set_cached_cell_and_set_connections" :: waited 0.000s {{(pid=124185) inner /usr/local/lib/python3.8/dist-packages/oslo_concurrency/lockutils.py:386}}
Feb 09 02:43:05.866284 n-d-827839-4 devstack@n-api.service[124185]: DEBUG oslo_concurrency.lockutils [None req-8066c831-28c9-4105-b634-8888d698cfce tempest-QuotasAdminTestV236-1719038712 tempest-QuotasAdminTestV236-1719038712-project-admin] Lock "00000000-0000-0000-0000-000000000000" "released" by "nova.context.set_target_cell..get_or_set_cached_cell_and_set_connections" :: held 0.001s {{(pid=124185) inner /usr/local/lib/python3.8/dist-packages/oslo_concurrency/lockutils.py:400}}
Feb 09 02:43:05.867315 n-d-827839-4 devstack@n-api.service[124185]: DEBUG oslo_concurrency.lockutils [None req-8066c831-28c9-4105-b634-8888d698cfce tempest-QuotasAdminTestV236-1719038712 tempest-QuotasAdminTestV236-1719038712-project-admin] Lock "1f687ed1-a790-47bc-8f9e-1c4adf7647d0" acquired by "nova.context.set_target_cell..get_or_set_cached_cell_and_set_connections" :: waited 0.000s {{(pid=124185) inner /usr/local/lib/python3.8/dist-packages/oslo_concurrency/lockutils.py:386}}
Feb 09 02:43:05.867961 n-d-827839-4 devstack@n-api.service[124185]: DEBUG oslo_concurrency.lockutils [None req-8066c831-28c9-4105-b634-8888d698cfce tempest-QuotasAdminTestV236-1719038712 tempest-QuotasAdminTestV236-1719038712-project-admin] Lock "1f687ed1-a790-47bc-8f9e-1c4adf7647d0" "released" by "nova.context.set_target_cell..get_or_set_cached_cell_and_set_connections" :: held 0.001s {{(pid=124185) inner /usr/local/lib/python3.8/dist-packages/oslo_concurrency/lockutils.py:400}}
Feb 09 02:43:05.983861 n-d-827839-4 devstack@n-api.service[124186]: DEBUG nova.policy [None req-34e1f009-e5bf-4b4e-9879-90f34cb81f36 tempest-LiveMigrationNegativeTest-744966383 tempest-LiveMigrationNegativeTest-744966383-project] Policy check for os_compute_api:os-extended-server-attributes failed with credentials {'is_admin': False, 'user_id': 'aa6d50cacafd494899fc44ab815c8890', 'user_domain_id': 'default', 'system_scope': None, 'domain_id': None, 'project_id': '3e9db644695141f1917836674d37ffa4', 'project_domain_id': 'default', 'roles': ['member', 'reader'], 'is_admin_project': True, 'service_user_id': None, 'service_user_domain_id': None, 'service_project_id': None, 'service_project_domain_id': None, 'service_roles': []} {{(pid=124186) authorize /opt/stack/nova/nova/policy.py:199}}
Feb 09 02:43:05.994437 n-d-827839-4 devstack@n-api.service[124186]: INFO nova.api.openstack.requestlog [None req-34e1f009-e5bf-4b4e-9879-90f34cb81f36 tempest-LiveMigrationNegativeTest-744966383 tempest-LiveMigrationNegativeTest-744966383-project] 10.222.0.32 "GET /compute/v2.1/servers/15615fef-8f41-4b1e-a93b-7b67b8a7b798" status: 200 len: 1318 microversion: 2.1 time: 0.347382
Feb 09 02:43:05.996312 n-d-827839-4 devstack@n-api.service[124186]: [pid: 124186|app: 0|req: 86/151] 10.222.0.32 () {58 vars in 1235 bytes} [Wed Feb 9 02:43:05 2022] GET /compute/v2.1/servers/15615fef-8f41-4b1e-a93b-7b67b8a7b798 => generated 1318 bytes in 351 msecs (HTTP/1.1 200) 9 headers in 358 bytes (1 switches on core 0)
Feb 09 02:43:06.001137 n-d-827839-4 devstack@n-api.service[124185]: INFO nova.api.openstack.requestlog [None req-8066c831-28c9-4105-b634-8888d698cfce tempest-QuotasAdminTestV236-1719038712 tempest-QuotasAdminTestV236-1719038712-project-admin] 10.222.0.32 "PUT /compute/v2.1/os-quota-sets/37f7487f92714500b2b61b38db9f324b?user_id=f671ef16c2c44624b20741eb29538c90" status: 200 len: 240 microversion: 2.36 time: 0.346241
Feb 09 02:43:06.002096 n-d-827839-4 devstack@n-api.service[124185]: [pid: 124185|app: 0|req: 66/152] 10.222.0.32 () {62 vars in 1383 bytes} [Wed Feb 9 02:43:05 2022] PUT /compute/v2.1/os-quota-sets/37f7487f92714500b2b61b38db9f324b?user_id=f671ef16c2c44624b20741eb29538c90 => generated 240 bytes in 348 msecs (HTTP/1.1 200) 9 headers in 359 bytes (2 switches on core 0)
Feb 09 02:43:06.011926 n-d-827839-4 devstack@n-api.service[124186]: DEBUG nova.api.openstack.wsgi [req-60c8fc39-bb64-482a-8be0-3b5d84304fa1 req-7310c33c-3f14-4470-9659-e303ab391a37 service nova] Action: 'create', calling method: >, body: {"events": [{"server_uuid": "979f825b-df76-4f27-9648-741a564f3f58", "name": "network-vif-deleted", "tag": "1674f300-b7da-4240-97de-51b81781e2a6"}]} {{(pid=124186) _process_stack /opt/stack/nova/nova/api/openstack/wsgi.py:511}}
Feb 09 02:43:06.014453 n-d-827839-4 devstack@n-api.service[124186]: /usr/local/lib/python3.8/dist-packages/oslo_policy/policy.py:1119: UserWarning: Policy "os_compute_api:os-server-external-events:create": "rule:system_admin_api" failed scope check. The token used to make the request was project scoped but the policy requires ['system'] scope. This behavior may change in the future where using the intended scope is required
Feb 09 02:43:06.014453 n-d-827839-4 devstack@n-api.service[124186]: warnings.warn(msg)
Feb 09 02:43:06.030494 n-d-827839-4 devstack@n-api.service[124186]: DEBUG oslo_concurrency.lockutils [req-60c8fc39-bb64-482a-8be0-3b5d84304fa1 req-7310c33c-3f14-4470-9659-e303ab391a37 service nova] Lock "1f687ed1-a790-47bc-8f9e-1c4adf7647d0" acquired by "nova.context.set_target_cell..get_or_set_cached_cell_and_set_connections" :: waited 0.000s {{(pid=124186) inner /usr/local/lib/python3.8/dist-packages/oslo_concurrency/lockutils.py:386}}
Feb 09 02:43:06.030699 n-d-827839-4 devstack@n-api.service[124185]: DEBUG nova.api.openstack.wsgi [None req-33493684-7bfb-483e-b656-1831559754d4 tempest-AggregatesAdminTestJSON-2104790894 tempest-AggregatesAdminTestJSON-2104790894-project] Calling method '>' {{(pid=124185) _process_stack /opt/stack/nova/nova/api/openstack/wsgi.py:513}}
Feb 09 02:43:06.031149 n-d-827839-4 devstack@n-api.service[124185]: DEBUG nova.compute.api [None req-33493684-7bfb-483e-b656-1831559754d4 tempest-AggregatesAdminTestJSON-2104790894 tempest-AggregatesAdminTestJSON-2104790894-project] [instance: 979f825b-df76-4f27-9648-741a564f3f58] Fetching instance by UUID {{(pid=124185) get /opt/stack/nova/nova/compute/api.py:2866}}
Feb 09 02:43:06.032773 n-d-827839-4 devstack@n-api.service[124186]: DEBUG oslo_concurrency.lockutils [req-60c8fc39-bb64-482a-8be0-3b5d84304fa1 req-7310c33c-3f14-4470-9659-e303ab391a37 service nova] Lock "1f687ed1-a790-47bc-8f9e-1c4adf7647d0" "released" by "nova.context.set_target_cell..get_or_set_cached_cell_and_set_connections" :: held 0.001s {{(pid=124186) inner /usr/local/lib/python3.8/dist-packages/oslo_concurrency/lockutils.py:400}}
Feb 09 02:43:06.038678 n-d-827839-4 devstack@n-api.service[124185]: DEBUG oslo_concurrency.lockutils [None req-33493684-7bfb-483e-b656-1831559754d4 tempest-AggregatesAdminTestJSON-2104790894 tempest-AggregatesAdminTestJSON-2104790894-project] Lock "1f687ed1-a790-47bc-8f9e-1c4adf7647d0" acquired by "nova.context.set_target_cell..get_or_set_cached_cell_and_set_connections" :: waited 0.000s {{(pid=124185) inner /usr/local/lib/python3.8/dist-packages/oslo_concurrency/lockutils.py:386}}
Feb 09 02:43:06.039313 n-d-827839-4 devstack@n-api.service[124185]: DEBUG oslo_concurrency.lockutils [None req-33493684-7bfb-483e-b656-1831559754d4 tempest-AggregatesAdminTestJSON-2104790894 tempest-AggregatesAdminTestJSON-2104790894-project] Lock "1f687ed1-a790-47bc-8f9e-1c4adf7647d0" "released" by "nova.context.set_target_cell..get_or_set_cached_cell_and_set_connections" :: held 0.001s {{(pid=124185) inner /usr/local/lib/python3.8/dist-packages/oslo_concurrency/lockutils.py:400}}
Feb 09 02:43:06.040451 n-d-827839-4 devstack@n-api.service[124185]: DEBUG oslo_concurrency.lockutils [None req-33493684-7bfb-483e-b656-1831559754d4 tempest-AggregatesAdminTestJSON-2104790894 tempest-AggregatesAdminTestJSON-2104790894-project] Lock "1f687ed1-a790-47bc-8f9e-1c4adf7647d0" acquired by "nova.context.set_target_cell..get_or_set_cached_cell_and_set_connections" :: waited 0.000s {{(pid=124185) inner /usr/local/lib/python3.8/dist-packages/oslo_concurrency/lockutils.py:386}}
Feb 09 02:43:06.041035 n-d-827839-4 devstack@n-api.service[124185]: DEBUG oslo_concurrency.lockutils [None req-33493684-7bfb-483e-b656-1831559754d4 tempest-AggregatesAdminTestJSON-2104790894 tempest-AggregatesAdminTestJSON-2104790894-project] Lock "1f687ed1-a790-47bc-8f9e-1c4adf7647d0" "released" by "nova.context.set_target_cell..get_or_set_cached_cell_and_set_connections" :: held 0.001s {{(pid=124185) inner /usr/local/lib/python3.8/dist-packages/oslo_concurrency/lockutils.py:400}}
Feb 09 02:43:06.058972 n-d-827839-4 devstack@n-api.service[124186]: INFO nova.api.openstack.compute.server_external_events [req-60c8fc39-bb64-482a-8be0-3b5d84304fa1 req-7310c33c-3f14-4470-9659-e303ab391a37 service nova] Creating event network-vif-deleted:1674f300-b7da-4240-97de-51b81781e2a6 for instance 979f825b-df76-4f27-9648-741a564f3f58 on n-h1-827839-4
Feb 09 02:43:06.078208 n-d-827839-4 devstack@n-api.service[124186]: INFO nova.api.openstack.requestlog [req-60c8fc39-bb64-482a-8be0-3b5d84304fa1 req-7310c33c-3f14-4470-9659-e303ab391a37 service nova] 10.222.0.32 "POST /compute/v2.1/os-server-external-events" status: 200 len: 183 microversion: 2.1 time: 0.080327
Feb 09 02:43:06.078942 n-d-827839-4 devstack@n-api.service[124186]: [pid: 124186|app: 0|req: 87/153] 10.222.0.32 () {64 vars in 1317 bytes} [Wed Feb 9 02:43:05 2022] POST /compute/v2.1/os-server-external-events => generated 183 bytes in 82 msecs (HTTP/1.1 200) 9 headers in 357 bytes (1 switches on core 0)
Feb 09 02:43:06.087844 n-d-827839-4 devstack@n-api.service[124186]: DEBUG nova.api.openstack.wsgi [None req-09c685a2-3c63-4221-aee8-9e420f6f8714 tempest-QuotasAdminTestV236-1719038712 tempest-QuotasAdminTestV236-1719038712-project-admin] Calling method '.version_select at 0x7fcea1b671f0>' {{(pid=124186) _process_stack /opt/stack/nova/nova/api/openstack/wsgi.py:513}}
Feb 09 02:43:06.181404 n-d-827839-4 devstack@n-api.service[124185]: DEBUG nova.policy [None req-33493684-7bfb-483e-b656-1831559754d4 tempest-AggregatesAdminTestJSON-2104790894 tempest-AggregatesAdminTestJSON-2104790894-project] Policy check for os_compute_api:os-extended-server-attributes failed with credentials {'is_admin': False, 'user_id': 'daf23c04ab1d4115be353306356c6bb5', 'user_domain_id': 'default', 'system_scope': None, 'domain_id': None, 'project_id': '3989e8cd83f745afbf709ce4b71daa39', 'project_domain_id': 'default', 'roles': ['member', 'reader'], 'is_admin_project': True, 'service_user_id': None, 'service_user_domain_id': None, 'service_project_id': None, 'service_project_domain_id': None, 'service_roles': []} {{(pid=124185) authorize /opt/stack/nova/nova/policy.py:199}}
Feb 09 02:43:06.191345 n-d-827839-4 devstack@n-api.service[124185]: INFO nova.api.openstack.requestlog [None req-33493684-7bfb-483e-b656-1831559754d4 tempest-AggregatesAdminTestJSON-2104790894 tempest-AggregatesAdminTestJSON-2104790894-project] 10.222.0.32 "GET /compute/v2.1/servers/979f825b-df76-4f27-9648-741a564f3f58" status: 200 len: 1324 microversion: 2.1 time: 0.188146
Feb 09 02:43:06.192669 n-d-827839-4 devstack@n-api.service[124185]: [pid: 124185|app: 0|req: 67/154] 10.222.0.32 () {58 vars in 1235 bytes} [Wed Feb 9 02:43:06 2022] GET /compute/v2.1/servers/979f825b-df76-4f27-9648-741a564f3f58 => generated 1324 bytes in 190 msecs (HTTP/1.1 200) 9 headers in 358 bytes (1 switches on core 0)
Feb 09 02:43:06.199466 n-d-827839-4 devstack@n-api.service[124186]: INFO nova.api.openstack.requestlog [None req-09c685a2-3c63-4221-aee8-9e420f6f8714 tempest-QuotasAdminTestV236-1719038712 tempest-QuotasAdminTestV236-1719038712-project-admin] 10.222.0.32 "GET /compute/v2.1/os-quota-sets/37f7487f92714500b2b61b38db9f324b?user_id=f671ef16c2c44624b20741eb29538c90" status: 200 len: 282 microversion: 2.36 time: 0.119026
Feb 09 02:43:06.200161 n-d-827839-4 devstack@n-api.service[124186]: [pid: 124186|app: 0|req: 88/155] 10.222.0.32 () {60 vars in 1363 bytes} [Wed Feb 9 02:43:06 2022] GET /compute/v2.1/os-quota-sets/37f7487f92714500b2b61b38db9f324b?user_id=f671ef16c2c44624b20741eb29538c90 => generated 282 bytes in 121 msecs (HTTP/1.1 200) 9 headers in 359 bytes (1 switches on core 0)
Feb 09 02:43:06.331444 n-d-827839-4 devstack@n-api.service[124185]: DEBUG nova.api.openstack.wsgi [req-475f2717-a6b0-4c66-8ec8-8cf9608f1fb6 req-183bfcbb-745e-47f0-80a1-9884df2a7ce0 service nova] Action: 'create', calling method: >, body: {"events": [{"server_uuid": "15615fef-8f41-4b1e-a93b-7b67b8a7b798", "name": "network-vif-plugged", "status": "completed", "tag": "e339cfa5-09b9-423a-ab45-336b846e76e3"}]} {{(pid=124185) _process_stack /opt/stack/nova/nova/api/openstack/wsgi.py:511}}
Feb 09 02:43:06.332921 n-d-827839-4 devstack@n-api.service[124185]: /usr/local/lib/python3.8/dist-packages/oslo_policy/policy.py:1119: UserWarning: Policy "os_compute_api:os-server-external-events:create": "rule:system_admin_api" failed scope check. The token used to make the request was project scoped but the policy requires ['system'] scope. This behavior may change in the future where using the intended scope is required
Feb 09 02:43:06.332921 n-d-827839-4 devstack@n-api.service[124185]: warnings.warn(msg)
Feb 09 02:43:06.339811 n-d-827839-4 devstack@n-api.service[124185]: DEBUG oslo_concurrency.lockutils [req-475f2717-a6b0-4c66-8ec8-8cf9608f1fb6 req-183bfcbb-745e-47f0-80a1-9884df2a7ce0 service nova] Lock "1f687ed1-a790-47bc-8f9e-1c4adf7647d0" acquired by "nova.context.set_target_cell..get_or_set_cached_cell_and_set_connections" :: waited 0.000s {{(pid=124185) inner /usr/local/lib/python3.8/dist-packages/oslo_concurrency/lockutils.py:386}}
Feb 09 02:43:06.340247 n-d-827839-4 devstack@n-api.service[124185]: DEBUG oslo_concurrency.lockutils [req-475f2717-a6b0-4c66-8ec8-8cf9608f1fb6 req-183bfcbb-745e-47f0-80a1-9884df2a7ce0 service nova] Lock "1f687ed1-a790-47bc-8f9e-1c4adf7647d0" "released" by "nova.context.set_target_cell..get_or_set_cached_cell_and_set_connections" :: held 0.001s {{(pid=124185) inner /usr/local/lib/python3.8/dist-packages/oslo_concurrency/lockutils.py:400}}
Feb 09 02:43:06.351343 n-d-827839-4 devstack@n-api.service[124185]: INFO nova.api.openstack.compute.server_external_events [req-475f2717-a6b0-4c66-8ec8-8cf9608f1fb6 req-183bfcbb-745e-47f0-80a1-9884df2a7ce0 service nova] Creating event network-vif-plugged:e339cfa5-09b9-423a-ab45-336b846e76e3 for instance 15615fef-8f41-4b1e-a93b-7b67b8a7b798 on n-h2-827839-4
Feb 09 02:43:06.357151 n-d-827839-4 devstack@n-api.service[124185]: INFO nova.api.openstack.requestlog [req-475f2717-a6b0-4c66-8ec8-8cf9608f1fb6 req-183bfcbb-745e-47f0-80a1-9884df2a7ce0 service nova] 10.222.0.32 "POST /compute/v2.1/os-server-external-events" status: 200 len: 183 microversion: 2.1 time: 0.029171
Feb 09 02:43:06.358185 n-d-827839-4 devstack@n-api.service[124185]: [pid: 124185|app: 0|req: 68/156] 10.222.0.32 () {64 vars in 1317 bytes} [Wed Feb 9 02:43:06 2022] POST /compute/v2.1/os-server-external-events => generated 183 bytes in 31 msecs (HTTP/1.1 200) 9 headers in 357 bytes (1 switches on core 0)
Feb 09 02:43:06.439180 n-d-827839-4 devstack@n-api.service[124186]: DEBUG nova.api.openstack.wsgi [None req-b1144700-e66a-4418-810c-f69af459fdb2 tempest-DeleteServersAdminTestJSON-223516747 tempest-DeleteServersAdminTestJSON-223516747-project] Calling method '>' {{(pid=124186) _process_stack /opt/stack/nova/nova/api/openstack/wsgi.py:513}}
Feb 09 02:43:06.440071 n-d-827839-4 devstack@n-api.service[124186]: DEBUG nova.compute.api [None req-b1144700-e66a-4418-810c-f69af459fdb2 tempest-DeleteServersAdminTestJSON-223516747 tempest-DeleteServersAdminTestJSON-223516747-project] [instance: b1e2b205-ef55-4360-abbf-f12cec9f77a6] Fetching instance by UUID {{(pid=124186) get /opt/stack/nova/nova/compute/api.py:2866}}
Feb 09 02:43:06.447139 n-d-827839-4 devstack@n-api.service[124186]: DEBUG oslo_concurrency.lockutils [None req-b1144700-e66a-4418-810c-f69af459fdb2 tempest-DeleteServersAdminTestJSON-223516747 tempest-DeleteServersAdminTestJSON-223516747-project] Lock "1f687ed1-a790-47bc-8f9e-1c4adf7647d0" acquired by "nova.context.set_target_cell..get_or_set_cached_cell_and_set_connections" :: waited 0.000s {{(pid=124186) inner /usr/local/lib/python3.8/dist-packages/oslo_concurrency/lockutils.py:386}}
Feb 09 02:43:06.447890 n-d-827839-4 devstack@n-api.service[124186]: DEBUG oslo_concurrency.lockutils [None req-b1144700-e66a-4418-810c-f69af459fdb2 tempest-DeleteServersAdminTestJSON-223516747 tempest-DeleteServersAdminTestJSON-223516747-project] Lock "1f687ed1-a790-47bc-8f9e-1c4adf7647d0" "released" by "nova.context.set_target_cell..get_or_set_cached_cell_and_set_connections" :: held 0.001s {{(pid=124186) inner /usr/local/lib/python3.8/dist-packages/oslo_concurrency/lockutils.py:400}}
Feb 09 02:43:06.448927 n-d-827839-4 devstack@n-api.service[124186]: DEBUG oslo_concurrency.lockutils [None req-b1144700-e66a-4418-810c-f69af459fdb2 tempest-DeleteServersAdminTestJSON-223516747 tempest-DeleteServersAdminTestJSON-223516747-project] Lock "1f687ed1-a790-47bc-8f9e-1c4adf7647d0" acquired by "nova.context.set_target_cell..get_or_set_cached_cell_and_set_connections" :: waited 0.000s {{(pid=124186) inner /usr/local/lib/python3.8/dist-packages/oslo_concurrency/lockutils.py:386}}
Feb 09 02:43:06.449606 n-d-827839-4 devstack@n-api.service[124186]: DEBUG oslo_concurrency.lockutils [None req-b1144700-e66a-4418-810c-f69af459fdb2 tempest-DeleteServersAdminTestJSON-223516747 tempest-DeleteServersAdminTestJSON-223516747-project] Lock "1f687ed1-a790-47bc-8f9e-1c4adf7647d0" "released" by "nova.context.set_target_cell..get_or_set_cached_cell_and_set_connections" :: held 0.001s {{(pid=124186) inner /usr/local/lib/python3.8/dist-packages/oslo_concurrency/lockutils.py:400}}
Feb 09 02:43:06.614632 n-d-827839-4 devstack@n-api.service[124185]: DEBUG nova.api.openstack.wsgi [None req-ff9f3f92-5200-4682-8546-baf98bc71b80 tempest-LiveAutoBlockMigrationV225Test-1304803799 tempest-LiveAutoBlockMigrationV225Test-1304803799-project] Calling method '>' {{(pid=124185) _process_stack /opt/stack/nova/nova/api/openstack/wsgi.py:513}}
Feb 09 02:43:06.615871 n-d-827839-4 devstack@n-api.service[124185]: DEBUG nova.compute.api [None req-ff9f3f92-5200-4682-8546-baf98bc71b80 tempest-LiveAutoBlockMigrationV225Test-1304803799 tempest-LiveAutoBlockMigrationV225Test-1304803799-project] [instance: 8c8bb0dc-388c-49c1-9f7c-a289c468acfe] Fetching instance by UUID {{(pid=124185) get /opt/stack/nova/nova/compute/api.py:2866}}
Feb 09 02:43:06.629844 n-d-827839-4 devstack@n-api.service[124185]: DEBUG oslo_concurrency.lockutils [None req-ff9f3f92-5200-4682-8546-baf98bc71b80 tempest-LiveAutoBlockMigrationV225Test-1304803799 tempest-LiveAutoBlockMigrationV225Test-1304803799-project] Lock "1f687ed1-a790-47bc-8f9e-1c4adf7647d0" acquired by "nova.context.set_target_cell..get_or_set_cached_cell_and_set_connections" :: waited 0.000s {{(pid=124185) inner /usr/local/lib/python3.8/dist-packages/oslo_concurrency/lockutils.py:386}}
Feb 09 02:43:06.630663 n-d-827839-4 devstack@n-api.service[124185]: DEBUG oslo_concurrency.lockutils [None req-ff9f3f92-5200-4682-8546-baf98bc71b80 tempest-LiveAutoBlockMigrationV225Test-1304803799 tempest-LiveAutoBlockMigrationV225Test-1304803799-project] Lock "1f687ed1-a790-47bc-8f9e-1c4adf7647d0" "released" by "nova.context.set_target_cell..get_or_set_cached_cell_and_set_connections" :: held 0.001s {{(pid=124185) inner /usr/local/lib/python3.8/dist-packages/oslo_concurrency/lockutils.py:400}}
Feb 09 02:43:06.631721 n-d-827839-4 devstack@n-api.service[124185]: DEBUG oslo_concurrency.lockutils [None req-ff9f3f92-5200-4682-8546-baf98bc71b80 tempest-LiveAutoBlockMigrationV225Test-1304803799 tempest-LiveAutoBlockMigrationV225Test-1304803799-project] Lock "1f687ed1-a790-47bc-8f9e-1c4adf7647d0" acquired by "nova.context.set_target_cell..get_or_set_cached_cell_and_set_connections" :: waited 0.000s {{(pid=124185) inner /usr/local/lib/python3.8/dist-packages/oslo_concurrency/lockutils.py:386}}
Feb 09 02:43:06.632220 n-d-827839-4 devstack@n-api.service[124185]: DEBUG oslo_concurrency.lockutils [None req-ff9f3f92-5200-4682-8546-baf98bc71b80 tempest-LiveAutoBlockMigrationV225Test-1304803799 tempest-LiveAutoBlockMigrationV225Test-1304803799-project] Lock "1f687ed1-a790-47bc-8f9e-1c4adf7647d0" "released" by "nova.context.set_target_cell..get_or_set_cached_cell_and_set_connections" :: held 0.000s {{(pid=124185) inner /usr/local/lib/python3.8/dist-packages/oslo_concurrency/lockutils.py:400}}
Feb 09 02:43:06.766227 n-d-827839-4 devstack@n-api.service[124186]: DEBUG nova.policy [None req-b1144700-e66a-4418-810c-f69af459fdb2 tempest-DeleteServersAdminTestJSON-223516747 tempest-DeleteServersAdminTestJSON-223516747-project] Policy check for os_compute_api:os-extended-server-attributes failed with credentials {'is_admin': False, 'user_id': '8bd6aa04376b401eb0b65861852eb594', 'user_domain_id': 'default', 'system_scope': None, 'domain_id': None, 'project_id': '1663583b8ad248c9bc2eeeb8ee73d4d0', 'project_domain_id': 'default', 'roles': ['member', 'reader'], 'is_admin_project': True, 'service_user_id': None, 'service_user_domain_id': None, 'service_project_id': None, 'service_project_domain_id': None, 'service_roles': []} {{(pid=124186) authorize /opt/stack/nova/nova/policy.py:199}}
Feb 09 02:43:06.773989 n-d-827839-4 devstack@n-api.service[124186]: INFO nova.api.openstack.requestlog [None req-b1144700-e66a-4418-810c-f69af459fdb2 tempest-DeleteServersAdminTestJSON-223516747 tempest-DeleteServersAdminTestJSON-223516747-project] 10.222.0.32 "GET /compute/v2.1/servers/b1e2b205-ef55-4360-abbf-f12cec9f77a6" status: 200 len: 1320 microversion: 2.1 time: 0.338512
Feb 09 02:43:06.776261 n-d-827839-4 devstack@n-api.service[124186]: [pid: 124186|app: 0|req: 89/157] 10.222.0.32 () {58 vars in 1235 bytes} [Wed Feb 9 02:43:06 2022] GET /compute/v2.1/servers/b1e2b205-ef55-4360-abbf-f12cec9f77a6 => generated 1320 bytes in 341 msecs (HTTP/1.1 200) 9 headers in 358 bytes (1 switches on core 0)
Feb 09 02:43:06.962346 n-d-827839-4 devstack@n-api.service[124185]: DEBUG nova.policy [None req-ff9f3f92-5200-4682-8546-baf98bc71b80 tempest-LiveAutoBlockMigrationV225Test-1304803799 tempest-LiveAutoBlockMigrationV225Test-1304803799-project] Policy check for os_compute_api:os-extended-server-attributes failed with credentials {'is_admin': False, 'user_id': 'ee3d7d4727d8446698b07de91fb170d2', 'user_domain_id': 'default', 'system_scope': None, 'domain_id': None, 'project_id': '7e39c9e1d96f4074ab8d3ba88a89a77e', 'project_domain_id': 'default', 'roles': ['member', 'reader'], 'is_admin_project': True, 'service_user_id': None, 'service_user_domain_id': None, 'service_project_id': None, 'service_project_domain_id': None, 'service_roles': []} {{(pid=124185) authorize /opt/stack/nova/nova/policy.py:199}}
Feb 09 02:43:06.971470 n-d-827839-4 devstack@n-api.service[124185]: DEBUG nova.policy [None req-ff9f3f92-5200-4682-8546-baf98bc71b80 tempest-LiveAutoBlockMigrationV225Test-1304803799 tempest-LiveAutoBlockMigrationV225Test-1304803799-project] Policy check for os_compute_api:servers:show:host_status failed with credentials {'is_admin': False, 'user_id': 'ee3d7d4727d8446698b07de91fb170d2', 'user_domain_id': 'default', 'system_scope': None, 'domain_id': None, 'project_id': '7e39c9e1d96f4074ab8d3ba88a89a77e', 'project_domain_id': 'default', 'roles': ['member', 'reader'], 'is_admin_project': True, 'service_user_id': None, 'service_user_domain_id': None, 'service_project_id': None, 'service_project_domain_id': None, 'service_roles': []} {{(pid=124185) authorize /opt/stack/nova/nova/policy.py:199}}
Feb 09 02:43:06.976344 n-d-827839-4 devstack@n-api.service[124185]: DEBUG nova.policy [None req-ff9f3f92-5200-4682-8546-baf98bc71b80 tempest-LiveAutoBlockMigrationV225Test-1304803799 tempest-LiveAutoBlockMigrationV225Test-1304803799-project] Policy check for os_compute_api:servers:show:host_status:unknown-only failed with credentials {'is_admin': False, 'user_id': 'ee3d7d4727d8446698b07de91fb170d2', 'user_domain_id': 'default', 'system_scope': None, 'domain_id': None, 'project_id': '7e39c9e1d96f4074ab8d3ba88a89a77e', 'project_domain_id': 'default', 'roles': ['member', 'reader'], 'is_admin_project': True, 'service_user_id': None, 'service_user_domain_id': None, 'service_project_id': None, 'service_project_domain_id': None, 'service_roles': []} {{(pid=124185) authorize /opt/stack/nova/nova/policy.py:199}}
Feb 09 02:43:06.977483 n-d-827839-4 devstack@n-api.service[124185]: INFO nova.api.openstack.requestlog [None req-ff9f3f92-5200-4682-8546-baf98bc71b80 tempest-LiveAutoBlockMigrationV225Test-1304803799 tempest-LiveAutoBlockMigrationV225Test-1304803799-project] 10.222.0.32 "GET /compute/v2.1/servers/8c8bb0dc-388c-49c1-9f7c-a289c468acfe" status: 200 len: 1384 microversion: 2.25 time: 0.371115
Feb 09 02:43:06.978051 n-d-827839-4 devstack@n-api.service[124185]: [pid: 124185|app: 0|req: 69/158] 10.222.0.32 () {60 vars in 1276 bytes} [Wed Feb 9 02:43:06 2022] GET /compute/v2.1/servers/8c8bb0dc-388c-49c1-9f7c-a289c468acfe => generated 1384 bytes in 372 msecs (HTTP/1.1 200) 9 headers in 360 bytes (1 switches on core 0)
Feb 09 02:43:07.020189 n-d-827839-4 devstack@n-api.service[124186]: DEBUG nova.api.openstack.wsgi [None req-17ac9b28-356d-4241-8d2a-322c86d1ebcf tempest-LiveMigrationNegativeTest-744966383 tempest-LiveMigrationNegativeTest-744966383-project] Calling method '>' {{(pid=124186) _process_stack /opt/stack/nova/nova/api/openstack/wsgi.py:513}}
Feb 09 02:43:07.020719 n-d-827839-4 devstack@n-api.service[124186]: DEBUG nova.compute.api [None req-17ac9b28-356d-4241-8d2a-322c86d1ebcf tempest-LiveMigrationNegativeTest-744966383 tempest-LiveMigrationNegativeTest-744966383-project] [instance: 15615fef-8f41-4b1e-a93b-7b67b8a7b798] Fetching instance by UUID {{(pid=124186) get /opt/stack/nova/nova/compute/api.py:2866}}
Feb 09 02:43:07.027280 n-d-827839-4 devstack@n-api.service[124186]: DEBUG oslo_concurrency.lockutils [None req-17ac9b28-356d-4241-8d2a-322c86d1ebcf tempest-LiveMigrationNegativeTest-744966383 tempest-LiveMigrationNegativeTest-744966383-project] Lock "1f687ed1-a790-47bc-8f9e-1c4adf7647d0" acquired by "nova.context.set_target_cell..get_or_set_cached_cell_and_set_connections" :: waited 0.000s {{(pid=124186) inner /usr/local/lib/python3.8/dist-packages/oslo_concurrency/lockutils.py:386}}
Feb 09 02:43:07.028054 n-d-827839-4 devstack@n-api.service[124186]: DEBUG oslo_concurrency.lockutils [None req-17ac9b28-356d-4241-8d2a-322c86d1ebcf tempest-LiveMigrationNegativeTest-744966383 tempest-LiveMigrationNegativeTest-744966383-project] Lock "1f687ed1-a790-47bc-8f9e-1c4adf7647d0" "released" by "nova.context.set_target_cell..get_or_set_cached_cell_and_set_connections" :: held 0.001s {{(pid=124186) inner /usr/local/lib/python3.8/dist-packages/oslo_concurrency/lockutils.py:400}}
Feb 09 02:43:07.029324 n-d-827839-4 devstack@n-api.service[124186]: DEBUG oslo_concurrency.lockutils [None req-17ac9b28-356d-4241-8d2a-322c86d1ebcf tempest-LiveMigrationNegativeTest-744966383 tempest-LiveMigrationNegativeTest-744966383-project] Lock "1f687ed1-a790-47bc-8f9e-1c4adf7647d0" acquired by "nova.context.set_target_cell..get_or_set_cached_cell_and_set_connections" :: waited 0.000s {{(pid=124186) inner /usr/local/lib/python3.8/dist-packages/oslo_concurrency/lockutils.py:386}}
Feb 09 02:43:07.030012 n-d-827839-4 devstack@n-api.service[124186]: DEBUG oslo_concurrency.lockutils [None req-17ac9b28-356d-4241-8d2a-322c86d1ebcf tempest-LiveMigrationNegativeTest-744966383 tempest-LiveMigrationNegativeTest-744966383-project] Lock "1f687ed1-a790-47bc-8f9e-1c4adf7647d0" "released" by "nova.context.set_target_cell..get_or_set_cached_cell_and_set_connections" :: held 0.001s {{(pid=124186) inner /usr/local/lib/python3.8/dist-packages/oslo_concurrency/lockutils.py:400}}
Feb 09 02:43:07.210066 n-d-827839-4 devstack@n-api.service[124185]: DEBUG nova.api.openstack.wsgi [None req-14315ab5-af33-4a98-b449-1bacd6c61d0f tempest-AggregatesAdminTestJSON-2104790894 tempest-AggregatesAdminTestJSON-2104790894-project] Calling method '>' {{(pid=124185) _process_stack /opt/stack/nova/nova/api/openstack/wsgi.py:513}}
Feb 09 02:43:07.210960 n-d-827839-4 devstack@n-api.service[124185]: DEBUG nova.compute.api [None req-14315ab5-af33-4a98-b449-1bacd6c61d0f tempest-AggregatesAdminTestJSON-2104790894 tempest-AggregatesAdminTestJSON-2104790894-project] [instance: 979f825b-df76-4f27-9648-741a564f3f58] Fetching instance by UUID {{(pid=124185) get /opt/stack/nova/nova/compute/api.py:2866}}
Feb 09 02:43:07.219181 n-d-827839-4 devstack@n-api.service[124185]: DEBUG oslo_concurrency.lockutils [None req-14315ab5-af33-4a98-b449-1bacd6c61d0f tempest-AggregatesAdminTestJSON-2104790894 tempest-AggregatesAdminTestJSON-2104790894-project] Lock "1f687ed1-a790-47bc-8f9e-1c4adf7647d0" acquired by "nova.context.set_target_cell..get_or_set_cached_cell_and_set_connections" :: waited 0.000s {{(pid=124185) inner /usr/local/lib/python3.8/dist-packages/oslo_concurrency/lockutils.py:386}}
Feb 09 02:43:07.219942 n-d-827839-4 devstack@n-api.service[124185]: DEBUG oslo_concurrency.lockutils [None req-14315ab5-af33-4a98-b449-1bacd6c61d0f tempest-AggregatesAdminTestJSON-2104790894 tempest-AggregatesAdminTestJSON-2104790894-project] Lock "1f687ed1-a790-47bc-8f9e-1c4adf7647d0" "released" by "nova.context.set_target_cell..get_or_set_cached_cell_and_set_connections" :: held 0.001s {{(pid=124185) inner /usr/local/lib/python3.8/dist-packages/oslo_concurrency/lockutils.py:400}}
Feb 09 02:43:07.223663 n-d-827839-4 devstack@n-api.service[124186]: DEBUG nova.policy [None req-17ac9b28-356d-4241-8d2a-322c86d1ebcf tempest-LiveMigrationNegativeTest-744966383 tempest-LiveMigrationNegativeTest-744966383-project] Policy check for os_compute_api:os-extended-server-attributes failed with credentials {'is_admin': False, 'user_id': 'aa6d50cacafd494899fc44ab815c8890', 'user_domain_id': 'default', 'system_scope': None, 'domain_id': None, 'project_id': '3e9db644695141f1917836674d37ffa4', 'project_domain_id': 'default', 'roles': ['member', 'reader'], 'is_admin_project': True, 'service_user_id': None, 'service_user_domain_id': None, 'service_project_id': None, 'service_project_domain_id': None, 'service_roles': []} {{(pid=124186) authorize /opt/stack/nova/nova/policy.py:199}}
Feb 09 02:43:07.233795 n-d-827839-4 devstack@n-api.service[124186]: INFO nova.api.openstack.requestlog [None req-17ac9b28-356d-4241-8d2a-322c86d1ebcf tempest-LiveMigrationNegativeTest-744966383 tempest-LiveMigrationNegativeTest-744966383-project] 10.222.0.32 "GET /compute/v2.1/servers/15615fef-8f41-4b1e-a93b-7b67b8a7b798" status: 200 len: 1318 microversion: 2.1 time: 0.217840
Feb 09 02:43:07.235327 n-d-827839-4 devstack@n-api.service[124185]: DEBUG oslo_concurrency.lockutils [None req-14315ab5-af33-4a98-b449-1bacd6c61d0f tempest-AggregatesAdminTestJSON-2104790894 tempest-AggregatesAdminTestJSON-2104790894-project] Lock "1f687ed1-a790-47bc-8f9e-1c4adf7647d0" acquired by "nova.context.set_target_cell..get_or_set_cached_cell_and_set_connections" :: waited 0.000s {{(pid=124185) inner /usr/local/lib/python3.8/dist-packages/oslo_concurrency/lockutils.py:386}}
Feb 09 02:43:07.236335 n-d-827839-4 devstack@n-api.service[124185]: DEBUG oslo_concurrency.lockutils [None req-14315ab5-af33-4a98-b449-1bacd6c61d0f tempest-AggregatesAdminTestJSON-2104790894 tempest-AggregatesAdminTestJSON-2104790894-project] Lock "1f687ed1-a790-47bc-8f9e-1c4adf7647d0" "released" by "nova.context.set_target_cell..get_or_set_cached_cell_and_set_connections" :: held 0.001s {{(pid=124185) inner /usr/local/lib/python3.8/dist-packages/oslo_concurrency/lockutils.py:400}}
Feb 09 02:43:07.240265 n-d-827839-4 devstack@n-api.service[124186]: [pid: 124186|app: 0|req: 90/159] 10.222.0.32 () {58 vars in 1235 bytes} [Wed Feb 9 02:43:07 2022] GET /compute/v2.1/servers/15615fef-8f41-4b1e-a93b-7b67b8a7b798 => generated 1318 bytes in 225 msecs (HTTP/1.1 200) 9 headers in 358 bytes (1 switches on core 0)
Feb 09 02:43:07.252036 n-d-827839-4 devstack@n-api.service[124185]: INFO nova.api.openstack.wsgi [None req-14315ab5-af33-4a98-b449-1bacd6c61d0f tempest-AggregatesAdminTestJSON-2104790894 tempest-AggregatesAdminTestJSON-2104790894-project] HTTP exception thrown: Instance 979f825b-df76-4f27-9648-741a564f3f58 could not be found.
Feb 09 02:43:07.252834 n-d-827839-4 devstack@n-api.service[124185]: DEBUG nova.api.openstack.wsgi [None req-14315ab5-af33-4a98-b449-1bacd6c61d0f tempest-AggregatesAdminTestJSON-2104790894 tempest-AggregatesAdminTestJSON-2104790894-project] Returning 404 to user: Instance 979f825b-df76-4f27-9648-741a564f3f58 could not be found. {{(pid=124185) __call__ /opt/stack/nova/nova/api/openstack/wsgi.py:936}}
Feb 09 02:43:07.253719 n-d-827839-4 devstack@n-api.service[124185]: INFO nova.api.openstack.requestlog [None req-14315ab5-af33-4a98-b449-1bacd6c61d0f tempest-AggregatesAdminTestJSON-2104790894 tempest-AggregatesAdminTestJSON-2104790894-project] 10.222.0.32 "GET /compute/v2.1/servers/979f825b-df76-4f27-9648-741a564f3f58" status: 404 len: 111 microversion: 2.1 time: 0.047832
Feb 09 02:43:07.254600 n-d-827839-4 devstack@n-api.service[124185]: [pid: 124185|app: 0|req: 70/160] 10.222.0.32 () {58 vars in 1235 bytes} [Wed Feb 9 02:43:07 2022] GET /compute/v2.1/servers/979f825b-df76-4f27-9648-741a564f3f58 => generated 111 bytes in 50 msecs (HTTP/1.1 404) 9 headers in 379 bytes (2 switches on core 0)
Feb 09 02:43:07.264809 n-d-827839-4 devstack@n-api.service[124186]: DEBUG nova.api.openstack.wsgi [None req-4c567f0e-026b-464f-b617-9961d96386b9 tempest-AggregatesAdminTestJSON-899668943 tempest-AggregatesAdminTestJSON-899668943-project-admin] Action: 'action', calling method: >, body: {"remove_host": {"host": "n-h1-827839-4"}} {{(pid=124186) _process_stack /opt/stack/nova/nova/api/openstack/wsgi.py:511}}
Feb 09 02:43:07.267131 n-d-827839-4 devstack@n-api.service[124186]: /usr/local/lib/python3.8/dist-packages/oslo_policy/policy.py:1119: UserWarning: Policy "os_compute_api:os-aggregates:remove_host": "rule:system_admin_api" failed scope check. The token used to make the request was project scoped but the policy requires ['system'] scope. This behavior may change in the future where using the intended scope is required
Feb 09 02:43:07.267131 n-d-827839-4 devstack@n-api.service[124186]: warnings.warn(msg)
Feb 09 02:43:07.278539 n-d-827839-4 devstack@n-api.service[124186]: DEBUG oslo_concurrency.lockutils [None req-4c567f0e-026b-464f-b617-9961d96386b9 tempest-AggregatesAdminTestJSON-899668943 tempest-AggregatesAdminTestJSON-899668943-project-admin] Lock "1f687ed1-a790-47bc-8f9e-1c4adf7647d0" acquired by "nova.context.set_target_cell..get_or_set_cached_cell_and_set_connections" :: waited 0.000s {{(pid=124186) inner /usr/local/lib/python3.8/dist-packages/oslo_concurrency/lockutils.py:386}}
Feb 09 02:43:07.279008 n-d-827839-4 devstack@n-api.service[124186]: DEBUG oslo_concurrency.lockutils [None req-4c567f0e-026b-464f-b617-9961d96386b9 tempest-AggregatesAdminTestJSON-899668943 tempest-AggregatesAdminTestJSON-899668943-project-admin] Lock "1f687ed1-a790-47bc-8f9e-1c4adf7647d0" "released" by "nova.context.set_target_cell..get_or_set_cached_cell_and_set_connections" :: held 0.001s {{(pid=124186) inner /usr/local/lib/python3.8/dist-packages/oslo_concurrency/lockutils.py:400}}
Feb 09 02:43:07.426802 n-d-827839-4 devstack@n-api.service[124186]: INFO nova.api.openstack.requestlog [None req-4c567f0e-026b-464f-b617-9961d96386b9 tempest-AggregatesAdminTestJSON-899668943 tempest-AggregatesAdminTestJSON-899668943-project-admin] 10.222.0.32 "POST /compute/v2.1/os-aggregates/1/action" status: 200 len: 300 microversion: 2.1 time: 0.167288
Feb 09 02:43:07.428706 n-d-827839-4 devstack@n-api.service[124186]: [pid: 124186|app: 0|req: 91/161] 10.222.0.32 () {60 vars in 1190 bytes} [Wed Feb 9 02:43:07 2022] POST /compute/v2.1/os-aggregates/1/action => generated 300 bytes in 170 msecs (HTTP/1.1 200) 9 headers in 357 bytes (1 switches on core 0)
Feb 09 02:43:07.439271 n-d-827839-4 devstack@n-api.service[124185]: DEBUG nova.api.openstack.wsgi [None req-43eea8f4-ae1f-49eb-8194-d7b7048b5ca7 tempest-AggregatesAdminTestJSON-899668943 tempest-AggregatesAdminTestJSON-899668943-project-admin] Calling method '>' {{(pid=124185) _process_stack /opt/stack/nova/nova/api/openstack/wsgi.py:513}}
Feb 09 02:43:07.440143 n-d-827839-4 devstack@n-api.service[124185]: /usr/local/lib/python3.8/dist-packages/oslo_policy/policy.py:1119: UserWarning: Policy "os_compute_api:os-aggregates:delete": "rule:system_admin_api" failed scope check. The token used to make the request was project scoped but the policy requires ['system'] scope. This behavior may change in the future where using the intended scope is required
Feb 09 02:43:07.440143 n-d-827839-4 devstack@n-api.service[124185]: warnings.warn(msg)
Feb 09 02:43:07.478223 n-d-827839-4 devstack@n-api.service[124185]: INFO nova.api.openstack.requestlog [None req-43eea8f4-ae1f-49eb-8194-d7b7048b5ca7 tempest-AggregatesAdminTestJSON-899668943 tempest-AggregatesAdminTestJSON-899668943-project-admin] 10.222.0.32 "DELETE /compute/v2.1/os-aggregates/1" status: 200 len: 0 microversion: 2.1 time: 0.042717
Feb 09 02:43:07.479243 n-d-827839-4 devstack@n-api.service[124185]: [pid: 124185|app: 0|req: 71/162] 10.222.0.32 () {58 vars in 1151 bytes} [Wed Feb 9 02:43:07 2022] DELETE /compute/v2.1/os-aggregates/1 => generated 0 bytes in 45 msecs (HTTP/1.1 200) 9 headers in 355 bytes (2 switches on core 0)
Feb 09 02:43:07.491661 n-d-827839-4 devstack@n-api.service[124186]: DEBUG nova.api.openstack.wsgi [None req-3516d892-9601-46fa-9e0a-fe27262cafc4 tempest-AggregatesAdminTestJSON-899668943 tempest-AggregatesAdminTestJSON-899668943-project-admin] Action: 'create', calling method: >, body: {"aggregate": {"name": "tempest-test_aggregate-373487444"}} {{(pid=124186) _process_stack /opt/stack/nova/nova/api/openstack/wsgi.py:511}}
Feb 09 02:43:07.493316 n-d-827839-4 devstack@n-api.service[124186]: /usr/local/lib/python3.8/dist-packages/oslo_policy/policy.py:1119: UserWarning: Policy "os_compute_api:os-aggregates:create": "rule:system_admin_api" failed scope check. The token used to make the request was project scoped but the policy requires ['system'] scope. This behavior may change in the future where using the intended scope is required
Feb 09 02:43:07.493316 n-d-827839-4 devstack@n-api.service[124186]: warnings.warn(msg)
Feb 09 02:43:07.494621 n-d-827839-4 devstack@n-api.service[124186]: DEBUG nova.objects.aggregate [None req-3516d892-9601-46fa-9e0a-fe27262cafc4 tempest-AggregatesAdminTestJSON-899668943 tempest-AggregatesAdminTestJSON-899668943-project-admin] Generated uuid 0a4b1327-76c2-4949-b714-f9cad8361df2 for aggregate {{(pid=124186) create /opt/stack/nova/nova/objects/aggregate.py:298}}
Feb 09 02:43:07.525504 n-d-827839-4 devstack@n-api.service[124186]: INFO nova.api.openstack.requestlog [None req-3516d892-9601-46fa-9e0a-fe27262cafc4 tempest-AggregatesAdminTestJSON-899668943 tempest-AggregatesAdminTestJSON-899668943-project-admin] 10.222.0.32 "POST /compute/v2.1/os-aggregates" status: 200 len: 197 microversion: 2.1 time: 0.036895
Feb 09 02:43:07.526494 n-d-827839-4 devstack@n-api.service[124186]: [pid: 124186|app: 0|req: 92/163] 10.222.0.32 () {60 vars in 1163 bytes} [Wed Feb 9 02:43:07 2022] POST /compute/v2.1/os-aggregates => generated 197 bytes in 39 msecs (HTTP/1.1 200) 9 headers in 357 bytes (1 switches on core 0)
