Feb 08 17:54:22.868002 n-d-827839-3 devstack@placement-api.service[110270]: INFO placement.requestlog [req-1fa9aa02-2457-427d-b5ca-37b2530b08fe req-bbdf0233-7a76-4b88-839e-3053d2db47e3 service placement] 10.222.0.107 "DELETE /placement/allocations/30a5c8e3-8f8b-4454-b7c9-cabd70c27b63" status: 204 len: 0 microversion: 1.0
Feb 08 17:54:22.869577 n-d-827839-3 devstack@placement-api.service[110270]: [pid: 110270|app: 0|req: 259/513] 10.222.0.107 () {60 vars in 1356 bytes} [Tue Feb 8 17:54:22 2022] DELETE /placement/allocations/30a5c8e3-8f8b-4454-b7c9-cabd70c27b63 => generated 0 bytes in 42 msecs (HTTP/1.1 204) 5 headers in 198 bytes (1 switches on core 0)
Feb 08 17:54:25.809996 n-d-827839-3 devstack@placement-api.service[110271]: DEBUG placement.requestlog [req-0ab87dc9-a09f-4d51-9fe3-568c71ca51ab req-74f9dbed-517f-4361-a826-4d32a096b28c None None] Starting request: 10.222.0.107 "DELETE /placement/allocations/b108f63e-6177-493b-8d8c-96a055dcc53d" {{(pid=110271) __call__ /opt/stack/placement/placement/requestlog.py:55}}
Feb 08 17:54:25.878104 n-d-827839-3 devstack@placement-api.service[110271]: DEBUG placement.handlers.allocation [req-0ab87dc9-a09f-4d51-9fe3-568c71ca51ab req-74f9dbed-517f-4361-a826-4d32a096b28c service placement] Successfully deleted allocations [, , ] {{(pid=110271) delete_allocations /opt/stack/placement/placement/handlers/allocation.py:627}}
Feb 08 17:54:25.879311 n-d-827839-3 devstack@placement-api.service[110271]: INFO placement.requestlog [req-0ab87dc9-a09f-4d51-9fe3-568c71ca51ab req-74f9dbed-517f-4361-a826-4d32a096b28c service placement] 10.222.0.107 "DELETE /placement/allocations/b108f63e-6177-493b-8d8c-96a055dcc53d" status: 204 len: 0 microversion: 1.0
Feb 08 17:54:25.880336 n-d-827839-3 devstack@placement-api.service[110271]: [pid: 110271|app: 0|req: 255/514] 10.222.0.107 () {60 vars in 1356 bytes} [Tue Feb 8 17:54:25 2022] DELETE /placement/allocations/b108f63e-6177-493b-8d8c-96a055dcc53d => generated 0 bytes in 70 msecs (HTTP/1.1 204) 5 headers in 198 bytes (1 switches on core 0)
Feb 08 17:54:29.115547 n-d-827839-3 devstack@placement-api.service[110270]: DEBUG placement.requestlog [req-0cb62bd8-a527-4955-ab0c-be3b45db902f req-18a6b85c-7f1f-4354-a1fa-4b84d47bc549 None None] Starting request: 10.222.0.45 "DELETE /placement/allocations/7713d09a-e9f2-4795-973d-31dc18f6fd2c" {{(pid=110270) __call__ /opt/stack/placement/placement/requestlog.py:55}}
Feb 08 17:54:29.223248 n-d-827839-3 devstack@placement-api.service[110270]: DEBUG placement.handlers.allocation [req-0cb62bd8-a527-4955-ab0c-be3b45db902f req-18a6b85c-7f1f-4354-a1fa-4b84d47bc549 service placement] Successfully deleted allocations [, ] {{(pid=110270) delete_allocations /opt/stack/placement/placement/handlers/allocation.py:627}}
Feb 08 17:54:29.223764 n-d-827839-3 devstack@placement-api.service[110270]: INFO placement.requestlog [req-0cb62bd8-a527-4955-ab0c-be3b45db902f req-18a6b85c-7f1f-4354-a1fa-4b84d47bc549 service placement] 10.222.0.45 "DELETE /placement/allocations/7713d09a-e9f2-4795-973d-31dc18f6fd2c" status: 204 len: 0 microversion: 1.0
Feb 08 17:54:29.225212 n-d-827839-3 devstack@placement-api.service[110270]: [pid: 110270|app: 0|req: 260/515] 10.222.0.45 () {60 vars in 1355 bytes} [Tue Feb 8 17:54:29 2022] DELETE /placement/allocations/7713d09a-e9f2-4795-973d-31dc18f6fd2c => generated 0 bytes in 111 msecs (HTTP/1.1 204) 5 headers in 198 bytes (2 switches on core 0)
Feb 08 17:54:32.372054 n-d-827839-3 devstack@placement-api.service[110271]: DEBUG placement.requestlog [req-32fb6963-5538-47fb-9d18-e8dd76ce3771 req-979a7ed9-002b-4467-8cf3-0051a54ef6a0 None None] Starting request: 10.222.0.30 "GET /placement/allocation_candidates?limit=1000&resources=DISK_GB%3A1%2CMEMORY_MB%3A1024%2CVCPU%3A1&root_required=%21COMPUTE_STATUS_DISABLED" {{(pid=110271) __call__ /opt/stack/placement/placement/requestlog.py:55}}
Feb 08 17:54:32.925083 n-d-827839-3 devstack@placement-api.service[110271]: DEBUG placement.objects.research_context [req-32fb6963-5538-47fb-9d18-e8dd76ce3771 req-979a7ed9-002b-4467-8cf3-0051a54ef6a0 service placement] getting providers with 1 DISK_GB {{(pid=110271) __init__ /opt/stack/placement/placement/objects/research_context.py:126}}
Feb 08 17:54:32.938206 n-d-827839-3 devstack@placement-api.service[110271]: DEBUG placement.objects.research_context [req-32fb6963-5538-47fb-9d18-e8dd76ce3771 req-979a7ed9-002b-4467-8cf3-0051a54ef6a0 service placement] getting providers with 1024 MEMORY_MB {{(pid=110271) __init__ /opt/stack/placement/placement/objects/research_context.py:126}}
Feb 08 17:54:32.953894 n-d-827839-3 devstack@placement-api.service[110271]: DEBUG placement.objects.research_context [req-32fb6963-5538-47fb-9d18-e8dd76ce3771 req-979a7ed9-002b-4467-8cf3-0051a54ef6a0 service placement] getting providers with 1 VCPU {{(pid=110271) __init__ /opt/stack/placement/placement/objects/research_context.py:126}}
Feb 08 17:54:32.972283 n-d-827839-3 devstack@placement-api.service[110271]: DEBUG placement.objects.research_context [req-32fb6963-5538-47fb-9d18-e8dd76ce3771 req-979a7ed9-002b-4467-8cf3-0051a54ef6a0 service placement] found 2 providers with available 1 DISK_GB {{(pid=110271) get_provider_ids_matching /opt/stack/placement/placement/objects/research_context.py:549}}
Feb 08 17:54:32.973387 n-d-827839-3 devstack@placement-api.service[110271]: DEBUG placement.objects.research_context [req-32fb6963-5538-47fb-9d18-e8dd76ce3771 req-979a7ed9-002b-4467-8cf3-0051a54ef6a0 service placement] found 2 providers with available 1024 MEMORY_MB {{(pid=110271) get_provider_ids_matching /opt/stack/placement/placement/objects/research_context.py:549}}
Feb 08 17:54:32.973873 n-d-827839-3 devstack@placement-api.service[110271]: DEBUG placement.objects.research_context [req-32fb6963-5538-47fb-9d18-e8dd76ce3771 req-979a7ed9-002b-4467-8cf3-0051a54ef6a0 service placement] found 2 providers after filtering by previous result {{(pid=110271) get_provider_ids_matching /opt/stack/placement/placement/objects/research_context.py:580}}
Feb 08 17:54:32.974313 n-d-827839-3 devstack@placement-api.service[110271]: DEBUG placement.objects.research_context [req-32fb6963-5538-47fb-9d18-e8dd76ce3771 req-979a7ed9-002b-4467-8cf3-0051a54ef6a0 service placement] found 2 providers with available 1 VCPU {{(pid=110271) get_provider_ids_matching /opt/stack/placement/placement/objects/research_context.py:549}}
Feb 08 17:54:32.974764 n-d-827839-3 devstack@placement-api.service[110271]: DEBUG placement.objects.research_context [req-32fb6963-5538-47fb-9d18-e8dd76ce3771 req-979a7ed9-002b-4467-8cf3-0051a54ef6a0 service placement] found 2 providers after filtering by previous result {{(pid=110271) get_provider_ids_matching /opt/stack/placement/placement/objects/research_context.py:580}}
Feb 08 17:54:33.003534 n-d-827839-3 devstack@placement-api.service[110271]: DEBUG placement.objects.allocation_candidate [req-32fb6963-5538-47fb-9d18-e8dd76ce3771 req-979a7ed9-002b-4467-8cf3-0051a54ef6a0 service placement] RequestGroup(use_same_provider=False, resources={DISK_GB:1, MEMORY_MB:1024, VCPU:1}, traits=[], aggregates=[]) (suffix '') returned 2 matches {{(pid=110271) _get_by_requests /opt/stack/placement/placement/objects/allocation_candidate.py:145}}
Feb 08 17:54:33.004775 n-d-827839-3 devstack@placement-api.service[110271]: DEBUG placement.objects.allocation_candidate [req-32fb6963-5538-47fb-9d18-e8dd76ce3771 req-979a7ed9-002b-4467-8cf3-0051a54ef6a0 service placement] Merging candidates yields 2 allocation requests and 2 provider summaries {{(pid=110271) _merge_candidates /opt/stack/placement/placement/objects/allocation_candidate.py:783}}
Feb 08 17:54:33.009627 n-d-827839-3 devstack@placement-api.service[110271]: INFO placement.requestlog [req-32fb6963-5538-47fb-9d18-e8dd76ce3771 req-979a7ed9-002b-4467-8cf3-0051a54ef6a0 service placement] 10.222.0.30 "GET /placement/allocation_candidates?limit=1000&resources=DISK_GB%3A1%2CMEMORY_MB%3A1024%2CVCPU%3A1&root_required=%21COMPUTE_STATUS_DISABLED" status: 200 len: 1309 microversion: 1.36
Feb 08 17:54:33.011319 n-d-827839-3 devstack@placement-api.service[110271]: [pid: 110271|app: 0|req: 256/516] 10.222.0.30 () {60 vars in 1506 bytes} [Tue Feb 8 17:54:32 2022] GET /placement/allocation_candidates?limit=1000&resources=DISK_GB%3A1%2CMEMORY_MB%3A1024%2CVCPU%3A1&root_required=%21COMPUTE_STATUS_DISABLED => generated 1309 bytes in 640 msecs (HTTP/1.1 200) 8 headers in 297 bytes (1 switches on core 0)
Feb 08 17:54:33.066135 n-d-827839-3 devstack@placement-api.service[110270]: DEBUG placement.requestlog [req-64304a5c-5834-4ae7-9911-addb6ce94817 req-8825020c-767f-40f0-98ee-d231da6b6e93 None None] Starting request: 10.222.0.45 "DELETE /placement/allocations/1d8e2b9b-a7e0-4c62-8091-cc751e6816bc" {{(pid=110270) __call__ /opt/stack/placement/placement/requestlog.py:55}}
Feb 08 17:54:33.102352 n-d-827839-3 devstack@placement-api.service[110271]: DEBUG placement.requestlog [req-32fb6963-5538-47fb-9d18-e8dd76ce3771 req-9c29b98d-7622-463a-a424-1634ff10f800 None None] Starting request: 10.222.0.30 "GET /placement/allocations/6551c377-45f8-48d0-b5e0-45be7f5bc086" {{(pid=110271) __call__ /opt/stack/placement/placement/requestlog.py:55}}
Feb 08 17:54:33.118190 n-d-827839-3 devstack@placement-api.service[110271]: INFO placement.requestlog [req-32fb6963-5538-47fb-9d18-e8dd76ce3771 req-9c29b98d-7622-463a-a424-1634ff10f800 service placement] 10.222.0.30 "GET /placement/allocations/6551c377-45f8-48d0-b5e0-45be7f5bc086" status: 200 len: 19 microversion: 1.28
Feb 08 17:54:33.124143 n-d-827839-3 devstack@placement-api.service[110271]: [pid: 110271|app: 0|req: 257/517] 10.222.0.30 () {60 vars in 1380 bytes} [Tue Feb 8 17:54:33 2022] GET /placement/allocations/6551c377-45f8-48d0-b5e0-45be7f5bc086 => generated 19 bytes in 22 msecs (HTTP/1.1 200) 8 headers in 295 bytes (1 switches on core 0)
Feb 08 17:54:33.125813 n-d-827839-3 devstack@placement-api.service[110271]: DEBUG placement.requestlog [req-32fb6963-5538-47fb-9d18-e8dd76ce3771 req-499d5550-e05a-478a-9d91-1821c6a4c2fe None None] Starting request: 10.222.0.30 "PUT /placement/allocations/6551c377-45f8-48d0-b5e0-45be7f5bc086" {{(pid=110271) __call__ /opt/stack/placement/placement/requestlog.py:55}}
Feb 08 17:54:33.224204 n-d-827839-3 devstack@placement-api.service[110270]: DEBUG placement.handlers.allocation [req-64304a5c-5834-4ae7-9911-addb6ce94817 req-8825020c-767f-40f0-98ee-d231da6b6e93 service placement] Successfully deleted allocations [, , ] {{(pid=110270) delete_allocations /opt/stack/placement/placement/handlers/allocation.py:627}}
Feb 08 17:54:33.225106 n-d-827839-3 devstack@placement-api.service[110270]: INFO placement.requestlog [req-64304a5c-5834-4ae7-9911-addb6ce94817 req-8825020c-767f-40f0-98ee-d231da6b6e93 service placement] 10.222.0.45 "DELETE /placement/allocations/1d8e2b9b-a7e0-4c62-8091-cc751e6816bc" status: 204 len: 0 microversion: 1.0
Feb 08 17:54:33.225985 n-d-827839-3 devstack@placement-api.service[110270]: [pid: 110270|app: 0|req: 261/518] 10.222.0.45 () {60 vars in 1355 bytes} [Tue Feb 8 17:54:33 2022] DELETE /placement/allocations/1d8e2b9b-a7e0-4c62-8091-cc751e6816bc => generated 0 bytes in 160 msecs (HTTP/1.1 204) 5 headers in 198 bytes (1 switches on core 0)
Feb 08 17:54:33.226950 n-d-827839-3 devstack@placement-api.service[110270]: DEBUG placement.requestlog [req-b3b95fb4-5b0c-420b-83a8-40b6402c1eee req-61f1593a-745d-486c-bdc1-775a2044e4e3 None None] Starting request: 10.222.0.107 "DELETE /placement/allocations/7970bc42-e64a-4058-8165-fbf2d980818e" {{(pid=110270) __call__ /opt/stack/placement/placement/requestlog.py:55}}
Feb 08 17:54:33.314599 n-d-827839-3 devstack@placement-api.service[110270]: DEBUG placement.handlers.allocation [req-b3b95fb4-5b0c-420b-83a8-40b6402c1eee req-61f1593a-745d-486c-bdc1-775a2044e4e3 service placement] Successfully deleted allocations [, , ] {{(pid=110270) delete_allocations /opt/stack/placement/placement/handlers/allocation.py:627}}
Feb 08 17:54:33.315381 n-d-827839-3 devstack@placement-api.service[110270]: INFO placement.requestlog [req-b3b95fb4-5b0c-420b-83a8-40b6402c1eee req-61f1593a-745d-486c-bdc1-775a2044e4e3 service placement] 10.222.0.107 "DELETE /placement/allocations/7970bc42-e64a-4058-8165-fbf2d980818e" status: 204 len: 0 microversion: 1.0
Feb 08 17:54:33.316083 n-d-827839-3 devstack@placement-api.service[110270]: [pid: 110270|app: 0|req: 262/519] 10.222.0.107 () {60 vars in 1356 bytes} [Tue Feb 8 17:54:33 2022] DELETE /placement/allocations/7970bc42-e64a-4058-8165-fbf2d980818e => generated 0 bytes in 89 msecs (HTTP/1.1 204) 5 headers in 198 bytes (1 switches on core 0)
Feb 08 17:54:33.386387 n-d-827839-3 devstack@placement-api.service[110271]: DEBUG placement.handlers.allocation [req-32fb6963-5538-47fb-9d18-e8dd76ce3771 req-499d5550-e05a-478a-9d91-1821c6a4c2fe service placement] Successfully wrote allocations [, , ] {{(pid=110271) _update_consumers_and_create_allocations /opt/stack/placement/placement/handlers/allocation.py:462}}
Feb 08 17:54:33.393952 n-d-827839-3 devstack@placement-api.service[110271]: INFO placement.requestlog [req-32fb6963-5538-47fb-9d18-e8dd76ce3771 req-499d5550-e05a-478a-9d91-1821c6a4c2fe service placement] 10.222.0.30 "PUT /placement/allocations/6551c377-45f8-48d0-b5e0-45be7f5bc086" status: 204 len: 0 microversion: 1.36
Feb 08 17:54:33.395301 n-d-827839-3 devstack@placement-api.service[110271]: [pid: 110271|app: 0|req: 258/520] 10.222.0.30 () {64 vars in 1433 bytes} [Tue Feb 8 17:54:33 2022] PUT /placement/allocations/6551c377-45f8-48d0-b5e0-45be7f5bc086 => generated 0 bytes in 270 msecs (HTTP/1.1 204) 5 headers in 199 bytes (1 switches on core 0)
Feb 08 17:54:34.118126 n-d-827839-3 devstack@placement-api.service[110270]: DEBUG placement.requestlog [req-32fb6963-5538-47fb-9d18-e8dd76ce3771 req-92deb57d-698d-4233-a837-97bc174a39e1 None None] Starting request: 10.222.0.107 "GET /placement/allocations/6551c377-45f8-48d0-b5e0-45be7f5bc086" {{(pid=110270) __call__ /opt/stack/placement/placement/requestlog.py:55}}
Feb 08 17:54:34.174948 n-d-827839-3 devstack@placement-api.service[110270]: INFO placement.requestlog [req-32fb6963-5538-47fb-9d18-e8dd76ce3771 req-92deb57d-698d-4233-a837-97bc174a39e1 service placement] 10.222.0.107 "GET /placement/allocations/6551c377-45f8-48d0-b5e0-45be7f5bc086" status: 200 len: 259 microversion: 1.28
Feb 08 17:54:34.175589 n-d-827839-3 devstack@placement-api.service[110270]: [pid: 110270|app: 0|req: 263/521] 10.222.0.107 () {60 vars in 1378 bytes} [Tue Feb 8 17:54:34 2022] GET /placement/allocations/6551c377-45f8-48d0-b5e0-45be7f5bc086 => generated 259 bytes in 58 msecs (HTTP/1.1 200) 8 headers in 296 bytes (1 switches on core 0)
Feb 08 17:54:39.453152 n-d-827839-3 devstack@placement-api.service[110271]: DEBUG placement.requestlog [req-5181f67c-6e65-4cd1-9368-ec337558f052 req-d4423ef9-93f7-49d3-b927-2b62ee0ef1fc None None] Starting request: 10.222.0.107 "DELETE /placement/allocations/2f6c1730-60f5-40be-8bcc-a78583f17108" {{(pid=110271) __call__ /opt/stack/placement/placement/requestlog.py:55}}
Feb 08 17:54:39.517746 n-d-827839-3 devstack@placement-api.service[110271]: DEBUG placement.handlers.allocation [req-5181f67c-6e65-4cd1-9368-ec337558f052 req-d4423ef9-93f7-49d3-b927-2b62ee0ef1fc service placement] Successfully deleted allocations [, , ] {{(pid=110271) delete_allocations /opt/stack/placement/placement/handlers/allocation.py:627}}
Feb 08 17:54:39.519555 n-d-827839-3 devstack@placement-api.service[110271]: INFO placement.requestlog [req-5181f67c-6e65-4cd1-9368-ec337558f052 req-d4423ef9-93f7-49d3-b927-2b62ee0ef1fc service placement] 10.222.0.107 "DELETE /placement/allocations/2f6c1730-60f5-40be-8bcc-a78583f17108" status: 204 len: 0 microversion: 1.0
Feb 08 17:54:39.523658 n-d-827839-3 devstack@placement-api.service[110271]: [pid: 110271|app: 0|req: 259/522] 10.222.0.107 () {60 vars in 1356 bytes} [Tue Feb 8 17:54:39 2022] DELETE /placement/allocations/2f6c1730-60f5-40be-8bcc-a78583f17108 => generated 0 bytes in 71 msecs (HTTP/1.1 204) 5 headers in 198 bytes (1 switches on core 0)
Feb 08 17:54:40.325986 n-d-827839-3 devstack@placement-api.service[110270]: DEBUG placement.requestlog [req-1028c5e1-2bbb-48cb-9912-08ae1cea9b13 req-906bbd41-7191-4794-be5b-f66f0c677203 None None] Starting request: 10.222.0.107 "DELETE /placement/allocations/a04766b4-16b2-4684-b3e1-370947337478" {{(pid=110270) __call__ /opt/stack/placement/placement/requestlog.py:55}}
Feb 08 17:54:40.373975 n-d-827839-3 devstack@placement-api.service[110270]: DEBUG placement.handlers.allocation [req-1028c5e1-2bbb-48cb-9912-08ae1cea9b13 req-906bbd41-7191-4794-be5b-f66f0c677203 service placement] Successfully deleted allocations [, , ] {{(pid=110270) delete_allocations /opt/stack/placement/placement/handlers/allocation.py:627}}
Feb 08 17:54:40.376919 n-d-827839-3 devstack@placement-api.service[110270]: INFO placement.requestlog [req-1028c5e1-2bbb-48cb-9912-08ae1cea9b13 req-906bbd41-7191-4794-be5b-f66f0c677203 service placement] 10.222.0.107 "DELETE /placement/allocations/a04766b4-16b2-4684-b3e1-370947337478" status: 204 len: 0 microversion: 1.0
Feb 08 17:54:40.378362 n-d-827839-3 devstack@placement-api.service[110270]: [pid: 110270|app: 0|req: 264/523] 10.222.0.107 () {60 vars in 1356 bytes} [Tue Feb 8 17:54:40 2022] DELETE /placement/allocations/a04766b4-16b2-4684-b3e1-370947337478 => generated 0 bytes in 53 msecs (HTTP/1.1 204) 5 headers in 198 bytes (1 switches on core 0)
Feb 08 17:54:44.668661 n-d-827839-3 devstack@placement-api.service[110271]: DEBUG placement.requestlog [req-5fc0302f-0b42-457c-8077-f7ea57ac4a58 req-01364c10-4ce4-47e8-9321-afe27ccf2c49 None None] Starting request: 10.222.0.45 "DELETE /placement/allocations/56410651-7c30-46de-970b-5529bfd104ac" {{(pid=110271) __call__ /opt/stack/placement/placement/requestlog.py:55}}
Feb 08 17:54:44.722718 n-d-827839-3 devstack@placement-api.service[110271]: DEBUG placement.handlers.allocation [req-5fc0302f-0b42-457c-8077-f7ea57ac4a58 req-01364c10-4ce4-47e8-9321-afe27ccf2c49 service placement] Successfully deleted allocations [, , ] {{(pid=110271) delete_allocations /opt/stack/placement/placement/handlers/allocation.py:627}}
Feb 08 17:54:44.723365 n-d-827839-3 devstack@placement-api.service[110271]: INFO placement.requestlog [req-5fc0302f-0b42-457c-8077-f7ea57ac4a58 req-01364c10-4ce4-47e8-9321-afe27ccf2c49 service placement] 10.222.0.45 "DELETE /placement/allocations/56410651-7c30-46de-970b-5529bfd104ac" status: 204 len: 0 microversion: 1.0
Feb 08 17:54:44.724406 n-d-827839-3 devstack@placement-api.service[110271]: [pid: 110271|app: 0|req: 260/524] 10.222.0.45 () {60 vars in 1355 bytes} [Tue Feb 8 17:54:44 2022] DELETE /placement/allocations/56410651-7c30-46de-970b-5529bfd104ac => generated 0 bytes in 56 msecs (HTTP/1.1 204) 5 headers in 198 bytes (1 switches on core 0)
Feb 08 17:54:54.674555 n-d-827839-3 devstack@placement-api.service[110270]: DEBUG placement.requestlog [req-1e5bb326-6191-4486-a51d-3d064e710dc8 req-b2dfbd20-30d1-4543-a0d6-e49220d6b6d8 None None] Starting request: 10.222.0.107 "DELETE /placement/allocations/6551c377-45f8-48d0-b5e0-45be7f5bc086" {{(pid=110270) __call__ /opt/stack/placement/placement/requestlog.py:55}}
Feb 08 17:54:54.755473 n-d-827839-3 devstack@placement-api.service[110270]: DEBUG placement.handlers.allocation [req-1e5bb326-6191-4486-a51d-3d064e710dc8 req-b2dfbd20-30d1-4543-a0d6-e49220d6b6d8 service placement] Successfully deleted allocations [, , ] {{(pid=110270) delete_allocations /opt/stack/placement/placement/handlers/allocation.py:627}}
Feb 08 17:54:54.755985 n-d-827839-3 devstack@placement-api.service[110270]: INFO placement.requestlog [req-1e5bb326-6191-4486-a51d-3d064e710dc8 req-b2dfbd20-30d1-4543-a0d6-e49220d6b6d8 service placement] 10.222.0.107 "DELETE /placement/allocations/6551c377-45f8-48d0-b5e0-45be7f5bc086" status: 204 len: 0 microversion: 1.0
Feb 08 17:54:54.757221 n-d-827839-3 devstack@placement-api.service[110270]: [pid: 110270|app: 0|req: 265/525] 10.222.0.107 () {60 vars in 1356 bytes} [Tue Feb 8 17:54:54 2022] DELETE /placement/allocations/6551c377-45f8-48d0-b5e0-45be7f5bc086 => generated 0 bytes in 82 msecs (HTTP/1.1 204) 5 headers in 198 bytes (2 switches on core 0)
Feb 08 17:54:55.759705 n-d-827839-3 devstack@placement-api.service[110271]: DEBUG placement.requestlog [req-a1bc8e1a-d4d5-44d6-80a6-635876b3f74e req-343de00a-34a6-45c4-8eec-a4c10928889e None None] Starting request: 10.222.0.45 "GET /placement/resource_providers/89805e98-fbe8-4100-833f-796a25aadfe8/allocations" {{(pid=110271) __call__ /opt/stack/placement/placement/requestlog.py:55}}
Feb 08 17:54:55.785377 n-d-827839-3 devstack@placement-api.service[110271]: INFO placement.requestlog [req-a1bc8e1a-d4d5-44d6-80a6-635876b3f74e req-343de00a-34a6-45c4-8eec-a4c10928889e service placement] 10.222.0.45 "GET /placement/resource_providers/89805e98-fbe8-4100-833f-796a25aadfe8/allocations" status: 200 len: 746 microversion: 1.0
Feb 08 17:54:55.786370 n-d-827839-3 devstack@placement-api.service[110271]: [pid: 110271|app: 0|req: 261/526] 10.222.0.45 () {58 vars in 1390 bytes} [Tue Feb 8 17:54:55 2022] GET /placement/resource_providers/89805e98-fbe8-4100-833f-796a25aadfe8/allocations => generated 746 bytes in 27 msecs (HTTP/1.1 200) 6 headers in 224 bytes (1 switches on core 0)
Feb 08 17:54:57.606731 n-d-827839-3 devstack@placement-api.service[110270]: DEBUG placement.requestlog [req-38177e2e-173c-4759-8124-c220a2c714ce req-5a515f2f-eea4-4131-9c89-63da646fef5c None None] Starting request: 10.222.0.107 "GET /placement/resource_providers/de1c9cd6-d4d1-46c6-bbda-1e5b074bffdd/allocations" {{(pid=110270) __call__ /opt/stack/placement/placement/requestlog.py:55}}
Feb 08 17:54:57.663174 n-d-827839-3 devstack@placement-api.service[110270]: INFO placement.requestlog [req-38177e2e-173c-4759-8124-c220a2c714ce req-5a515f2f-eea4-4131-9c89-63da646fef5c service placement] 10.222.0.107 "GET /placement/resource_providers/de1c9cd6-d4d1-46c6-bbda-1e5b074bffdd/allocations" status: 200 len: 457 microversion: 1.0
Feb 08 17:54:57.666403 n-d-827839-3 devstack@placement-api.service[110270]: [pid: 110270|app: 0|req: 266/527] 10.222.0.107 () {58 vars in 1391 bytes} [Tue Feb 8 17:54:57 2022] GET /placement/resource_providers/de1c9cd6-d4d1-46c6-bbda-1e5b074bffdd/allocations => generated 457 bytes in 60 msecs (HTTP/1.1 200) 6 headers in 224 bytes (1 switches on core 0)
Feb 08 17:55:01.033260 n-d-827839-3 devstack@placement-api.service[110271]: DEBUG placement.requestlog [req-98c4c95f-ef9f-43fb-a938-d082afeb5235 req-28509eba-b470-434f-a26a-92b06c1864f4 None None] Starting request: 10.222.0.30 "GET /placement/allocation_candidates?limit=1000&resources=DISK_GB%3A1%2CMEMORY_MB%3A1024%2CVCPU%3A1&root_required=%21COMPUTE_STATUS_DISABLED" {{(pid=110271) __call__ /opt/stack/placement/placement/requestlog.py:55}}
Feb 08 17:55:01.290185 n-d-827839-3 devstack@placement-api.service[110271]: DEBUG placement.objects.research_context [req-98c4c95f-ef9f-43fb-a938-d082afeb5235 req-28509eba-b470-434f-a26a-92b06c1864f4 service placement] getting providers with 1 DISK_GB {{(pid=110271) __init__ /opt/stack/placement/placement/objects/research_context.py:126}}
Feb 08 17:55:01.353901 n-d-827839-3 devstack@placement-api.service[110271]: DEBUG placement.objects.research_context [req-98c4c95f-ef9f-43fb-a938-d082afeb5235 req-28509eba-b470-434f-a26a-92b06c1864f4 service placement] getting providers with 1024 MEMORY_MB {{(pid=110271) __init__ /opt/stack/placement/placement/objects/research_context.py:126}}
Feb 08 17:55:01.484372 n-d-827839-3 devstack@placement-api.service[110271]: DEBUG placement.objects.research_context [req-98c4c95f-ef9f-43fb-a938-d082afeb5235 req-28509eba-b470-434f-a26a-92b06c1864f4 service placement] getting providers with 1 VCPU {{(pid=110271) __init__ /opt/stack/placement/placement/objects/research_context.py:126}}
Feb 08 17:55:01.543945 n-d-827839-3 devstack@placement-api.service[110271]: DEBUG placement.objects.research_context [req-98c4c95f-ef9f-43fb-a938-d082afeb5235 req-28509eba-b470-434f-a26a-92b06c1864f4 service placement] found 2 providers with available 1 DISK_GB {{(pid=110271) get_provider_ids_matching /opt/stack/placement/placement/objects/research_context.py:549}}
Feb 08 17:55:01.545111 n-d-827839-3 devstack@placement-api.service[110271]: DEBUG placement.objects.research_context [req-98c4c95f-ef9f-43fb-a938-d082afeb5235 req-28509eba-b470-434f-a26a-92b06c1864f4 service placement] found 2 providers with available 1024 MEMORY_MB {{(pid=110271) get_provider_ids_matching /opt/stack/placement/placement/objects/research_context.py:549}}
Feb 08 17:55:01.546633 n-d-827839-3 devstack@placement-api.service[110271]: DEBUG placement.objects.research_context [req-98c4c95f-ef9f-43fb-a938-d082afeb5235 req-28509eba-b470-434f-a26a-92b06c1864f4 service placement] found 2 providers after filtering by previous result {{(pid=110271) get_provider_ids_matching /opt/stack/placement/placement/objects/research_context.py:580}}
Feb 08 17:55:01.548871 n-d-827839-3 devstack@placement-api.service[110271]: DEBUG placement.objects.research_context [req-98c4c95f-ef9f-43fb-a938-d082afeb5235 req-28509eba-b470-434f-a26a-92b06c1864f4 service placement] found 2 providers with available 1 VCPU {{(pid=110271) get_provider_ids_matching /opt/stack/placement/placement/objects/research_context.py:549}}
Feb 08 17:55:01.549498 n-d-827839-3 devstack@placement-api.service[110271]: DEBUG placement.objects.research_context [req-98c4c95f-ef9f-43fb-a938-d082afeb5235 req-28509eba-b470-434f-a26a-92b06c1864f4 service placement] found 2 providers after filtering by previous result {{(pid=110271) get_provider_ids_matching /opt/stack/placement/placement/objects/research_context.py:580}}
Feb 08 17:55:01.647799 n-d-827839-3 devstack@placement-api.service[110271]: DEBUG placement.objects.allocation_candidate [req-98c4c95f-ef9f-43fb-a938-d082afeb5235 req-28509eba-b470-434f-a26a-92b06c1864f4 service placement] RequestGroup(use_same_provider=False, resources={DISK_GB:1, MEMORY_MB:1024, VCPU:1}, traits=[], aggregates=[]) (suffix '') returned 2 matches {{(pid=110271) _get_by_requests /opt/stack/placement/placement/objects/allocation_candidate.py:145}}
Feb 08 17:55:01.649016 n-d-827839-3 devstack@placement-api.service[110271]: DEBUG placement.objects.allocation_candidate [req-98c4c95f-ef9f-43fb-a938-d082afeb5235 req-28509eba-b470-434f-a26a-92b06c1864f4 service placement] Merging candidates yields 2 allocation requests and 2 provider summaries {{(pid=110271) _merge_candidates /opt/stack/placement/placement/objects/allocation_candidate.py:783}}
Feb 08 17:55:01.659930 n-d-827839-3 devstack@placement-api.service[110271]: INFO placement.requestlog [req-98c4c95f-ef9f-43fb-a938-d082afeb5235 req-28509eba-b470-434f-a26a-92b06c1864f4 service placement] 10.222.0.30 "GET /placement/allocation_candidates?limit=1000&resources=DISK_GB%3A1%2CMEMORY_MB%3A1024%2CVCPU%3A1&root_required=%21COMPUTE_STATUS_DISABLED" status: 200 len: 1309 microversion: 1.36
Feb 08 17:55:01.662201 n-d-827839-3 devstack@placement-api.service[110271]: [pid: 110271|app: 0|req: 262/528] 10.222.0.30 () {60 vars in 1506 bytes} [Tue Feb 8 17:55:01 2022] GET /placement/allocation_candidates?limit=1000&resources=DISK_GB%3A1%2CMEMORY_MB%3A1024%2CVCPU%3A1&root_required=%21COMPUTE_STATUS_DISABLED => generated 1309 bytes in 630 msecs (HTTP/1.1 200) 8 headers in 297 bytes (1 switches on core 0)
Feb 08 17:55:01.910415 n-d-827839-3 devstack@placement-api.service[110270]: DEBUG placement.requestlog [req-98c4c95f-ef9f-43fb-a938-d082afeb5235 req-d5ece230-f79f-4760-b0e1-5cda5f3ab04f None None] Starting request: 10.222.0.30 "GET /placement/allocations/8a482176-0865-40ac-95a3-822e7d8490c2" {{(pid=110270) __call__ /opt/stack/placement/placement/requestlog.py:55}}
Feb 08 17:55:01.923420 n-d-827839-3 devstack@placement-api.service[110271]: DEBUG placement.requestlog [req-6773fd02-3a4a-4f45-8d48-34e80b54043d req-993cbaec-30f5-411f-86ad-0bbef8346338 None None] Starting request: 10.222.0.45 "DELETE /placement/allocations/84c398d1-e518-4e89-b4a4-5b64693b74b9" {{(pid=110271) __call__ /opt/stack/placement/placement/requestlog.py:55}}
Feb 08 17:55:02.028806 n-d-827839-3 devstack@placement-api.service[110270]: INFO placement.requestlog [req-98c4c95f-ef9f-43fb-a938-d082afeb5235 req-d5ece230-f79f-4760-b0e1-5cda5f3ab04f service placement] 10.222.0.30 "GET /placement/allocations/8a482176-0865-40ac-95a3-822e7d8490c2" status: 200 len: 19 microversion: 1.28
Feb 08 17:55:02.029370 n-d-827839-3 devstack@placement-api.service[110270]: [pid: 110270|app: 0|req: 267/529] 10.222.0.30 () {60 vars in 1380 bytes} [Tue Feb 8 17:55:01 2022] GET /placement/allocations/8a482176-0865-40ac-95a3-822e7d8490c2 => generated 19 bytes in 120 msecs (HTTP/1.1 200) 8 headers in 295 bytes (1 switches on core 0)
Feb 08 17:55:02.053200 n-d-827839-3 devstack@placement-api.service[110270]: DEBUG placement.requestlog [req-98c4c95f-ef9f-43fb-a938-d082afeb5235 req-cbf27aa6-6391-47e2-a0b1-908402463431 None None] Starting request: 10.222.0.30 "PUT /placement/allocations/8a482176-0865-40ac-95a3-822e7d8490c2" {{(pid=110270) __call__ /opt/stack/placement/placement/requestlog.py:55}}
Feb 08 17:55:02.113560 n-d-827839-3 devstack@placement-api.service[110271]: DEBUG placement.handlers.allocation [req-6773fd02-3a4a-4f45-8d48-34e80b54043d req-993cbaec-30f5-411f-86ad-0bbef8346338 service placement] Successfully deleted allocations [, , ] {{(pid=110271) delete_allocations /opt/stack/placement/placement/handlers/allocation.py:627}}
Feb 08 17:55:02.115722 n-d-827839-3 devstack@placement-api.service[110271]: INFO placement.requestlog [req-6773fd02-3a4a-4f45-8d48-34e80b54043d req-993cbaec-30f5-411f-86ad-0bbef8346338 service placement] 10.222.0.45 "DELETE /placement/allocations/84c398d1-e518-4e89-b4a4-5b64693b74b9" status: 204 len: 0 microversion: 1.0
Feb 08 17:55:02.118048 n-d-827839-3 devstack@placement-api.service[110271]: [pid: 110271|app: 0|req: 263/530] 10.222.0.45 () {60 vars in 1355 bytes} [Tue Feb 8 17:55:01 2022] DELETE /placement/allocations/84c398d1-e518-4e89-b4a4-5b64693b74b9 => generated 0 bytes in 197 msecs (HTTP/1.1 204) 5 headers in 198 bytes (1 switches on core 0)
Feb 08 17:55:02.476063 n-d-827839-3 devstack@placement-api.service[110270]: DEBUG placement.handlers.allocation [req-98c4c95f-ef9f-43fb-a938-d082afeb5235 req-cbf27aa6-6391-47e2-a0b1-908402463431 service placement] Successfully wrote allocations [, , ] {{(pid=110270) _update_consumers_and_create_allocations /opt/stack/placement/placement/handlers/allocation.py:462}}
Feb 08 17:55:02.494657 n-d-827839-3 devstack@placement-api.service[110270]: INFO placement.requestlog [req-98c4c95f-ef9f-43fb-a938-d082afeb5235 req-cbf27aa6-6391-47e2-a0b1-908402463431 service placement] 10.222.0.30 "PUT /placement/allocations/8a482176-0865-40ac-95a3-822e7d8490c2" status: 204 len: 0 microversion: 1.36
Feb 08 17:55:02.506970 n-d-827839-3 devstack@placement-api.service[110270]: [pid: 110270|app: 0|req: 268/531] 10.222.0.30 () {64 vars in 1433 bytes} [Tue Feb 8 17:55:02 2022] PUT /placement/allocations/8a482176-0865-40ac-95a3-822e7d8490c2 => generated 0 bytes in 444 msecs (HTTP/1.1 204) 5 headers in 199 bytes (1 switches on core 0)
Feb 08 17:55:03.514045 n-d-827839-3 devstack@placement-api.service[110271]: DEBUG placement.requestlog [req-98c4c95f-ef9f-43fb-a938-d082afeb5235 req-cc58c70e-eaeb-4b13-8e18-9c38917498e6 None None] Starting request: 10.222.0.107 "GET /placement/allocations/8a482176-0865-40ac-95a3-822e7d8490c2" {{(pid=110271) __call__ /opt/stack/placement/placement/requestlog.py:55}}
Feb 08 17:55:03.569232 n-d-827839-3 devstack@placement-api.service[110271]: INFO placement.requestlog [req-98c4c95f-ef9f-43fb-a938-d082afeb5235 req-cc58c70e-eaeb-4b13-8e18-9c38917498e6 service placement] 10.222.0.107 "GET /placement/allocations/8a482176-0865-40ac-95a3-822e7d8490c2" status: 200 len: 259 microversion: 1.28
Feb 08 17:55:03.569880 n-d-827839-3 devstack@placement-api.service[110271]: [pid: 110271|app: 0|req: 264/532] 10.222.0.107 () {60 vars in 1378 bytes} [Tue Feb 8 17:55:03 2022] GET /placement/allocations/8a482176-0865-40ac-95a3-822e7d8490c2 => generated 259 bytes in 57 msecs (HTTP/1.1 200) 8 headers in 296 bytes (1 switches on core 0)
Feb 08 17:55:03.732341 n-d-827839-3 devstack@placement-api.service[110270]: DEBUG placement.requestlog [None req-eb30f371-242e-49d8-b760-ab13b53172cf None None] Starting request: 10.222.0.30 "GET /placement/" {{(pid=110270) __call__ /opt/stack/placement/placement/requestlog.py:55}}
Feb 08 17:55:03.734278 n-d-827839-3 devstack@placement-api.service[110270]: INFO placement.requestlog [None req-eb30f371-242e-49d8-b760-ab13b53172cf None None] 10.222.0.30 "GET /placement/" status: 200 len: 136 microversion: 1.0
Feb 08 17:55:03.735625 n-d-827839-3 devstack@placement-api.service[110270]: [pid: 110270|app: 0|req: 269/533] 10.222.0.30 () {54 vars in 916 bytes} [Tue Feb 8 17:55:03 2022] GET /placement => generated 136 bytes in 3 msecs (HTTP/1.1 200) 6 headers in 224 bytes (2 switches on core 0)
Feb 08 17:55:03.757516 n-d-827839-3 devstack@placement-api.service[110271]: DEBUG placement.requestlog [req-4214f4f2-d31e-4e2b-af9f-4b27e1003ce9 req-9766136b-59e0-445f-bc48-f96a697547e1 None None] Starting request: 10.222.0.30 "GET /placement/allocations/34a8099d-594f-4d1e-8721-53daa9be75c1" {{(pid=110271) __call__ /opt/stack/placement/placement/requestlog.py:55}}
Feb 08 17:55:03.922242 n-d-827839-3 devstack@placement-api.service[110271]: INFO placement.requestlog [req-4214f4f2-d31e-4e2b-af9f-4b27e1003ce9 req-9766136b-59e0-445f-bc48-f96a697547e1 service placement] 10.222.0.30 "GET /placement/allocations/34a8099d-594f-4d1e-8721-53daa9be75c1" status: 200 len: 259 microversion: 1.28
Feb 08 17:55:03.923335 n-d-827839-3 devstack@placement-api.service[110271]: [pid: 110271|app: 0|req: 265/534] 10.222.0.30 () {60 vars in 1380 bytes} [Tue Feb 8 17:55:03 2022] GET /placement/allocations/34a8099d-594f-4d1e-8721-53daa9be75c1 => generated 259 bytes in 166 msecs (HTTP/1.1 200) 8 headers in 296 bytes (1 switches on core 0)
Feb 08 17:55:03.934502 n-d-827839-3 devstack@placement-api.service[110270]: DEBUG placement.requestlog [req-4214f4f2-d31e-4e2b-af9f-4b27e1003ce9 req-d3a60921-e32d-4641-a477-d2c97eec2715 None None] Starting request: 10.222.0.30 "GET /placement/allocations/34a8099d-594f-4d1e-8721-53daa9be75c1" {{(pid=110270) __call__ /opt/stack/placement/placement/requestlog.py:55}}
Feb 08 17:55:03.972688 n-d-827839-3 devstack@placement-api.service[110270]: INFO placement.requestlog [req-4214f4f2-d31e-4e2b-af9f-4b27e1003ce9 req-d3a60921-e32d-4641-a477-d2c97eec2715 service placement] 10.222.0.30 "GET /placement/allocations/34a8099d-594f-4d1e-8721-53daa9be75c1" status: 200 len: 259 microversion: 1.28
Feb 08 17:55:03.973455 n-d-827839-3 devstack@placement-api.service[110270]: [pid: 110270|app: 0|req: 270/535] 10.222.0.30 () {60 vars in 1380 bytes} [Tue Feb 8 17:55:03 2022] GET /placement/allocations/34a8099d-594f-4d1e-8721-53daa9be75c1 => generated 259 bytes in 39 msecs (HTTP/1.1 200) 8 headers in 296 bytes (1 switches on core 0)
Feb 08 17:55:03.982910 n-d-827839-3 devstack@placement-api.service[110271]: DEBUG placement.requestlog [req-4214f4f2-d31e-4e2b-af9f-4b27e1003ce9 req-823cc9d9-f11e-401e-af0b-15b2afdc78a9 None None] Starting request: 10.222.0.30 "GET /placement/allocations/40b79f6c-f42b-4807-9fd7-6c06e4d7e32e" {{(pid=110271) __call__ /opt/stack/placement/placement/requestlog.py:55}}
Feb 08 17:55:04.011045 n-d-827839-3 devstack@placement-api.service[110271]: INFO placement.requestlog [req-4214f4f2-d31e-4e2b-af9f-4b27e1003ce9 req-823cc9d9-f11e-401e-af0b-15b2afdc78a9 service placement] 10.222.0.30 "GET /placement/allocations/40b79f6c-f42b-4807-9fd7-6c06e4d7e32e" status: 200 len: 19 microversion: 1.28
Feb 08 17:55:04.011445 n-d-827839-3 devstack@placement-api.service[110271]: [pid: 110271|app: 0|req: 266/536] 10.222.0.30 () {60 vars in 1380 bytes} [Tue Feb 8 17:55:03 2022] GET /placement/allocations/40b79f6c-f42b-4807-9fd7-6c06e4d7e32e => generated 19 bytes in 29 msecs (HTTP/1.1 200) 8 headers in 295 bytes (1 switches on core 0)
Feb 08 17:55:04.022636 n-d-827839-3 devstack@placement-api.service[110270]: DEBUG placement.requestlog [req-4214f4f2-d31e-4e2b-af9f-4b27e1003ce9 req-bc95527c-8b55-4b05-b651-1d3f4646936c None None] Starting request: 10.222.0.30 "POST /placement/allocations" {{(pid=110270) __call__ /opt/stack/placement/placement/requestlog.py:55}}
Feb 08 17:55:04.106258 n-d-827839-3 devstack@placement-api.service[110271]: DEBUG placement.requestlog [req-783960fa-e0d3-4833-b6d1-97c4de96ed06 req-7cff8dd3-878a-446a-a031-ea1a7fdcd815 None None] Starting request: 10.222.0.45 "DELETE /placement/allocations/75ff38fd-6d78-4eab-8d24-9e450563e45f" {{(pid=110271) __call__ /opt/stack/placement/placement/requestlog.py:55}}
Feb 08 17:55:04.198899 n-d-827839-3 devstack@placement-api.service[110271]: DEBUG placement.handlers.allocation [req-783960fa-e0d3-4833-b6d1-97c4de96ed06 req-7cff8dd3-878a-446a-a031-ea1a7fdcd815 service placement] Successfully deleted allocations [, , ] {{(pid=110271) delete_allocations /opt/stack/placement/placement/handlers/allocation.py:627}}
Feb 08 17:55:04.199400 n-d-827839-3 devstack@placement-api.service[110271]: INFO placement.requestlog [req-783960fa-e0d3-4833-b6d1-97c4de96ed06 req-7cff8dd3-878a-446a-a031-ea1a7fdcd815 service placement] 10.222.0.45 "DELETE /placement/allocations/75ff38fd-6d78-4eab-8d24-9e450563e45f" status: 204 len: 0 microversion: 1.0
Feb 08 17:55:04.199780 n-d-827839-3 devstack@placement-api.service[110271]: [pid: 110271|app: 0|req: 267/537] 10.222.0.45 () {60 vars in 1355 bytes} [Tue Feb 8 17:55:04 2022] DELETE /placement/allocations/75ff38fd-6d78-4eab-8d24-9e450563e45f => generated 0 bytes in 94 msecs (HTTP/1.1 204) 5 headers in 198 bytes (2 switches on core 0)
Feb 08 17:55:04.214099 n-d-827839-3 devstack@placement-api.service[110270]: DEBUG placement.handlers.allocation [req-4214f4f2-d31e-4e2b-af9f-4b27e1003ce9 req-bc95527c-8b55-4b05-b651-1d3f4646936c service placement] Successfully wrote allocations [, , , , , ] {{(pid=110270) _update_consumers_and_create_allocations /opt/stack/placement/placement/handlers/allocation.py:572}}
Feb 08 17:55:04.224639 n-d-827839-3 devstack@placement-api.service[110270]: INFO placement.requestlog [req-4214f4f2-d31e-4e2b-af9f-4b27e1003ce9 req-bc95527c-8b55-4b05-b651-1d3f4646936c service placement] 10.222.0.30 "POST /placement/allocations" status: 204 len: 0 microversion: 1.28
Feb 08 17:55:04.225680 n-d-827839-3 devstack@placement-api.service[110270]: [pid: 110270|app: 0|req: 271/538] 10.222.0.30 () {64 vars in 1323 bytes} [Tue Feb 8 17:55:04 2022] POST /placement/allocations => generated 0 bytes in 203 msecs (HTTP/1.1 204) 5 headers in 199 bytes (2 switches on core 0)
Feb 08 17:55:04.355056 n-d-827839-3 devstack@placement-api.service[110271]: DEBUG placement.requestlog [req-4214f4f2-d31e-4e2b-af9f-4b27e1003ce9 req-f2efb31e-67c1-45e3-8626-d9864be10390 None None] Starting request: 10.222.0.30 "GET /placement/allocations/34a8099d-594f-4d1e-8721-53daa9be75c1" {{(pid=110271) __call__ /opt/stack/placement/placement/requestlog.py:55}}
Feb 08 17:55:04.397270 n-d-827839-3 devstack@placement-api.service[110271]: INFO placement.requestlog [req-4214f4f2-d31e-4e2b-af9f-4b27e1003ce9 req-f2efb31e-67c1-45e3-8626-d9864be10390 service placement] 10.222.0.30 "GET /placement/allocations/34a8099d-594f-4d1e-8721-53daa9be75c1" status: 200 len: 19 microversion: 1.28
Feb 08 17:55:04.397667 n-d-827839-3 devstack@placement-api.service[110271]: [pid: 110271|app: 0|req: 268/539] 10.222.0.30 () {60 vars in 1380 bytes} [Tue Feb 8 17:55:04 2022] GET /placement/allocations/34a8099d-594f-4d1e-8721-53daa9be75c1 => generated 19 bytes in 43 msecs (HTTP/1.1 200) 8 headers in 295 bytes (2 switches on core 0)
Feb 08 17:55:04.408151 n-d-827839-3 devstack@placement-api.service[110270]: DEBUG placement.requestlog [req-4214f4f2-d31e-4e2b-af9f-4b27e1003ce9 req-d5ba0ad2-775c-4215-aee2-aa30016d7778 None None] Starting request: 10.222.0.30 "PUT /placement/allocations/34a8099d-594f-4d1e-8721-53daa9be75c1" {{(pid=110270) __call__ /opt/stack/placement/placement/requestlog.py:55}}
Feb 08 17:55:04.599492 n-d-827839-3 devstack@placement-api.service[110270]: DEBUG placement.handlers.allocation [req-4214f4f2-d31e-4e2b-af9f-4b27e1003ce9 req-d5ba0ad2-775c-4215-aee2-aa30016d7778 service placement] Successfully wrote allocations [, , ] {{(pid=110270) _update_consumers_and_create_allocations /opt/stack/placement/placement/handlers/allocation.py:462}}
Feb 08 17:55:04.610251 n-d-827839-3 devstack@placement-api.service[110270]: INFO placement.requestlog [req-4214f4f2-d31e-4e2b-af9f-4b27e1003ce9 req-d5ba0ad2-775c-4215-aee2-aa30016d7778 service placement] 10.222.0.30 "PUT /placement/allocations/34a8099d-594f-4d1e-8721-53daa9be75c1" status: 204 len: 0 microversion: 1.28
Feb 08 17:55:04.611350 n-d-827839-3 devstack@placement-api.service[110270]: [pid: 110270|app: 0|req: 272/540] 10.222.0.30 () {64 vars in 1433 bytes} [Tue Feb 8 17:55:04 2022] PUT /placement/allocations/34a8099d-594f-4d1e-8721-53daa9be75c1 => generated 0 bytes in 203 msecs (HTTP/1.1 204) 5 headers in 199 bytes (1 switches on core 0)
Feb 08 17:55:04.903884 n-d-827839-3 devstack@placement-api.service[110271]: DEBUG placement.requestlog [req-4214f4f2-d31e-4e2b-af9f-4b27e1003ce9 req-964d0eb9-f8c7-4036-aa6b-2edb514d0114 None None] Starting request: 10.222.0.45 "GET /placement/allocations/34a8099d-594f-4d1e-8721-53daa9be75c1" {{(pid=110271) __call__ /opt/stack/placement/placement/requestlog.py:55}}
Feb 08 17:55:04.942850 n-d-827839-3 devstack@placement-api.service[110271]: INFO placement.requestlog [req-4214f4f2-d31e-4e2b-af9f-4b27e1003ce9 req-964d0eb9-f8c7-4036-aa6b-2edb514d0114 service placement] 10.222.0.45 "GET /placement/allocations/34a8099d-594f-4d1e-8721-53daa9be75c1" status: 200 len: 259 microversion: 1.28
Feb 08 17:55:04.943229 n-d-827839-3 devstack@placement-api.service[110271]: [pid: 110271|app: 0|req: 269/541] 10.222.0.45 () {60 vars in 1377 bytes} [Tue Feb 8 17:55:04 2022] GET /placement/allocations/34a8099d-594f-4d1e-8721-53daa9be75c1 => generated 259 bytes in 40 msecs (HTTP/1.1 200) 8 headers in 296 bytes (1 switches on core 0)
Feb 08 17:55:09.972592 n-d-827839-3 devstack@placement-api.service[110270]: DEBUG placement.requestlog [req-42793f73-ea9e-4f95-b273-860c0bf4469e req-be2c3f94-e94b-4aa9-bf97-e46706d47ab5 None None] Starting request: 10.222.0.107 "DELETE /placement/allocations/c85275f4-3c74-4a75-8557-50f3f1972b11" {{(pid=110270) __call__ /opt/stack/placement/placement/requestlog.py:55}}
Feb 08 17:55:10.049112 n-d-827839-3 devstack@placement-api.service[110270]: DEBUG placement.handlers.allocation [req-42793f73-ea9e-4f95-b273-860c0bf4469e req-be2c3f94-e94b-4aa9-bf97-e46706d47ab5 service placement] Successfully deleted allocations [, , ] {{(pid=110270) delete_allocations /opt/stack/placement/placement/handlers/allocation.py:627}}
Feb 08 17:55:10.049673 n-d-827839-3 devstack@placement-api.service[110270]: INFO placement.requestlog [req-42793f73-ea9e-4f95-b273-860c0bf4469e req-be2c3f94-e94b-4aa9-bf97-e46706d47ab5 service placement] 10.222.0.107 "DELETE /placement/allocations/c85275f4-3c74-4a75-8557-50f3f1972b11" status: 204 len: 0 microversion: 1.0
Feb 08 17:55:10.050406 n-d-827839-3 devstack@placement-api.service[110270]: [pid: 110270|app: 0|req: 273/542] 10.222.0.107 () {60 vars in 1356 bytes} [Tue Feb 8 17:55:09 2022] DELETE /placement/allocations/c85275f4-3c74-4a75-8557-50f3f1972b11 => generated 0 bytes in 78 msecs (HTTP/1.1 204) 5 headers in 198 bytes (1 switches on core 0)
Feb 08 17:55:17.491442 n-d-827839-3 devstack@placement-api.service[110271]: DEBUG placement.requestlog [req-8d9d0b7e-3bcc-4be8-976a-fc3055611e88 req-8c3d8f94-627e-4930-9009-5b78715ecb65 None None] Starting request: 10.222.0.45 "DELETE /placement/allocations/5579507e-dc99-42a1-9856-e55405efeb28" {{(pid=110271) __call__ /opt/stack/placement/placement/requestlog.py:55}}
Feb 08 17:55:17.628781 n-d-827839-3 devstack@placement-api.service[110271]: DEBUG placement.handlers.allocation [req-8d9d0b7e-3bcc-4be8-976a-fc3055611e88 req-8c3d8f94-627e-4930-9009-5b78715ecb65 service placement] Successfully deleted allocations [, , ] {{(pid=110271) delete_allocations /opt/stack/placement/placement/handlers/allocation.py:627}}
Feb 08 17:55:17.630396 n-d-827839-3 devstack@placement-api.service[110271]: INFO placement.requestlog [req-8d9d0b7e-3bcc-4be8-976a-fc3055611e88 req-8c3d8f94-627e-4930-9009-5b78715ecb65 service placement] 10.222.0.45 "DELETE /placement/allocations/5579507e-dc99-42a1-9856-e55405efeb28" status: 204 len: 0 microversion: 1.0
Feb 08 17:55:17.631664 n-d-827839-3 devstack@placement-api.service[110271]: [pid: 110271|app: 0|req: 270/543] 10.222.0.45 () {60 vars in 1355 bytes} [Tue Feb 8 17:55:17 2022] DELETE /placement/allocations/5579507e-dc99-42a1-9856-e55405efeb28 => generated 0 bytes in 141 msecs (HTTP/1.1 204) 5 headers in 198 bytes (1 switches on core 0)
Feb 08 17:55:38.442866 n-d-827839-3 devstack@placement-api.service[110270]: DEBUG placement.requestlog [req-0a50b0bb-36d5-434c-af54-2c48e248d589 req-0a83d104-ac9b-4a44-b4e0-1e357bd3ac9e None None] Starting request: 10.222.0.107 "DELETE /placement/allocations/8a482176-0865-40ac-95a3-822e7d8490c2" {{(pid=110270) __call__ /opt/stack/placement/placement/requestlog.py:55}}
Feb 08 17:55:38.547895 n-d-827839-3 devstack@placement-api.service[110270]: DEBUG placement.handlers.allocation [req-0a50b0bb-36d5-434c-af54-2c48e248d589 req-0a83d104-ac9b-4a44-b4e0-1e357bd3ac9e service placement] Successfully deleted allocations [, , ] {{(pid=110270) delete_allocations /opt/stack/placement/placement/handlers/allocation.py:627}}
Feb 08 17:55:38.548789 n-d-827839-3 devstack@placement-api.service[110270]: INFO placement.requestlog [req-0a50b0bb-36d5-434c-af54-2c48e248d589 req-0a83d104-ac9b-4a44-b4e0-1e357bd3ac9e service placement] 10.222.0.107 "DELETE /placement/allocations/8a482176-0865-40ac-95a3-822e7d8490c2" status: 204 len: 0 microversion: 1.0
Feb 08 17:55:38.550940 n-d-827839-3 devstack@placement-api.service[110270]: [pid: 110270|app: 0|req: 274/544] 10.222.0.107 () {60 vars in 1356 bytes} [Tue Feb 8 17:55:38 2022] DELETE /placement/allocations/8a482176-0865-40ac-95a3-822e7d8490c2 => generated 0 bytes in 108 msecs (HTTP/1.1 204) 5 headers in 198 bytes (1 switches on core 0)
Feb 08 17:55:58.259234 n-d-827839-3 devstack@placement-api.service[110271]: DEBUG placement.requestlog [req-699e805c-45b9-4d53-bcb1-f7ddff2bfb42 req-4a0b4c8b-9fe4-4b6a-8da1-8c7039c3bf8e None None] Starting request: 10.222.0.107 "GET /placement/resource_providers/de1c9cd6-d4d1-46c6-bbda-1e5b074bffdd/allocations" {{(pid=110271) __call__ /opt/stack/placement/placement/requestlog.py:55}}
Feb 08 17:55:58.374502 n-d-827839-3 devstack@placement-api.service[110271]: INFO placement.requestlog [req-699e805c-45b9-4d53-bcb1-f7ddff2bfb42 req-4a0b4c8b-9fe4-4b6a-8da1-8c7039c3bf8e service placement] 10.222.0.107 "GET /placement/resource_providers/de1c9cd6-d4d1-46c6-bbda-1e5b074bffdd/allocations" status: 200 len: 356 microversion: 1.0
Feb 08 17:55:58.381273 n-d-827839-3 devstack@placement-api.service[110271]: [pid: 110271|app: 0|req: 271/545] 10.222.0.107 () {58 vars in 1391 bytes} [Tue Feb 8 17:55:58 2022] GET /placement/resource_providers/de1c9cd6-d4d1-46c6-bbda-1e5b074bffdd/allocations => generated 356 bytes in 123 msecs (HTTP/1.1 200) 6 headers in 224 bytes (1 switches on core 0)
Feb 08 17:55:59.086381 n-d-827839-3 devstack@placement-api.service[110270]: DEBUG placement.requestlog [req-e2114bce-69f8-4644-99ba-6c5bcb87e109 req-e94492f8-24c4-4cc3-a515-1e5676a2983e None None] Starting request: 10.222.0.45 "GET /placement/resource_providers/89805e98-fbe8-4100-833f-796a25aadfe8/allocations" {{(pid=110270) __call__ /opt/stack/placement/placement/requestlog.py:55}}
Feb 08 17:55:59.132100 n-d-827839-3 devstack@placement-api.service[110270]: INFO placement.requestlog [req-e2114bce-69f8-4644-99ba-6c5bcb87e109 req-e94492f8-24c4-4cc3-a515-1e5676a2983e service placement] 10.222.0.45 "GET /placement/resource_providers/89805e98-fbe8-4100-833f-796a25aadfe8/allocations" status: 200 len: 544 microversion: 1.0
Feb 08 17:55:59.132850 n-d-827839-3 devstack@placement-api.service[110270]: [pid: 110270|app: 0|req: 275/546] 10.222.0.45 () {58 vars in 1390 bytes} [Tue Feb 8 17:55:59 2022] GET /placement/resource_providers/89805e98-fbe8-4100-833f-796a25aadfe8/allocations => generated 544 bytes in 47 msecs (HTTP/1.1 200) 6 headers in 224 bytes (2 switches on core 0)
Feb 08 17:56:04.660167 n-d-827839-3 devstack@placement-api.service[110271]: DEBUG placement.requestlog [req-b95cb16b-5d77-49d0-956f-66b6f1959d14 req-b1372f65-c6ec-4b21-a256-3cfcbe41586b None None] Starting request: 10.222.0.30 "GET /placement/allocation_candidates?limit=1000&resources=DISK_GB%3A1%2CMEMORY_MB%3A1024%2CVCPU%3A1&root_required=%21COMPUTE_STATUS_DISABLED" {{(pid=110271) __call__ /opt/stack/placement/placement/requestlog.py:55}}
Feb 08 17:56:04.764342 n-d-827839-3 devstack@placement-api.service[110271]: DEBUG placement.objects.research_context [req-b95cb16b-5d77-49d0-956f-66b6f1959d14 req-b1372f65-c6ec-4b21-a256-3cfcbe41586b service placement] getting providers with 1 DISK_GB {{(pid=110271) __init__ /opt/stack/placement/placement/objects/research_context.py:126}}
Feb 08 17:56:04.785484 n-d-827839-3 devstack@placement-api.service[110271]: DEBUG placement.objects.research_context [req-b95cb16b-5d77-49d0-956f-66b6f1959d14 req-b1372f65-c6ec-4b21-a256-3cfcbe41586b service placement] getting providers with 1024 MEMORY_MB {{(pid=110271) __init__ /opt/stack/placement/placement/objects/research_context.py:126}}
Feb 08 17:56:04.810875 n-d-827839-3 devstack@placement-api.service[110271]: DEBUG placement.objects.research_context [req-b95cb16b-5d77-49d0-956f-66b6f1959d14 req-b1372f65-c6ec-4b21-a256-3cfcbe41586b service placement] getting providers with 1 VCPU {{(pid=110271) __init__ /opt/stack/placement/placement/objects/research_context.py:126}}
