Feb 03 16:59:51.562730 n-d-827661-1 devstack@placement-api.service[110455]: DEBUG placement.objects.research_context [req-895b0bb5-1c7f-479d-8dbf-cc2da70b766b req-08303aaa-b926-4455-9b37-c6e149e67596 service placement] getting providers with 1 DISK_GB {{(pid=110455) __init__ /opt/stack/placement/placement/objects/research_context.py:126}}
Feb 03 16:59:51.581401 n-d-827661-1 devstack@placement-api.service[110455]: DEBUG placement.objects.research_context [req-895b0bb5-1c7f-479d-8dbf-cc2da70b766b req-08303aaa-b926-4455-9b37-c6e149e67596 service placement] getting providers with 1024 MEMORY_MB {{(pid=110455) __init__ /opt/stack/placement/placement/objects/research_context.py:126}}
Feb 03 16:59:51.600670 n-d-827661-1 devstack@placement-api.service[110455]: DEBUG placement.objects.research_context [req-895b0bb5-1c7f-479d-8dbf-cc2da70b766b req-08303aaa-b926-4455-9b37-c6e149e67596 service placement] getting providers with 1 VCPU {{(pid=110455) __init__ /opt/stack/placement/placement/objects/research_context.py:126}}
Feb 03 16:59:51.620837 n-d-827661-1 devstack@placement-api.service[110455]: DEBUG placement.objects.research_context [req-895b0bb5-1c7f-479d-8dbf-cc2da70b766b req-08303aaa-b926-4455-9b37-c6e149e67596 service placement] found 2 providers with available 1 DISK_GB {{(pid=110455) get_provider_ids_matching /opt/stack/placement/placement/objects/research_context.py:549}}
Feb 03 16:59:51.621392 n-d-827661-1 devstack@placement-api.service[110455]: DEBUG placement.objects.research_context [req-895b0bb5-1c7f-479d-8dbf-cc2da70b766b req-08303aaa-b926-4455-9b37-c6e149e67596 service placement] found 2 providers with available 1024 MEMORY_MB {{(pid=110455) get_provider_ids_matching /opt/stack/placement/placement/objects/research_context.py:549}}
Feb 03 16:59:51.622974 n-d-827661-1 devstack@placement-api.service[110455]: DEBUG placement.objects.research_context [req-895b0bb5-1c7f-479d-8dbf-cc2da70b766b req-08303aaa-b926-4455-9b37-c6e149e67596 service placement] found 2 providers after filtering by previous result {{(pid=110455) get_provider_ids_matching /opt/stack/placement/placement/objects/research_context.py:580}}
Feb 03 16:59:51.623483 n-d-827661-1 devstack@placement-api.service[110455]: DEBUG placement.objects.research_context [req-895b0bb5-1c7f-479d-8dbf-cc2da70b766b req-08303aaa-b926-4455-9b37-c6e149e67596 service placement] found 2 providers with available 1 VCPU {{(pid=110455) get_provider_ids_matching /opt/stack/placement/placement/objects/research_context.py:549}}
Feb 03 16:59:51.624493 n-d-827661-1 devstack@placement-api.service[110455]: DEBUG placement.objects.research_context [req-895b0bb5-1c7f-479d-8dbf-cc2da70b766b req-08303aaa-b926-4455-9b37-c6e149e67596 service placement] found 2 providers after filtering by previous result {{(pid=110455) get_provider_ids_matching /opt/stack/placement/placement/objects/research_context.py:580}}
Feb 03 16:59:51.661892 n-d-827661-1 devstack@placement-api.service[110455]: DEBUG placement.objects.allocation_candidate [req-895b0bb5-1c7f-479d-8dbf-cc2da70b766b req-08303aaa-b926-4455-9b37-c6e149e67596 service placement] RequestGroup(use_same_provider=False, resources={DISK_GB:1, MEMORY_MB:1024, VCPU:1}, traits=[], aggregates=[]) (suffix '') returned 2 matches {{(pid=110455) _get_by_requests /opt/stack/placement/placement/objects/allocation_candidate.py:145}}
Feb 03 16:59:51.662359 n-d-827661-1 devstack@placement-api.service[110455]: DEBUG placement.objects.allocation_candidate [req-895b0bb5-1c7f-479d-8dbf-cc2da70b766b req-08303aaa-b926-4455-9b37-c6e149e67596 service placement] Merging candidates yields 2 allocation requests and 2 provider summaries {{(pid=110455) _merge_candidates /opt/stack/placement/placement/objects/allocation_candidate.py:783}}
Feb 03 16:59:51.667459 n-d-827661-1 devstack@placement-api.service[110455]: INFO placement.requestlog [req-895b0bb5-1c7f-479d-8dbf-cc2da70b766b req-08303aaa-b926-4455-9b37-c6e149e67596 service placement] 10.222.0.50 "GET /placement/allocation_candidates?limit=1000&resources=DISK_GB%3A1%2CMEMORY_MB%3A1024%2CVCPU%3A1&root_required=%21COMPUTE_STATUS_DISABLED" status: 200 len: 1309 microversion: 1.36
Feb 03 16:59:51.669355 n-d-827661-1 devstack@placement-api.service[110455]: [pid: 110455|app: 0|req: 233/467] 10.222.0.50 () {60 vars in 1506 bytes} [Thu Feb 3 16:59:51 2022] GET /placement/allocation_candidates?limit=1000&resources=DISK_GB%3A1%2CMEMORY_MB%3A1024%2CVCPU%3A1&root_required=%21COMPUTE_STATUS_DISABLED => generated 1309 bytes in 256 msecs (HTTP/1.1 200) 8 headers in 297 bytes (2 switches on core 0)
Feb 03 16:59:51.783265 n-d-827661-1 devstack@placement-api.service[110456]: DEBUG placement.requestlog [req-895b0bb5-1c7f-479d-8dbf-cc2da70b766b req-2e7b36f7-a950-46f4-a070-e581424084fc None None] Starting request: 10.222.0.50 "GET /placement/allocations/9928ea88-a36b-419d-8b05-9a46baaa644d" {{(pid=110456) __call__ /opt/stack/placement/placement/requestlog.py:55}}
Feb 03 16:59:51.809363 n-d-827661-1 devstack@placement-api.service[110456]: INFO placement.requestlog [req-895b0bb5-1c7f-479d-8dbf-cc2da70b766b req-2e7b36f7-a950-46f4-a070-e581424084fc service placement] 10.222.0.50 "GET /placement/allocations/9928ea88-a36b-419d-8b05-9a46baaa644d" status: 200 len: 19 microversion: 1.28
Feb 03 16:59:51.810981 n-d-827661-1 devstack@placement-api.service[110456]: [pid: 110456|app: 0|req: 235/468] 10.222.0.50 () {60 vars in 1380 bytes} [Thu Feb 3 16:59:51 2022] GET /placement/allocations/9928ea88-a36b-419d-8b05-9a46baaa644d => generated 19 bytes in 28 msecs (HTTP/1.1 200) 8 headers in 295 bytes (1 switches on core 0)
Feb 03 16:59:51.817330 n-d-827661-1 devstack@placement-api.service[110455]: DEBUG placement.requestlog [req-895b0bb5-1c7f-479d-8dbf-cc2da70b766b req-8417eca7-e5c2-47c5-98e9-a5f09c11130b None None] Starting request: 10.222.0.50 "PUT /placement/allocations/9928ea88-a36b-419d-8b05-9a46baaa644d" {{(pid=110455) __call__ /opt/stack/placement/placement/requestlog.py:55}}
Feb 03 16:59:52.013409 n-d-827661-1 devstack@placement-api.service[110455]: DEBUG placement.handlers.allocation [req-895b0bb5-1c7f-479d-8dbf-cc2da70b766b req-8417eca7-e5c2-47c5-98e9-a5f09c11130b service placement] Successfully wrote allocations [, , ] {{(pid=110455) _update_consumers_and_create_allocations /opt/stack/placement/placement/handlers/allocation.py:462}}
Feb 03 16:59:52.021675 n-d-827661-1 devstack@placement-api.service[110455]: INFO placement.requestlog [req-895b0bb5-1c7f-479d-8dbf-cc2da70b766b req-8417eca7-e5c2-47c5-98e9-a5f09c11130b service placement] 10.222.0.50 "PUT /placement/allocations/9928ea88-a36b-419d-8b05-9a46baaa644d" status: 204 len: 0 microversion: 1.36
Feb 03 16:59:52.023507 n-d-827661-1 devstack@placement-api.service[110455]: [pid: 110455|app: 0|req: 234/469] 10.222.0.50 () {64 vars in 1433 bytes} [Thu Feb 3 16:59:51 2022] PUT /placement/allocations/9928ea88-a36b-419d-8b05-9a46baaa644d => generated 0 bytes in 205 msecs (HTTP/1.1 204) 5 headers in 199 bytes (1 switches on core 0)
Feb 03 16:59:52.622946 n-d-827661-1 devstack@placement-api.service[110456]: DEBUG placement.requestlog [req-895b0bb5-1c7f-479d-8dbf-cc2da70b766b req-6c94dbe4-bf8c-4ac1-a518-7863183d3f13 None None] Starting request: 10.222.0.45 "GET /placement/allocations/9928ea88-a36b-419d-8b05-9a46baaa644d" {{(pid=110456) __call__ /opt/stack/placement/placement/requestlog.py:55}}
Feb 03 16:59:52.656472 n-d-827661-1 devstack@placement-api.service[110456]: INFO placement.requestlog [req-895b0bb5-1c7f-479d-8dbf-cc2da70b766b req-6c94dbe4-bf8c-4ac1-a518-7863183d3f13 service placement] 10.222.0.45 "GET /placement/allocations/9928ea88-a36b-419d-8b05-9a46baaa644d" status: 200 len: 259 microversion: 1.28
Feb 03 16:59:52.657599 n-d-827661-1 devstack@placement-api.service[110456]: [pid: 110456|app: 0|req: 236/470] 10.222.0.45 () {60 vars in 1377 bytes} [Thu Feb 3 16:59:52 2022] GET /placement/allocations/9928ea88-a36b-419d-8b05-9a46baaa644d => generated 259 bytes in 35 msecs (HTTP/1.1 200) 8 headers in 296 bytes (1 switches on core 0)
Feb 03 17:00:06.353544 n-d-827661-1 devstack@placement-api.service[110455]: DEBUG placement.requestlog [None req-6038f88f-15a7-4b2e-9d2e-15fca8a88166 None None] Starting request: 10.222.0.50 "GET /placement/" {{(pid=110455) __call__ /opt/stack/placement/placement/requestlog.py:55}}
Feb 03 17:00:06.355161 n-d-827661-1 devstack@placement-api.service[110455]: INFO placement.requestlog [None req-6038f88f-15a7-4b2e-9d2e-15fca8a88166 None None] 10.222.0.50 "GET /placement/" status: 200 len: 136 microversion: 1.0
Feb 03 17:00:06.356125 n-d-827661-1 devstack@placement-api.service[110455]: [pid: 110455|app: 0|req: 235/471] 10.222.0.50 () {54 vars in 916 bytes} [Thu Feb 3 17:00:06 2022] GET /placement => generated 136 bytes in 3 msecs (HTTP/1.1 200) 6 headers in 224 bytes (1 switches on core 0)
Feb 03 17:00:06.401730 n-d-827661-1 devstack@placement-api.service[110456]: DEBUG placement.requestlog [req-a0dad0a4-d5f9-44af-95c9-81ed9b8f7df5 req-f9336888-8908-4d9c-b886-a57406c8c4cd None None] Starting request: 10.222.0.50 "GET /placement/allocations/32262188-5c85-4743-aea5-37a341f68f49" {{(pid=110456) __call__ /opt/stack/placement/placement/requestlog.py:55}}
Feb 03 17:00:06.785500 n-d-827661-1 devstack@placement-api.service[110456]: INFO placement.requestlog [req-a0dad0a4-d5f9-44af-95c9-81ed9b8f7df5 req-f9336888-8908-4d9c-b886-a57406c8c4cd service placement] 10.222.0.50 "GET /placement/allocations/32262188-5c85-4743-aea5-37a341f68f49" status: 200 len: 245 microversion: 1.28
Feb 03 17:00:06.789016 n-d-827661-1 devstack@placement-api.service[110456]: [pid: 110456|app: 0|req: 237/472] 10.222.0.50 () {60 vars in 1380 bytes} [Thu Feb 3 17:00:06 2022] GET /placement/allocations/32262188-5c85-4743-aea5-37a341f68f49 => generated 245 bytes in 387 msecs (HTTP/1.1 200) 8 headers in 296 bytes (1 switches on core 0)
Feb 03 17:00:06.796171 n-d-827661-1 devstack@placement-api.service[110455]: DEBUG placement.requestlog [req-a0dad0a4-d5f9-44af-95c9-81ed9b8f7df5 req-0d6fc2d7-8628-4cf3-9e46-78b183e3e283 None None] Starting request: 10.222.0.50 "GET /placement/allocations/32262188-5c85-4743-aea5-37a341f68f49" {{(pid=110455) __call__ /opt/stack/placement/placement/requestlog.py:55}}
Feb 03 17:00:06.830376 n-d-827661-1 devstack@placement-api.service[110455]: INFO placement.requestlog [req-a0dad0a4-d5f9-44af-95c9-81ed9b8f7df5 req-0d6fc2d7-8628-4cf3-9e46-78b183e3e283 service placement] 10.222.0.50 "GET /placement/allocations/32262188-5c85-4743-aea5-37a341f68f49" status: 200 len: 245 microversion: 1.28
Feb 03 17:00:06.830888 n-d-827661-1 devstack@placement-api.service[110455]: [pid: 110455|app: 0|req: 236/473] 10.222.0.50 () {60 vars in 1380 bytes} [Thu Feb 3 17:00:06 2022] GET /placement/allocations/32262188-5c85-4743-aea5-37a341f68f49 => generated 245 bytes in 36 msecs (HTTP/1.1 200) 8 headers in 296 bytes (2 switches on core 0)
Feb 03 17:00:06.839164 n-d-827661-1 devstack@placement-api.service[110456]: DEBUG placement.requestlog [req-a0dad0a4-d5f9-44af-95c9-81ed9b8f7df5 req-5006a873-a43a-4b10-be05-c484717158de None None] Starting request: 10.222.0.50 "GET /placement/allocations/c2b5707b-f326-43ec-a714-579bc0a54252" {{(pid=110456) __call__ /opt/stack/placement/placement/requestlog.py:55}}
Feb 03 17:00:06.864675 n-d-827661-1 devstack@placement-api.service[110456]: INFO placement.requestlog [req-a0dad0a4-d5f9-44af-95c9-81ed9b8f7df5 req-5006a873-a43a-4b10-be05-c484717158de service placement] 10.222.0.50 "GET /placement/allocations/c2b5707b-f326-43ec-a714-579bc0a54252" status: 200 len: 19 microversion: 1.28
Feb 03 17:00:06.873252 n-d-827661-1 devstack@placement-api.service[110455]: DEBUG placement.requestlog [req-a0dad0a4-d5f9-44af-95c9-81ed9b8f7df5 req-b84a1e14-fe51-4124-b347-4897fc93c799 None None] Starting request: 10.222.0.50 "POST /placement/allocations" {{(pid=110455) __call__ /opt/stack/placement/placement/requestlog.py:55}}
Feb 03 17:00:06.878352 n-d-827661-1 devstack@placement-api.service[110456]: [pid: 110456|app: 0|req: 238/474] 10.222.0.50 () {60 vars in 1380 bytes} [Thu Feb 3 17:00:06 2022] GET /placement/allocations/c2b5707b-f326-43ec-a714-579bc0a54252 => generated 19 bytes in 40 msecs (HTTP/1.1 200) 8 headers in 295 bytes (1 switches on core 0)
Feb 03 17:00:07.029575 n-d-827661-1 devstack@placement-api.service[110455]: DEBUG placement.handlers.allocation [req-a0dad0a4-d5f9-44af-95c9-81ed9b8f7df5 req-b84a1e14-fe51-4124-b347-4897fc93c799 service placement] Successfully wrote allocations [, , , ] {{(pid=110455) _update_consumers_and_create_allocations /opt/stack/placement/placement/handlers/allocation.py:572}}
Feb 03 17:00:07.035003 n-d-827661-1 devstack@placement-api.service[110455]: INFO placement.requestlog [req-a0dad0a4-d5f9-44af-95c9-81ed9b8f7df5 req-b84a1e14-fe51-4124-b347-4897fc93c799 service placement] 10.222.0.50 "POST /placement/allocations" status: 204 len: 0 microversion: 1.28
Feb 03 17:00:07.042265 n-d-827661-1 devstack@placement-api.service[110455]: [pid: 110455|app: 0|req: 237/475] 10.222.0.50 () {64 vars in 1323 bytes} [Thu Feb 3 17:00:06 2022] POST /placement/allocations => generated 0 bytes in 163 msecs (HTTP/1.1 204) 5 headers in 199 bytes (2 switches on core 0)
Feb 03 17:00:07.096998 n-d-827661-1 devstack@placement-api.service[110456]: DEBUG placement.requestlog [req-a0dad0a4-d5f9-44af-95c9-81ed9b8f7df5 req-d6b5c485-e659-4b41-a0e8-7969658fe76c None None] Starting request: 10.222.0.50 "GET /placement/allocations/32262188-5c85-4743-aea5-37a341f68f49" {{(pid=110456) __call__ /opt/stack/placement/placement/requestlog.py:55}}
Feb 03 17:00:07.114968 n-d-827661-1 devstack@placement-api.service[110456]: INFO placement.requestlog [req-a0dad0a4-d5f9-44af-95c9-81ed9b8f7df5 req-d6b5c485-e659-4b41-a0e8-7969658fe76c service placement] 10.222.0.50 "GET /placement/allocations/32262188-5c85-4743-aea5-37a341f68f49" status: 200 len: 19 microversion: 1.28
Feb 03 17:00:07.115853 n-d-827661-1 devstack@placement-api.service[110456]: [pid: 110456|app: 0|req: 239/476] 10.222.0.50 () {60 vars in 1380 bytes} [Thu Feb 3 17:00:07 2022] GET /placement/allocations/32262188-5c85-4743-aea5-37a341f68f49 => generated 19 bytes in 19 msecs (HTTP/1.1 200) 8 headers in 295 bytes (1 switches on core 0)
Feb 03 17:00:07.124852 n-d-827661-1 devstack@placement-api.service[110455]: DEBUG placement.requestlog [req-a0dad0a4-d5f9-44af-95c9-81ed9b8f7df5 req-3c915de6-a84d-4a42-821a-eaaa5e6f8c2b None None] Starting request: 10.222.0.50 "PUT /placement/allocations/32262188-5c85-4743-aea5-37a341f68f49" {{(pid=110455) __call__ /opt/stack/placement/placement/requestlog.py:55}}
Feb 03 17:00:07.230097 n-d-827661-1 devstack@placement-api.service[110455]: DEBUG placement.handlers.allocation [req-a0dad0a4-d5f9-44af-95c9-81ed9b8f7df5 req-3c915de6-a84d-4a42-821a-eaaa5e6f8c2b service placement] Successfully wrote allocations [, ] {{(pid=110455) _update_consumers_and_create_allocations /opt/stack/placement/placement/handlers/allocation.py:462}}
Feb 03 17:00:07.236581 n-d-827661-1 devstack@placement-api.service[110455]: INFO placement.requestlog [req-a0dad0a4-d5f9-44af-95c9-81ed9b8f7df5 req-3c915de6-a84d-4a42-821a-eaaa5e6f8c2b service placement] 10.222.0.50 "PUT /placement/allocations/32262188-5c85-4743-aea5-37a341f68f49" status: 204 len: 0 microversion: 1.28
Feb 03 17:00:07.237151 n-d-827661-1 devstack@placement-api.service[110455]: [pid: 110455|app: 0|req: 238/477] 10.222.0.50 () {64 vars in 1433 bytes} [Thu Feb 3 17:00:07 2022] PUT /placement/allocations/32262188-5c85-4743-aea5-37a341f68f49 => generated 0 bytes in 113 msecs (HTTP/1.1 204) 5 headers in 199 bytes (1 switches on core 0)
Feb 03 17:00:07.428906 n-d-827661-1 devstack@placement-api.service[110456]: DEBUG placement.requestlog [req-a0dad0a4-d5f9-44af-95c9-81ed9b8f7df5 req-3e920cea-bcd3-46df-a4f0-7988b843d8c7 None None] Starting request: 10.222.0.45 "GET /placement/allocations/32262188-5c85-4743-aea5-37a341f68f49" {{(pid=110456) __call__ /opt/stack/placement/placement/requestlog.py:55}}
Feb 03 17:00:07.476292 n-d-827661-1 devstack@placement-api.service[110455]: DEBUG placement.requestlog [req-6d28cf82-e6fa-4043-ad6b-b5b72690e67b req-69481917-cabe-4375-942d-221b9152910e None None] Starting request: 10.222.0.50 "GET /placement/allocation_candidates?limit=1000&resources=DISK_GB%3A1%2CMEMORY_MB%3A1024%2CVCPU%3A1&root_required=%21COMPUTE_STATUS_DISABLED" {{(pid=110455) __call__ /opt/stack/placement/placement/requestlog.py:55}}
Feb 03 17:00:07.501404 n-d-827661-1 devstack@placement-api.service[110456]: INFO placement.requestlog [req-a0dad0a4-d5f9-44af-95c9-81ed9b8f7df5 req-3e920cea-bcd3-46df-a4f0-7988b843d8c7 service placement] 10.222.0.45 "GET /placement/allocations/32262188-5c85-4743-aea5-37a341f68f49" status: 200 len: 245 microversion: 1.28
Feb 03 17:00:07.504279 n-d-827661-1 devstack@placement-api.service[110456]: [pid: 110456|app: 0|req: 240/478] 10.222.0.45 () {60 vars in 1377 bytes} [Thu Feb 3 17:00:07 2022] GET /placement/allocations/32262188-5c85-4743-aea5-37a341f68f49 => generated 245 bytes in 76 msecs (HTTP/1.1 200) 8 headers in 296 bytes (1 switches on core 0)
Feb 03 17:00:07.553255 n-d-827661-1 devstack@placement-api.service[110455]: DEBUG placement.objects.research_context [req-6d28cf82-e6fa-4043-ad6b-b5b72690e67b req-69481917-cabe-4375-942d-221b9152910e service placement] getting providers with 1 DISK_GB {{(pid=110455) __init__ /opt/stack/placement/placement/objects/research_context.py:126}}
Feb 03 17:00:07.577805 n-d-827661-1 devstack@placement-api.service[110455]: DEBUG placement.objects.research_context [req-6d28cf82-e6fa-4043-ad6b-b5b72690e67b req-69481917-cabe-4375-942d-221b9152910e service placement] getting providers with 1024 MEMORY_MB {{(pid=110455) __init__ /opt/stack/placement/placement/objects/research_context.py:126}}
Feb 03 17:00:07.586371 n-d-827661-1 devstack@placement-api.service[110455]: DEBUG placement.objects.research_context [req-6d28cf82-e6fa-4043-ad6b-b5b72690e67b req-69481917-cabe-4375-942d-221b9152910e service placement] getting providers with 1 VCPU {{(pid=110455) __init__ /opt/stack/placement/placement/objects/research_context.py:126}}
Feb 03 17:00:07.597280 n-d-827661-1 devstack@placement-api.service[110455]: DEBUG placement.objects.research_context [req-6d28cf82-e6fa-4043-ad6b-b5b72690e67b req-69481917-cabe-4375-942d-221b9152910e service placement] found 2 providers with available 1 DISK_GB {{(pid=110455) get_provider_ids_matching /opt/stack/placement/placement/objects/research_context.py:549}}
Feb 03 17:00:07.598180 n-d-827661-1 devstack@placement-api.service[110455]: DEBUG placement.objects.research_context [req-6d28cf82-e6fa-4043-ad6b-b5b72690e67b req-69481917-cabe-4375-942d-221b9152910e service placement] found 2 providers with available 1024 MEMORY_MB {{(pid=110455) get_provider_ids_matching /opt/stack/placement/placement/objects/research_context.py:549}}
Feb 03 17:00:07.598697 n-d-827661-1 devstack@placement-api.service[110455]: DEBUG placement.objects.research_context [req-6d28cf82-e6fa-4043-ad6b-b5b72690e67b req-69481917-cabe-4375-942d-221b9152910e service placement] found 2 providers after filtering by previous result {{(pid=110455) get_provider_ids_matching /opt/stack/placement/placement/objects/research_context.py:580}}
Feb 03 17:00:07.599256 n-d-827661-1 devstack@placement-api.service[110455]: DEBUG placement.objects.research_context [req-6d28cf82-e6fa-4043-ad6b-b5b72690e67b req-69481917-cabe-4375-942d-221b9152910e service placement] found 2 providers with available 1 VCPU {{(pid=110455) get_provider_ids_matching /opt/stack/placement/placement/objects/research_context.py:549}}
Feb 03 17:00:07.599771 n-d-827661-1 devstack@placement-api.service[110455]: DEBUG placement.objects.research_context [req-6d28cf82-e6fa-4043-ad6b-b5b72690e67b req-69481917-cabe-4375-942d-221b9152910e service placement] found 2 providers after filtering by previous result {{(pid=110455) get_provider_ids_matching /opt/stack/placement/placement/objects/research_context.py:580}}
Feb 03 17:00:07.614698 n-d-827661-1 devstack@placement-api.service[110455]: DEBUG placement.objects.allocation_candidate [req-6d28cf82-e6fa-4043-ad6b-b5b72690e67b req-69481917-cabe-4375-942d-221b9152910e service placement] RequestGroup(use_same_provider=False, resources={DISK_GB:1, MEMORY_MB:1024, VCPU:1}, traits=[], aggregates=[]) (suffix '') returned 2 matches {{(pid=110455) _get_by_requests /opt/stack/placement/placement/objects/allocation_candidate.py:145}}
Feb 03 17:00:07.635073 n-d-827661-1 devstack@placement-api.service[110455]: DEBUG placement.objects.allocation_candidate [req-6d28cf82-e6fa-4043-ad6b-b5b72690e67b req-69481917-cabe-4375-942d-221b9152910e service placement] Merging candidates yields 2 allocation requests and 2 provider summaries {{(pid=110455) _merge_candidates /opt/stack/placement/placement/objects/allocation_candidate.py:783}}
Feb 03 17:00:07.638500 n-d-827661-1 devstack@placement-api.service[110455]: INFO placement.requestlog [req-6d28cf82-e6fa-4043-ad6b-b5b72690e67b req-69481917-cabe-4375-942d-221b9152910e service placement] 10.222.0.50 "GET /placement/allocation_candidates?limit=1000&resources=DISK_GB%3A1%2CMEMORY_MB%3A1024%2CVCPU%3A1&root_required=%21COMPUTE_STATUS_DISABLED" status: 200 len: 1309 microversion: 1.36
Feb 03 17:00:07.640045 n-d-827661-1 devstack@placement-api.service[110455]: [pid: 110455|app: 0|req: 239/479] 10.222.0.50 () {60 vars in 1506 bytes} [Thu Feb 3 17:00:07 2022] GET /placement/allocation_candidates?limit=1000&resources=DISK_GB%3A1%2CMEMORY_MB%3A1024%2CVCPU%3A1&root_required=%21COMPUTE_STATUS_DISABLED => generated 1309 bytes in 164 msecs (HTTP/1.1 200) 8 headers in 297 bytes (1 switches on core 0)
Feb 03 17:00:07.740350 n-d-827661-1 devstack@placement-api.service[110456]: DEBUG placement.requestlog [req-6d28cf82-e6fa-4043-ad6b-b5b72690e67b req-4c5bc586-47c5-41d4-a85c-2d8ca6b80cf5 None None] Starting request: 10.222.0.50 "GET /placement/allocations/51d59d01-e9f1-4f9e-86ba-94047cda5197" {{(pid=110456) __call__ /opt/stack/placement/placement/requestlog.py:55}}
Feb 03 17:00:07.760436 n-d-827661-1 devstack@placement-api.service[110456]: INFO placement.requestlog [req-6d28cf82-e6fa-4043-ad6b-b5b72690e67b req-4c5bc586-47c5-41d4-a85c-2d8ca6b80cf5 service placement] 10.222.0.50 "GET /placement/allocations/51d59d01-e9f1-4f9e-86ba-94047cda5197" status: 200 len: 19 microversion: 1.28
Feb 03 17:00:07.761611 n-d-827661-1 devstack@placement-api.service[110456]: [pid: 110456|app: 0|req: 241/480] 10.222.0.50 () {60 vars in 1380 bytes} [Thu Feb 3 17:00:07 2022] GET /placement/allocations/51d59d01-e9f1-4f9e-86ba-94047cda5197 => generated 19 bytes in 21 msecs (HTTP/1.1 200) 8 headers in 295 bytes (1 switches on core 0)
Feb 03 17:00:07.774452 n-d-827661-1 devstack@placement-api.service[110455]: DEBUG placement.requestlog [req-6d28cf82-e6fa-4043-ad6b-b5b72690e67b req-f5eece27-c206-47d3-80e0-71a5e0c969d3 None None] Starting request: 10.222.0.50 "PUT /placement/allocations/51d59d01-e9f1-4f9e-86ba-94047cda5197" {{(pid=110455) __call__ /opt/stack/placement/placement/requestlog.py:55}}
Feb 03 17:00:07.928390 n-d-827661-1 devstack@placement-api.service[110455]: DEBUG placement.handlers.allocation [req-6d28cf82-e6fa-4043-ad6b-b5b72690e67b req-f5eece27-c206-47d3-80e0-71a5e0c969d3 service placement] Successfully wrote allocations [, , ] {{(pid=110455) _update_consumers_and_create_allocations /opt/stack/placement/placement/handlers/allocation.py:462}}
Feb 03 17:00:07.933693 n-d-827661-1 devstack@placement-api.service[110455]: INFO placement.requestlog [req-6d28cf82-e6fa-4043-ad6b-b5b72690e67b req-f5eece27-c206-47d3-80e0-71a5e0c969d3 service placement] 10.222.0.50 "PUT /placement/allocations/51d59d01-e9f1-4f9e-86ba-94047cda5197" status: 204 len: 0 microversion: 1.36
Feb 03 17:00:07.935085 n-d-827661-1 devstack@placement-api.service[110455]: [pid: 110455|app: 0|req: 240/481] 10.222.0.50 () {64 vars in 1433 bytes} [Thu Feb 3 17:00:07 2022] PUT /placement/allocations/51d59d01-e9f1-4f9e-86ba-94047cda5197 => generated 0 bytes in 161 msecs (HTTP/1.1 204) 5 headers in 199 bytes (1 switches on core 0)
Feb 03 17:00:08.471702 n-d-827661-1 devstack@placement-api.service[110456]: DEBUG placement.requestlog [req-6d28cf82-e6fa-4043-ad6b-b5b72690e67b req-5d94fc29-bc13-4dc3-b331-631b991f5620 None None] Starting request: 10.222.0.62 "GET /placement/allocations/51d59d01-e9f1-4f9e-86ba-94047cda5197" {{(pid=110456) __call__ /opt/stack/placement/placement/requestlog.py:55}}
Feb 03 17:00:08.508850 n-d-827661-1 devstack@placement-api.service[110456]: INFO placement.requestlog [req-6d28cf82-e6fa-4043-ad6b-b5b72690e67b req-5d94fc29-bc13-4dc3-b331-631b991f5620 service placement] 10.222.0.62 "GET /placement/allocations/51d59d01-e9f1-4f9e-86ba-94047cda5197" status: 200 len: 259 microversion: 1.28
Feb 03 17:00:08.512407 n-d-827661-1 devstack@placement-api.service[110456]: [pid: 110456|app: 0|req: 242/482] 10.222.0.62 () {60 vars in 1377 bytes} [Thu Feb 3 17:00:08 2022] GET /placement/allocations/51d59d01-e9f1-4f9e-86ba-94047cda5197 => generated 259 bytes in 41 msecs (HTTP/1.1 200) 8 headers in 296 bytes (2 switches on core 0)
Feb 03 17:00:09.106365 n-d-827661-1 devstack@placement-api.service[110455]: DEBUG placement.requestlog [req-92fad4ef-76fa-4c79-9d2e-34206a9b55af req-df1aa2b5-01ff-4c70-b6bd-7bb88d48eb45 None None] Starting request: 10.222.0.50 "GET /placement/allocation_candidates?limit=1000&resources=DISK_GB%3A1%2CMEMORY_MB%3A1024%2CVCPU%3A1&root_required=%21COMPUTE_STATUS_DISABLED" {{(pid=110455) __call__ /opt/stack/placement/placement/requestlog.py:55}}
Feb 03 17:00:09.163399 n-d-827661-1 devstack@placement-api.service[110455]: DEBUG placement.objects.research_context [req-92fad4ef-76fa-4c79-9d2e-34206a9b55af req-df1aa2b5-01ff-4c70-b6bd-7bb88d48eb45 service placement] getting providers with 1 DISK_GB {{(pid=110455) __init__ /opt/stack/placement/placement/objects/research_context.py:126}}
Feb 03 17:00:09.171738 n-d-827661-1 devstack@placement-api.service[110455]: DEBUG placement.objects.research_context [req-92fad4ef-76fa-4c79-9d2e-34206a9b55af req-df1aa2b5-01ff-4c70-b6bd-7bb88d48eb45 service placement] getting providers with 1024 MEMORY_MB {{(pid=110455) __init__ /opt/stack/placement/placement/objects/research_context.py:126}}
Feb 03 17:00:09.182625 n-d-827661-1 devstack@placement-api.service[110455]: DEBUG placement.objects.research_context [req-92fad4ef-76fa-4c79-9d2e-34206a9b55af req-df1aa2b5-01ff-4c70-b6bd-7bb88d48eb45 service placement] getting providers with 1 VCPU {{(pid=110455) __init__ /opt/stack/placement/placement/objects/research_context.py:126}}
Feb 03 17:00:09.192592 n-d-827661-1 devstack@placement-api.service[110455]: DEBUG placement.objects.research_context [req-92fad4ef-76fa-4c79-9d2e-34206a9b55af req-df1aa2b5-01ff-4c70-b6bd-7bb88d48eb45 service placement] found 2 providers with available 1 DISK_GB {{(pid=110455) get_provider_ids_matching /opt/stack/placement/placement/objects/research_context.py:549}}
Feb 03 17:00:09.193752 n-d-827661-1 devstack@placement-api.service[110455]: DEBUG placement.objects.research_context [req-92fad4ef-76fa-4c79-9d2e-34206a9b55af req-df1aa2b5-01ff-4c70-b6bd-7bb88d48eb45 service placement] found 2 providers with available 1024 MEMORY_MB {{(pid=110455) get_provider_ids_matching /opt/stack/placement/placement/objects/research_context.py:549}}
Feb 03 17:00:09.194232 n-d-827661-1 devstack@placement-api.service[110455]: DEBUG placement.objects.research_context [req-92fad4ef-76fa-4c79-9d2e-34206a9b55af req-df1aa2b5-01ff-4c70-b6bd-7bb88d48eb45 service placement] found 2 providers after filtering by previous result {{(pid=110455) get_provider_ids_matching /opt/stack/placement/placement/objects/research_context.py:580}}
Feb 03 17:00:09.194683 n-d-827661-1 devstack@placement-api.service[110455]: DEBUG placement.objects.research_context [req-92fad4ef-76fa-4c79-9d2e-34206a9b55af req-df1aa2b5-01ff-4c70-b6bd-7bb88d48eb45 service placement] found 2 providers with available 1 VCPU {{(pid=110455) get_provider_ids_matching /opt/stack/placement/placement/objects/research_context.py:549}}
Feb 03 17:00:09.196252 n-d-827661-1 devstack@placement-api.service[110455]: DEBUG placement.objects.research_context [req-92fad4ef-76fa-4c79-9d2e-34206a9b55af req-df1aa2b5-01ff-4c70-b6bd-7bb88d48eb45 service placement] found 2 providers after filtering by previous result {{(pid=110455) get_provider_ids_matching /opt/stack/placement/placement/objects/research_context.py:580}}
Feb 03 17:00:09.216941 n-d-827661-1 devstack@placement-api.service[110455]: DEBUG placement.objects.allocation_candidate [req-92fad4ef-76fa-4c79-9d2e-34206a9b55af req-df1aa2b5-01ff-4c70-b6bd-7bb88d48eb45 service placement] RequestGroup(use_same_provider=False, resources={DISK_GB:1, MEMORY_MB:1024, VCPU:1}, traits=[], aggregates=[]) (suffix '') returned 2 matches {{(pid=110455) _get_by_requests /opt/stack/placement/placement/objects/allocation_candidate.py:145}}
Feb 03 17:00:09.217772 n-d-827661-1 devstack@placement-api.service[110455]: DEBUG placement.objects.allocation_candidate [req-92fad4ef-76fa-4c79-9d2e-34206a9b55af req-df1aa2b5-01ff-4c70-b6bd-7bb88d48eb45 service placement] Merging candidates yields 2 allocation requests and 2 provider summaries {{(pid=110455) _merge_candidates /opt/stack/placement/placement/objects/allocation_candidate.py:783}}
Feb 03 17:00:09.219691 n-d-827661-1 devstack@placement-api.service[110455]: INFO placement.requestlog [req-92fad4ef-76fa-4c79-9d2e-34206a9b55af req-df1aa2b5-01ff-4c70-b6bd-7bb88d48eb45 service placement] 10.222.0.50 "GET /placement/allocation_candidates?limit=1000&resources=DISK_GB%3A1%2CMEMORY_MB%3A1024%2CVCPU%3A1&root_required=%21COMPUTE_STATUS_DISABLED" status: 200 len: 1309 microversion: 1.36
Feb 03 17:00:09.220758 n-d-827661-1 devstack@placement-api.service[110455]: [pid: 110455|app: 0|req: 241/483] 10.222.0.50 () {60 vars in 1506 bytes} [Thu Feb 3 17:00:09 2022] GET /placement/allocation_candidates?limit=1000&resources=DISK_GB%3A1%2CMEMORY_MB%3A1024%2CVCPU%3A1&root_required=%21COMPUTE_STATUS_DISABLED => generated 1309 bytes in 115 msecs (HTTP/1.1 200) 8 headers in 297 bytes (1 switches on core 0)
Feb 03 17:00:09.285243 n-d-827661-1 devstack@placement-api.service[110456]: DEBUG placement.requestlog [req-92fad4ef-76fa-4c79-9d2e-34206a9b55af req-335d405d-2f78-40e1-a2cb-5be13fc0f5c5 None None] Starting request: 10.222.0.50 "GET /placement/allocations/24fae5c1-90de-4505-b9f8-c182bab9731e" {{(pid=110456) __call__ /opt/stack/placement/placement/requestlog.py:55}}
Feb 03 17:00:09.306405 n-d-827661-1 devstack@placement-api.service[110456]: INFO placement.requestlog [req-92fad4ef-76fa-4c79-9d2e-34206a9b55af req-335d405d-2f78-40e1-a2cb-5be13fc0f5c5 service placement] 10.222.0.50 "GET /placement/allocations/24fae5c1-90de-4505-b9f8-c182bab9731e" status: 200 len: 19 microversion: 1.28
Feb 03 17:00:09.307958 n-d-827661-1 devstack@placement-api.service[110456]: [pid: 110456|app: 0|req: 243/484] 10.222.0.50 () {60 vars in 1380 bytes} [Thu Feb 3 17:00:09 2022] GET /placement/allocations/24fae5c1-90de-4505-b9f8-c182bab9731e => generated 19 bytes in 23 msecs (HTTP/1.1 200) 8 headers in 295 bytes (1 switches on core 0)
Feb 03 17:00:09.328471 n-d-827661-1 devstack@placement-api.service[110455]: DEBUG placement.requestlog [req-92fad4ef-76fa-4c79-9d2e-34206a9b55af req-9813b8b0-1fa3-4864-a769-df158f5bf104 None None] Starting request: 10.222.0.50 "PUT /placement/allocations/24fae5c1-90de-4505-b9f8-c182bab9731e" {{(pid=110455) __call__ /opt/stack/placement/placement/requestlog.py:55}}
Feb 03 17:00:09.471375 n-d-827661-1 devstack@placement-api.service[110455]: DEBUG placement.handlers.allocation [req-92fad4ef-76fa-4c79-9d2e-34206a9b55af req-9813b8b0-1fa3-4864-a769-df158f5bf104 service placement] Successfully wrote allocations [, , ] {{(pid=110455) _update_consumers_and_create_allocations /opt/stack/placement/placement/handlers/allocation.py:462}}
Feb 03 17:00:09.477059 n-d-827661-1 devstack@placement-api.service[110455]: INFO placement.requestlog [req-92fad4ef-76fa-4c79-9d2e-34206a9b55af req-9813b8b0-1fa3-4864-a769-df158f5bf104 service placement] 10.222.0.50 "PUT /placement/allocations/24fae5c1-90de-4505-b9f8-c182bab9731e" status: 204 len: 0 microversion: 1.36
Feb 03 17:00:09.477815 n-d-827661-1 devstack@placement-api.service[110455]: [pid: 110455|app: 0|req: 242/485] 10.222.0.50 () {64 vars in 1433 bytes} [Thu Feb 3 17:00:09 2022] PUT /placement/allocations/24fae5c1-90de-4505-b9f8-c182bab9731e => generated 0 bytes in 151 msecs (HTTP/1.1 204) 5 headers in 199 bytes (1 switches on core 0)
Feb 03 17:00:10.154411 n-d-827661-1 devstack@placement-api.service[110456]: DEBUG placement.requestlog [req-92fad4ef-76fa-4c79-9d2e-34206a9b55af req-db4dadd8-23f7-4848-b114-c67fda8a6809 None None] Starting request: 10.222.0.62 "GET /placement/allocations/24fae5c1-90de-4505-b9f8-c182bab9731e" {{(pid=110456) __call__ /opt/stack/placement/placement/requestlog.py:55}}
Feb 03 17:00:10.206289 n-d-827661-1 devstack@placement-api.service[110456]: INFO placement.requestlog [req-92fad4ef-76fa-4c79-9d2e-34206a9b55af req-db4dadd8-23f7-4848-b114-c67fda8a6809 service placement] 10.222.0.62 "GET /placement/allocations/24fae5c1-90de-4505-b9f8-c182bab9731e" status: 200 len: 259 microversion: 1.28
Feb 03 17:00:10.209732 n-d-827661-1 devstack@placement-api.service[110456]: [pid: 110456|app: 0|req: 244/486] 10.222.0.62 () {60 vars in 1377 bytes} [Thu Feb 3 17:00:10 2022] GET /placement/allocations/24fae5c1-90de-4505-b9f8-c182bab9731e => generated 259 bytes in 53 msecs (HTTP/1.1 200) 8 headers in 296 bytes (1 switches on core 0)
Feb 03 17:00:17.692617 n-d-827661-1 devstack@placement-api.service[110455]: DEBUG placement.requestlog [req-5caa97b9-5b3b-493f-9757-489c19940083 req-fdfd7d52-9940-4c83-9060-bae21ee8b80e None None] Starting request: 10.222.0.50 "GET /placement/allocation_candidates?limit=1000&resources=MEMORY_MB%3A1024%2CVCPU%3A1&root_required=%21COMPUTE_STATUS_DISABLED" {{(pid=110455) __call__ /opt/stack/placement/placement/requestlog.py:55}}
Feb 03 17:00:18.076661 n-d-827661-1 devstack@placement-api.service[110455]: DEBUG placement.objects.research_context [req-5caa97b9-5b3b-493f-9757-489c19940083 req-fdfd7d52-9940-4c83-9060-bae21ee8b80e service placement] getting providers with 1024 MEMORY_MB {{(pid=110455) __init__ /opt/stack/placement/placement/objects/research_context.py:126}}
Feb 03 17:00:18.093769 n-d-827661-1 devstack@placement-api.service[110455]: DEBUG placement.objects.research_context [req-5caa97b9-5b3b-493f-9757-489c19940083 req-fdfd7d52-9940-4c83-9060-bae21ee8b80e service placement] getting providers with 1 VCPU {{(pid=110455) __init__ /opt/stack/placement/placement/objects/research_context.py:126}}
Feb 03 17:00:18.104342 n-d-827661-1 devstack@placement-api.service[110455]: DEBUG placement.objects.research_context [req-5caa97b9-5b3b-493f-9757-489c19940083 req-fdfd7d52-9940-4c83-9060-bae21ee8b80e service placement] found 2 providers with available 1024 MEMORY_MB {{(pid=110455) get_provider_ids_matching /opt/stack/placement/placement/objects/research_context.py:549}}
Feb 03 17:00:18.104631 n-d-827661-1 devstack@placement-api.service[110455]: DEBUG placement.objects.research_context [req-5caa97b9-5b3b-493f-9757-489c19940083 req-fdfd7d52-9940-4c83-9060-bae21ee8b80e service placement] found 2 providers with available 1 VCPU {{(pid=110455) get_provider_ids_matching /opt/stack/placement/placement/objects/research_context.py:549}}
Feb 03 17:00:18.104912 n-d-827661-1 devstack@placement-api.service[110455]: DEBUG placement.objects.research_context [req-5caa97b9-5b3b-493f-9757-489c19940083 req-fdfd7d52-9940-4c83-9060-bae21ee8b80e service placement] found 2 providers after filtering by previous result {{(pid=110455) get_provider_ids_matching /opt/stack/placement/placement/objects/research_context.py:580}}
Feb 03 17:00:18.132243 n-d-827661-1 devstack@placement-api.service[110455]: DEBUG placement.objects.allocation_candidate [req-5caa97b9-5b3b-493f-9757-489c19940083 req-fdfd7d52-9940-4c83-9060-bae21ee8b80e service placement] RequestGroup(use_same_provider=False, resources={MEMORY_MB:1024, VCPU:1}, traits=[], aggregates=[]) (suffix '') returned 2 matches {{(pid=110455) _get_by_requests /opt/stack/placement/placement/objects/allocation_candidate.py:145}}
Feb 03 17:00:18.135841 n-d-827661-1 devstack@placement-api.service[110455]: DEBUG placement.objects.allocation_candidate [req-5caa97b9-5b3b-493f-9757-489c19940083 req-fdfd7d52-9940-4c83-9060-bae21ee8b80e service placement] Merging candidates yields 2 allocation requests and 2 provider summaries {{(pid=110455) _merge_candidates /opt/stack/placement/placement/objects/allocation_candidate.py:783}}
Feb 03 17:00:18.140613 n-d-827661-1 devstack@placement-api.service[110455]: INFO placement.requestlog [req-5caa97b9-5b3b-493f-9757-489c19940083 req-fdfd7d52-9940-4c83-9060-bae21ee8b80e service placement] 10.222.0.50 "GET /placement/allocation_candidates?limit=1000&resources=MEMORY_MB%3A1024%2CVCPU%3A1&root_required=%21COMPUTE_STATUS_DISABLED" status: 200 len: 1281 microversion: 1.36
Feb 03 17:00:18.141431 n-d-827661-1 devstack@placement-api.service[110455]: [pid: 110455|app: 0|req: 243/487] 10.222.0.50 () {60 vars in 1478 bytes} [Thu Feb 3 17:00:17 2022] GET /placement/allocation_candidates?limit=1000&resources=MEMORY_MB%3A1024%2CVCPU%3A1&root_required=%21COMPUTE_STATUS_DISABLED => generated 1281 bytes in 449 msecs (HTTP/1.1 200) 8 headers in 297 bytes (1 switches on core 0)
Feb 03 17:00:18.266587 n-d-827661-1 devstack@placement-api.service[110456]: DEBUG placement.requestlog [req-5caa97b9-5b3b-493f-9757-489c19940083 req-70568f2c-a3bb-42c2-a563-8cd1738e8383 None None] Starting request: 10.222.0.50 "GET /placement/allocations/a781d848-9e71-45b8-b3dc-90a1f829d59c" {{(pid=110456) __call__ /opt/stack/placement/placement/requestlog.py:55}}
Feb 03 17:00:18.285295 n-d-827661-1 devstack@placement-api.service[110456]: INFO placement.requestlog [req-5caa97b9-5b3b-493f-9757-489c19940083 req-70568f2c-a3bb-42c2-a563-8cd1738e8383 service placement] 10.222.0.50 "GET /placement/allocations/a781d848-9e71-45b8-b3dc-90a1f829d59c" status: 200 len: 19 microversion: 1.28
Feb 03 17:00:18.285688 n-d-827661-1 devstack@placement-api.service[110456]: [pid: 110456|app: 0|req: 245/488] 10.222.0.50 () {60 vars in 1380 bytes} [Thu Feb 3 17:00:18 2022] GET /placement/allocations/a781d848-9e71-45b8-b3dc-90a1f829d59c => generated 19 bytes in 20 msecs (HTTP/1.1 200) 8 headers in 295 bytes (1 switches on core 0)
Feb 03 17:00:18.292767 n-d-827661-1 devstack@placement-api.service[110455]: DEBUG placement.requestlog [req-5caa97b9-5b3b-493f-9757-489c19940083 req-d323c237-47a2-4c5b-a338-47e833e9d178 None None] Starting request: 10.222.0.50 "PUT /placement/allocations/a781d848-9e71-45b8-b3dc-90a1f829d59c" {{(pid=110455) __call__ /opt/stack/placement/placement/requestlog.py:55}}
Feb 03 17:00:18.404502 n-d-827661-1 devstack@placement-api.service[110455]: DEBUG placement.handlers.allocation [req-5caa97b9-5b3b-493f-9757-489c19940083 req-d323c237-47a2-4c5b-a338-47e833e9d178 service placement] Successfully wrote allocations [, ] {{(pid=110455) _update_consumers_and_create_allocations /opt/stack/placement/placement/handlers/allocation.py:462}}
Feb 03 17:00:18.410554 n-d-827661-1 devstack@placement-api.service[110455]: INFO placement.requestlog [req-5caa97b9-5b3b-493f-9757-489c19940083 req-d323c237-47a2-4c5b-a338-47e833e9d178 service placement] 10.222.0.50 "PUT /placement/allocations/a781d848-9e71-45b8-b3dc-90a1f829d59c" status: 204 len: 0 microversion: 1.36
Feb 03 17:00:18.411334 n-d-827661-1 devstack@placement-api.service[110455]: [pid: 110455|app: 0|req: 244/489] 10.222.0.50 () {64 vars in 1433 bytes} [Thu Feb 3 17:00:18 2022] PUT /placement/allocations/a781d848-9e71-45b8-b3dc-90a1f829d59c => generated 0 bytes in 119 msecs (HTTP/1.1 204) 5 headers in 199 bytes (2 switches on core 0)
Feb 03 17:00:19.077548 n-d-827661-1 devstack@placement-api.service[110456]: DEBUG placement.requestlog [req-5caa97b9-5b3b-493f-9757-489c19940083 req-3ce836ba-36f2-43d1-9f16-cace79fcaa42 None None] Starting request: 10.222.0.62 "GET /placement/allocations/a781d848-9e71-45b8-b3dc-90a1f829d59c" {{(pid=110456) __call__ /opt/stack/placement/placement/requestlog.py:55}}
Feb 03 17:00:19.106996 n-d-827661-1 devstack@placement-api.service[110456]: INFO placement.requestlog [req-5caa97b9-5b3b-493f-9757-489c19940083 req-3ce836ba-36f2-43d1-9f16-cace79fcaa42 service placement] 10.222.0.62 "GET /placement/allocations/a781d848-9e71-45b8-b3dc-90a1f829d59c" status: 200 len: 245 microversion: 1.28
Feb 03 17:00:19.107735 n-d-827661-1 devstack@placement-api.service[110456]: [pid: 110456|app: 0|req: 246/490] 10.222.0.62 () {60 vars in 1377 bytes} [Thu Feb 3 17:00:19 2022] GET /placement/allocations/a781d848-9e71-45b8-b3dc-90a1f829d59c => generated 245 bytes in 30 msecs (HTTP/1.1 200) 8 headers in 296 bytes (2 switches on core 0)
Feb 03 17:00:23.880062 n-d-827661-1 devstack@placement-api.service[110455]: DEBUG placement.requestlog [req-49b693c7-957b-40c9-84b7-ad5549b1c483 req-93688029-7fe6-4a1b-bdc7-65e8df8e255b None None] Starting request: 10.222.0.50 "GET /placement/allocation_candidates?limit=1000&resources=DISK_GB%3A1%2CMEMORY_MB%3A1024%2CVCPU%3A1&root_required=%21COMPUTE_STATUS_DISABLED" {{(pid=110455) __call__ /opt/stack/placement/placement/requestlog.py:55}}
Feb 03 17:00:24.021938 n-d-827661-1 devstack@placement-api.service[110455]: DEBUG placement.objects.research_context [req-49b693c7-957b-40c9-84b7-ad5549b1c483 req-93688029-7fe6-4a1b-bdc7-65e8df8e255b service placement] getting providers with 1 DISK_GB {{(pid=110455) __init__ /opt/stack/placement/placement/objects/research_context.py:126}}
Feb 03 17:00:24.044617 n-d-827661-1 devstack@placement-api.service[110455]: DEBUG placement.objects.research_context [req-49b693c7-957b-40c9-84b7-ad5549b1c483 req-93688029-7fe6-4a1b-bdc7-65e8df8e255b service placement] getting providers with 1024 MEMORY_MB {{(pid=110455) __init__ /opt/stack/placement/placement/objects/research_context.py:126}}
Feb 03 17:00:24.062840 n-d-827661-1 devstack@placement-api.service[110455]: DEBUG placement.objects.research_context [req-49b693c7-957b-40c9-84b7-ad5549b1c483 req-93688029-7fe6-4a1b-bdc7-65e8df8e255b service placement] getting providers with 1 VCPU {{(pid=110455) __init__ /opt/stack/placement/placement/objects/research_context.py:126}}
Feb 03 17:00:24.076003 n-d-827661-1 devstack@placement-api.service[110455]: DEBUG placement.objects.research_context [req-49b693c7-957b-40c9-84b7-ad5549b1c483 req-93688029-7fe6-4a1b-bdc7-65e8df8e255b service placement] found 2 providers with available 1 DISK_GB {{(pid=110455) get_provider_ids_matching /opt/stack/placement/placement/objects/research_context.py:549}}
Feb 03 17:00:24.076414 n-d-827661-1 devstack@placement-api.service[110455]: DEBUG placement.objects.research_context [req-49b693c7-957b-40c9-84b7-ad5549b1c483 req-93688029-7fe6-4a1b-bdc7-65e8df8e255b service placement] found 2 providers with available 1024 MEMORY_MB {{(pid=110455) get_provider_ids_matching /opt/stack/placement/placement/objects/research_context.py:549}}
Feb 03 17:00:24.077136 n-d-827661-1 devstack@placement-api.service[110455]: DEBUG placement.objects.research_context [req-49b693c7-957b-40c9-84b7-ad5549b1c483 req-93688029-7fe6-4a1b-bdc7-65e8df8e255b service placement] found 2 providers after filtering by previous result {{(pid=110455) get_provider_ids_matching /opt/stack/placement/placement/objects/research_context.py:580}}
Feb 03 17:00:24.079208 n-d-827661-1 devstack@placement-api.service[110455]: DEBUG placement.objects.research_context [req-49b693c7-957b-40c9-84b7-ad5549b1c483 req-93688029-7fe6-4a1b-bdc7-65e8df8e255b service placement] found 2 providers with available 1 VCPU {{(pid=110455) get_provider_ids_matching /opt/stack/placement/placement/objects/research_context.py:549}}
Feb 03 17:00:24.079584 n-d-827661-1 devstack@placement-api.service[110455]: DEBUG placement.objects.research_context [req-49b693c7-957b-40c9-84b7-ad5549b1c483 req-93688029-7fe6-4a1b-bdc7-65e8df8e255b service placement] found 2 providers after filtering by previous result {{(pid=110455) get_provider_ids_matching /opt/stack/placement/placement/objects/research_context.py:580}}
Feb 03 17:00:24.108020 n-d-827661-1 devstack@placement-api.service[110455]: DEBUG placement.objects.allocation_candidate [req-49b693c7-957b-40c9-84b7-ad5549b1c483 req-93688029-7fe6-4a1b-bdc7-65e8df8e255b service placement] RequestGroup(use_same_provider=False, resources={DISK_GB:1, MEMORY_MB:1024, VCPU:1}, traits=[], aggregates=[]) (suffix '') returned 2 matches {{(pid=110455) _get_by_requests /opt/stack/placement/placement/objects/allocation_candidate.py:145}}
Feb 03 17:00:24.108542 n-d-827661-1 devstack@placement-api.service[110455]: DEBUG placement.objects.allocation_candidate [req-49b693c7-957b-40c9-84b7-ad5549b1c483 req-93688029-7fe6-4a1b-bdc7-65e8df8e255b service placement] Merging candidates yields 2 allocation requests and 2 provider summaries {{(pid=110455) _merge_candidates /opt/stack/placement/placement/objects/allocation_candidate.py:783}}
Feb 03 17:00:24.112993 n-d-827661-1 devstack@placement-api.service[110455]: INFO placement.requestlog [req-49b693c7-957b-40c9-84b7-ad5549b1c483 req-93688029-7fe6-4a1b-bdc7-65e8df8e255b service placement] 10.222.0.50 "GET /placement/allocation_candidates?limit=1000&resources=DISK_GB%3A1%2CMEMORY_MB%3A1024%2CVCPU%3A1&root_required=%21COMPUTE_STATUS_DISABLED" status: 200 len: 1309 microversion: 1.36
Feb 03 17:00:24.113891 n-d-827661-1 devstack@placement-api.service[110455]: [pid: 110455|app: 0|req: 245/491] 10.222.0.50 () {60 vars in 1506 bytes} [Thu Feb 3 17:00:23 2022] GET /placement/allocation_candidates?limit=1000&resources=DISK_GB%3A1%2CMEMORY_MB%3A1024%2CVCPU%3A1&root_required=%21COMPUTE_STATUS_DISABLED => generated 1309 bytes in 238 msecs (HTTP/1.1 200) 8 headers in 297 bytes (1 switches on core 0)
Feb 03 17:00:24.267743 n-d-827661-1 devstack@placement-api.service[110456]: DEBUG placement.requestlog [req-49b693c7-957b-40c9-84b7-ad5549b1c483 req-84da0746-3d8c-439a-af1a-182f1b8350c7 None None] Starting request: 10.222.0.50 "GET /placement/allocations/0d3584a9-cfde-41e2-81f7-64be41ce0678" {{(pid=110456) __call__ /opt/stack/placement/placement/requestlog.py:55}}
Feb 03 17:00:24.271329 n-d-827661-1 devstack@placement-api.service[110455]: DEBUG placement.requestlog [req-10abde5f-a5ea-47e7-84f9-ba26175c5340 req-a9ddd2d1-3be9-4516-84ad-2d2f8a551fd1 None None] Starting request: 10.222.0.45 "GET /placement/resource_providers/a6ea93b7-5474-4d12-90ce-cdf261ba94aa/allocations" {{(pid=110455) __call__ /opt/stack/placement/placement/requestlog.py:55}}
Feb 03 17:00:24.306339 n-d-827661-1 devstack@placement-api.service[110456]: INFO placement.requestlog [req-49b693c7-957b-40c9-84b7-ad5549b1c483 req-84da0746-3d8c-439a-af1a-182f1b8350c7 service placement] 10.222.0.50 "GET /placement/allocations/0d3584a9-cfde-41e2-81f7-64be41ce0678" status: 200 len: 19 microversion: 1.28
Feb 03 17:00:24.318179 n-d-827661-1 devstack@placement-api.service[110456]: [pid: 110456|app: 0|req: 247/492] 10.222.0.50 () {60 vars in 1380 bytes} [Thu Feb 3 17:00:24 2022] GET /placement/allocations/0d3584a9-cfde-41e2-81f7-64be41ce0678 => generated 19 bytes in 53 msecs (HTTP/1.1 200) 8 headers in 295 bytes (1 switches on core 0)
Feb 03 17:00:24.319374 n-d-827661-1 devstack@placement-api.service[110456]: DEBUG placement.requestlog [req-49b693c7-957b-40c9-84b7-ad5549b1c483 req-a5ee1d13-d5c7-4a65-92b2-0515fc0b998a None None] Starting request: 10.222.0.50 "PUT /placement/allocations/0d3584a9-cfde-41e2-81f7-64be41ce0678" {{(pid=110456) __call__ /opt/stack/placement/placement/requestlog.py:55}}
Feb 03 17:00:24.341746 n-d-827661-1 devstack@placement-api.service[110455]: INFO placement.requestlog [req-10abde5f-a5ea-47e7-84f9-ba26175c5340 req-a9ddd2d1-3be9-4516-84ad-2d2f8a551fd1 service placement] 10.222.0.45 "GET /placement/resource_providers/a6ea93b7-5474-4d12-90ce-cdf261ba94aa/allocations" status: 200 len: 833 microversion: 1.0
Feb 03 17:00:24.342693 n-d-827661-1 devstack@placement-api.service[110455]: [pid: 110455|app: 0|req: 246/493] 10.222.0.45 () {58 vars in 1390 bytes} [Thu Feb 3 17:00:24 2022] GET /placement/resource_providers/a6ea93b7-5474-4d12-90ce-cdf261ba94aa/allocations => generated 833 bytes in 72 msecs (HTTP/1.1 200) 6 headers in 224 bytes (1 switches on core 0)
Feb 03 17:00:24.458869 n-d-827661-1 devstack@placement-api.service[110456]: DEBUG placement.handlers.allocation [req-49b693c7-957b-40c9-84b7-ad5549b1c483 req-a5ee1d13-d5c7-4a65-92b2-0515fc0b998a service placement] Successfully wrote allocations [, , ] {{(pid=110456) _update_consumers_and_create_allocations /opt/stack/placement/placement/handlers/allocation.py:462}}
Feb 03 17:00:24.466485 n-d-827661-1 devstack@placement-api.service[110456]: INFO placement.requestlog [req-49b693c7-957b-40c9-84b7-ad5549b1c483 req-a5ee1d13-d5c7-4a65-92b2-0515fc0b998a service placement] 10.222.0.50 "PUT /placement/allocations/0d3584a9-cfde-41e2-81f7-64be41ce0678" status: 204 len: 0 microversion: 1.36
Feb 03 17:00:24.467954 n-d-827661-1 devstack@placement-api.service[110456]: [pid: 110456|app: 0|req: 248/494] 10.222.0.50 () {64 vars in 1433 bytes} [Thu Feb 3 17:00:24 2022] PUT /placement/allocations/0d3584a9-cfde-41e2-81f7-64be41ce0678 => generated 0 bytes in 149 msecs (HTTP/1.1 204) 5 headers in 199 bytes (1 switches on core 0)
Feb 03 17:00:24.653927 n-d-827661-1 devstack@placement-api.service[110455]: DEBUG placement.requestlog [req-1d319fb9-3481-452c-83bc-47b6356b43a4 req-2baba008-e654-4022-a7bf-17c005eee74b None None] Starting request: 10.222.0.45 "DELETE /placement/allocations/9928ea88-a36b-419d-8b05-9a46baaa644d" {{(pid=110455) __call__ /opt/stack/placement/placement/requestlog.py:55}}
Feb 03 17:00:24.700427 n-d-827661-1 devstack@placement-api.service[110455]: DEBUG placement.handlers.allocation [req-1d319fb9-3481-452c-83bc-47b6356b43a4 req-2baba008-e654-4022-a7bf-17c005eee74b service placement] Successfully deleted allocations [, , ] {{(pid=110455) delete_allocations /opt/stack/placement/placement/handlers/allocation.py:627}}
