Feb 03 14:09:43.338844 n-d-827549-2 neutron-server[103342]: DEBUG neutron.plugins.ml2.drivers.mech_agent [req-894256f5-8362-4573-bc45-576ceab39671 req-24390f5a-92a8-41c2-88e2-9160285897ff service neutron] Port 52bedbe6-0456-4ce7-ae12-9e8506cd6af9 on network 229ef7a4-4d2d-4c4a-9abc-fc18e5ad8532 not bound, no agent of type Open vSwitch agent registered on host n-h1-827549-2 {{(pid=103342) bind_port /opt/stack/neutron/neutron/plugins/ml2/drivers/mech_agent.py:103}}
Feb 03 14:09:43.339173 n-d-827549-2 neutron-server[103342]: DEBUG neutron.plugins.ml2.drivers.mech_agent [req-894256f5-8362-4573-bc45-576ceab39671 req-24390f5a-92a8-41c2-88e2-9160285897ff service neutron] Attempting to bind port 52bedbe6-0456-4ce7-ae12-9e8506cd6af9 on network 229ef7a4-4d2d-4c4a-9abc-fc18e5ad8532 {{(pid=103342) bind_port /opt/stack/neutron/neutron/plugins/ml2/drivers/mech_agent.py:91}}
Feb 03 14:09:43.374218 n-d-827549-2 neutron-server[103341]: DEBUG neutron_lib.callbacks.manager [req-6a6390a8-6936-4bdc-a64f-c22429a46d73 req-958dcc09-8cd7-4e7e-ac0e-5d497e40389f tempest-LiveMigrationNegativeTest-85354280 tempest-LiveMigrationNegativeTest-85354280-project] Publish callbacks [] for port (bc3e9dca-86c5-4317-bad9-6643aa70c630), precommit_create {{(pid=103341) _notify_loop /usr/local/lib/python3.8/dist-packages/neutron_lib/callbacks/manager.py:176}}
Feb 03 14:09:43.391409 n-d-827549-2 neutron-server[103342]: DEBUG neutron.plugins.ml2.drivers.mech_agent [req-894256f5-8362-4573-bc45-576ceab39671 req-24390f5a-92a8-41c2-88e2-9160285897ff service neutron] Checking agent: {'id': 'b6c5faec-4d6e-4a2e-8ad4-2ea74a528737', 'agent_type': 'HyperV agent', 'binary': 'neutron-hyperv-agent', 'topic': 'N/A', 'host': 'n-h1-827549-2', 'admin_state_up': True, 'created_at': datetime.datetime(2022, 2, 3, 14, 6, 24), 'started_at': datetime.datetime(2022, 2, 3, 14, 6, 24), 'heartbeat_timestamp': datetime.datetime(2022, 2, 3, 14, 9, 24), 'description': None, 'resources_synced': None, 'availability_zone': None, 'alive': True, 'configurations': {'vswitch_mappings': {'physnet1$': 'br-data'}}, 'resource_versions': {}} {{(pid=103342) bind_port /opt/stack/neutron/neutron/plugins/ml2/drivers/mech_agent.py:110}}
Feb 03 14:09:43.392079 n-d-827549-2 neutron-server[103342]: DEBUG neutron.plugins.ml2.drivers.mech_agent [req-894256f5-8362-4573-bc45-576ceab39671 req-24390f5a-92a8-41c2-88e2-9160285897ff service neutron] Checking segment: {'id': '2b6108ad-4cfd-4f92-8422-8e40fd0458ec', 'network_type': 'vlan', 'physical_network': 'physnet1', 'segmentation_id': 195, 'network_id': '229ef7a4-4d2d-4c4a-9abc-fc18e5ad8532'} for mappings: {'physnet1$': 'br-data'} with network types: ['local', 'flat', 'vlan'] {{(pid=103342) check_segment_for_agent /opt/stack/neutron/neutron/plugins/ml2/drivers/mech_agent.py:373}}
Feb 03 14:09:43.392206 n-d-827549-2 neutron-server[103342]: DEBUG neutron.plugins.ml2.drivers.mech_agent [req-894256f5-8362-4573-bc45-576ceab39671 req-24390f5a-92a8-41c2-88e2-9160285897ff service neutron] Bound using segment: {'id': '2b6108ad-4cfd-4f92-8422-8e40fd0458ec', 'network_type': 'vlan', 'physical_network': 'physnet1', 'segmentation_id': 195, 'network_id': '229ef7a4-4d2d-4c4a-9abc-fc18e5ad8532'} {{(pid=103342) bind_port /opt/stack/neutron/neutron/plugins/ml2/drivers/mech_agent.py:120}}
Feb 03 14:09:43.392595 n-d-827549-2 neutron-server[103342]: DEBUG neutron.plugins.ml2.managers [req-894256f5-8362-4573-bc45-576ceab39671 req-24390f5a-92a8-41c2-88e2-9160285897ff service neutron] Bound port: 52bedbe6-0456-4ce7-ae12-9e8506cd6af9, host: n-h1-827549-2, vif_type: hyperv, vif_details: {"connectivity": "legacy", "port_filter": false}, binding_levels: [{'bound_driver': 'hyperv', 'bound_segment': {'id': '2b6108ad-4cfd-4f92-8422-8e40fd0458ec', 'network_type': 'vlan', 'physical_network': 'physnet1', 'segmentation_id': 195, 'network_id': '229ef7a4-4d2d-4c4a-9abc-fc18e5ad8532'}}] {{(pid=103342) _bind_port_level /opt/stack/neutron/neutron/plugins/ml2/managers.py:932}}
Feb 03 14:09:43.392956 n-d-827549-2 neutron-server[103342]: DEBUG neutron_lib.callbacks.manager [req-894256f5-8362-4573-bc45-576ceab39671 req-24390f5a-92a8-41c2-88e2-9160285897ff service neutron] Publish callbacks ['neutron.plugins.ml2.plugin.SecurityGroupDbMixin._ensure_default_security_group_handler-1042093'] for port (52bedbe6-0456-4ce7-ae12-9e8506cd6af9), before_update {{(pid=103342) _notify_loop /usr/local/lib/python3.8/dist-packages/neutron_lib/callbacks/manager.py:176}}
Feb 03 14:09:43.396886 n-d-827549-2 neutron-server[103342]: INFO neutron.wsgi [None req-a4660692-2012-4c9e-899e-c81707c569b3 tempest-ServersWithSpecificFlavorTestJSON-1519176989 tempest-ServersWithSpecificFlavorTestJSON-1519176989-project] 10.222.0.52 "PUT /v2.0/floatingips/8add52cd-5f6d-465e-a4f4-1f7f6c750991 HTTP/1.1" status: 200 len: 991 time: 4.8436444
Feb 03 14:09:43.406948 n-d-827549-2 neutron-server[103342]: DEBUG neutron.notifiers.nova [-] Sending events: [{'name': 'network-changed', 'server_uuid': 'a5a9d8d5-665f-4ac0-9924-766ceaf17ce2', 'tag': '06d06c10-059d-48fe-b9c7-22df58516f79'}] {{(pid=103342) send_events /opt/stack/neutron/neutron/notifiers/nova.py:266}}
Feb 03 14:09:43.409236 n-d-827549-2 neutron-server[103342]: DEBUG novaclient.v2.client [-] REQ: curl -g -i --cacert "/opt/stack/data/ca-bundle.pem" -X POST http://10.222.0.52/compute/v2.1/os-server-external-events -H "Accept: application/json" -H "Content-Type: application/json" -H "User-Agent: python-novaclient" -H "X-Auth-Token: {SHA256}acd421367d2902bb3d93449422e0b6d5317dadf3d15159505e551b4474a6f7df" -H "X-OpenStack-Nova-API-Version: 2.1" -H "X-OpenStack-Request-ID: req-a8f4f669-73a1-4151-824d-c46e8fa10a04" -d '{"events": [{"name": "network-changed", "server_uuid": "a5a9d8d5-665f-4ac0-9924-766ceaf17ce2", "tag": "06d06c10-059d-48fe-b9c7-22df58516f79"}]}' {{(pid=103342) _http_log_request /usr/local/lib/python3.8/dist-packages/keystoneauth1/session.py:519}}
Feb 03 14:09:43.417480 n-d-827549-2 neutron-server[103342]: DEBUG neutron.pecan_wsgi.hooks.policy_enforcement [req-6e415b37-7204-4f0f-86e8-d37adeb5a992 req-c5290cb7-b67f-4da4-8c55-20adba3ae448 service neutron] Attributes excluded by policy engine: ['standard_attr_id'] {{(pid=103342) _exclude_attributes_by_policy /opt/stack/neutron/neutron/pecan_wsgi/hooks/policy_enforcement.py:255}}
Feb 03 14:09:43.418841 n-d-827549-2 neutron-server[103342]: INFO neutron.wsgi [req-6e415b37-7204-4f0f-86e8-d37adeb5a992 req-c5290cb7-b67f-4da4-8c55-20adba3ae448 service neutron] 10.222.0.71 "GET /v2.0/ports?network_id=5408fc56-9b26-4cc1-bf89-497fdffe580e&device_owner=network%3Adhcp HTTP/1.1" status: 200 len: 1200 time: 0.2696781
Feb 03 14:09:43.433162 n-d-827549-2 neutron-server[103344]: DEBUG neutron.db.l3_dvr_db [None req-45370f7a-f71c-4af2-b217-5eba4e93c5bb None None] Set router 1eca9809-95ab-4624-a82a-27316c0bc86b gateway port host: n-d-827549-2 {{(pid=103344) _build_routers_list /opt/stack/neutron/neutron/db/l3_dvr_db.py:906}}
Feb 03 14:09:43.482206 n-d-827549-2 neutron-server[103341]: DEBUG neutron_lib.callbacks.manager [req-6a6390a8-6936-4bdc-a64f-c22429a46d73 req-958dcc09-8cd7-4e7e-ac0e-5d497e40389f tempest-LiveMigrationNegativeTest-85354280 tempest-LiveMigrationNegativeTest-85354280-project] Publish callbacks ['neutron.plugins.ml2.plugin.SecurityGroupServerNotifierRpcMixin._notify_sg_on_port_change-1042028', 'neutron.plugins.ml2.ovo_rpc._ObjectChangeHandler.handle_event-219631', 'neutron.api.rpc.agentnotifiers.dhcp_rpc_agent_api.DhcpAgentNotifyAPI._native_event_send_dhcp_notification-16753016', 'neutron.db.l3_dvrscheduler_db._notify_l3_agent_new_port-8751389833310'] for port (bc3e9dca-86c5-4317-bad9-6643aa70c630), after_create {{(pid=103341) _notify_loop /usr/local/lib/python3.8/dist-packages/neutron_lib/callbacks/manager.py:176}}
Feb 03 14:09:43.529347 n-d-827549-2 neutron-server[103342]: DEBUG neutron.plugins.ml2.db [req-894256f5-8362-4573-bc45-576ceab39671 req-24390f5a-92a8-41c2-88e2-9160285897ff service neutron] For port 52bedbe6-0456-4ce7-ae12-9e8506cd6af9, host n-h1-827549-2, cleared binding levels {{(pid=103342) clear_binding_levels /opt/stack/neutron/neutron/plugins/ml2/db.py:87}}
Feb 03 14:09:43.533996 n-d-827549-2 neutron-server[103342]: DEBUG neutron.plugins.ml2.db [req-894256f5-8362-4573-bc45-576ceab39671 req-24390f5a-92a8-41c2-88e2-9160285897ff service neutron] For port 52bedbe6-0456-4ce7-ae12-9e8506cd6af9, host n-h1-827549-2, set binding levels [PortBindingLevel(driver='hyperv',host='n-h1-827549-2',level=0,port_id=52bedbe6-0456-4ce7-ae12-9e8506cd6af9,segment=NetworkSegment(2b6108ad-4cfd-4f92-8422-8e40fd0458ec),segment_id=2b6108ad-4cfd-4f92-8422-8e40fd0458ec)] {{(pid=103342) set_binding_levels /opt/stack/neutron/neutron/plugins/ml2/db.py:59}}
Feb 03 14:09:43.543299 n-d-827549-2 neutron-server[103341]: DEBUG neutron.scheduler.dhcp_agent_scheduler [req-6a6390a8-6936-4bdc-a64f-c22429a46d73 req-958dcc09-8cd7-4e7e-ac0e-5d497e40389f tempest-LiveMigrationNegativeTest-85354280 tempest-LiveMigrationNegativeTest-85354280-project] Network 229ef7a4-4d2d-4c4a-9abc-fc18e5ad8532 is already hosted by enough agents. {{(pid=103341) _get_dhcp_agents_hosting_network /opt/stack/neutron/neutron/scheduler/dhcp_agent_scheduler.py:275}}
Feb 03 14:09:43.549559 n-d-827549-2 neutron-server[103341]: DEBUG neutron.scheduler.base_scheduler [req-6a6390a8-6936-4bdc-a64f-c22429a46d73 req-958dcc09-8cd7-4e7e-ac0e-5d497e40389f tempest-LiveMigrationNegativeTest-85354280 tempest-LiveMigrationNegativeTest-85354280-project] Resources bound (agent type, host, resource id): {{(pid=103341) schedule /opt/stack/neutron/neutron/scheduler/base_scheduler.py:57}}
Feb 03 14:09:43.562990 n-d-827549-2 neutron-server[103341]: DEBUG neutron.api.rpc.handlers.resources_rpc [None req-958dcc09-8cd7-4e7e-ac0e-5d497e40389f tempest-LiveMigrationNegativeTest-85354280 tempest-LiveMigrationNegativeTest-85354280-project] Pushing event updated for resources: {'Port': ['ID=bc3e9dca-86c5-4317-bad9-6643aa70c630,revision_number=1']} {{(pid=103341) push /opt/stack/neutron/neutron/api/rpc/handlers/resources_rpc.py:237}}
Feb 03 14:09:43.566478 n-d-827549-2 neutron-server[103341]: DEBUG neutron.db.l3_dvrscheduler_db [req-6a6390a8-6936-4bdc-a64f-c22429a46d73 req-958dcc09-8cd7-4e7e-ac0e-5d497e40389f tempest-LiveMigrationNegativeTest-85354280 tempest-LiveMigrationNegativeTest-85354280-project] Received port after_create {{(pid=103341) _notify_l3_agent_new_port /opt/stack/neutron/neutron/db/l3_dvrscheduler_db.py:536}}
Feb 03 14:09:43.572730 n-d-827549-2 neutron-server[103341]: DEBUG neutron.pecan_wsgi.hooks.policy_enforcement [req-6a6390a8-6936-4bdc-a64f-c22429a46d73 req-958dcc09-8cd7-4e7e-ac0e-5d497e40389f tempest-LiveMigrationNegativeTest-85354280 tempest-LiveMigrationNegativeTest-85354280-project] Attributes excluded by policy engine: ['standard_attr_id', 'binding:profile', 'binding:host_id', 'binding:vif_type', 'binding:vif_details', 'network'] {{(pid=103341) _exclude_attributes_by_policy /opt/stack/neutron/neutron/pecan_wsgi/hooks/policy_enforcement.py:255}}
Feb 03 14:09:43.573475 n-d-827549-2 neutron-server[103341]: DEBUG neutron_lib.callbacks.manager [req-6a6390a8-6936-4bdc-a64f-c22429a46d73 req-958dcc09-8cd7-4e7e-ac0e-5d497e40389f tempest-LiveMigrationNegativeTest-85354280 tempest-LiveMigrationNegativeTest-85354280-project] Publish callbacks ['neutron.notifiers.nova.Notifier._send_nova_notification-73494', 'neutron.api.rpc.agentnotifiers.dhcp_rpc_agent_api.DhcpAgentNotifyAPI._send_dhcp_notification-16752998'] for port (None), before_response {{(pid=103341) _notify_loop /usr/local/lib/python3.8/dist-packages/neutron_lib/callbacks/manager.py:176}}
Feb 03 14:09:43.597811 n-d-827549-2 neutron-server[103341]: INFO neutron.wsgi [req-6a6390a8-6936-4bdc-a64f-c22429a46d73 req-958dcc09-8cd7-4e7e-ac0e-5d497e40389f tempest-LiveMigrationNegativeTest-85354280 tempest-LiveMigrationNegativeTest-85354280-project] 10.222.0.71 "POST /v2.0/ports HTTP/1.1" status: 201 len: 937 time: 1.1109929
Feb 03 14:09:43.615992 n-d-827549-2 neutron-server[103341]: DEBUG neutron.api.v2.base [req-6a6390a8-6936-4bdc-a64f-c22429a46d73 req-d4218f47-16c9-44f2-ab75-7f59e9a18dc7 service neutron] Request body: {'port': {'device_id': '20145608-75b4-482a-975d-b6463ec24f34', 'device_owner': 'compute:nova', 'binding:host_id': 'n-h2-827549-2'}} {{(pid=103341) prepare_request_body /opt/stack/neutron/neutron/api/v2/base.py:729}}
Feb 03 14:09:43.688808 n-d-827549-2 neutron-server[103342]: DEBUG neutron.pecan_wsgi.hooks.policy_enforcement [req-efe168a9-f0c8-4bbe-9839-3f0079977be2 req-befb7a75-0ce7-4e67-bfba-470afc53d65b tempest-ServersAdminTestJSON-1869944226 tempest-ServersAdminTestJSON-1869944226-project] Attributes excluded by policy engine: ['standard_attr_id', 'vlan_transparent', 'provider:network_type', 'provider:physical_network', 'provider:segmentation_id'] {{(pid=103342) _exclude_attributes_by_policy /opt/stack/neutron/neutron/pecan_wsgi/hooks/policy_enforcement.py:255}}
Feb 03 14:09:43.697015 n-d-827549-2 neutron-server[103342]: INFO neutron.wsgi [req-efe168a9-f0c8-4bbe-9839-3f0079977be2 req-befb7a75-0ce7-4e67-bfba-470afc53d65b tempest-ServersAdminTestJSON-1869944226 tempest-ServersAdminTestJSON-1869944226-project] 10.222.0.52 "GET /v2.0/networks?shared=True HTTP/1.1" status: 200 len: 769 time: 0.4446619
Feb 03 14:09:43.708039 n-d-827549-2 neutron-server[103342]: DEBUG neutron_lib.callbacks.manager [req-894256f5-8362-4573-bc45-576ceab39671 req-24390f5a-92a8-41c2-88e2-9160285897ff service neutron] Publish callbacks ['neutron.plugins.ml2.plugin.SecurityGroupServerNotifierRpcMixin._notify_sg_on_port_change-1042028', 'neutron.plugins.ml2.ovo_rpc._ObjectChangeHandler.handle_event-219631', 'neutron.api.rpc.agentnotifiers.dhcp_rpc_agent_api.DhcpAgentNotifyAPI._native_event_send_dhcp_notification-16753016', 'neutron.db.l3_db.L3RpcNotifierMixin._notify_gateway_port_ip_changed-8751390392814', 'neutron.db.l3_dvrscheduler_db._notify_l3_agent_port_update-8751389833328', 'neutron.db.l3_hascheduler_db._notify_l3_agent_ha_port_update-8751389833346', 'neutron.services.segments.plugin.NovaSegmentNotifier._notify_port_updated-13181965'] for port (52bedbe6-0456-4ce7-ae12-9e8506cd6af9), after_update {{(pid=103342) _notify_loop /usr/local/lib/python3.8/dist-packages/neutron_lib/callbacks/manager.py:176}}
Feb 03 14:09:43.725586 n-d-827549-2 neutron-server[103341]: DEBUG neutron_lib.callbacks.manager [req-6a6390a8-6936-4bdc-a64f-c22429a46d73 req-d4218f47-16c9-44f2-ab75-7f59e9a18dc7 service neutron] Publish callbacks ['neutron.plugins.ml2.plugin.SecurityGroupDbMixin._ensure_default_security_group_handler-1042093'] for port (bc3e9dca-86c5-4317-bad9-6643aa70c630), before_update {{(pid=103341) _notify_loop /usr/local/lib/python3.8/dist-packages/neutron_lib/callbacks/manager.py:176}}
Feb 03 14:09:43.791040 n-d-827549-2 neutron-server[103342]: INFO neutron.wsgi [req-efe168a9-f0c8-4bbe-9839-3f0079977be2 req-025c0aae-4bf5-427a-ba41-5bc37f5dd9f0 tempest-ServersAdminTestJSON-1869944226 tempest-ServersAdminTestJSON-1869944226-project] 10.222.0.52 "GET /v2.0/quotas/fd4e695ecd6548159bb5d7dfbb86756a HTTP/1.1" status: 200 len: 375 time: 0.0930090
Feb 03 14:09:43.803935 n-d-827549-2 neutron-server[103342]: DEBUG neutron.api.rpc.handlers.resources_rpc [None req-24390f5a-92a8-41c2-88e2-9160285897ff service neutron] Pushing event updated for resources: {'Port': ['ID=52bedbe6-0456-4ce7-ae12-9e8506cd6af9,revision_number=3']} {{(pid=103342) push /opt/stack/neutron/neutron/api/rpc/handlers/resources_rpc.py:237}}
Feb 03 14:09:43.852668 n-d-827549-2 neutron-server[103342]: INFO neutron.wsgi [req-efe168a9-f0c8-4bbe-9839-3f0079977be2 req-f06384d3-7e42-4f7c-b777-51ab1ab0ffe9 tempest-ServersAdminTestJSON-1869944226 tempest-ServersAdminTestJSON-1869944226-project] 10.222.0.52 "GET /v2.0/ports?tenant_id=fd4e695ecd6548159bb5d7dfbb86756a&fields=id HTTP/1.1" status: 200 len: 210 time: 0.0605235
Feb 03 14:09:43.865094 n-d-827549-2 neutron-server[103342]: DEBUG neutron.pecan_wsgi.hooks.policy_enforcement [req-894256f5-8362-4573-bc45-576ceab39671 req-24390f5a-92a8-41c2-88e2-9160285897ff service neutron] Attributes excluded by policy engine: ['standard_attr_id'] {{(pid=103342) _exclude_attributes_by_policy /opt/stack/neutron/neutron/pecan_wsgi/hooks/policy_enforcement.py:255}}
Feb 03 14:09:43.865901 n-d-827549-2 neutron-server[103342]: DEBUG neutron_lib.callbacks.manager [req-894256f5-8362-4573-bc45-576ceab39671 req-24390f5a-92a8-41c2-88e2-9160285897ff service neutron] Publish callbacks ['neutron.notifiers.nova.Notifier._send_nova_notification-73494'] for port (None), before_response {{(pid=103342) _notify_loop /usr/local/lib/python3.8/dist-packages/neutron_lib/callbacks/manager.py:176}}
Feb 03 14:09:43.868543 n-d-827549-2 neutron-server[103342]: INFO neutron.wsgi [req-894256f5-8362-4573-bc45-576ceab39671 req-24390f5a-92a8-41c2-88e2-9160285897ff service neutron] 10.222.0.45 "PUT /v2.0/ports/52bedbe6-0456-4ce7-ae12-9e8506cd6af9 HTTP/1.1" status: 200 len: 1095 time: 4.3004687
Feb 03 14:09:43.921094 n-d-827549-2 neutron-server[103342]: DEBUG neutron.pecan_wsgi.hooks.policy_enforcement [req-46dd2c66-51f6-491e-81b0-8699e0282e28 req-80c84197-6873-4c7b-b141-45571eef7228 tempest-DeleteServersAdminTestJSON-488023578 tempest-DeleteServersAdminTestJSON-488023578-project] Attributes excluded by policy engine: ['standard_attr_id', 'binding:profile', 'binding:host_id', 'binding:vif_type', 'binding:vif_details'] {{(pid=103342) _exclude_attributes_by_policy /opt/stack/neutron/neutron/pecan_wsgi/hooks/policy_enforcement.py:255}}
Feb 03 14:09:43.925099 n-d-827549-2 neutron-server[103342]: INFO neutron.wsgi [req-46dd2c66-51f6-491e-81b0-8699e0282e28 req-80c84197-6873-4c7b-b141-45571eef7228 tempest-DeleteServersAdminTestJSON-488023578 tempest-DeleteServersAdminTestJSON-488023578-project] 10.222.0.52 "GET /v2.0/ports?device_id=d4eebfae-0e6e-407e-9ee1-443b7f2416b0 HTTP/1.1" status: 200 len: 947 time: 0.5033803
Feb 03 14:09:43.977814 n-d-827549-2 neutron-server[103344]: DEBUG neutron.db.l3_hamode_db [None req-45370f7a-f71c-4af2-b217-5eba4e93c5bb None None] neutron.services.l3_router.l3_router_plugin.L3RouterPlugin method _process_sync_ha_data called with arguments (, [{'id': '1eca9809-95ab-4624-a82a-27316c0bc86b', 'name': 'tempest-ServersWithSpecificFlavorTestJSON-180274058-router', 'tenant_id': 'ded17569e92940a89c28a22f6232dc47', 'admin_state_up': True, 'status': 'ACTIVE', 'external_gateway_info': {'network_id': '59818ba3-4dcb-4cd4-9368-ee8b3b93d545', 'external_fixed_ips': [{'subnet_id': '9f5db4a1-f22c-4d10-93a7-2fbbe9759e6a', 'ip_address': '172.25.0.124'}], 'enable_snat': True}, 'gw_port_id': '166c2546-c3df-45d4-903d-120fb7a7c473', 'description': '', 'availability_zones': ['nova'], 'distributed': False, 'ha': False, 'ha_vr_id': 0, 'availability_zone_hints': [], 'routes': [], 'flavor_id': None, 'tags': [], 'created_at': '2022-02-03T14:08:41Z', 'updated_at': '2022-02-03T14:08:46Z', 'revision_number': 4, 'project_id': 'ded17569e92940a89c28a22f6232dc47', 'gw_port': {'id': '166c2546-c3df-45d4-903d-120fb7a7c473', 'name': '', 'network_id': '59818ba3-4dcb-4cd4-9368-ee8b3b93d545', 'tenant_id': '', 'mac_address': 'fa:16:3e:f0:bd:b7', 'admin_state_up': True, 'status': 'ACTIVE', 'device_id': '1eca9809-95ab-4624-a82a-27316c0bc86b', 'device_owner': 'network:router_gateway', 'standard_attr_id': 41, 'fixed_ips': [{'subnet_id': '9f5db4a1-f22c-4d10-93a7-2fbbe9759e6a', 'ip_address': '172.25.0.124', 'prefixlen': 24}], 'allowed_address_pairs': [], 'extra_dhcp_opts': [], 'security_groups': [], 'description': '', 'binding:vnic_type': 'normal', 'binding:profile': {}, 'binding:host_id': 'n-d-827549-2', 'binding:vif_type': 'ovs', 'binding:vif_details': {'connectivity': 'l2', 'port_filter': True, 'ovs_hybrid_plug': False, 'datapath_type': 'system', 'bridge_name': 'br-int', 'bound_drivers': {'0': 'openvswitch'}}, 'port_security_enabled': False, 'tags': [], 'created_at': '2022-02-03T14:08:42Z', 'updated_at': '2022-02-03T14:08:47Z', 'revision_number': 4, 'project_id': '', 'subnets': [{'id': '9f5db4a1-f22c-4d10-93a7-2fbbe9759e6a', 'cidr': '172.25.0.0/24', 'gateway_ip': '172.25.0.1', 'dns_nameservers': [], 'ipv6_ra_mode': None, 'subnetpool_id': None}], 'extra_subnets': [], 'address_scopes': {4: None, 6: None}, 'mtu': 1500}, 'enable_snat': True, 'gw_port_host': 'n-d-827549-2', '_floatingips': [{'id': '8add52cd-5f6d-465e-a4f4-1f7f6c750991', 'tenant_id': 'ded17569e92940a89c28a22f6232dc47', 'floating_ip_address': '172.25.0.91', 'floating_network_id': '59818ba3-4dcb-4cd4-9368-ee8b3b93d545', 'router_id': '1eca9809-95ab-4624-a82a-27316c0bc86b', 'port_id': '06d06c10-059d-48fe-b9c7-22df58516f79', 'fixed_ip_address': '172.20.0.14', 'status': 'DOWN', 'standard_attr_id': 193, 'description': '', 'qos_policy_id': None, 'qos_network_policy_id': None, 'port_details': {'name': '', 'network_id': '5408fc56-9b26-4cc1-bf89-497fdffe580e', 'mac_address': 'fa:16:3e:75:76:a5', 'admin_state_up': True, 'status': 'ACTIVE', 'device_id': 'a5a9d8d5-665f-4ac0-9924-766ceaf17ce2', 'device_owner': 'compute:nova'}, 'dns_domain': '', 'dns_name': '', 'tags': [], 'created_at': '2022-02-03T14:09:14Z', 'updated_at': '2022-02-03T14:09:40Z', 'revision_number': 1, 'project_id': 'ded17569e92940a89c28a22f6232dc47', 'fixed_ip_address_scope': None}], '_interfaces': [{'id': '0f5a5e79-631e-4ffe-b8f3-10b91248d182', 'name': '', 'network_id': '5408fc56-9b26-4cc1-bf89-497fdffe580e', 'tenant_id': 'ded17569e92940a89c28a22f6232dc47', 'mac_address': 'fa:16:3e:4e:39:82', 'admin_state_up': True, 'status': 'ACTIVE', 'device_id': '1eca9809-95ab-4624-a82a-27316c0bc86b', 'device_owner': 'network:router_interface', 'standard_attr_id': 53, 'fixed_ips': [{'subnet_id': 'd68b0667-c258-491e-9708-43b89b8a8a54', 'ip_address': '172.20.0.1', 'prefixlen': 28}], 'allowed_address_pairs': [], 'extra_dhcp_opts': [], 'security_groups': [], 'description': '', 'binding:vnic_type': 'normal', 'binding:profile': {}, 'binding:host_id': 'n-d-827549-2', 'binding:vif_type': 'ovs', 'binding:vif_details': {'connectivity': 'l2', 'port_filter': True, 'ovs_hybrid_plug': False, 'datapath_type': 'system', 'bridge_name': 'br-int', 'bound_drivers': {'0': 'openvswitch'}}, 'port_security_enabled': False, 'tags': [], 'created_at': '2022-02-03T14:08:44Z', 'updated_at': '2022-02-03T14:08:52Z', 'revision_number': 5, 'project_id': 'ded17569e92940a89c28a22f6232dc47', 'subnets': [{'id': 'd68b0667-c258-491e-9708-43b89b8a8a54', 'cidr': '172.20.0.0/28', 'gateway_ip': '172.20.0.1', 'dns_nameservers': [], 'ipv6_ra_mode': None, 'subnetpool_id': None}], 'extra_subnets': [], 'address_scopes': {4: None, 6: None}, 'mtu': 1500}]}], 'n-d-827549-2', False) {} {{(pid=103344) wrapper /usr/local/lib/python3.8/dist-packages/oslo_log/helpers.py:65}}
Feb 03 14:09:44.014915 n-d-827549-2 neutron-server[103343]: DEBUG neutron.db.provisioning_blocks [None req-81715fa1-487f-4c7f-a27a-f82459724b2a None None] Provisioning complete for port bc3e9dca-86c5-4317-bad9-6643aa70c630 triggered by entity DHCP. {{(pid=103343) provisioning_complete /opt/stack/neutron/neutron/db/provisioning_blocks.py:139}}
Feb 03 14:09:44.016484 n-d-827549-2 neutron-server[103343]: DEBUG neutron_lib.callbacks.manager [None req-81715fa1-487f-4c7f-a27a-f82459724b2a None None] Publish callbacks ['neutron.plugins.ml2.plugin.Ml2Plugin._port_provisioned-1004973'] for port (bc3e9dca-86c5-4317-bad9-6643aa70c630), provisioning_complete {{(pid=103343) _notify_loop /usr/local/lib/python3.8/dist-packages/neutron_lib/callbacks/manager.py:176}}
Feb 03 14:09:44.050900 n-d-827549-2 neutron-server[103342]: INFO neutron.wsgi [req-6e415b37-7204-4f0f-86e8-d37adeb5a992 req-50ff91de-1bf4-498c-838e-4d81f85a19f4 service neutron] 10.222.0.71 "GET /v2.0/networks/5408fc56-9b26-4cc1-bf89-497fdffe580e?fields=segments HTTP/1.1" status: 200 len: 212 time: 0.6108363
Feb 03 14:09:44.066260 n-d-827549-2 neutron-server[103344]: DEBUG neutron.api.rpc.handlers.l3_rpc [None req-45370f7a-f71c-4af2-b217-5eba4e93c5bb None None] Checking router: 1eca9809-95ab-4624-a82a-27316c0bc86b for host: n-d-827549-2 {{(pid=103344) _ensure_host_set_on_ports /opt/stack/neutron/neutron/api/rpc/handlers/l3_rpc.py:155}}
Feb 03 14:09:44.090153 n-d-827549-2 neutron-server[103344]: DEBUG neutron.db.l3_dvrscheduler_db [None req-45370f7a-f71c-4af2-b217-5eba4e93c5bb None None] Routers {'1eca9809-95ab-4624-a82a-27316c0bc86b'} bound to L3 agent in host n-d-827549-2 {{(pid=103344) _get_router_ids_for_agent /opt/stack/neutron/neutron/db/l3_dvrscheduler_db.py:421}}
Feb 03 14:09:44.090766 n-d-827549-2 neutron-server[103344]: DEBUG neutron.db.l3_hamode_db [None req-45370f7a-f71c-4af2-b217-5eba4e93c5bb None None] neutron.services.l3_router.l3_router_plugin.L3RouterPlugin method get_ha_sync_data_for_host called with arguments (, 'n-d-827549-2', Agent(admin_state_up=True,agent_type='L3 agent',availability_zone='nova',binary='neutron-l3-agent',configurations={"agent_mode": "legacy", "ex_gw_ports": 3, "extensions": [], "floating_ips": 0, "handle_internal_only_routers": true, "interface_driver": "openvswitch", "interfaces": 3, "log_agent_heartbeats": false, "routers": 3},created_at=2022-02-03T13:58:48Z,description=,heartbeat_timestamp=2022-02-03T14:09:18Z,host='n-d-827549-2',id=acdb79c6-37a6-40a9-b089-27d7f09e312f,load=0,resource_versions=,resources_synced=,started_at=2022-02-03T13:58:48Z,topic='l3_agent')) {'router_ids': ['1eca9809-95ab-4624-a82a-27316c0bc86b'], 'active': True} {{(pid=103344) wrapper /usr/local/lib/python3.8/dist-packages/oslo_log/helpers.py:65}}
Feb 03 14:09:44.147217 n-d-827549-2 neutron-server[103343]: DEBUG neutron.plugins.ml2.plugin [None req-81715fa1-487f-4c7f-a27a-f82459724b2a None None] Port bc3e9dca-86c5-4317-bad9-6643aa70c630 cannot update to ACTIVE because it is not bound. {{(pid=103343) _port_provisioned /opt/stack/neutron/neutron/plugins/ml2/plugin.py:343}}
Feb 03 14:09:44.298160 n-d-827549-2 neutron-server[103342]: INFO neutron.wsgi [req-46dd2c66-51f6-491e-81b0-8699e0282e28 req-5762f20a-4e39-4904-827a-6007f15ec1f9 tempest-DeleteServersAdminTestJSON-488023578 tempest-DeleteServersAdminTestJSON-488023578-project] 10.222.0.52 "GET /v2.0/security-groups?id=6e6af3f2-9fc1-4e37-94ac-360d9216b215&fields=id&fields=name HTTP/1.1" status: 200 len: 286 time: 0.3488419
Feb 03 14:09:44.311000 n-d-827549-2 neutron-server[103342]: DEBUG neutron.pecan_wsgi.hooks.policy_enforcement [req-894256f5-8362-4573-bc45-576ceab39671 req-74ccfb53-7ee4-4f6f-a43f-515b8e7e3677 service neutron] Attributes excluded by policy engine: ['standard_attr_id'] {{(pid=103342) _exclude_attributes_by_policy /opt/stack/neutron/neutron/pecan_wsgi/hooks/policy_enforcement.py:255}}
Feb 03 14:09:44.313185 n-d-827549-2 neutron-server[103342]: INFO neutron.wsgi [req-894256f5-8362-4573-bc45-576ceab39671 req-74ccfb53-7ee4-4f6f-a43f-515b8e7e3677 service neutron] 10.222.0.45 "GET /v2.0/ports?tenant_id=2a60cbcb60c54106849ed90ff7d0a4f8&device_id=d4eebfae-0e6e-407e-9ee1-443b7f2416b0 HTTP/1.1" status: 200 len: 1129 time: 0.3819759
Feb 03 14:09:44.357659 n-d-827549-2 neutron-server[103341]: DEBUG neutron.notifiers.nova [req-6a6390a8-6936-4bdc-a64f-c22429a46d73 req-d4218f47-16c9-44f2-ab75-7f59e9a18dc7 service neutron] Ignoring state change previous_port_status: DOWN current_port_status: DOWN port_id bc3e9dca-86c5-4317-bad9-6643aa70c630 {{(pid=103341) record_port_status_changed /opt/stack/neutron/neutron/notifiers/nova.py:228}}
Feb 03 14:09:44.358235 n-d-827549-2 neutron-server[103342]: INFO neutron.wsgi [req-6e415b37-7204-4f0f-86e8-d37adeb5a992 req-83d13633-50a2-4a6d-96e9-309ac1193263 service neutron] 10.222.0.71 "GET /v2.0/networks/5408fc56-9b26-4cc1-bf89-497fdffe580e?fields=provider%3Aphysical_network&fields=provider%3Anetwork_type HTTP/1.1" status: 200 len: 281 time: 0.2930827
Feb 03 14:09:44.388347 n-d-827549-2 neutron-server[103341]: DEBUG neutron_lib.callbacks.manager [req-6a6390a8-6936-4bdc-a64f-c22429a46d73 req-d4218f47-16c9-44f2-ab75-7f59e9a18dc7 service neutron] Publish callbacks [] for port (bc3e9dca-86c5-4317-bad9-6643aa70c630), precommit_update {{(pid=103341) _notify_loop /usr/local/lib/python3.8/dist-packages/neutron_lib/callbacks/manager.py:176}}
Feb 03 14:09:44.432062 n-d-827549-2 neutron-server[103341]: DEBUG neutron.db.provisioning_blocks [req-6a6390a8-6936-4bdc-a64f-c22429a46d73 req-d4218f47-16c9-44f2-ab75-7f59e9a18dc7 service neutron] Transition to ACTIVE for port object bc3e9dca-86c5-4317-bad9-6643aa70c630 will not be triggered until provisioned by entity L2. {{(pid=103341) add_provisioning_component /opt/stack/neutron/neutron/db/provisioning_blocks.py:73}}
Feb 03 14:09:44.441295 n-d-827549-2 neutron-server[103341]: DEBUG neutron_lib.callbacks.manager [req-6a6390a8-6936-4bdc-a64f-c22429a46d73 req-d4218f47-16c9-44f2-ab75-7f59e9a18dc7 service neutron] Publish callbacks ['neutron.plugins.ml2.plugin.SecurityGroupServerNotifierRpcMixin._notify_sg_on_port_change-1042028', 'neutron.plugins.ml2.ovo_rpc._ObjectChangeHandler.handle_event-219631', 'neutron.api.rpc.agentnotifiers.dhcp_rpc_agent_api.DhcpAgentNotifyAPI._native_event_send_dhcp_notification-16753016', 'neutron.db.l3_db.L3RpcNotifierMixin._notify_gateway_port_ip_changed-8751390392814', 'neutron.db.l3_dvrscheduler_db._notify_l3_agent_port_update-8751389833328', 'neutron.db.l3_hascheduler_db._notify_l3_agent_ha_port_update-8751389833346'] for port (bc3e9dca-86c5-4317-bad9-6643aa70c630), after_update {{(pid=103341) _notify_loop /usr/local/lib/python3.8/dist-packages/neutron_lib/callbacks/manager.py:176}}
Feb 03 14:09:44.474802 n-d-827549-2 neutron-server[103341]: DEBUG novaclient.v2.client [-] RESP: [200] Connection: close Content-Length: 179 Content-Type: application/json Date: Thu, 03 Feb 2022 14:09:41 GMT OpenStack-API-Version: compute 2.1 Server: Apache/2.4.41 (Ubuntu) Vary: OpenStack-API-Version,X-OpenStack-Nova-API-Version X-OpenStack-Nova-API-Version: 2.1 x-compute-request-id: req-586c4443-224d-4e7b-ba70-3d8e1d9b4858 x-openstack-request-id: req-586c4443-224d-4e7b-ba70-3d8e1d9b4858 {{(pid=103341) _http_log_response /usr/local/lib/python3.8/dist-packages/keystoneauth1/session.py:550}}
Feb 03 14:09:44.475091 n-d-827549-2 neutron-server[103341]: DEBUG novaclient.v2.client [-] RESP BODY: {"events": [{"name": "network-changed", "server_uuid": "c9317d5a-337d-46f6-bf2e-c4abf8917eb3", "tag": "5d854b71-5fa4-4c55-9095-526273201b27", "status": "completed", "code": 200}]} {{(pid=103341) _http_log_response /usr/local/lib/python3.8/dist-packages/keystoneauth1/session.py:582}}
Feb 03 14:09:44.475342 n-d-827549-2 neutron-server[103341]: DEBUG novaclient.v2.client [-] POST call to compute for http://10.222.0.52/compute/v2.1/os-server-external-events used request id req-586c4443-224d-4e7b-ba70-3d8e1d9b4858 {{(pid=103341) request /usr/local/lib/python3.8/dist-packages/keystoneauth1/session.py:954}}
Feb 03 14:09:44.475736 n-d-827549-2 neutron-server[103341]: INFO neutron.notifiers.nova [-] Nova event response: {'name': 'network-changed', 'server_uuid': 'c9317d5a-337d-46f6-bf2e-c4abf8917eb3', 'tag': '5d854b71-5fa4-4c55-9095-526273201b27', 'status': 'completed', 'code': 200}
Feb 03 14:09:44.521792 n-d-827549-2 neutron-server[103342]: INFO neutron.wsgi [req-894256f5-8362-4573-bc45-576ceab39671 req-a8a3827c-7d96-4df3-967e-b799f68a39d4 service neutron] 10.222.0.45 "GET /v2.0/floatingips?fixed_ip_address=192.168.233.74&port_id=52bedbe6-0456-4ce7-ae12-9e8506cd6af9 HTTP/1.1" status: 200 len: 217 time: 0.1992805
Feb 03 14:09:44.528012 n-d-827549-2 neutron-server[103344]: DEBUG neutron.db.l3_dvr_db [None req-45370f7a-f71c-4af2-b217-5eba4e93c5bb None None] Set router 1eca9809-95ab-4624-a82a-27316c0bc86b gateway port host: n-d-827549-2 {{(pid=103344) _build_routers_list /opt/stack/neutron/neutron/db/l3_dvr_db.py:906}}
Feb 03 14:09:44.580981 n-d-827549-2 neutron-server[103341]: DEBUG neutron.api.rpc.handlers.resources_rpc [None req-d4218f47-16c9-44f2-ab75-7f59e9a18dc7 service neutron] Pushing event updated for resources: {'Port': ['ID=bc3e9dca-86c5-4317-bad9-6643aa70c630,revision_number=2']} {{(pid=103341) push /opt/stack/neutron/neutron/api/rpc/handlers/resources_rpc.py:237}}
Feb 03 14:09:44.661177 n-d-827549-2 neutron-server[103341]: DEBUG neutron.plugins.ml2.managers [req-6a6390a8-6936-4bdc-a64f-c22429a46d73 req-d4218f47-16c9-44f2-ab75-7f59e9a18dc7 service neutron] Attempting to bind port bc3e9dca-86c5-4317-bad9-6643aa70c630 on host n-h2-827549-2 for vnic_type normal with profile {{(pid=103341) bind_port /opt/stack/neutron/neutron/plugins/ml2/managers.py:795}}
Feb 03 14:09:44.663188 n-d-827549-2 neutron-server[103341]: DEBUG neutron.plugins.ml2.managers [req-6a6390a8-6936-4bdc-a64f-c22429a46d73 req-d4218f47-16c9-44f2-ab75-7f59e9a18dc7 service neutron] Attempting to bind port bc3e9dca-86c5-4317-bad9-6643aa70c630 by drivers openvswitch,hyperv on host n-h2-827549-2 at level 0 using segments [{'id': '2b6108ad-4cfd-4f92-8422-8e40fd0458ec', 'network_type': 'vlan', 'physical_network': 'physnet1', 'segmentation_id': 195, 'network_id': '229ef7a4-4d2d-4c4a-9abc-fc18e5ad8532'}] {{(pid=103341) _bind_port_level /opt/stack/neutron/neutron/plugins/ml2/managers.py:820}}
Feb 03 14:09:44.663903 n-d-827549-2 neutron-server[103341]: DEBUG neutron.plugins.ml2.drivers.mech_agent [req-6a6390a8-6936-4bdc-a64f-c22429a46d73 req-d4218f47-16c9-44f2-ab75-7f59e9a18dc7 service neutron] Attempting to bind port bc3e9dca-86c5-4317-bad9-6643aa70c630 on network 229ef7a4-4d2d-4c4a-9abc-fc18e5ad8532 {{(pid=103341) bind_port /opt/stack/neutron/neutron/plugins/ml2/drivers/mech_agent.py:91}}
Feb 03 14:09:44.680666 n-d-827549-2 neutron-server[103341]: DEBUG neutron.pecan_wsgi.hooks.policy_enforcement [req-aac98434-5cb8-48a6-8738-d23bd3e7caeb req-e01d48fa-3e8e-4454-931e-3fbcf7a9b321 service neutron] Attributes excluded by policy engine: ['standard_attr_id'] {{(pid=103341) _exclude_attributes_by_policy /opt/stack/neutron/neutron/pecan_wsgi/hooks/policy_enforcement.py:255}}
Feb 03 14:09:44.682922 n-d-827549-2 neutron-server[103341]: INFO neutron.wsgi [req-aac98434-5cb8-48a6-8738-d23bd3e7caeb req-e01d48fa-3e8e-4454-931e-3fbcf7a9b321 service neutron] 10.222.0.45 "GET /v2.0/ports?tenant_id=efc4e56a61274ceab0905bd1f7fc9724&device_id=c9317d5a-337d-46f6-bf2e-c4abf8917eb3 HTTP/1.1" status: 200 len: 1125 time: 0.1758573
Feb 03 14:09:44.686576 n-d-827549-2 neutron-server[103341]: DEBUG neutron.plugins.ml2.drivers.mech_agent [req-6a6390a8-6936-4bdc-a64f-c22429a46d73 req-d4218f47-16c9-44f2-ab75-7f59e9a18dc7 service neutron] Port bc3e9dca-86c5-4317-bad9-6643aa70c630 on network 229ef7a4-4d2d-4c4a-9abc-fc18e5ad8532 not bound, no agent of type Open vSwitch agent registered on host n-h2-827549-2 {{(pid=103341) bind_port /opt/stack/neutron/neutron/plugins/ml2/drivers/mech_agent.py:103}}
Feb 03 14:09:44.687069 n-d-827549-2 neutron-server[103341]: DEBUG neutron.plugins.ml2.drivers.mech_agent [req-6a6390a8-6936-4bdc-a64f-c22429a46d73 req-d4218f47-16c9-44f2-ab75-7f59e9a18dc7 service neutron] Attempting to bind port bc3e9dca-86c5-4317-bad9-6643aa70c630 on network 229ef7a4-4d2d-4c4a-9abc-fc18e5ad8532 {{(pid=103341) bind_port /opt/stack/neutron/neutron/plugins/ml2/drivers/mech_agent.py:91}}
Feb 03 14:09:44.696560 n-d-827549-2 neutron-server[103341]: DEBUG neutron.plugins.ml2.drivers.mech_agent [req-6a6390a8-6936-4bdc-a64f-c22429a46d73 req-d4218f47-16c9-44f2-ab75-7f59e9a18dc7 service neutron] Checking agent: {'id': 'e3d64307-9d89-4a7a-8c65-868750a2f9b7', 'agent_type': 'HyperV agent', 'binary': 'neutron-hyperv-agent', 'topic': 'N/A', 'host': 'n-h2-827549-2', 'admin_state_up': True, 'created_at': datetime.datetime(2022, 2, 3, 14, 6, 39), 'started_at': datetime.datetime(2022, 2, 3, 14, 6, 39), 'heartbeat_timestamp': datetime.datetime(2022, 2, 3, 14, 9, 39), 'description': None, 'resources_synced': None, 'availability_zone': None, 'alive': True, 'configurations': {'vswitch_mappings': {'physnet1$': 'br-data'}}, 'resource_versions': {}} {{(pid=103341) bind_port /opt/stack/neutron/neutron/plugins/ml2/drivers/mech_agent.py:110}}
Feb 03 14:09:44.697311 n-d-827549-2 neutron-server[103341]: DEBUG neutron.plugins.ml2.drivers.mech_agent [req-6a6390a8-6936-4bdc-a64f-c22429a46d73 req-d4218f47-16c9-44f2-ab75-7f59e9a18dc7 service neutron] Checking segment: {'id': '2b6108ad-4cfd-4f92-8422-8e40fd0458ec', 'network_type': 'vlan', 'physical_network': 'physnet1', 'segmentation_id': 195, 'network_id': '229ef7a4-4d2d-4c4a-9abc-fc18e5ad8532'} for mappings: {'physnet1$': 'br-data'} with network types: ['local', 'flat', 'vlan'] {{(pid=103341) check_segment_for_agent /opt/stack/neutron/neutron/plugins/ml2/drivers/mech_agent.py:373}}
Feb 03 14:09:44.697917 n-d-827549-2 neutron-server[103341]: DEBUG neutron.plugins.ml2.drivers.mech_agent [req-6a6390a8-6936-4bdc-a64f-c22429a46d73 req-d4218f47-16c9-44f2-ab75-7f59e9a18dc7 service neutron] Bound using segment: {'id': '2b6108ad-4cfd-4f92-8422-8e40fd0458ec', 'network_type': 'vlan', 'physical_network': 'physnet1', 'segmentation_id': 195, 'network_id': '229ef7a4-4d2d-4c4a-9abc-fc18e5ad8532'} {{(pid=103341) bind_port /opt/stack/neutron/neutron/plugins/ml2/drivers/mech_agent.py:120}}
Feb 03 14:09:44.698651 n-d-827549-2 neutron-server[103341]: DEBUG neutron.plugins.ml2.managers [req-6a6390a8-6936-4bdc-a64f-c22429a46d73 req-d4218f47-16c9-44f2-ab75-7f59e9a18dc7 service neutron] Bound port: bc3e9dca-86c5-4317-bad9-6643aa70c630, host: n-h2-827549-2, vif_type: hyperv, vif_details: {"connectivity": "legacy", "port_filter": false}, binding_levels: [{'bound_driver': 'hyperv', 'bound_segment': {'id': '2b6108ad-4cfd-4f92-8422-8e40fd0458ec', 'network_type': 'vlan', 'physical_network': 'physnet1', 'segmentation_id': 195, 'network_id': '229ef7a4-4d2d-4c4a-9abc-fc18e5ad8532'}}] {{(pid=103341) _bind_port_level /opt/stack/neutron/neutron/plugins/ml2/managers.py:932}}
Feb 03 14:09:44.699213 n-d-827549-2 neutron-server[103341]: DEBUG neutron_lib.callbacks.manager [req-6a6390a8-6936-4bdc-a64f-c22429a46d73 req-d4218f47-16c9-44f2-ab75-7f59e9a18dc7 service neutron] Publish callbacks ['neutron.plugins.ml2.plugin.SecurityGroupDbMixin._ensure_default_security_group_handler-1042093'] for port (bc3e9dca-86c5-4317-bad9-6643aa70c630), before_update {{(pid=103341) _notify_loop /usr/local/lib/python3.8/dist-packages/neutron_lib/callbacks/manager.py:176}}
Feb 03 14:09:44.708937 n-d-827549-2 neutron-server[103342]: DEBUG neutron.pecan_wsgi.hooks.policy_enforcement [req-894256f5-8362-4573-bc45-576ceab39671 req-7304c0ca-8665-428d-b245-697c0e7cfc60 service neutron] Attributes excluded by policy engine: ['standard_attr_id', 'shared', 'segment_id'] {{(pid=103342) _exclude_attributes_by_policy /opt/stack/neutron/neutron/pecan_wsgi/hooks/policy_enforcement.py:255}}
Feb 03 14:09:44.710393 n-d-827549-2 neutron-server[103342]: INFO neutron.wsgi [req-894256f5-8362-4573-bc45-576ceab39671 req-7304c0ca-8665-428d-b245-697c0e7cfc60 service neutron] 10.222.0.45 "GET /v2.0/subnets?id=c750ce2a-f28d-4a93-9037-03b1636b6d6c HTTP/1.1" status: 200 len: 843 time: 0.1398931
Feb 03 14:09:44.765959 n-d-827549-2 neutron-server[103342]: DEBUG neutron.pecan_wsgi.hooks.policy_enforcement [req-1f425eef-47c4-4f34-94bf-693c25ac6101 req-1b1720d0-5b02-440f-89c5-1ae9eeddfee0 tempest-LiveMigrationNegativeTest-85354280 tempest-LiveMigrationNegativeTest-85354280-project] Attributes excluded by policy engine: ['standard_attr_id', 'binding:profile', 'binding:host_id', 'binding:vif_type', 'binding:vif_details'] {{(pid=103342) _exclude_attributes_by_policy /opt/stack/neutron/neutron/pecan_wsgi/hooks/policy_enforcement.py:255}}
Feb 03 14:09:44.767493 n-d-827549-2 neutron-server[103342]: INFO neutron.wsgi [req-1f425eef-47c4-4f34-94bf-693c25ac6101 req-1b1720d0-5b02-440f-89c5-1ae9eeddfee0 tempest-LiveMigrationNegativeTest-85354280 tempest-LiveMigrationNegativeTest-85354280-project] 10.222.0.52 "GET /v2.0/ports?device_id=20145608-75b4-482a-975d-b6463ec24f34 HTTP/1.1" status: 200 len: 947 time: 0.4142587
Feb 03 14:09:44.878674 n-d-827549-2 neutron-server[103341]: DEBUG neutron.plugins.ml2.db [req-6a6390a8-6936-4bdc-a64f-c22429a46d73 req-d4218f47-16c9-44f2-ab75-7f59e9a18dc7 service neutron] For port bc3e9dca-86c5-4317-bad9-6643aa70c630, host n-h2-827549-2, cleared binding levels {{(pid=103341) clear_binding_levels /opt/stack/neutron/neutron/plugins/ml2/db.py:87}}
Feb 03 14:09:44.883880 n-d-827549-2 neutron-server[103341]: DEBUG neutron.plugins.ml2.db [req-6a6390a8-6936-4bdc-a64f-c22429a46d73 req-d4218f47-16c9-44f2-ab75-7f59e9a18dc7 service neutron] For port bc3e9dca-86c5-4317-bad9-6643aa70c630, host n-h2-827549-2, set binding levels [PortBindingLevel(driver='hyperv',host='n-h2-827549-2',level=0,port_id=bc3e9dca-86c5-4317-bad9-6643aa70c630,segment=NetworkSegment(2b6108ad-4cfd-4f92-8422-8e40fd0458ec),segment_id=2b6108ad-4cfd-4f92-8422-8e40fd0458ec)] {{(pid=103341) set_binding_levels /opt/stack/neutron/neutron/plugins/ml2/db.py:59}}
Feb 03 14:09:44.888999 n-d-827549-2 neutron-server[103341]: DEBUG neutron.pecan_wsgi.hooks.policy_enforcement [req-aac98434-5cb8-48a6-8738-d23bd3e7caeb req-9e91e469-ca2e-49a5-b39a-ca854bd056b3 service neutron] Attributes excluded by policy engine: ['standard_attr_id', 'vlan_transparent'] {{(pid=103341) _exclude_attributes_by_policy /opt/stack/neutron/neutron/pecan_wsgi/hooks/policy_enforcement.py:255}}
Feb 03 14:09:44.891586 n-d-827549-2 neutron-server[103341]: INFO neutron.wsgi [req-aac98434-5cb8-48a6-8738-d23bd3e7caeb req-9e91e469-ca2e-49a5-b39a-ca854bd056b3 service neutron] 10.222.0.45 "GET /v2.0/networks?id=59005f15-308d-4837-9b06-43976fd02ad0 HTTP/1.1" status: 200 len: 905 time: 0.1996076
Feb 03 14:09:44.895041 n-d-827549-2 neutron-server[103341]: DEBUG neutron_lib.callbacks.manager [req-6a6390a8-6936-4bdc-a64f-c22429a46d73 req-d4218f47-16c9-44f2-ab75-7f59e9a18dc7 service neutron] Publish callbacks ['neutron.plugins.ml2.plugin.SecurityGroupServerNotifierRpcMixin._notify_sg_on_port_change-1042028', 'neutron.plugins.ml2.ovo_rpc._ObjectChangeHandler.handle_event-219631', 'neutron.api.rpc.agentnotifiers.dhcp_rpc_agent_api.DhcpAgentNotifyAPI._native_event_send_dhcp_notification-16753016', 'neutron.db.l3_db.L3RpcNotifierMixin._notify_gateway_port_ip_changed-8751390392814', 'neutron.db.l3_dvrscheduler_db._notify_l3_agent_port_update-8751389833328', 'neutron.db.l3_hascheduler_db._notify_l3_agent_ha_port_update-8751389833346'] for port (bc3e9dca-86c5-4317-bad9-6643aa70c630), after_update {{(pid=103341) _notify_loop /usr/local/lib/python3.8/dist-packages/neutron_lib/callbacks/manager.py:176}}
Feb 03 14:09:44.918842 n-d-827549-2 neutron-server[103342]: DEBUG neutron.pecan_wsgi.hooks.policy_enforcement [req-894256f5-8362-4573-bc45-576ceab39671 req-ea625bbb-dd3f-4ae5-9071-fffc5dbfe7bd service neutron] Attributes excluded by policy engine: ['standard_attr_id'] {{(pid=103342) _exclude_attributes_by_policy /opt/stack/neutron/neutron/pecan_wsgi/hooks/policy_enforcement.py:255}}
Feb 03 14:09:44.920407 n-d-827549-2 neutron-server[103342]: INFO neutron.wsgi [req-894256f5-8362-4573-bc45-576ceab39671 req-ea625bbb-dd3f-4ae5-9071-fffc5dbfe7bd service neutron] 10.222.0.45 "GET /v2.0/ports?network_id=229ef7a4-4d2d-4c4a-9abc-fc18e5ad8532&device_owner=network%3Adhcp HTTP/1.1" status: 200 len: 1203 time: 0.1975884
Feb 03 14:09:44.924253 n-d-827549-2 neutron-server[103342]: DEBUG neutron.wsgi [-] (103342) accepted ('10.222.0.45', 49362) {{(pid=103342) server /usr/local/lib/python3.8/dist-packages/eventlet/wsgi.py:1004}}
Feb 03 14:09:44.928636 n-d-827549-2 neutron-server[103341]: DEBUG neutron.pecan_wsgi.hooks.policy_enforcement [req-6a6390a8-6936-4bdc-a64f-c22429a46d73 req-d4218f47-16c9-44f2-ab75-7f59e9a18dc7 service neutron] Attributes excluded by policy engine: ['standard_attr_id'] {{(pid=103341) _exclude_attributes_by_policy /opt/stack/neutron/neutron/pecan_wsgi/hooks/policy_enforcement.py:255}}
Feb 03 14:09:44.929279 n-d-827549-2 neutron-server[103341]: DEBUG neutron_lib.callbacks.manager [req-6a6390a8-6936-4bdc-a64f-c22429a46d73 req-d4218f47-16c9-44f2-ab75-7f59e9a18dc7 service neutron] Publish callbacks ['neutron.notifiers.nova.Notifier._send_nova_notification-73494', 'neutron.api.rpc.agentnotifiers.dhcp_rpc_agent_api.DhcpAgentNotifyAPI._send_dhcp_notification-16752998'] for port (None), before_response {{(pid=103341) _notify_loop /usr/local/lib/python3.8/dist-packages/neutron_lib/callbacks/manager.py:176}}
Feb 03 14:09:44.930983 n-d-827549-2 neutron-server[103341]: INFO neutron.wsgi [req-6a6390a8-6936-4bdc-a64f-c22429a46d73 req-d4218f47-16c9-44f2-ab75-7f59e9a18dc7 service neutron] 10.222.0.71 "PUT /v2.0/ports/bc3e9dca-86c5-4317-bad9-6643aa70c630 HTTP/1.1" status: 200 len: 1095 time: 1.3195677
Feb 03 14:09:44.985539 n-d-827549-2 neutron-server[103341]: INFO neutron.wsgi [req-aac98434-5cb8-48a6-8738-d23bd3e7caeb req-e587b638-65cf-4705-b0fb-7fcb50488b05 service neutron] 10.222.0.45 "GET /v2.0/floatingips?fixed_ip_address=172.20.0.5&port_id=5d854b71-5fa4-4c55-9095-526273201b27 HTTP/1.1" status: 200 len: 217 time: 0.0783532
Feb 03 14:09:44.990328 n-d-827549-2 neutron-server[103342]: INFO neutron.wsgi [req-1f425eef-47c4-4f34-94bf-693c25ac6101 req-5413e1b2-0567-47b7-abc3-babde13c6b09 tempest-LiveMigrationNegativeTest-85354280 tempest-LiveMigrationNegativeTest-85354280-project] 10.222.0.52 "GET /v2.0/security-groups?id=8343c0cf-3c1b-4c0e-a11b-ac434c4c5b40&fields=id&fields=name HTTP/1.1" status: 200 len: 286 time: 0.1961436
Feb 03 14:09:45.236162 n-d-827549-2 neutron-server[103343]: DEBUG neutron.plugins.ml2.rpc [None req-9ae67817-92e1-4e31-b10d-72be88bc8c40 None None] Device 5d854b71-5fa4-4c55-9095-526273201b27 details requested by agent hyperv_n-h1-827549-2 with host n-h1-827549-2 {{(pid=103343) get_device_details /opt/stack/neutron/neutron/plugins/ml2/rpc.py:102}}
Feb 03 14:09:45.251200 n-d-827549-2 neutron-server[103341]: DEBUG neutron.pecan_wsgi.hooks.policy_enforcement [req-aac98434-5cb8-48a6-8738-d23bd3e7caeb req-4b53c986-e28d-465f-bdea-806eba317205 service neutron] Attributes excluded by policy engine: ['standard_attr_id', 'shared'] {{(pid=103341) _exclude_attributes_by_policy /opt/stack/neutron/neutron/pecan_wsgi/hooks/policy_enforcement.py:255}}
Feb 03 14:09:45.255470 n-d-827549-2 neutron-server[103341]: INFO neutron.wsgi [req-aac98434-5cb8-48a6-8738-d23bd3e7caeb req-4b53c986-e28d-465f-bdea-806eba317205 service neutron] 10.222.0.45 "GET /v2.0/subnets?id=9455dfa9-b74b-4b69-b296-89049c2c9ad4 HTTP/1.1" status: 200 len: 844 time: 0.2389295
Feb 03 14:09:45.325956 n-d-827549-2 neutron-server[103341]: DEBUG neutron.api.rpc.handlers.resources_rpc [None req-d4218f47-16c9-44f2-ab75-7f59e9a18dc7 service neutron] Pushing event updated for resources: {'Port': ['ID=bc3e9dca-86c5-4317-bad9-6643aa70c630,revision_number=3']} {{(pid=103341) push /opt/stack/neutron/neutron/api/rpc/handlers/resources_rpc.py:237}}
Feb 03 14:09:45.330017 n-d-827549-2 neutron-server[103342]: INFO neutron.wsgi [req-894256f5-8362-4573-bc45-576ceab39671 req-d9414163-3164-496b-a2f9-1469fd3db20e service neutron] 10.222.0.45 "GET /v2.0/networks/229ef7a4-4d2d-4c4a-9abc-fc18e5ad8532?fields=segments HTTP/1.1" status: 200 len: 212 time: 0.3386283
Feb 03 14:09:45.336197 n-d-827549-2 neutron-server[103341]: INFO neutron.wsgi [req-aac98434-5cb8-48a6-8738-d23bd3e7caeb req-642683c3-c281-4b78-9e5b-e3b96d61f48c service neutron] 10.222.0.45 "GET /v2.0/ports?network_id=59005f15-308d-4837-9b06-43976fd02ad0&device_owner=network%3Adhcp HTTP/1.1" status: 200 len: 210 time: 0.0702264
Feb 03 14:09:45.374761 n-d-827549-2 neutron-server[103341]: DEBUG neutron.pecan_wsgi.hooks.policy_enforcement [req-6a6390a8-6936-4bdc-a64f-c22429a46d73 req-7b651058-c22b-4e44-ad5a-046f7c7531ed service neutron] Attributes excluded by policy engine: ['standard_attr_id'] {{(pid=103341) _exclude_attributes_by_policy /opt/stack/neutron/neutron/pecan_wsgi/hooks/policy_enforcement.py:255}}
Feb 03 14:09:45.375929 n-d-827549-2 neutron-server[103342]: INFO neutron.wsgi [req-c53fb280-20f9-4b5f-89d2-ac0072119ddc req-beaf7370-625c-4074-8ae1-ac97ce08c571 tempest-FloatingIPsAssociationTestJSON-2012896287 tempest-FloatingIPsAssociationTestJSON-2012896287-project] 10.222.0.52 "GET /v2.0/ports?device_id=db8108f6-c4fd-42f0-a19c-db01e9f93903 HTTP/1.1" status: 200 len: 210 time: 0.0373991
Feb 03 14:09:45.376916 n-d-827549-2 neutron-server[103341]: INFO neutron.wsgi [req-6a6390a8-6936-4bdc-a64f-c22429a46d73 req-7b651058-c22b-4e44-ad5a-046f7c7531ed service neutron] 10.222.0.71 "GET /v2.0/ports?tenant_id=80a4f8d2ed714887a3a3a418a05f6cd8&device_id=20145608-75b4-482a-975d-b6463ec24f34 HTTP/1.1" status: 200 len: 1129 time: 0.2874689
