Feb 09 14:25:14.487330 n-d-827513-4 devstack@placement-api.service[103854]: DEBUG placement.objects.allocation_candidate [req-7dbeb788-4a8c-4317-81c2-a49389cd170a req-c8cb7983-8c88-4d7c-841b-6d3e8f589678 service placement] RequestGroup(use_same_provider=False, resources={DISK_GB:1, MEMORY_MB:1024, VCPU:1}, traits=[], aggregates=[]) (suffix '') returned 2 matches {{(pid=103854) _get_by_requests /opt/stack/placement/placement/objects/allocation_candidate.py:145}}
Feb 09 14:25:14.487897 n-d-827513-4 devstack@placement-api.service[103854]: DEBUG placement.objects.allocation_candidate [req-7dbeb788-4a8c-4317-81c2-a49389cd170a req-c8cb7983-8c88-4d7c-841b-6d3e8f589678 service placement] Merging candidates yields 2 allocation requests and 2 provider summaries {{(pid=103854) _merge_candidates /opt/stack/placement/placement/objects/allocation_candidate.py:783}}
Feb 09 14:25:14.499704 n-d-827513-4 devstack@placement-api.service[103854]: INFO placement.requestlog [req-7dbeb788-4a8c-4317-81c2-a49389cd170a req-c8cb7983-8c88-4d7c-841b-6d3e8f589678 service placement] 10.222.0.64 "GET /placement/allocation_candidates?limit=1000&resources=DISK_GB%3A1%2CMEMORY_MB%3A1024%2CVCPU%3A1&root_required=%21COMPUTE_STATUS_DISABLED" status: 200 len: 1309 microversion: 1.36
Feb 09 14:25:14.500097 n-d-827513-4 devstack@placement-api.service[103854]: [pid: 103854|app: 0|req: 331/664] 10.222.0.64 () {60 vars in 1506 bytes} [Wed Feb 9 14:25:14 2022] GET /placement/allocation_candidates?limit=1000&resources=DISK_GB%3A1%2CMEMORY_MB%3A1024%2CVCPU%3A1&root_required=%21COMPUTE_STATUS_DISABLED => generated 1309 bytes in 230 msecs (HTTP/1.1 200) 8 headers in 297 bytes (1 switches on core 0)
Feb 09 14:25:14.626134 n-d-827513-4 devstack@placement-api.service[103853]: DEBUG placement.requestlog [req-7dbeb788-4a8c-4317-81c2-a49389cd170a req-09c1c4b1-43ac-4f9f-b350-e10211aae96a None None] Starting request: 10.222.0.64 "GET /placement/allocations/a44140d5-a282-433b-875b-1b2db7577194" {{(pid=103853) __call__ /opt/stack/placement/placement/requestlog.py:55}}
Feb 09 14:25:14.646132 n-d-827513-4 devstack@placement-api.service[103853]: INFO placement.requestlog [req-7dbeb788-4a8c-4317-81c2-a49389cd170a req-09c1c4b1-43ac-4f9f-b350-e10211aae96a service placement] 10.222.0.64 "GET /placement/allocations/a44140d5-a282-433b-875b-1b2db7577194" status: 200 len: 19 microversion: 1.28
Feb 09 14:25:14.656016 n-d-827513-4 devstack@placement-api.service[103854]: DEBUG placement.requestlog [req-7dbeb788-4a8c-4317-81c2-a49389cd170a req-58a6f7fb-be4d-4972-b2d7-fa3a62fca4c4 None None] Starting request: 10.222.0.64 "PUT /placement/allocations/a44140d5-a282-433b-875b-1b2db7577194" {{(pid=103854) __call__ /opt/stack/placement/placement/requestlog.py:55}}
Feb 09 14:25:14.668128 n-d-827513-4 devstack@placement-api.service[103853]: [pid: 103853|app: 0|req: 334/665] 10.222.0.64 () {60 vars in 1380 bytes} [Wed Feb 9 14:25:14 2022] GET /placement/allocations/a44140d5-a282-433b-875b-1b2db7577194 => generated 19 bytes in 42 msecs (HTTP/1.1 200) 8 headers in 295 bytes (1 switches on core 0)
Feb 09 14:25:14.807693 n-d-827513-4 devstack@placement-api.service[103854]: DEBUG placement.handlers.allocation [req-7dbeb788-4a8c-4317-81c2-a49389cd170a req-58a6f7fb-be4d-4972-b2d7-fa3a62fca4c4 service placement] Successfully wrote allocations [, , ] {{(pid=103854) _update_consumers_and_create_allocations /opt/stack/placement/placement/handlers/allocation.py:462}}
Feb 09 14:25:14.813009 n-d-827513-4 devstack@placement-api.service[103854]: INFO placement.requestlog [req-7dbeb788-4a8c-4317-81c2-a49389cd170a req-58a6f7fb-be4d-4972-b2d7-fa3a62fca4c4 service placement] 10.222.0.64 "PUT /placement/allocations/a44140d5-a282-433b-875b-1b2db7577194" status: 204 len: 0 microversion: 1.36
Feb 09 14:25:14.825043 n-d-827513-4 devstack@placement-api.service[103854]: [pid: 103854|app: 0|req: 332/666] 10.222.0.64 () {64 vars in 1433 bytes} [Wed Feb 9 14:25:14 2022] PUT /placement/allocations/a44140d5-a282-433b-875b-1b2db7577194 => generated 0 bytes in 159 msecs (HTTP/1.1 204) 5 headers in 199 bytes (1 switches on core 0)
Feb 09 14:25:15.407994 n-d-827513-4 devstack@placement-api.service[103853]: DEBUG placement.requestlog [req-7dbeb788-4a8c-4317-81c2-a49389cd170a req-fe475f18-0762-457b-a9f9-b2d8f11314a9 None None] Starting request: 10.222.0.45 "GET /placement/allocations/a44140d5-a282-433b-875b-1b2db7577194" {{(pid=103853) __call__ /opt/stack/placement/placement/requestlog.py:55}}
Feb 09 14:25:15.446924 n-d-827513-4 devstack@placement-api.service[103853]: INFO placement.requestlog [req-7dbeb788-4a8c-4317-81c2-a49389cd170a req-fe475f18-0762-457b-a9f9-b2d8f11314a9 service placement] 10.222.0.45 "GET /placement/allocations/a44140d5-a282-433b-875b-1b2db7577194" status: 200 len: 259 microversion: 1.28
Feb 09 14:25:15.448762 n-d-827513-4 devstack@placement-api.service[103853]: [pid: 103853|app: 0|req: 335/667] 10.222.0.45 () {60 vars in 1377 bytes} [Wed Feb 9 14:25:15 2022] GET /placement/allocations/a44140d5-a282-433b-875b-1b2db7577194 => generated 259 bytes in 41 msecs (HTTP/1.1 200) 8 headers in 296 bytes (1 switches on core 0)
Feb 09 14:25:31.471828 n-d-827513-4 devstack@placement-api.service[103854]: DEBUG placement.requestlog [req-d65516bb-ed5d-4d35-9a06-5a8f3bb4fdc1 req-957a8ebb-760d-4433-9f04-1c82c6ff9ff5 None None] Starting request: 10.222.0.85 "DELETE /placement/allocations/f526c700-5e33-41b9-84d7-637c92de44ae" {{(pid=103854) __call__ /opt/stack/placement/placement/requestlog.py:55}}
Feb 09 14:25:31.561698 n-d-827513-4 devstack@placement-api.service[103854]: DEBUG placement.handlers.allocation [req-d65516bb-ed5d-4d35-9a06-5a8f3bb4fdc1 req-957a8ebb-760d-4433-9f04-1c82c6ff9ff5 service placement] Successfully deleted allocations [, , ] {{(pid=103854) delete_allocations /opt/stack/placement/placement/handlers/allocation.py:627}}
Feb 09 14:25:31.562294 n-d-827513-4 devstack@placement-api.service[103854]: INFO placement.requestlog [req-d65516bb-ed5d-4d35-9a06-5a8f3bb4fdc1 req-957a8ebb-760d-4433-9f04-1c82c6ff9ff5 service placement] 10.222.0.85 "DELETE /placement/allocations/f526c700-5e33-41b9-84d7-637c92de44ae" status: 204 len: 0 microversion: 1.0
Feb 09 14:25:31.563047 n-d-827513-4 devstack@placement-api.service[103854]: [pid: 103854|app: 0|req: 333/668] 10.222.0.85 () {60 vars in 1355 bytes} [Wed Feb 9 14:25:31 2022] DELETE /placement/allocations/f526c700-5e33-41b9-84d7-637c92de44ae => generated 0 bytes in 93 msecs (HTTP/1.1 204) 5 headers in 198 bytes (2 switches on core 0)
Feb 09 14:25:31.911631 n-d-827513-4 devstack@placement-api.service[103853]: DEBUG placement.requestlog [req-eda2796b-547d-4972-9132-600dfccea082 req-bd97ec17-8e5f-4b49-8b09-ec598edbca22 None None] Starting request: 10.222.0.45 "GET /placement/resource_providers/affe99e8-5a87-4dee-8990-0aa0acd83d92/allocations" {{(pid=103853) __call__ /opt/stack/placement/placement/requestlog.py:55}}
Feb 09 14:25:31.974276 n-d-827513-4 devstack@placement-api.service[103853]: INFO placement.requestlog [req-eda2796b-547d-4972-9132-600dfccea082 req-bd97ec17-8e5f-4b49-8b09-ec598edbca22 service placement] 10.222.0.45 "GET /placement/resource_providers/affe99e8-5a87-4dee-8990-0aa0acd83d92/allocations" status: 200 len: 544 microversion: 1.0
Feb 09 14:25:31.975746 n-d-827513-4 devstack@placement-api.service[103853]: [pid: 103853|app: 0|req: 336/669] 10.222.0.45 () {58 vars in 1390 bytes} [Wed Feb 9 14:25:31 2022] GET /placement/resource_providers/affe99e8-5a87-4dee-8990-0aa0acd83d92/allocations => generated 544 bytes in 65 msecs (HTTP/1.1 200) 6 headers in 224 bytes (1 switches on core 0)
Feb 09 14:25:37.585256 n-d-827513-4 devstack@placement-api.service[103854]: DEBUG placement.requestlog [req-3e3139d3-8749-437e-9cb1-8537fa693d10 req-06ec4bea-11a6-4f83-953d-fd186e14a2db None None] Starting request: 10.222.0.45 "DELETE /placement/allocations/a44140d5-a282-433b-875b-1b2db7577194" {{(pid=103854) __call__ /opt/stack/placement/placement/requestlog.py:55}}
Feb 09 14:25:37.626376 n-d-827513-4 devstack@placement-api.service[103854]: DEBUG placement.handlers.allocation [req-3e3139d3-8749-437e-9cb1-8537fa693d10 req-06ec4bea-11a6-4f83-953d-fd186e14a2db service placement] Successfully deleted allocations [, , ] {{(pid=103854) delete_allocations /opt/stack/placement/placement/handlers/allocation.py:627}}
Feb 09 14:25:37.627292 n-d-827513-4 devstack@placement-api.service[103854]: INFO placement.requestlog [req-3e3139d3-8749-437e-9cb1-8537fa693d10 req-06ec4bea-11a6-4f83-953d-fd186e14a2db service placement] 10.222.0.45 "DELETE /placement/allocations/a44140d5-a282-433b-875b-1b2db7577194" status: 204 len: 0 microversion: 1.0
Feb 09 14:25:37.628958 n-d-827513-4 devstack@placement-api.service[103854]: [pid: 103854|app: 0|req: 334/670] 10.222.0.45 () {60 vars in 1355 bytes} [Wed Feb 9 14:25:37 2022] DELETE /placement/allocations/a44140d5-a282-433b-875b-1b2db7577194 => generated 0 bytes in 44 msecs (HTTP/1.1 204) 5 headers in 198 bytes (1 switches on core 0)
Feb 09 14:25:47.005507 n-d-827513-4 devstack@placement-api.service[103853]: DEBUG placement.requestlog [req-4f43d4cb-354a-43b7-bfa8-e6798ad51f6c req-6e0b4c30-1192-4ccd-8846-d6a3f779f44e None None] Starting request: 10.222.0.85 "DELETE /placement/allocations/d752d196-0fb3-4304-8a9c-1b5ace4a6b0d" {{(pid=103853) __call__ /opt/stack/placement/placement/requestlog.py:55}}
Feb 09 14:25:47.061172 n-d-827513-4 devstack@placement-api.service[103853]: DEBUG placement.handlers.allocation [req-4f43d4cb-354a-43b7-bfa8-e6798ad51f6c req-6e0b4c30-1192-4ccd-8846-d6a3f779f44e service placement] Successfully deleted allocations [, , ] {{(pid=103853) delete_allocations /opt/stack/placement/placement/handlers/allocation.py:627}}
Feb 09 14:25:47.061624 n-d-827513-4 devstack@placement-api.service[103853]: INFO placement.requestlog [req-4f43d4cb-354a-43b7-bfa8-e6798ad51f6c req-6e0b4c30-1192-4ccd-8846-d6a3f779f44e service placement] 10.222.0.85 "DELETE /placement/allocations/d752d196-0fb3-4304-8a9c-1b5ace4a6b0d" status: 204 len: 0 microversion: 1.0
Feb 09 14:25:47.062648 n-d-827513-4 devstack@placement-api.service[103853]: [pid: 103853|app: 0|req: 337/671] 10.222.0.85 () {60 vars in 1355 bytes} [Wed Feb 9 14:25:47 2022] DELETE /placement/allocations/d752d196-0fb3-4304-8a9c-1b5ace4a6b0d => generated 0 bytes in 58 msecs (HTTP/1.1 204) 5 headers in 198 bytes (1 switches on core 0)
Feb 09 14:25:51.599117 n-d-827513-4 devstack@placement-api.service[103854]: DEBUG placement.requestlog [req-3d0cb4ce-680a-4acf-a10f-2e12b941da96 req-f023c045-1553-429f-9716-78a0ef144d9b None None] Starting request: 10.222.0.85 "GET /placement/resource_providers/db6e9577-6a14-445a-88aa-fb5042d585ad/allocations" {{(pid=103854) __call__ /opt/stack/placement/placement/requestlog.py:55}}
Feb 09 14:25:51.664354 n-d-827513-4 devstack@placement-api.service[103854]: INFO placement.requestlog [req-3d0cb4ce-680a-4acf-a10f-2e12b941da96 req-f023c045-1553-429f-9716-78a0ef144d9b service placement] 10.222.0.85 "GET /placement/resource_providers/db6e9577-6a14-445a-88aa-fb5042d585ad/allocations" status: 200 len: 356 microversion: 1.0
Feb 09 14:25:51.666253 n-d-827513-4 devstack@placement-api.service[103854]: [pid: 103854|app: 0|req: 335/672] 10.222.0.85 () {58 vars in 1390 bytes} [Wed Feb 9 14:25:51 2022] GET /placement/resource_providers/db6e9577-6a14-445a-88aa-fb5042d585ad/allocations => generated 356 bytes in 68 msecs (HTTP/1.1 200) 6 headers in 224 bytes (1 switches on core 0)
Feb 09 14:25:52.076689 n-d-827513-4 devstack@placement-api.service[103853]: DEBUG placement.requestlog [req-3ac74749-d987-4aa2-9154-ec227e0c0ceb req-8d35868b-6a8b-453c-8449-60fd063e2351 None None] Starting request: 10.222.0.64 "GET /placement/allocation_candidates?limit=1000&resources=DISK_GB%3A1%2CMEMORY_MB%3A1024%2CVCPU%3A1&root_required=%21COMPUTE_STATUS_DISABLED" {{(pid=103853) __call__ /opt/stack/placement/placement/requestlog.py:55}}
Feb 09 14:25:52.196375 n-d-827513-4 devstack@placement-api.service[103853]: DEBUG placement.objects.research_context [req-3ac74749-d987-4aa2-9154-ec227e0c0ceb req-8d35868b-6a8b-453c-8449-60fd063e2351 service placement] getting providers with 1 DISK_GB {{(pid=103853) __init__ /opt/stack/placement/placement/objects/research_context.py:126}}
Feb 09 14:25:52.224019 n-d-827513-4 devstack@placement-api.service[103853]: DEBUG placement.objects.research_context [req-3ac74749-d987-4aa2-9154-ec227e0c0ceb req-8d35868b-6a8b-453c-8449-60fd063e2351 service placement] getting providers with 1024 MEMORY_MB {{(pid=103853) __init__ /opt/stack/placement/placement/objects/research_context.py:126}}
Feb 09 14:25:52.231360 n-d-827513-4 devstack@placement-api.service[103853]: DEBUG placement.objects.research_context [req-3ac74749-d987-4aa2-9154-ec227e0c0ceb req-8d35868b-6a8b-453c-8449-60fd063e2351 service placement] getting providers with 1 VCPU {{(pid=103853) __init__ /opt/stack/placement/placement/objects/research_context.py:126}}
Feb 09 14:25:52.240505 n-d-827513-4 devstack@placement-api.service[103853]: DEBUG placement.objects.research_context [req-3ac74749-d987-4aa2-9154-ec227e0c0ceb req-8d35868b-6a8b-453c-8449-60fd063e2351 service placement] found 2 providers with available 1 DISK_GB {{(pid=103853) get_provider_ids_matching /opt/stack/placement/placement/objects/research_context.py:549}}
Feb 09 14:25:52.242193 n-d-827513-4 devstack@placement-api.service[103853]: DEBUG placement.objects.research_context [req-3ac74749-d987-4aa2-9154-ec227e0c0ceb req-8d35868b-6a8b-453c-8449-60fd063e2351 service placement] found 2 providers with available 1024 MEMORY_MB {{(pid=103853) get_provider_ids_matching /opt/stack/placement/placement/objects/research_context.py:549}}
Feb 09 14:25:52.242930 n-d-827513-4 devstack@placement-api.service[103853]: DEBUG placement.objects.research_context [req-3ac74749-d987-4aa2-9154-ec227e0c0ceb req-8d35868b-6a8b-453c-8449-60fd063e2351 service placement] found 2 providers after filtering by previous result {{(pid=103853) get_provider_ids_matching /opt/stack/placement/placement/objects/research_context.py:580}}
Feb 09 14:25:52.243357 n-d-827513-4 devstack@placement-api.service[103853]: DEBUG placement.objects.research_context [req-3ac74749-d987-4aa2-9154-ec227e0c0ceb req-8d35868b-6a8b-453c-8449-60fd063e2351 service placement] found 2 providers with available 1 VCPU {{(pid=103853) get_provider_ids_matching /opt/stack/placement/placement/objects/research_context.py:549}}
Feb 09 14:25:52.243803 n-d-827513-4 devstack@placement-api.service[103853]: DEBUG placement.objects.research_context [req-3ac74749-d987-4aa2-9154-ec227e0c0ceb req-8d35868b-6a8b-453c-8449-60fd063e2351 service placement] found 2 providers after filtering by previous result {{(pid=103853) get_provider_ids_matching /opt/stack/placement/placement/objects/research_context.py:580}}
Feb 09 14:25:52.261926 n-d-827513-4 devstack@placement-api.service[103853]: DEBUG placement.objects.allocation_candidate [req-3ac74749-d987-4aa2-9154-ec227e0c0ceb req-8d35868b-6a8b-453c-8449-60fd063e2351 service placement] RequestGroup(use_same_provider=False, resources={DISK_GB:1, MEMORY_MB:1024, VCPU:1}, traits=[], aggregates=[]) (suffix '') returned 2 matches {{(pid=103853) _get_by_requests /opt/stack/placement/placement/objects/allocation_candidate.py:145}}
Feb 09 14:25:52.263861 n-d-827513-4 devstack@placement-api.service[103853]: DEBUG placement.objects.allocation_candidate [req-3ac74749-d987-4aa2-9154-ec227e0c0ceb req-8d35868b-6a8b-453c-8449-60fd063e2351 service placement] Merging candidates yields 2 allocation requests and 2 provider summaries {{(pid=103853) _merge_candidates /opt/stack/placement/placement/objects/allocation_candidate.py:783}}
Feb 09 14:25:52.265799 n-d-827513-4 devstack@placement-api.service[103853]: INFO placement.requestlog [req-3ac74749-d987-4aa2-9154-ec227e0c0ceb req-8d35868b-6a8b-453c-8449-60fd063e2351 service placement] 10.222.0.64 "GET /placement/allocation_candidates?limit=1000&resources=DISK_GB%3A1%2CMEMORY_MB%3A1024%2CVCPU%3A1&root_required=%21COMPUTE_STATUS_DISABLED" status: 200 len: 1309 microversion: 1.36
Feb 09 14:25:52.278617 n-d-827513-4 devstack@placement-api.service[103853]: [pid: 103853|app: 0|req: 338/673] 10.222.0.64 () {60 vars in 1506 bytes} [Wed Feb 9 14:25:52 2022] GET /placement/allocation_candidates?limit=1000&resources=DISK_GB%3A1%2CMEMORY_MB%3A1024%2CVCPU%3A1&root_required=%21COMPUTE_STATUS_DISABLED => generated 1309 bytes in 201 msecs (HTTP/1.1 200) 8 headers in 297 bytes (2 switches on core 0)
Feb 09 14:25:52.392336 n-d-827513-4 devstack@placement-api.service[103854]: DEBUG placement.requestlog [req-3ac74749-d987-4aa2-9154-ec227e0c0ceb req-dfe0b232-1ff2-4c0c-8e49-ab94202523d0 None None] Starting request: 10.222.0.64 "GET /placement/allocations/c80dd37e-4c60-4b8a-b8b3-470993ea188d" {{(pid=103854) __call__ /opt/stack/placement/placement/requestlog.py:55}}
Feb 09 14:25:52.417371 n-d-827513-4 devstack@placement-api.service[103854]: INFO placement.requestlog [req-3ac74749-d987-4aa2-9154-ec227e0c0ceb req-dfe0b232-1ff2-4c0c-8e49-ab94202523d0 service placement] 10.222.0.64 "GET /placement/allocations/c80dd37e-4c60-4b8a-b8b3-470993ea188d" status: 200 len: 19 microversion: 1.28
Feb 09 14:25:52.418777 n-d-827513-4 devstack@placement-api.service[103854]: [pid: 103854|app: 0|req: 336/674] 10.222.0.64 () {60 vars in 1380 bytes} [Wed Feb 9 14:25:52 2022] GET /placement/allocations/c80dd37e-4c60-4b8a-b8b3-470993ea188d => generated 19 bytes in 27 msecs (HTTP/1.1 200) 8 headers in 295 bytes (1 switches on core 0)
Feb 09 14:25:52.432876 n-d-827513-4 devstack@placement-api.service[103853]: DEBUG placement.requestlog [req-3ac74749-d987-4aa2-9154-ec227e0c0ceb req-245a2d75-717e-4190-b6d2-5280cf17812f None None] Starting request: 10.222.0.64 "PUT /placement/allocations/c80dd37e-4c60-4b8a-b8b3-470993ea188d" {{(pid=103853) __call__ /opt/stack/placement/placement/requestlog.py:55}}
Feb 09 14:25:52.574156 n-d-827513-4 devstack@placement-api.service[103853]: DEBUG placement.handlers.allocation [req-3ac74749-d987-4aa2-9154-ec227e0c0ceb req-245a2d75-717e-4190-b6d2-5280cf17812f service placement] Successfully wrote allocations [, , ] {{(pid=103853) _update_consumers_and_create_allocations /opt/stack/placement/placement/handlers/allocation.py:462}}
Feb 09 14:25:52.579476 n-d-827513-4 devstack@placement-api.service[103853]: INFO placement.requestlog [req-3ac74749-d987-4aa2-9154-ec227e0c0ceb req-245a2d75-717e-4190-b6d2-5280cf17812f service placement] 10.222.0.64 "PUT /placement/allocations/c80dd37e-4c60-4b8a-b8b3-470993ea188d" status: 204 len: 0 microversion: 1.36
Feb 09 14:25:52.580186 n-d-827513-4 devstack@placement-api.service[103853]: [pid: 103853|app: 0|req: 339/675] 10.222.0.64 () {64 vars in 1433 bytes} [Wed Feb 9 14:25:52 2022] PUT /placement/allocations/c80dd37e-4c60-4b8a-b8b3-470993ea188d => generated 0 bytes in 147 msecs (HTTP/1.1 204) 5 headers in 199 bytes (1 switches on core 0)
Feb 09 14:25:53.273468 n-d-827513-4 devstack@placement-api.service[103854]: DEBUG placement.requestlog [req-3ac74749-d987-4aa2-9154-ec227e0c0ceb req-8f86bce1-7372-420a-9b5b-33f5f3fe25e0 None None] Starting request: 10.222.0.85 "GET /placement/allocations/c80dd37e-4c60-4b8a-b8b3-470993ea188d" {{(pid=103854) __call__ /opt/stack/placement/placement/requestlog.py:55}}
Feb 09 14:25:53.314481 n-d-827513-4 devstack@placement-api.service[103854]: INFO placement.requestlog [req-3ac74749-d987-4aa2-9154-ec227e0c0ceb req-8f86bce1-7372-420a-9b5b-33f5f3fe25e0 service placement] 10.222.0.85 "GET /placement/allocations/c80dd37e-4c60-4b8a-b8b3-470993ea188d" status: 200 len: 259 microversion: 1.28
Feb 09 14:25:53.315707 n-d-827513-4 devstack@placement-api.service[103854]: [pid: 103854|app: 0|req: 337/676] 10.222.0.85 () {60 vars in 1377 bytes} [Wed Feb 9 14:25:53 2022] GET /placement/allocations/c80dd37e-4c60-4b8a-b8b3-470993ea188d => generated 259 bytes in 42 msecs (HTTP/1.1 200) 8 headers in 296 bytes (1 switches on core 0)
Feb 09 14:25:54.545971 n-d-827513-4 devstack@placement-api.service[103853]: DEBUG placement.requestlog [req-0c3d7d0d-cc61-4d32-a8d9-832a9fbbb2d3 req-cc9a7aae-05a5-4597-9631-582cc33f1d2e None None] Starting request: 10.222.0.64 "GET /placement/allocation_candidates?limit=1000&resources=DISK_GB%3A1%2CMEMORY_MB%3A1024%2CVCPU%3A1&root_required=%21COMPUTE_STATUS_DISABLED" {{(pid=103853) __call__ /opt/stack/placement/placement/requestlog.py:55}}
Feb 09 14:25:54.606502 n-d-827513-4 devstack@placement-api.service[103853]: DEBUG placement.objects.research_context [req-0c3d7d0d-cc61-4d32-a8d9-832a9fbbb2d3 req-cc9a7aae-05a5-4597-9631-582cc33f1d2e service placement] getting providers with 1 DISK_GB {{(pid=103853) __init__ /opt/stack/placement/placement/objects/research_context.py:126}}
Feb 09 14:25:54.615175 n-d-827513-4 devstack@placement-api.service[103853]: DEBUG placement.objects.research_context [req-0c3d7d0d-cc61-4d32-a8d9-832a9fbbb2d3 req-cc9a7aae-05a5-4597-9631-582cc33f1d2e service placement] getting providers with 1024 MEMORY_MB {{(pid=103853) __init__ /opt/stack/placement/placement/objects/research_context.py:126}}
Feb 09 14:25:54.639285 n-d-827513-4 devstack@placement-api.service[103853]: DEBUG placement.objects.research_context [req-0c3d7d0d-cc61-4d32-a8d9-832a9fbbb2d3 req-cc9a7aae-05a5-4597-9631-582cc33f1d2e service placement] getting providers with 1 VCPU {{(pid=103853) __init__ /opt/stack/placement/placement/objects/research_context.py:126}}
Feb 09 14:25:54.661537 n-d-827513-4 devstack@placement-api.service[103853]: DEBUG placement.objects.research_context [req-0c3d7d0d-cc61-4d32-a8d9-832a9fbbb2d3 req-cc9a7aae-05a5-4597-9631-582cc33f1d2e service placement] found 2 providers with available 1 DISK_GB {{(pid=103853) get_provider_ids_matching /opt/stack/placement/placement/objects/research_context.py:549}}
Feb 09 14:25:54.662125 n-d-827513-4 devstack@placement-api.service[103853]: DEBUG placement.objects.research_context [req-0c3d7d0d-cc61-4d32-a8d9-832a9fbbb2d3 req-cc9a7aae-05a5-4597-9631-582cc33f1d2e service placement] found 2 providers with available 1024 MEMORY_MB {{(pid=103853) get_provider_ids_matching /opt/stack/placement/placement/objects/research_context.py:549}}
Feb 09 14:25:54.662577 n-d-827513-4 devstack@placement-api.service[103853]: DEBUG placement.objects.research_context [req-0c3d7d0d-cc61-4d32-a8d9-832a9fbbb2d3 req-cc9a7aae-05a5-4597-9631-582cc33f1d2e service placement] found 2 providers after filtering by previous result {{(pid=103853) get_provider_ids_matching /opt/stack/placement/placement/objects/research_context.py:580}}
Feb 09 14:25:54.663008 n-d-827513-4 devstack@placement-api.service[103853]: DEBUG placement.objects.research_context [req-0c3d7d0d-cc61-4d32-a8d9-832a9fbbb2d3 req-cc9a7aae-05a5-4597-9631-582cc33f1d2e service placement] found 2 providers with available 1 VCPU {{(pid=103853) get_provider_ids_matching /opt/stack/placement/placement/objects/research_context.py:549}}
Feb 09 14:25:54.663874 n-d-827513-4 devstack@placement-api.service[103853]: DEBUG placement.objects.research_context [req-0c3d7d0d-cc61-4d32-a8d9-832a9fbbb2d3 req-cc9a7aae-05a5-4597-9631-582cc33f1d2e service placement] found 2 providers after filtering by previous result {{(pid=103853) get_provider_ids_matching /opt/stack/placement/placement/objects/research_context.py:580}}
Feb 09 14:25:54.691954 n-d-827513-4 devstack@placement-api.service[103853]: DEBUG placement.objects.allocation_candidate [req-0c3d7d0d-cc61-4d32-a8d9-832a9fbbb2d3 req-cc9a7aae-05a5-4597-9631-582cc33f1d2e service placement] RequestGroup(use_same_provider=False, resources={DISK_GB:1, MEMORY_MB:1024, VCPU:1}, traits=[], aggregates=[]) (suffix '') returned 2 matches {{(pid=103853) _get_by_requests /opt/stack/placement/placement/objects/allocation_candidate.py:145}}
Feb 09 14:25:54.692331 n-d-827513-4 devstack@placement-api.service[103853]: DEBUG placement.objects.allocation_candidate [req-0c3d7d0d-cc61-4d32-a8d9-832a9fbbb2d3 req-cc9a7aae-05a5-4597-9631-582cc33f1d2e service placement] Merging candidates yields 2 allocation requests and 2 provider summaries {{(pid=103853) _merge_candidates /opt/stack/placement/placement/objects/allocation_candidate.py:783}}
Feb 09 14:25:54.695625 n-d-827513-4 devstack@placement-api.service[103853]: INFO placement.requestlog [req-0c3d7d0d-cc61-4d32-a8d9-832a9fbbb2d3 req-cc9a7aae-05a5-4597-9631-582cc33f1d2e service placement] 10.222.0.64 "GET /placement/allocation_candidates?limit=1000&resources=DISK_GB%3A1%2CMEMORY_MB%3A1024%2CVCPU%3A1&root_required=%21COMPUTE_STATUS_DISABLED" status: 200 len: 1309 microversion: 1.36
Feb 09 14:25:54.696011 n-d-827513-4 devstack@placement-api.service[103853]: [pid: 103853|app: 0|req: 340/677] 10.222.0.64 () {60 vars in 1506 bytes} [Wed Feb 9 14:25:54 2022] GET /placement/allocation_candidates?limit=1000&resources=DISK_GB%3A1%2CMEMORY_MB%3A1024%2CVCPU%3A1&root_required=%21COMPUTE_STATUS_DISABLED => generated 1309 bytes in 150 msecs (HTTP/1.1 200) 8 headers in 297 bytes (1 switches on core 0)
Feb 09 14:25:54.803412 n-d-827513-4 devstack@placement-api.service[103854]: DEBUG placement.requestlog [req-0c3d7d0d-cc61-4d32-a8d9-832a9fbbb2d3 req-23066993-2de9-40eb-ad46-7275e95bec99 None None] Starting request: 10.222.0.64 "GET /placement/allocations/ea6ec216-88ca-40c5-ae8d-34f1662ca55b" {{(pid=103854) __call__ /opt/stack/placement/placement/requestlog.py:55}}
Feb 09 14:25:54.831625 n-d-827513-4 devstack@placement-api.service[103854]: INFO placement.requestlog [req-0c3d7d0d-cc61-4d32-a8d9-832a9fbbb2d3 req-23066993-2de9-40eb-ad46-7275e95bec99 service placement] 10.222.0.64 "GET /placement/allocations/ea6ec216-88ca-40c5-ae8d-34f1662ca55b" status: 200 len: 19 microversion: 1.28
Feb 09 14:25:54.835023 n-d-827513-4 devstack@placement-api.service[103854]: [pid: 103854|app: 0|req: 338/678] 10.222.0.64 () {60 vars in 1380 bytes} [Wed Feb 9 14:25:54 2022] GET /placement/allocations/ea6ec216-88ca-40c5-ae8d-34f1662ca55b => generated 19 bytes in 32 msecs (HTTP/1.1 200) 8 headers in 295 bytes (1 switches on core 0)
Feb 09 14:25:54.841423 n-d-827513-4 devstack@placement-api.service[103853]: DEBUG placement.requestlog [req-0c3d7d0d-cc61-4d32-a8d9-832a9fbbb2d3 req-3e98a669-caae-4a6b-913b-78bb66b07367 None None] Starting request: 10.222.0.64 "PUT /placement/allocations/ea6ec216-88ca-40c5-ae8d-34f1662ca55b" {{(pid=103853) __call__ /opt/stack/placement/placement/requestlog.py:55}}
Feb 09 14:25:54.941516 n-d-827513-4 devstack@placement-api.service[103853]: DEBUG placement.handlers.allocation [req-0c3d7d0d-cc61-4d32-a8d9-832a9fbbb2d3 req-3e98a669-caae-4a6b-913b-78bb66b07367 service placement] Successfully wrote allocations [, , ] {{(pid=103853) _update_consumers_and_create_allocations /opt/stack/placement/placement/handlers/allocation.py:462}}
Feb 09 14:25:54.946084 n-d-827513-4 devstack@placement-api.service[103853]: INFO placement.requestlog [req-0c3d7d0d-cc61-4d32-a8d9-832a9fbbb2d3 req-3e98a669-caae-4a6b-913b-78bb66b07367 service placement] 10.222.0.64 "PUT /placement/allocations/ea6ec216-88ca-40c5-ae8d-34f1662ca55b" status: 204 len: 0 microversion: 1.36
Feb 09 14:25:54.947205 n-d-827513-4 devstack@placement-api.service[103853]: [pid: 103853|app: 0|req: 341/679] 10.222.0.64 () {64 vars in 1433 bytes} [Wed Feb 9 14:25:54 2022] PUT /placement/allocations/ea6ec216-88ca-40c5-ae8d-34f1662ca55b => generated 0 bytes in 106 msecs (HTTP/1.1 204) 5 headers in 199 bytes (1 switches on core 0)
Feb 09 14:25:55.417900 n-d-827513-4 devstack@placement-api.service[103854]: DEBUG placement.requestlog [req-0c3d7d0d-cc61-4d32-a8d9-832a9fbbb2d3 req-aba86e44-b3b8-4860-89b5-f4e9825415db None None] Starting request: 10.222.0.45 "GET /placement/allocations/ea6ec216-88ca-40c5-ae8d-34f1662ca55b" {{(pid=103854) __call__ /opt/stack/placement/placement/requestlog.py:55}}
Feb 09 14:25:55.447055 n-d-827513-4 devstack@placement-api.service[103854]: INFO placement.requestlog [req-0c3d7d0d-cc61-4d32-a8d9-832a9fbbb2d3 req-aba86e44-b3b8-4860-89b5-f4e9825415db service placement] 10.222.0.45 "GET /placement/allocations/ea6ec216-88ca-40c5-ae8d-34f1662ca55b" status: 200 len: 259 microversion: 1.28
Feb 09 14:25:55.451231 n-d-827513-4 devstack@placement-api.service[103854]: [pid: 103854|app: 0|req: 339/680] 10.222.0.45 () {60 vars in 1377 bytes} [Wed Feb 9 14:25:55 2022] GET /placement/allocations/ea6ec216-88ca-40c5-ae8d-34f1662ca55b => generated 259 bytes in 33 msecs (HTTP/1.1 200) 8 headers in 296 bytes (1 switches on core 0)
Feb 09 14:25:56.957838 n-d-827513-4 devstack@placement-api.service[103853]: DEBUG placement.requestlog [req-dbfe8f35-cb82-425c-9a15-cc93fb275fac req-4775d876-4fd0-4bde-b4b5-f25590dae478 None None] Starting request: 10.222.0.64 "GET /placement/allocation_candidates?limit=1000&resources=DISK_GB%3A1%2CMEMORY_MB%3A512%2CVCPU%3A1&root_required=%21COMPUTE_STATUS_DISABLED" {{(pid=103853) __call__ /opt/stack/placement/placement/requestlog.py:55}}
Feb 09 14:25:57.026595 n-d-827513-4 devstack@placement-api.service[103853]: DEBUG placement.objects.research_context [req-dbfe8f35-cb82-425c-9a15-cc93fb275fac req-4775d876-4fd0-4bde-b4b5-f25590dae478 service placement] getting providers with 1 DISK_GB {{(pid=103853) __init__ /opt/stack/placement/placement/objects/research_context.py:126}}
Feb 09 14:25:57.040185 n-d-827513-4 devstack@placement-api.service[103853]: DEBUG placement.objects.research_context [req-dbfe8f35-cb82-425c-9a15-cc93fb275fac req-4775d876-4fd0-4bde-b4b5-f25590dae478 service placement] getting providers with 512 MEMORY_MB {{(pid=103853) __init__ /opt/stack/placement/placement/objects/research_context.py:126}}
Feb 09 14:25:57.054581 n-d-827513-4 devstack@placement-api.service[103853]: DEBUG placement.objects.research_context [req-dbfe8f35-cb82-425c-9a15-cc93fb275fac req-4775d876-4fd0-4bde-b4b5-f25590dae478 service placement] getting providers with 1 VCPU {{(pid=103853) __init__ /opt/stack/placement/placement/objects/research_context.py:126}}
Feb 09 14:25:57.064485 n-d-827513-4 devstack@placement-api.service[103853]: DEBUG placement.objects.research_context [req-dbfe8f35-cb82-425c-9a15-cc93fb275fac req-4775d876-4fd0-4bde-b4b5-f25590dae478 service placement] found 2 providers with available 1 DISK_GB {{(pid=103853) get_provider_ids_matching /opt/stack/placement/placement/objects/research_context.py:549}}
Feb 09 14:25:57.065997 n-d-827513-4 devstack@placement-api.service[103853]: DEBUG placement.objects.research_context [req-dbfe8f35-cb82-425c-9a15-cc93fb275fac req-4775d876-4fd0-4bde-b4b5-f25590dae478 service placement] found 2 providers with available 512 MEMORY_MB {{(pid=103853) get_provider_ids_matching /opt/stack/placement/placement/objects/research_context.py:549}}
Feb 09 14:25:57.066944 n-d-827513-4 devstack@placement-api.service[103853]: DEBUG placement.objects.research_context [req-dbfe8f35-cb82-425c-9a15-cc93fb275fac req-4775d876-4fd0-4bde-b4b5-f25590dae478 service placement] found 2 providers after filtering by previous result {{(pid=103853) get_provider_ids_matching /opt/stack/placement/placement/objects/research_context.py:580}}
Feb 09 14:25:57.067894 n-d-827513-4 devstack@placement-api.service[103853]: DEBUG placement.objects.research_context [req-dbfe8f35-cb82-425c-9a15-cc93fb275fac req-4775d876-4fd0-4bde-b4b5-f25590dae478 service placement] found 2 providers with available 1 VCPU {{(pid=103853) get_provider_ids_matching /opt/stack/placement/placement/objects/research_context.py:549}}
Feb 09 14:25:57.068774 n-d-827513-4 devstack@placement-api.service[103853]: DEBUG placement.objects.research_context [req-dbfe8f35-cb82-425c-9a15-cc93fb275fac req-4775d876-4fd0-4bde-b4b5-f25590dae478 service placement] found 2 providers after filtering by previous result {{(pid=103853) get_provider_ids_matching /opt/stack/placement/placement/objects/research_context.py:580}}
Feb 09 14:25:57.112794 n-d-827513-4 devstack@placement-api.service[103853]: DEBUG placement.objects.allocation_candidate [req-dbfe8f35-cb82-425c-9a15-cc93fb275fac req-4775d876-4fd0-4bde-b4b5-f25590dae478 service placement] RequestGroup(use_same_provider=False, resources={DISK_GB:1, MEMORY_MB:512, VCPU:1}, traits=[], aggregates=[]) (suffix '') returned 2 matches {{(pid=103853) _get_by_requests /opt/stack/placement/placement/objects/allocation_candidate.py:145}}
Feb 09 14:25:57.113515 n-d-827513-4 devstack@placement-api.service[103853]: DEBUG placement.objects.allocation_candidate [req-dbfe8f35-cb82-425c-9a15-cc93fb275fac req-4775d876-4fd0-4bde-b4b5-f25590dae478 service placement] Merging candidates yields 2 allocation requests and 2 provider summaries {{(pid=103853) _merge_candidates /opt/stack/placement/placement/objects/allocation_candidate.py:783}}
Feb 09 14:25:57.117979 n-d-827513-4 devstack@placement-api.service[103853]: INFO placement.requestlog [req-dbfe8f35-cb82-425c-9a15-cc93fb275fac req-4775d876-4fd0-4bde-b4b5-f25590dae478 service placement] 10.222.0.64 "GET /placement/allocation_candidates?limit=1000&resources=DISK_GB%3A1%2CMEMORY_MB%3A512%2CVCPU%3A1&root_required=%21COMPUTE_STATUS_DISABLED" status: 200 len: 1307 microversion: 1.36
Feb 09 14:25:57.119162 n-d-827513-4 devstack@placement-api.service[103853]: [pid: 103853|app: 0|req: 342/681] 10.222.0.64 () {60 vars in 1504 bytes} [Wed Feb 9 14:25:56 2022] GET /placement/allocation_candidates?limit=1000&resources=DISK_GB%3A1%2CMEMORY_MB%3A512%2CVCPU%3A1&root_required=%21COMPUTE_STATUS_DISABLED => generated 1307 bytes in 162 msecs (HTTP/1.1 200) 8 headers in 297 bytes (1 switches on core 0)
Feb 09 14:25:57.288997 n-d-827513-4 devstack@placement-api.service[103854]: DEBUG placement.requestlog [req-dbfe8f35-cb82-425c-9a15-cc93fb275fac req-80471be9-db4f-4e18-9c23-f23b650e11d7 None None] Starting request: 10.222.0.64 "GET /placement/allocations/24128674-a7e2-4100-9426-c01d07ae311b" {{(pid=103854) __call__ /opt/stack/placement/placement/requestlog.py:55}}
Feb 09 14:25:57.303404 n-d-827513-4 devstack@placement-api.service[103854]: INFO placement.requestlog [req-dbfe8f35-cb82-425c-9a15-cc93fb275fac req-80471be9-db4f-4e18-9c23-f23b650e11d7 service placement] 10.222.0.64 "GET /placement/allocations/24128674-a7e2-4100-9426-c01d07ae311b" status: 200 len: 19 microversion: 1.28
Feb 09 14:25:57.304007 n-d-827513-4 devstack@placement-api.service[103854]: [pid: 103854|app: 0|req: 340/682] 10.222.0.64 () {60 vars in 1380 bytes} [Wed Feb 9 14:25:57 2022] GET /placement/allocations/24128674-a7e2-4100-9426-c01d07ae311b => generated 19 bytes in 16 msecs (HTTP/1.1 200) 8 headers in 295 bytes (1 switches on core 0)
Feb 09 14:25:57.311411 n-d-827513-4 devstack@placement-api.service[103853]: DEBUG placement.requestlog [req-dbfe8f35-cb82-425c-9a15-cc93fb275fac req-3a6a1fcb-6449-4e3d-8019-f4449b969df2 None None] Starting request: 10.222.0.64 "PUT /placement/allocations/24128674-a7e2-4100-9426-c01d07ae311b" {{(pid=103853) __call__ /opt/stack/placement/placement/requestlog.py:55}}
Feb 09 14:25:57.397545 n-d-827513-4 devstack@placement-api.service[103853]: DEBUG placement.handlers.allocation [req-dbfe8f35-cb82-425c-9a15-cc93fb275fac req-3a6a1fcb-6449-4e3d-8019-f4449b969df2 service placement] Successfully wrote allocations [, , ] {{(pid=103853) _update_consumers_and_create_allocations /opt/stack/placement/placement/handlers/allocation.py:462}}
Feb 09 14:25:57.412301 n-d-827513-4 devstack@placement-api.service[103853]: INFO placement.requestlog [req-dbfe8f35-cb82-425c-9a15-cc93fb275fac req-3a6a1fcb-6449-4e3d-8019-f4449b969df2 service placement] 10.222.0.64 "PUT /placement/allocations/24128674-a7e2-4100-9426-c01d07ae311b" status: 204 len: 0 microversion: 1.36
Feb 09 14:25:57.413079 n-d-827513-4 devstack@placement-api.service[103853]: [pid: 103853|app: 0|req: 343/683] 10.222.0.64 () {64 vars in 1433 bytes} [Wed Feb 9 14:25:57 2022] PUT /placement/allocations/24128674-a7e2-4100-9426-c01d07ae311b => generated 0 bytes in 102 msecs (HTTP/1.1 204) 5 headers in 199 bytes (1 switches on core 0)
Feb 09 14:25:57.936766 n-d-827513-4 devstack@placement-api.service[103854]: DEBUG placement.requestlog [req-dbfe8f35-cb82-425c-9a15-cc93fb275fac req-99956ef4-5004-4968-8601-575e4d83258e None None] Starting request: 10.222.0.85 "GET /placement/allocations/24128674-a7e2-4100-9426-c01d07ae311b" {{(pid=103854) __call__ /opt/stack/placement/placement/requestlog.py:55}}
Feb 09 14:25:57.970383 n-d-827513-4 devstack@placement-api.service[103854]: INFO placement.requestlog [req-dbfe8f35-cb82-425c-9a15-cc93fb275fac req-99956ef4-5004-4968-8601-575e4d83258e service placement] 10.222.0.85 "GET /placement/allocations/24128674-a7e2-4100-9426-c01d07ae311b" status: 200 len: 258 microversion: 1.28
Feb 09 14:25:57.972165 n-d-827513-4 devstack@placement-api.service[103854]: [pid: 103854|app: 0|req: 341/684] 10.222.0.85 () {60 vars in 1377 bytes} [Wed Feb 9 14:25:57 2022] GET /placement/allocations/24128674-a7e2-4100-9426-c01d07ae311b => generated 258 bytes in 35 msecs (HTTP/1.1 200) 8 headers in 296 bytes (1 switches on core 0)
Feb 09 14:26:01.662928 n-d-827513-4 devstack@placement-api.service[103853]: DEBUG placement.requestlog [req-3b177277-5f36-4daa-b0d4-69eb9b4efc10 req-17c2c702-7f62-4cab-a232-be2cd33ad405 None None] Starting request: 10.222.0.64 "GET /placement/allocation_candidates?limit=1000&resources=DISK_GB%3A1%2CMEMORY_MB%3A1024%2CVCPU%3A1&root_required=%21COMPUTE_STATUS_DISABLED" {{(pid=103853) __call__ /opt/stack/placement/placement/requestlog.py:55}}
Feb 09 14:26:01.767155 n-d-827513-4 devstack@placement-api.service[103853]: DEBUG placement.objects.research_context [req-3b177277-5f36-4daa-b0d4-69eb9b4efc10 req-17c2c702-7f62-4cab-a232-be2cd33ad405 service placement] getting providers with 1 DISK_GB {{(pid=103853) __init__ /opt/stack/placement/placement/objects/research_context.py:126}}
Feb 09 14:26:01.783610 n-d-827513-4 devstack@placement-api.service[103853]: DEBUG placement.objects.research_context [req-3b177277-5f36-4daa-b0d4-69eb9b4efc10 req-17c2c702-7f62-4cab-a232-be2cd33ad405 service placement] getting providers with 1024 MEMORY_MB {{(pid=103853) __init__ /opt/stack/placement/placement/objects/research_context.py:126}}
Feb 09 14:26:01.803660 n-d-827513-4 devstack@placement-api.service[103853]: DEBUG placement.objects.research_context [req-3b177277-5f36-4daa-b0d4-69eb9b4efc10 req-17c2c702-7f62-4cab-a232-be2cd33ad405 service placement] getting providers with 1 VCPU {{(pid=103853) __init__ /opt/stack/placement/placement/objects/research_context.py:126}}
Feb 09 14:26:01.833340 n-d-827513-4 devstack@placement-api.service[103853]: DEBUG placement.objects.research_context [req-3b177277-5f36-4daa-b0d4-69eb9b4efc10 req-17c2c702-7f62-4cab-a232-be2cd33ad405 service placement] found 2 providers with available 1 DISK_GB {{(pid=103853) get_provider_ids_matching /opt/stack/placement/placement/objects/research_context.py:549}}
Feb 09 14:26:01.835365 n-d-827513-4 devstack@placement-api.service[103853]: DEBUG placement.objects.research_context [req-3b177277-5f36-4daa-b0d4-69eb9b4efc10 req-17c2c702-7f62-4cab-a232-be2cd33ad405 service placement] found 2 providers with available 1024 MEMORY_MB {{(pid=103853) get_provider_ids_matching /opt/stack/placement/placement/objects/research_context.py:549}}
Feb 09 14:26:01.835822 n-d-827513-4 devstack@placement-api.service[103853]: DEBUG placement.objects.research_context [req-3b177277-5f36-4daa-b0d4-69eb9b4efc10 req-17c2c702-7f62-4cab-a232-be2cd33ad405 service placement] found 2 providers after filtering by previous result {{(pid=103853) get_provider_ids_matching /opt/stack/placement/placement/objects/research_context.py:580}}
Feb 09 14:26:01.836959 n-d-827513-4 devstack@placement-api.service[103853]: DEBUG placement.objects.research_context [req-3b177277-5f36-4daa-b0d4-69eb9b4efc10 req-17c2c702-7f62-4cab-a232-be2cd33ad405 service placement] found 2 providers with available 1 VCPU {{(pid=103853) get_provider_ids_matching /opt/stack/placement/placement/objects/research_context.py:549}}
Feb 09 14:26:01.837917 n-d-827513-4 devstack@placement-api.service[103853]: DEBUG placement.objects.research_context [req-3b177277-5f36-4daa-b0d4-69eb9b4efc10 req-17c2c702-7f62-4cab-a232-be2cd33ad405 service placement] found 2 providers after filtering by previous result {{(pid=103853) get_provider_ids_matching /opt/stack/placement/placement/objects/research_context.py:580}}
Feb 09 14:26:01.855793 n-d-827513-4 devstack@placement-api.service[103853]: DEBUG placement.objects.allocation_candidate [req-3b177277-5f36-4daa-b0d4-69eb9b4efc10 req-17c2c702-7f62-4cab-a232-be2cd33ad405 service placement] RequestGroup(use_same_provider=False, resources={DISK_GB:1, MEMORY_MB:1024, VCPU:1}, traits=[], aggregates=[]) (suffix '') returned 2 matches {{(pid=103853) _get_by_requests /opt/stack/placement/placement/objects/allocation_candidate.py:145}}
Feb 09 14:26:01.859780 n-d-827513-4 devstack@placement-api.service[103853]: DEBUG placement.objects.allocation_candidate [req-3b177277-5f36-4daa-b0d4-69eb9b4efc10 req-17c2c702-7f62-4cab-a232-be2cd33ad405 service placement] Merging candidates yields 2 allocation requests and 2 provider summaries {{(pid=103853) _merge_candidates /opt/stack/placement/placement/objects/allocation_candidate.py:783}}
Feb 09 14:26:01.870836 n-d-827513-4 devstack@placement-api.service[103853]: INFO placement.requestlog [req-3b177277-5f36-4daa-b0d4-69eb9b4efc10 req-17c2c702-7f62-4cab-a232-be2cd33ad405 service placement] 10.222.0.64 "GET /placement/allocation_candidates?limit=1000&resources=DISK_GB%3A1%2CMEMORY_MB%3A1024%2CVCPU%3A1&root_required=%21COMPUTE_STATUS_DISABLED" status: 200 len: 1309 microversion: 1.36
Feb 09 14:26:01.876439 n-d-827513-4 devstack@placement-api.service[103853]: [pid: 103853|app: 0|req: 344/685] 10.222.0.64 () {60 vars in 1506 bytes} [Wed Feb 9 14:26:01 2022] GET /placement/allocation_candidates?limit=1000&resources=DISK_GB%3A1%2CMEMORY_MB%3A1024%2CVCPU%3A1&root_required=%21COMPUTE_STATUS_DISABLED => generated 1309 bytes in 214 msecs (HTTP/1.1 200) 8 headers in 297 bytes (1 switches on core 0)
Feb 09 14:26:01.952707 n-d-827513-4 devstack@placement-api.service[103854]: DEBUG placement.requestlog [req-3b177277-5f36-4daa-b0d4-69eb9b4efc10 req-1136f9ea-fdcf-4c3b-aaf3-d663bad5f2c8 None None] Starting request: 10.222.0.64 "GET /placement/allocations/fbcbbef8-ad93-492a-830a-5cd3dfaebe2e" {{(pid=103854) __call__ /opt/stack/placement/placement/requestlog.py:55}}
Feb 09 14:26:01.980195 n-d-827513-4 devstack@placement-api.service[103854]: INFO placement.requestlog [req-3b177277-5f36-4daa-b0d4-69eb9b4efc10 req-1136f9ea-fdcf-4c3b-aaf3-d663bad5f2c8 service placement] 10.222.0.64 "GET /placement/allocations/fbcbbef8-ad93-492a-830a-5cd3dfaebe2e" status: 200 len: 19 microversion: 1.28
Feb 09 14:26:01.980570 n-d-827513-4 devstack@placement-api.service[103854]: [pid: 103854|app: 0|req: 342/686] 10.222.0.64 () {60 vars in 1380 bytes} [Wed Feb 9 14:26:01 2022] GET /placement/allocations/fbcbbef8-ad93-492a-830a-5cd3dfaebe2e => generated 19 bytes in 28 msecs (HTTP/1.1 200) 8 headers in 295 bytes (1 switches on core 0)
Feb 09 14:26:01.988017 n-d-827513-4 devstack@placement-api.service[103853]: DEBUG placement.requestlog [req-3b177277-5f36-4daa-b0d4-69eb9b4efc10 req-5bffd4b7-3f8c-4743-8a8a-685d3725474e None None] Starting request: 10.222.0.64 "PUT /placement/allocations/fbcbbef8-ad93-492a-830a-5cd3dfaebe2e" {{(pid=103853) __call__ /opt/stack/placement/placement/requestlog.py:55}}
Feb 09 14:26:02.193302 n-d-827513-4 devstack@placement-api.service[103853]: DEBUG placement.handlers.allocation [req-3b177277-5f36-4daa-b0d4-69eb9b4efc10 req-5bffd4b7-3f8c-4743-8a8a-685d3725474e service placement] Successfully wrote allocations [, , ] {{(pid=103853) _update_consumers_and_create_allocations /opt/stack/placement/placement/handlers/allocation.py:462}}
Feb 09 14:26:02.208492 n-d-827513-4 devstack@placement-api.service[103853]: INFO placement.requestlog [req-3b177277-5f36-4daa-b0d4-69eb9b4efc10 req-5bffd4b7-3f8c-4743-8a8a-685d3725474e service placement] 10.222.0.64 "PUT /placement/allocations/fbcbbef8-ad93-492a-830a-5cd3dfaebe2e" status: 204 len: 0 microversion: 1.36
Feb 09 14:26:02.209778 n-d-827513-4 devstack@placement-api.service[103853]: [pid: 103853|app: 0|req: 345/687] 10.222.0.64 () {64 vars in 1433 bytes} [Wed Feb 9 14:26:01 2022] PUT /placement/allocations/fbcbbef8-ad93-492a-830a-5cd3dfaebe2e => generated 0 bytes in 222 msecs (HTTP/1.1 204) 5 headers in 199 bytes (1 switches on core 0)
Feb 09 14:26:02.823879 n-d-827513-4 devstack@placement-api.service[103854]: DEBUG placement.requestlog [req-3b177277-5f36-4daa-b0d4-69eb9b4efc10 req-37138eae-3755-450e-a6c6-f55c74fb5051 None None] Starting request: 10.222.0.45 "GET /placement/allocations/fbcbbef8-ad93-492a-830a-5cd3dfaebe2e" {{(pid=103854) __call__ /opt/stack/placement/placement/requestlog.py:55}}
Feb 09 14:26:02.854037 n-d-827513-4 devstack@placement-api.service[103854]: INFO placement.requestlog [req-3b177277-5f36-4daa-b0d4-69eb9b4efc10 req-37138eae-3755-450e-a6c6-f55c74fb5051 service placement] 10.222.0.45 "GET /placement/allocations/fbcbbef8-ad93-492a-830a-5cd3dfaebe2e" status: 200 len: 259 microversion: 1.28
Feb 09 14:26:02.854835 n-d-827513-4 devstack@placement-api.service[103854]: [pid: 103854|app: 0|req: 343/688] 10.222.0.45 () {60 vars in 1377 bytes} [Wed Feb 9 14:26:02 2022] GET /placement/allocations/fbcbbef8-ad93-492a-830a-5cd3dfaebe2e => generated 259 bytes in 31 msecs (HTTP/1.1 200) 8 headers in 296 bytes (1 switches on core 0)
Feb 09 14:26:03.598227 n-d-827513-4 devstack@placement-api.service[103853]: DEBUG placement.requestlog [req-e654df59-60f8-47eb-b70a-0b40e28d0fa7 req-4eba819f-47fa-4eb0-9250-3489cc57fa7f None None] Starting request: 10.222.0.64 "GET /placement/allocation_candidates?limit=1000&resources=DISK_GB%3A1%2CMEMORY_MB%3A1024%2CVCPU%3A1&root_required=%21COMPUTE_STATUS_DISABLED" {{(pid=103853) __call__ /opt/stack/placement/placement/requestlog.py:55}}
Feb 09 14:26:03.699221 n-d-827513-4 devstack@placement-api.service[103853]: DEBUG placement.objects.research_context [req-e654df59-60f8-47eb-b70a-0b40e28d0fa7 req-4eba819f-47fa-4eb0-9250-3489cc57fa7f service placement] getting providers with 1 DISK_GB {{(pid=103853) __init__ /opt/stack/placement/placement/objects/research_context.py:126}}
Feb 09 14:26:03.708044 n-d-827513-4 devstack@placement-api.service[103853]: DEBUG placement.objects.research_context [req-e654df59-60f8-47eb-b70a-0b40e28d0fa7 req-4eba819f-47fa-4eb0-9250-3489cc57fa7f service placement] getting providers with 1024 MEMORY_MB {{(pid=103853) __init__ /opt/stack/placement/placement/objects/research_context.py:126}}
Feb 09 14:26:03.720862 n-d-827513-4 devstack@placement-api.service[103853]: DEBUG placement.objects.research_context [req-e654df59-60f8-47eb-b70a-0b40e28d0fa7 req-4eba819f-47fa-4eb0-9250-3489cc57fa7f service placement] getting providers with 1 VCPU {{(pid=103853) __init__ /opt/stack/placement/placement/objects/research_context.py:126}}
Feb 09 14:26:03.740832 n-d-827513-4 devstack@placement-api.service[103853]: DEBUG placement.objects.research_context [req-e654df59-60f8-47eb-b70a-0b40e28d0fa7 req-4eba819f-47fa-4eb0-9250-3489cc57fa7f service placement] found 2 providers with available 1 DISK_GB {{(pid=103853) get_provider_ids_matching /opt/stack/placement/placement/objects/research_context.py:549}}
Feb 09 14:26:03.741444 n-d-827513-4 devstack@placement-api.service[103853]: DEBUG placement.objects.research_context [req-e654df59-60f8-47eb-b70a-0b40e28d0fa7 req-4eba819f-47fa-4eb0-9250-3489cc57fa7f service placement] found 2 providers with available 1024 MEMORY_MB {{(pid=103853) get_provider_ids_matching /opt/stack/placement/placement/objects/research_context.py:549}}
Feb 09 14:26:03.741975 n-d-827513-4 devstack@placement-api.service[103853]: DEBUG placement.objects.research_context [req-e654df59-60f8-47eb-b70a-0b40e28d0fa7 req-4eba819f-47fa-4eb0-9250-3489cc57fa7f service placement] found 2 providers after filtering by previous result {{(pid=103853) get_provider_ids_matching /opt/stack/placement/placement/objects/research_context.py:580}}
Feb 09 14:26:03.742428 n-d-827513-4 devstack@placement-api.service[103853]: DEBUG placement.objects.research_context [req-e654df59-60f8-47eb-b70a-0b40e28d0fa7 req-4eba819f-47fa-4eb0-9250-3489cc57fa7f service placement] found 2 providers with available 1 VCPU {{(pid=103853) get_provider_ids_matching /opt/stack/placement/placement/objects/research_context.py:549}}
Feb 09 14:26:03.743197 n-d-827513-4 devstack@placement-api.service[103853]: DEBUG placement.objects.research_context [req-e654df59-60f8-47eb-b70a-0b40e28d0fa7 req-4eba819f-47fa-4eb0-9250-3489cc57fa7f service placement] found 2 providers after filtering by previous result {{(pid=103853) get_provider_ids_matching /opt/stack/placement/placement/objects/research_context.py:580}}
Feb 09 14:26:03.774294 n-d-827513-4 devstack@placement-api.service[103853]: DEBUG placement.objects.allocation_candidate [req-e654df59-60f8-47eb-b70a-0b40e28d0fa7 req-4eba819f-47fa-4eb0-9250-3489cc57fa7f service placement] RequestGroup(use_same_provider=False, resources={DISK_GB:1, MEMORY_MB:1024, VCPU:1}, traits=[], aggregates=[]) (suffix '') returned 2 matches {{(pid=103853) _get_by_requests /opt/stack/placement/placement/objects/allocation_candidate.py:145}}
Feb 09 14:26:03.775202 n-d-827513-4 devstack@placement-api.service[103853]: DEBUG placement.objects.allocation_candidate [req-e654df59-60f8-47eb-b70a-0b40e28d0fa7 req-4eba819f-47fa-4eb0-9250-3489cc57fa7f service placement] Merging candidates yields 2 allocation requests and 2 provider summaries {{(pid=103853) _merge_candidates /opt/stack/placement/placement/objects/allocation_candidate.py:783}}
Feb 09 14:26:03.777342 n-d-827513-4 devstack@placement-api.service[103853]: INFO placement.requestlog [req-e654df59-60f8-47eb-b70a-0b40e28d0fa7 req-4eba819f-47fa-4eb0-9250-3489cc57fa7f service placement] 10.222.0.64 "GET /placement/allocation_candidates?limit=1000&resources=DISK_GB%3A1%2CMEMORY_MB%3A1024%2CVCPU%3A1&root_required=%21COMPUTE_STATUS_DISABLED" status: 200 len: 1309 microversion: 1.36
