Feb 08 19:04:31.209972 n-d-827513-2 devstack@n-api.service[117855]: DEBUG nova.policy [None req-f153d63f-27f0-43a1-a7a5-58ddf2866337 tempest-MigrationsAdminTest-675955371 tempest-MigrationsAdminTest-675955371-project] Policy check for os_compute_api:os-extended-server-attributes failed with credentials {'is_admin': False, 'user_id': '9778758c3d5a45d1a806cfbb4bf3a777', 'user_domain_id': 'default', 'system_scope': None, 'domain_id': None, 'project_id': 'cfa36bc9caea4dcc8144ab624ef1ee88', 'project_domain_id': 'default', 'roles': ['reader', 'member'], 'is_admin_project': True, 'service_user_id': None, 'service_user_domain_id': None, 'service_project_id': None, 'service_project_domain_id': None, 'service_roles': []} {{(pid=117855) authorize /opt/stack/nova/nova/policy.py:199}}
Feb 08 19:04:31.217523 n-d-827513-2 devstack@n-api.service[117855]: INFO nova.api.openstack.requestlog [None req-f153d63f-27f0-43a1-a7a5-58ddf2866337 tempest-MigrationsAdminTest-675955371 tempest-MigrationsAdminTest-675955371-project] 10.222.0.69 "GET /compute/v2.1/servers/8420ae5a-1e7a-4ca3-9677-5beef23d771a" status: 200 len: 1312 microversion: 2.1 time: 0.335725
Feb 08 19:04:31.218137 n-d-827513-2 devstack@n-api.service[117855]: [pid: 117855|app: 0|req: 77/170] 10.222.0.69 () {58 vars in 1235 bytes} [Tue Feb 8 19:04:30 2022] GET /compute/v2.1/servers/8420ae5a-1e7a-4ca3-9677-5beef23d771a => generated 1312 bytes in 337 msecs (HTTP/1.1 200) 9 headers in 358 bytes (2 switches on core 0)
Feb 08 19:04:31.364611 n-d-827513-2 devstack@n-api.service[117856]: DEBUG nova.api.openstack.wsgi [None req-179aa43f-b702-4c96-8ce4-48ecb49633c1 tempest-LiveMigrationTest-1026646891 tempest-LiveMigrationTest-1026646891-project] Calling method '>' {{(pid=117856) _process_stack /opt/stack/nova/nova/api/openstack/wsgi.py:513}}
Feb 08 19:04:31.365604 n-d-827513-2 devstack@n-api.service[117856]: DEBUG nova.compute.api [None req-179aa43f-b702-4c96-8ce4-48ecb49633c1 tempest-LiveMigrationTest-1026646891 tempest-LiveMigrationTest-1026646891-project] [instance: e2655992-e762-4afa-a2c5-6487bba73154] Fetching instance by UUID {{(pid=117856) get /opt/stack/nova/nova/compute/api.py:2885}}
Feb 08 19:04:31.375416 n-d-827513-2 devstack@n-api.service[117856]: DEBUG oslo_concurrency.lockutils [None req-179aa43f-b702-4c96-8ce4-48ecb49633c1 tempest-LiveMigrationTest-1026646891 tempest-LiveMigrationTest-1026646891-project] Lock "0d13e147-6e2d-4f17-8e19-0aa88b1ea0a2" acquired by "nova.context.set_target_cell..get_or_set_cached_cell_and_set_connections" :: waited 0.001s {{(pid=117856) inner /usr/local/lib/python3.8/dist-packages/oslo_concurrency/lockutils.py:386}}
Feb 08 19:04:31.376282 n-d-827513-2 devstack@n-api.service[117856]: DEBUG oslo_concurrency.lockutils [None req-179aa43f-b702-4c96-8ce4-48ecb49633c1 tempest-LiveMigrationTest-1026646891 tempest-LiveMigrationTest-1026646891-project] Lock "0d13e147-6e2d-4f17-8e19-0aa88b1ea0a2" "released" by "nova.context.set_target_cell..get_or_set_cached_cell_and_set_connections" :: held 0.001s {{(pid=117856) inner /usr/local/lib/python3.8/dist-packages/oslo_concurrency/lockutils.py:400}}
Feb 08 19:04:31.377625 n-d-827513-2 devstack@n-api.service[117856]: DEBUG oslo_concurrency.lockutils [None req-179aa43f-b702-4c96-8ce4-48ecb49633c1 tempest-LiveMigrationTest-1026646891 tempest-LiveMigrationTest-1026646891-project] Lock "0d13e147-6e2d-4f17-8e19-0aa88b1ea0a2" acquired by "nova.context.set_target_cell..get_or_set_cached_cell_and_set_connections" :: waited 0.000s {{(pid=117856) inner /usr/local/lib/python3.8/dist-packages/oslo_concurrency/lockutils.py:386}}
Feb 08 19:04:31.378504 n-d-827513-2 devstack@n-api.service[117856]: DEBUG oslo_concurrency.lockutils [None req-179aa43f-b702-4c96-8ce4-48ecb49633c1 tempest-LiveMigrationTest-1026646891 tempest-LiveMigrationTest-1026646891-project] Lock "0d13e147-6e2d-4f17-8e19-0aa88b1ea0a2" "released" by "nova.context.set_target_cell..get_or_set_cached_cell_and_set_connections" :: held 0.001s {{(pid=117856) inner /usr/local/lib/python3.8/dist-packages/oslo_concurrency/lockutils.py:400}}
Feb 08 19:04:31.548547 n-d-827513-2 devstack@n-api.service[117855]: DEBUG nova.api.openstack.wsgi [None req-5f88e933-8fa6-41e6-b513-67a10214ee38 tempest-AggregatesAdminTestJSON-1528945462 tempest-AggregatesAdminTestJSON-1528945462-project] Calling method '>' {{(pid=117855) _process_stack /opt/stack/nova/nova/api/openstack/wsgi.py:513}}
Feb 08 19:04:31.549317 n-d-827513-2 devstack@n-api.service[117855]: DEBUG nova.compute.api [None req-5f88e933-8fa6-41e6-b513-67a10214ee38 tempest-AggregatesAdminTestJSON-1528945462 tempest-AggregatesAdminTestJSON-1528945462-project] [instance: a32a42ad-426d-415c-974e-27e31b5956e1] Fetching instance by UUID {{(pid=117855) get /opt/stack/nova/nova/compute/api.py:2885}}
Feb 08 19:04:31.557315 n-d-827513-2 devstack@n-api.service[117855]: DEBUG oslo_concurrency.lockutils [None req-5f88e933-8fa6-41e6-b513-67a10214ee38 tempest-AggregatesAdminTestJSON-1528945462 tempest-AggregatesAdminTestJSON-1528945462-project] Lock "0d13e147-6e2d-4f17-8e19-0aa88b1ea0a2" acquired by "nova.context.set_target_cell..get_or_set_cached_cell_and_set_connections" :: waited 0.000s {{(pid=117855) inner /usr/local/lib/python3.8/dist-packages/oslo_concurrency/lockutils.py:386}}
Feb 08 19:04:31.558043 n-d-827513-2 devstack@n-api.service[117855]: DEBUG oslo_concurrency.lockutils [None req-5f88e933-8fa6-41e6-b513-67a10214ee38 tempest-AggregatesAdminTestJSON-1528945462 tempest-AggregatesAdminTestJSON-1528945462-project] Lock "0d13e147-6e2d-4f17-8e19-0aa88b1ea0a2" "released" by "nova.context.set_target_cell..get_or_set_cached_cell_and_set_connections" :: held 0.001s {{(pid=117855) inner /usr/local/lib/python3.8/dist-packages/oslo_concurrency/lockutils.py:400}}
Feb 08 19:04:31.559225 n-d-827513-2 devstack@n-api.service[117855]: DEBUG oslo_concurrency.lockutils [None req-5f88e933-8fa6-41e6-b513-67a10214ee38 tempest-AggregatesAdminTestJSON-1528945462 tempest-AggregatesAdminTestJSON-1528945462-project] Lock "0d13e147-6e2d-4f17-8e19-0aa88b1ea0a2" acquired by "nova.context.set_target_cell..get_or_set_cached_cell_and_set_connections" :: waited 0.000s {{(pid=117855) inner /usr/local/lib/python3.8/dist-packages/oslo_concurrency/lockutils.py:386}}
Feb 08 19:04:31.559852 n-d-827513-2 devstack@n-api.service[117855]: DEBUG oslo_concurrency.lockutils [None req-5f88e933-8fa6-41e6-b513-67a10214ee38 tempest-AggregatesAdminTestJSON-1528945462 tempest-AggregatesAdminTestJSON-1528945462-project] Lock "0d13e147-6e2d-4f17-8e19-0aa88b1ea0a2" "released" by "nova.context.set_target_cell..get_or_set_cached_cell_and_set_connections" :: held 0.001s {{(pid=117855) inner /usr/local/lib/python3.8/dist-packages/oslo_concurrency/lockutils.py:400}}
Feb 08 19:04:31.575952 n-d-827513-2 devstack@n-api.service[117856]: DEBUG nova.policy [None req-179aa43f-b702-4c96-8ce4-48ecb49633c1 tempest-LiveMigrationTest-1026646891 tempest-LiveMigrationTest-1026646891-project] Policy check for os_compute_api:os-extended-server-attributes failed with credentials {'is_admin': False, 'user_id': '144ad486696d42b098752dea6b299caf', 'user_domain_id': 'default', 'system_scope': None, 'domain_id': None, 'project_id': 'e291252350f64a82b310d843b90de3e6', 'project_domain_id': 'default', 'roles': ['reader', 'member'], 'is_admin_project': True, 'service_user_id': None, 'service_user_domain_id': None, 'service_project_id': None, 'service_project_domain_id': None, 'service_roles': []} {{(pid=117856) authorize /opt/stack/nova/nova/policy.py:199}}
Feb 08 19:04:31.576526 n-d-827513-2 devstack@n-api.service[117855]: INFO nova.api.openstack.wsgi [None req-5f88e933-8fa6-41e6-b513-67a10214ee38 tempest-AggregatesAdminTestJSON-1528945462 tempest-AggregatesAdminTestJSON-1528945462-project] HTTP exception thrown: Instance a32a42ad-426d-415c-974e-27e31b5956e1 could not be found.
Feb 08 19:04:31.577365 n-d-827513-2 devstack@n-api.service[117855]: DEBUG nova.api.openstack.wsgi [None req-5f88e933-8fa6-41e6-b513-67a10214ee38 tempest-AggregatesAdminTestJSON-1528945462 tempest-AggregatesAdminTestJSON-1528945462-project] Returning 404 to user: Instance a32a42ad-426d-415c-974e-27e31b5956e1 could not be found. {{(pid=117855) __call__ /opt/stack/nova/nova/api/openstack/wsgi.py:936}}
Feb 08 19:04:31.578446 n-d-827513-2 devstack@n-api.service[117855]: INFO nova.api.openstack.requestlog [None req-5f88e933-8fa6-41e6-b513-67a10214ee38 tempest-AggregatesAdminTestJSON-1528945462 tempest-AggregatesAdminTestJSON-1528945462-project] 10.222.0.69 "GET /compute/v2.1/servers/a32a42ad-426d-415c-974e-27e31b5956e1" status: 404 len: 111 microversion: 2.1 time: 0.034394
Feb 08 19:04:31.583988 n-d-827513-2 devstack@n-api.service[117855]: [pid: 117855|app: 0|req: 78/171] 10.222.0.69 () {58 vars in 1235 bytes} [Tue Feb 8 19:04:31 2022] GET /compute/v2.1/servers/a32a42ad-426d-415c-974e-27e31b5956e1 => generated 111 bytes in 40 msecs (HTTP/1.1 404) 9 headers in 379 bytes (1 switches on core 0)
Feb 08 19:04:31.585130 n-d-827513-2 devstack@n-api.service[117856]: INFO nova.api.openstack.requestlog [None req-179aa43f-b702-4c96-8ce4-48ecb49633c1 tempest-LiveMigrationTest-1026646891 tempest-LiveMigrationTest-1026646891-project] 10.222.0.69 "GET /compute/v2.1/servers/e2655992-e762-4afa-a2c5-6487bba73154" status: 200 len: 1311 microversion: 2.1 time: 0.229800
Feb 08 19:04:31.595142 n-d-827513-2 devstack@n-api.service[117856]: [pid: 117856|app: 0|req: 94/172] 10.222.0.69 () {58 vars in 1235 bytes} [Tue Feb 8 19:04:31 2022] GET /compute/v2.1/servers/e2655992-e762-4afa-a2c5-6487bba73154 => generated 1311 bytes in 241 msecs (HTTP/1.1 200) 9 headers in 358 bytes (1 switches on core 0)
Feb 08 19:04:31.599840 n-d-827513-2 devstack@n-api.service[117855]: DEBUG nova.api.openstack.wsgi [None req-f70a4209-e396-4850-af3b-7ee1747576da tempest-AggregatesAdminTestJSON-434231958 tempest-AggregatesAdminTestJSON-434231958-project-admin] Action: 'action', calling method: >, body: {"remove_host": {"host": "n-h2-827513-2"}} {{(pid=117855) _process_stack /opt/stack/nova/nova/api/openstack/wsgi.py:511}}
Feb 08 19:04:31.601558 n-d-827513-2 devstack@n-api.service[117855]: /usr/local/lib/python3.8/dist-packages/oslo_policy/policy.py:1119: UserWarning: Policy "os_compute_api:os-aggregates:remove_host": "rule:system_admin_api" failed scope check. The token used to make the request was project scoped but the policy requires ['system'] scope. This behavior may change in the future where using the intended scope is required
Feb 08 19:04:31.601558 n-d-827513-2 devstack@n-api.service[117855]: warnings.warn(msg)
Feb 08 19:04:31.611435 n-d-827513-2 devstack@n-api.service[117855]: DEBUG oslo_concurrency.lockutils [None req-f70a4209-e396-4850-af3b-7ee1747576da tempest-AggregatesAdminTestJSON-434231958 tempest-AggregatesAdminTestJSON-434231958-project-admin] Lock "0d13e147-6e2d-4f17-8e19-0aa88b1ea0a2" acquired by "nova.context.set_target_cell..get_or_set_cached_cell_and_set_connections" :: waited 0.000s {{(pid=117855) inner /usr/local/lib/python3.8/dist-packages/oslo_concurrency/lockutils.py:386}}
Feb 08 19:04:31.612317 n-d-827513-2 devstack@n-api.service[117855]: DEBUG oslo_concurrency.lockutils [None req-f70a4209-e396-4850-af3b-7ee1747576da tempest-AggregatesAdminTestJSON-434231958 tempest-AggregatesAdminTestJSON-434231958-project-admin] Lock "0d13e147-6e2d-4f17-8e19-0aa88b1ea0a2" "released" by "nova.context.set_target_cell..get_or_set_cached_cell_and_set_connections" :: held 0.001s {{(pid=117855) inner /usr/local/lib/python3.8/dist-packages/oslo_concurrency/lockutils.py:400}}
Feb 08 19:04:31.852209 n-d-827513-2 devstack@n-api.service[117856]: DEBUG nova.api.openstack.wsgi [None req-a2fa3c20-4c97-4673-a87c-ea1d79c01aad tempest-ServersWithSpecificFlavorTestJSON-553166471 tempest-ServersWithSpecificFlavorTestJSON-553166471-project] Calling method '>' {{(pid=117856) _process_stack /opt/stack/nova/nova/api/openstack/wsgi.py:513}}
Feb 08 19:04:31.853225 n-d-827513-2 devstack@n-api.service[117856]: DEBUG nova.compute.api [None req-a2fa3c20-4c97-4673-a87c-ea1d79c01aad tempest-ServersWithSpecificFlavorTestJSON-553166471 tempest-ServersWithSpecificFlavorTestJSON-553166471-project] [instance: 6252d5dd-dc8c-49b0-a670-b535c93548e4] Fetching instance by UUID {{(pid=117856) get /opt/stack/nova/nova/compute/api.py:2885}}
Feb 08 19:04:31.858845 n-d-827513-2 devstack@n-api.service[117856]: DEBUG oslo_concurrency.lockutils [None req-a2fa3c20-4c97-4673-a87c-ea1d79c01aad tempest-ServersWithSpecificFlavorTestJSON-553166471 tempest-ServersWithSpecificFlavorTestJSON-553166471-project] Lock "0d13e147-6e2d-4f17-8e19-0aa88b1ea0a2" acquired by "nova.context.set_target_cell..get_or_set_cached_cell_and_set_connections" :: waited 0.000s {{(pid=117856) inner /usr/local/lib/python3.8/dist-packages/oslo_concurrency/lockutils.py:386}}
Feb 08 19:04:31.859297 n-d-827513-2 devstack@n-api.service[117856]: DEBUG oslo_concurrency.lockutils [None req-a2fa3c20-4c97-4673-a87c-ea1d79c01aad tempest-ServersWithSpecificFlavorTestJSON-553166471 tempest-ServersWithSpecificFlavorTestJSON-553166471-project] Lock "0d13e147-6e2d-4f17-8e19-0aa88b1ea0a2" "released" by "nova.context.set_target_cell..get_or_set_cached_cell_and_set_connections" :: held 0.001s {{(pid=117856) inner /usr/local/lib/python3.8/dist-packages/oslo_concurrency/lockutils.py:400}}
Feb 08 19:04:31.860132 n-d-827513-2 devstack@n-api.service[117856]: DEBUG oslo_concurrency.lockutils [None req-a2fa3c20-4c97-4673-a87c-ea1d79c01aad tempest-ServersWithSpecificFlavorTestJSON-553166471 tempest-ServersWithSpecificFlavorTestJSON-553166471-project] Lock "0d13e147-6e2d-4f17-8e19-0aa88b1ea0a2" acquired by "nova.context.set_target_cell..get_or_set_cached_cell_and_set_connections" :: waited 0.000s {{(pid=117856) inner /usr/local/lib/python3.8/dist-packages/oslo_concurrency/lockutils.py:386}}
Feb 08 19:04:31.864044 n-d-827513-2 devstack@n-api.service[117856]: DEBUG oslo_concurrency.lockutils [None req-a2fa3c20-4c97-4673-a87c-ea1d79c01aad tempest-ServersWithSpecificFlavorTestJSON-553166471 tempest-ServersWithSpecificFlavorTestJSON-553166471-project] Lock "0d13e147-6e2d-4f17-8e19-0aa88b1ea0a2" "released" by "nova.context.set_target_cell..get_or_set_cached_cell_and_set_connections" :: held 0.000s {{(pid=117856) inner /usr/local/lib/python3.8/dist-packages/oslo_concurrency/lockutils.py:400}}
Feb 08 19:04:31.983350 n-d-827513-2 devstack@n-api.service[117855]: INFO nova.api.openstack.requestlog [None req-f70a4209-e396-4850-af3b-7ee1747576da tempest-AggregatesAdminTestJSON-434231958 tempest-AggregatesAdminTestJSON-434231958-project-admin] 10.222.0.69 "POST /compute/v2.1/os-aggregates/2/action" status: 200 len: 298 microversion: 2.1 time: 0.397721
Feb 08 19:04:31.984265 n-d-827513-2 devstack@n-api.service[117855]: [pid: 117855|app: 0|req: 79/173] 10.222.0.69 () {60 vars in 1190 bytes} [Tue Feb 8 19:04:31 2022] POST /compute/v2.1/os-aggregates/2/action => generated 298 bytes in 399 msecs (HTTP/1.1 200) 9 headers in 357 bytes (1 switches on core 0)
Feb 08 19:04:31.996429 n-d-827513-2 devstack@n-api.service[117855]: DEBUG nova.api.openstack.wsgi [None req-df51c7cd-4771-433e-a3a5-c3ce5e125888 tempest-AggregatesAdminTestJSON-434231958 tempest-AggregatesAdminTestJSON-434231958-project-admin] Calling method '>' {{(pid=117855) _process_stack /opt/stack/nova/nova/api/openstack/wsgi.py:513}}
Feb 08 19:04:31.997770 n-d-827513-2 devstack@n-api.service[117855]: /usr/local/lib/python3.8/dist-packages/oslo_policy/policy.py:1119: UserWarning: Policy "os_compute_api:os-aggregates:delete": "rule:system_admin_api" failed scope check. The token used to make the request was project scoped but the policy requires ['system'] scope. This behavior may change in the future where using the intended scope is required
Feb 08 19:04:31.997770 n-d-827513-2 devstack@n-api.service[117855]: warnings.warn(msg)
Feb 08 19:04:32.031258 n-d-827513-2 devstack@n-api.service[117855]: INFO nova.api.openstack.requestlog [None req-df51c7cd-4771-433e-a3a5-c3ce5e125888 tempest-AggregatesAdminTestJSON-434231958 tempest-AggregatesAdminTestJSON-434231958-project-admin] 10.222.0.69 "DELETE /compute/v2.1/os-aggregates/2" status: 200 len: 0 microversion: 2.1 time: 0.040718
Feb 08 19:04:32.032953 n-d-827513-2 devstack@n-api.service[117855]: [pid: 117855|app: 0|req: 80/174] 10.222.0.69 () {58 vars in 1151 bytes} [Tue Feb 8 19:04:31 2022] DELETE /compute/v2.1/os-aggregates/2 => generated 0 bytes in 43 msecs (HTTP/1.1 200) 9 headers in 355 bytes (2 switches on core 0)
Feb 08 19:04:32.048959 n-d-827513-2 devstack@n-api.service[117855]: DEBUG nova.api.openstack.wsgi [None req-28470fe6-e81e-4284-bc14-c9a2ac550359 tempest-DeleteServersAdminTestJSON-39357730 tempest-DeleteServersAdminTestJSON-39357730-project] Calling method '>' {{(pid=117855) _process_stack /opt/stack/nova/nova/api/openstack/wsgi.py:513}}
Feb 08 19:04:32.050077 n-d-827513-2 devstack@n-api.service[117855]: DEBUG nova.compute.api [None req-28470fe6-e81e-4284-bc14-c9a2ac550359 tempest-DeleteServersAdminTestJSON-39357730 tempest-DeleteServersAdminTestJSON-39357730-project] [instance: 240a1f34-58a2-4753-b1f8-7529b1dbc13c] Fetching instance by UUID {{(pid=117855) get /opt/stack/nova/nova/compute/api.py:2885}}
Feb 08 19:04:32.057550 n-d-827513-2 devstack@n-api.service[117856]: DEBUG nova.policy [None req-a2fa3c20-4c97-4673-a87c-ea1d79c01aad tempest-ServersWithSpecificFlavorTestJSON-553166471 tempest-ServersWithSpecificFlavorTestJSON-553166471-project] Policy check for os_compute_api:os-extended-server-attributes failed with credentials {'is_admin': False, 'user_id': '03d32ec4cae4440baa2937b32d325bf4', 'user_domain_id': 'default', 'system_scope': None, 'domain_id': None, 'project_id': 'f9fda60ec7ea46bc8bfd22231095e9d2', 'project_domain_id': 'default', 'roles': ['reader', 'member'], 'is_admin_project': True, 'service_user_id': None, 'service_user_domain_id': None, 'service_project_id': None, 'service_project_domain_id': None, 'service_roles': []} {{(pid=117856) authorize /opt/stack/nova/nova/policy.py:199}}
Feb 08 19:04:32.060913 n-d-827513-2 devstack@n-api.service[117855]: DEBUG oslo_concurrency.lockutils [None req-28470fe6-e81e-4284-bc14-c9a2ac550359 tempest-DeleteServersAdminTestJSON-39357730 tempest-DeleteServersAdminTestJSON-39357730-project] Lock "0d13e147-6e2d-4f17-8e19-0aa88b1ea0a2" acquired by "nova.context.set_target_cell..get_or_set_cached_cell_and_set_connections" :: waited 0.000s {{(pid=117855) inner /usr/local/lib/python3.8/dist-packages/oslo_concurrency/lockutils.py:386}}
Feb 08 19:04:32.061604 n-d-827513-2 devstack@n-api.service[117855]: DEBUG oslo_concurrency.lockutils [None req-28470fe6-e81e-4284-bc14-c9a2ac550359 tempest-DeleteServersAdminTestJSON-39357730 tempest-DeleteServersAdminTestJSON-39357730-project] Lock "0d13e147-6e2d-4f17-8e19-0aa88b1ea0a2" "released" by "nova.context.set_target_cell..get_or_set_cached_cell_and_set_connections" :: held 0.001s {{(pid=117855) inner /usr/local/lib/python3.8/dist-packages/oslo_concurrency/lockutils.py:400}}
Feb 08 19:04:32.062511 n-d-827513-2 devstack@n-api.service[117855]: DEBUG oslo_concurrency.lockutils [None req-28470fe6-e81e-4284-bc14-c9a2ac550359 tempest-DeleteServersAdminTestJSON-39357730 tempest-DeleteServersAdminTestJSON-39357730-project] Lock "0d13e147-6e2d-4f17-8e19-0aa88b1ea0a2" acquired by "nova.context.set_target_cell..get_or_set_cached_cell_and_set_connections" :: waited 0.000s {{(pid=117855) inner /usr/local/lib/python3.8/dist-packages/oslo_concurrency/lockutils.py:386}}
Feb 08 19:04:32.062939 n-d-827513-2 devstack@n-api.service[117855]: DEBUG oslo_concurrency.lockutils [None req-28470fe6-e81e-4284-bc14-c9a2ac550359 tempest-DeleteServersAdminTestJSON-39357730 tempest-DeleteServersAdminTestJSON-39357730-project] Lock "0d13e147-6e2d-4f17-8e19-0aa88b1ea0a2" "released" by "nova.context.set_target_cell..get_or_set_cached_cell_and_set_connections" :: held 0.000s {{(pid=117855) inner /usr/local/lib/python3.8/dist-packages/oslo_concurrency/lockutils.py:400}}
Feb 08 19:04:32.067726 n-d-827513-2 devstack@n-api.service[117856]: INFO nova.api.openstack.requestlog [None req-a2fa3c20-4c97-4673-a87c-ea1d79c01aad tempest-ServersWithSpecificFlavorTestJSON-553166471 tempest-ServersWithSpecificFlavorTestJSON-553166471-project] 10.222.0.69 "GET /compute/v2.1/servers/6252d5dd-dc8c-49b0-a670-b535c93548e4" status: 200 len: 1410 microversion: 2.1 time: 0.218975
Feb 08 19:04:32.070571 n-d-827513-2 devstack@n-api.service[117856]: [pid: 117856|app: 0|req: 95/175] 10.222.0.69 () {58 vars in 1235 bytes} [Tue Feb 8 19:04:31 2022] GET /compute/v2.1/servers/6252d5dd-dc8c-49b0-a670-b535c93548e4 => generated 1410 bytes in 222 msecs (HTTP/1.1 200) 9 headers in 358 bytes (2 switches on core 0)
Feb 08 19:04:32.075424 n-d-827513-2 devstack@n-api.service[117856]: DEBUG nova.api.openstack.wsgi [None req-ab78197d-46be-4a53-b4dd-eba5143ff7f5 tempest-AggregatesAdminTestJSON-434231958 tempest-AggregatesAdminTestJSON-434231958-project-admin] Action: 'create', calling method: >, body: {"aggregate": {"name": "tempest-test_aggregate-335469962"}} {{(pid=117856) _process_stack /opt/stack/nova/nova/api/openstack/wsgi.py:511}}
Feb 08 19:04:32.076860 n-d-827513-2 devstack@n-api.service[117856]: /usr/local/lib/python3.8/dist-packages/oslo_policy/policy.py:1119: UserWarning: Policy "os_compute_api:os-aggregates:create": "rule:system_admin_api" failed scope check. The token used to make the request was project scoped but the policy requires ['system'] scope. This behavior may change in the future where using the intended scope is required
Feb 08 19:04:32.076860 n-d-827513-2 devstack@n-api.service[117856]: warnings.warn(msg)
Feb 08 19:04:32.078079 n-d-827513-2 devstack@n-api.service[117856]: DEBUG nova.objects.aggregate [None req-ab78197d-46be-4a53-b4dd-eba5143ff7f5 tempest-AggregatesAdminTestJSON-434231958 tempest-AggregatesAdminTestJSON-434231958-project-admin] Generated uuid 166a722e-36be-4932-8196-f74285e7bc8c for aggregate {{(pid=117856) create /opt/stack/nova/nova/objects/aggregate.py:298}}
Feb 08 19:04:32.104944 n-d-827513-2 devstack@n-api.service[117856]: INFO nova.api.openstack.requestlog [None req-ab78197d-46be-4a53-b4dd-eba5143ff7f5 tempest-AggregatesAdminTestJSON-434231958 tempest-AggregatesAdminTestJSON-434231958-project-admin] 10.222.0.69 "POST /compute/v2.1/os-aggregates" status: 200 len: 197 microversion: 2.1 time: 0.033426
Feb 08 19:04:32.106106 n-d-827513-2 devstack@n-api.service[117856]: [pid: 117856|app: 0|req: 96/176] 10.222.0.69 () {60 vars in 1163 bytes} [Tue Feb 8 19:04:32 2022] POST /compute/v2.1/os-aggregates => generated 197 bytes in 35 msecs (HTTP/1.1 200) 9 headers in 357 bytes (1 switches on core 0)
Feb 08 19:04:32.123435 n-d-827513-2 devstack@n-api.service[117856]: DEBUG nova.api.openstack.wsgi [None req-f2c56440-8f33-4812-a2c3-099eb55e8dcc tempest-AggregatesAdminTestJSON-434231958 tempest-AggregatesAdminTestJSON-434231958-project-admin] Action: 'action', calling method: >, body: {"add_host": {"host": "n-h2-827513-2"}} {{(pid=117856) _process_stack /opt/stack/nova/nova/api/openstack/wsgi.py:511}}
Feb 08 19:04:32.125228 n-d-827513-2 devstack@n-api.service[117856]: /usr/local/lib/python3.8/dist-packages/oslo_policy/policy.py:1119: UserWarning: Policy "os_compute_api:os-aggregates:add_host": "rule:system_admin_api" failed scope check. The token used to make the request was project scoped but the policy requires ['system'] scope. This behavior may change in the future where using the intended scope is required
Feb 08 19:04:32.125228 n-d-827513-2 devstack@n-api.service[117856]: warnings.warn(msg)
Feb 08 19:04:32.135152 n-d-827513-2 devstack@n-api.service[117856]: DEBUG oslo_concurrency.lockutils [None req-f2c56440-8f33-4812-a2c3-099eb55e8dcc tempest-AggregatesAdminTestJSON-434231958 tempest-AggregatesAdminTestJSON-434231958-project-admin] Lock "0d13e147-6e2d-4f17-8e19-0aa88b1ea0a2" acquired by "nova.context.set_target_cell..get_or_set_cached_cell_and_set_connections" :: waited 0.000s {{(pid=117856) inner /usr/local/lib/python3.8/dist-packages/oslo_concurrency/lockutils.py:386}}
Feb 08 19:04:32.135722 n-d-827513-2 devstack@n-api.service[117856]: DEBUG oslo_concurrency.lockutils [None req-f2c56440-8f33-4812-a2c3-099eb55e8dcc tempest-AggregatesAdminTestJSON-434231958 tempest-AggregatesAdminTestJSON-434231958-project-admin] Lock "0d13e147-6e2d-4f17-8e19-0aa88b1ea0a2" "released" by "nova.context.set_target_cell..get_or_set_cached_cell_and_set_connections" :: held 0.001s {{(pid=117856) inner /usr/local/lib/python3.8/dist-packages/oslo_concurrency/lockutils.py:400}}
Feb 08 19:04:32.249661 n-d-827513-2 devstack@n-api.service[117855]: DEBUG nova.policy [None req-28470fe6-e81e-4284-bc14-c9a2ac550359 tempest-DeleteServersAdminTestJSON-39357730 tempest-DeleteServersAdminTestJSON-39357730-project] Policy check for os_compute_api:os-extended-server-attributes failed with credentials {'is_admin': False, 'user_id': '98dc0b9aa2ed4c8aa78e9ce6ac7462cc', 'user_domain_id': 'default', 'system_scope': None, 'domain_id': None, 'project_id': '383a111740ed4010a05db2f05f23ed19', 'project_domain_id': 'default', 'roles': ['reader', 'member'], 'is_admin_project': True, 'service_user_id': None, 'service_user_domain_id': None, 'service_project_id': None, 'service_project_domain_id': None, 'service_roles': []} {{(pid=117855) authorize /opt/stack/nova/nova/policy.py:199}}
Feb 08 19:04:32.259912 n-d-827513-2 devstack@n-api.service[117855]: INFO nova.api.openstack.requestlog [None req-28470fe6-e81e-4284-bc14-c9a2ac550359 tempest-DeleteServersAdminTestJSON-39357730 tempest-DeleteServersAdminTestJSON-39357730-project] 10.222.0.69 "GET /compute/v2.1/servers/240a1f34-58a2-4753-b1f8-7529b1dbc13c" status: 200 len: 1476 microversion: 2.1 time: 0.225341
Feb 08 19:04:32.271481 n-d-827513-2 devstack@n-api.service[117856]: INFO nova.api.openstack.requestlog [None req-f2c56440-8f33-4812-a2c3-099eb55e8dcc tempest-AggregatesAdminTestJSON-434231958 tempest-AggregatesAdminTestJSON-434231958-project-admin] 10.222.0.69 "POST /compute/v2.1/os-aggregates/3/action" status: 200 len: 241 microversion: 2.1 time: 0.151215
Feb 08 19:04:32.271481 n-d-827513-2 devstack@n-api.service[117856]: [pid: 117856|app: 0|req: 97/177] 10.222.0.69 () {60 vars in 1190 bytes} [Tue Feb 8 19:04:32 2022] POST /compute/v2.1/os-aggregates/3/action => generated 241 bytes in 153 msecs (HTTP/1.1 200) 9 headers in 357 bytes (1 switches on core 0)
Feb 08 19:04:32.272660 n-d-827513-2 devstack@n-api.service[117856]: DEBUG nova.api.openstack.wsgi [None req-b7edd592-6147-4714-98c8-368b4aac7621 tempest-MigrationsAdminTest-675955371 tempest-MigrationsAdminTest-675955371-project] Calling method '>' {{(pid=117856) _process_stack /opt/stack/nova/nova/api/openstack/wsgi.py:513}}
Feb 08 19:04:32.272847 n-d-827513-2 devstack@n-api.service[117855]: [pid: 117855|app: 0|req: 81/178] 10.222.0.69 () {58 vars in 1235 bytes} [Tue Feb 8 19:04:32 2022] GET /compute/v2.1/servers/240a1f34-58a2-4753-b1f8-7529b1dbc13c => generated 1476 bytes in 239 msecs (HTTP/1.1 200) 9 headers in 358 bytes (1 switches on core 0)
Feb 08 19:04:32.273497 n-d-827513-2 devstack@n-api.service[117856]: DEBUG nova.compute.api [None req-b7edd592-6147-4714-98c8-368b4aac7621 tempest-MigrationsAdminTest-675955371 tempest-MigrationsAdminTest-675955371-project] [instance: 8420ae5a-1e7a-4ca3-9677-5beef23d771a] Fetching instance by UUID {{(pid=117856) get /opt/stack/nova/nova/compute/api.py:2885}}
Feb 08 19:04:32.277778 n-d-827513-2 devstack@n-api.service[117855]: DEBUG nova.api.openstack.wsgi [None req-020e9f29-97f7-480d-b5e0-d185477c5b73 tempest-AggregatesAdminTestJSON-434231958 tempest-AggregatesAdminTestJSON-434231958-project-admin] Calling method '>' {{(pid=117855) _process_stack /opt/stack/nova/nova/api/openstack/wsgi.py:513}}
Feb 08 19:04:32.278544 n-d-827513-2 devstack@n-api.service[117855]: /usr/local/lib/python3.8/dist-packages/oslo_policy/policy.py:1119: UserWarning: Policy "os_compute_api:os-aggregates:show": "rule:system_reader_api" failed scope check. The token used to make the request was project scoped but the policy requires ['system'] scope. This behavior may change in the future where using the intended scope is required
Feb 08 19:04:32.278544 n-d-827513-2 devstack@n-api.service[117855]: warnings.warn(msg)
Feb 08 19:04:32.285883 n-d-827513-2 devstack@n-api.service[117856]: DEBUG oslo_concurrency.lockutils [None req-b7edd592-6147-4714-98c8-368b4aac7621 tempest-MigrationsAdminTest-675955371 tempest-MigrationsAdminTest-675955371-project] Lock "0d13e147-6e2d-4f17-8e19-0aa88b1ea0a2" acquired by "nova.context.set_target_cell..get_or_set_cached_cell_and_set_connections" :: waited 0.000s {{(pid=117856) inner /usr/local/lib/python3.8/dist-packages/oslo_concurrency/lockutils.py:386}}
Feb 08 19:04:32.286317 n-d-827513-2 devstack@n-api.service[117855]: INFO nova.api.openstack.requestlog [None req-020e9f29-97f7-480d-b5e0-d185477c5b73 tempest-AggregatesAdminTestJSON-434231958 tempest-AggregatesAdminTestJSON-434231958-project-admin] 10.222.0.69 "GET /compute/v2.1/os-aggregates/3" status: 200 len: 241 microversion: 2.1 time: 0.012052
Feb 08 19:04:32.286428 n-d-827513-2 devstack@n-api.service[117856]: DEBUG oslo_concurrency.lockutils [None req-b7edd592-6147-4714-98c8-368b4aac7621 tempest-MigrationsAdminTest-675955371 tempest-MigrationsAdminTest-675955371-project] Lock "0d13e147-6e2d-4f17-8e19-0aa88b1ea0a2" "released" by "nova.context.set_target_cell..get_or_set_cached_cell_and_set_connections" :: held 0.001s {{(pid=117856) inner /usr/local/lib/python3.8/dist-packages/oslo_concurrency/lockutils.py:400}}
Feb 08 19:04:32.286883 n-d-827513-2 devstack@n-api.service[117855]: [pid: 117855|app: 0|req: 82/179] 10.222.0.69 () {58 vars in 1148 bytes} [Tue Feb 8 19:04:32 2022] GET /compute/v2.1/os-aggregates/3 => generated 241 bytes in 13 msecs (HTTP/1.1 200) 9 headers in 357 bytes (1 switches on core 0)
Feb 08 19:04:32.287175 n-d-827513-2 devstack@n-api.service[117856]: DEBUG oslo_concurrency.lockutils [None req-b7edd592-6147-4714-98c8-368b4aac7621 tempest-MigrationsAdminTest-675955371 tempest-MigrationsAdminTest-675955371-project] Lock "0d13e147-6e2d-4f17-8e19-0aa88b1ea0a2" acquired by "nova.context.set_target_cell..get_or_set_cached_cell_and_set_connections" :: waited 0.000s {{(pid=117856) inner /usr/local/lib/python3.8/dist-packages/oslo_concurrency/lockutils.py:386}}
Feb 08 19:04:32.287667 n-d-827513-2 devstack@n-api.service[117856]: DEBUG oslo_concurrency.lockutils [None req-b7edd592-6147-4714-98c8-368b4aac7621 tempest-MigrationsAdminTest-675955371 tempest-MigrationsAdminTest-675955371-project] Lock "0d13e147-6e2d-4f17-8e19-0aa88b1ea0a2" "released" by "nova.context.set_target_cell..get_or_set_cached_cell_and_set_connections" :: held 0.001s {{(pid=117856) inner /usr/local/lib/python3.8/dist-packages/oslo_concurrency/lockutils.py:400}}
Feb 08 19:04:32.429106 n-d-827513-2 devstack@n-api.service[117855]: DEBUG nova.api.openstack.wsgi [None req-ec5199a3-6a55-45e2-8cd3-5d4f9f3e4f2b tempest-FlavorsExtraSpecsTestJSON-1798548799 tempest-FlavorsExtraSpecsTestJSON-1798548799-project-admin] Action: 'create', calling method: >, body: {"flavor": {"name": "tempest-test_flavor-1978838202", "ram": 512, "vcpus": 1, "disk": 10, "id": 1482183389, "swap": 1024, "rxtx_factor": 1, "OS-FLV-EXT-DATA:ephemeral": 10}} {{(pid=117855) _process_stack /opt/stack/nova/nova/api/openstack/wsgi.py:511}}
Feb 08 19:04:32.450753 n-d-827513-2 devstack@n-api.service[117856]: DEBUG nova.policy [None req-b7edd592-6147-4714-98c8-368b4aac7621 tempest-MigrationsAdminTest-675955371 tempest-MigrationsAdminTest-675955371-project] Policy check for os_compute_api:os-extended-server-attributes failed with credentials {'is_admin': False, 'user_id': '9778758c3d5a45d1a806cfbb4bf3a777', 'user_domain_id': 'default', 'system_scope': None, 'domain_id': None, 'project_id': 'cfa36bc9caea4dcc8144ab624ef1ee88', 'project_domain_id': 'default', 'roles': ['reader', 'member'], 'is_admin_project': True, 'service_user_id': None, 'service_user_domain_id': None, 'service_project_id': None, 'service_project_domain_id': None, 'service_roles': []} {{(pid=117856) authorize /opt/stack/nova/nova/policy.py:199}}
Feb 08 19:04:32.450943 n-d-827513-2 devstack@n-api.service[117855]: /usr/local/lib/python3.8/dist-packages/oslo_policy/policy.py:1119: UserWarning: Policy "os_compute_api:os-flavor-manage:create": "rule:system_admin_api" failed scope check. The token used to make the request was project scoped but the policy requires ['system'] scope. This behavior may change in the future where using the intended scope is required
Feb 08 19:04:32.450943 n-d-827513-2 devstack@n-api.service[117855]: warnings.warn(msg)
Feb 08 19:04:32.460882 n-d-827513-2 devstack@n-api.service[117856]: INFO nova.api.openstack.requestlog [None req-b7edd592-6147-4714-98c8-368b4aac7621 tempest-MigrationsAdminTest-675955371 tempest-MigrationsAdminTest-675955371-project] 10.222.0.69 "GET /compute/v2.1/servers/8420ae5a-1e7a-4ca3-9677-5beef23d771a" status: 200 len: 1312 microversion: 2.1 time: 0.194762
Feb 08 19:04:32.471698 n-d-827513-2 devstack@n-api.service[117856]: [pid: 117856|app: 0|req: 98/180] 10.222.0.69 () {58 vars in 1235 bytes} [Tue Feb 8 19:04:32 2022] GET /compute/v2.1/servers/8420ae5a-1e7a-4ca3-9677-5beef23d771a => generated 1312 bytes in 196 msecs (HTTP/1.1 200) 9 headers in 358 bytes (1 switches on core 0)
Feb 08 19:04:32.471994 n-d-827513-2 devstack@n-api.service[117855]: INFO nova.api.openstack.requestlog [None req-ec5199a3-6a55-45e2-8cd3-5d4f9f3e4f2b tempest-FlavorsExtraSpecsTestJSON-1798548799 tempest-FlavorsExtraSpecsTestJSON-1798548799-project-admin] 10.222.0.69 "POST /compute/v2.1/flavors" status: 200 len: 416 microversion: 2.1 time: 0.174397
Feb 08 19:04:32.471994 n-d-827513-2 devstack@n-api.service[117855]: [pid: 117855|app: 0|req: 83/181] 10.222.0.69 () {60 vars in 1146 bytes} [Tue Feb 8 19:04:32 2022] POST /compute/v2.1/flavors => generated 416 bytes in 176 msecs (HTTP/1.1 200) 9 headers in 357 bytes (1 switches on core 0)
Feb 08 19:04:32.472185 n-d-827513-2 devstack@n-api.service[117856]: DEBUG nova.api.openstack.wsgi [None req-2c8ab92f-aac3-47ed-a7c0-9e7c1334158a tempest-AggregatesAdminTestJSON-434231958 tempest-AggregatesAdminTestJSON-434231958-project-admin] Action: 'action', calling method: >, body: {"remove_host": {"host": "n-h2-827513-2"}} {{(pid=117856) _process_stack /opt/stack/nova/nova/api/openstack/wsgi.py:511}}
Feb 08 19:04:32.472321 n-d-827513-2 devstack@n-api.service[117856]: /usr/local/lib/python3.8/dist-packages/oslo_policy/policy.py:1119: UserWarning: Policy "os_compute_api:os-aggregates:remove_host": "rule:system_admin_api" failed scope check. The token used to make the request was project scoped but the policy requires ['system'] scope. This behavior may change in the future where using the intended scope is required
Feb 08 19:04:32.472321 n-d-827513-2 devstack@n-api.service[117856]: warnings.warn(msg)
Feb 08 19:04:32.481089 n-d-827513-2 devstack@n-api.service[117856]: DEBUG oslo_concurrency.lockutils [None req-2c8ab92f-aac3-47ed-a7c0-9e7c1334158a tempest-AggregatesAdminTestJSON-434231958 tempest-AggregatesAdminTestJSON-434231958-project-admin] Lock "0d13e147-6e2d-4f17-8e19-0aa88b1ea0a2" acquired by "nova.context.set_target_cell..get_or_set_cached_cell_and_set_connections" :: waited 0.000s {{(pid=117856) inner /usr/local/lib/python3.8/dist-packages/oslo_concurrency/lockutils.py:386}}
Feb 08 19:04:32.481565 n-d-827513-2 devstack@n-api.service[117856]: DEBUG oslo_concurrency.lockutils [None req-2c8ab92f-aac3-47ed-a7c0-9e7c1334158a tempest-AggregatesAdminTestJSON-434231958 tempest-AggregatesAdminTestJSON-434231958-project-admin] Lock "0d13e147-6e2d-4f17-8e19-0aa88b1ea0a2" "released" by "nova.context.set_target_cell..get_or_set_cached_cell_and_set_connections" :: held 0.001s {{(pid=117856) inner /usr/local/lib/python3.8/dist-packages/oslo_concurrency/lockutils.py:400}}
Feb 08 19:04:32.485099 n-d-827513-2 devstack@n-api.service[117855]: DEBUG nova.api.openstack.wsgi [None req-ce2fb0ae-b798-4222-938e-5e9920fe7223 tempest-FlavorsExtraSpecsTestJSON-1798548799 tempest-FlavorsExtraSpecsTestJSON-1798548799-project-admin] Action: 'create', calling method: >, body: {"extra_specs": {"hw:numa_nodes": "1", "hw:cpu_policy": "shared"}} {{(pid=117855) _process_stack /opt/stack/nova/nova/api/openstack/wsgi.py:511}}
Feb 08 19:04:32.487592 n-d-827513-2 devstack@n-api.service[117855]: /usr/local/lib/python3.8/dist-packages/oslo_policy/policy.py:1119: UserWarning: Policy "os_compute_api:os-flavor-extra-specs:create": "rule:system_admin_api" failed scope check. The token used to make the request was project scoped but the policy requires ['system'] scope. This behavior may change in the future where using the intended scope is required
Feb 08 19:04:32.487592 n-d-827513-2 devstack@n-api.service[117855]: warnings.warn(msg)
Feb 08 19:04:32.516134 n-d-827513-2 devstack@n-api.service[117855]: INFO nova.api.openstack.requestlog [None req-ce2fb0ae-b798-4222-938e-5e9920fe7223 tempest-FlavorsExtraSpecsTestJSON-1798548799 tempest-FlavorsExtraSpecsTestJSON-1798548799-project-admin] 10.222.0.69 "POST /compute/v2.1/flavors/1482183389/os-extra_specs" status: 200 len: 66 microversion: 2.1 time: 0.035213
Feb 08 19:04:32.517389 n-d-827513-2 devstack@n-api.service[117855]: [pid: 117855|app: 0|req: 84/182] 10.222.0.69 () {60 vars in 1223 bytes} [Tue Feb 8 19:04:32 2022] POST /compute/v2.1/flavors/1482183389/os-extra_specs => generated 66 bytes in 37 msecs (HTTP/1.1 200) 9 headers in 356 bytes (1 switches on core 0)
Feb 08 19:04:32.602819 n-d-827513-2 devstack@n-api.service[117856]: INFO nova.api.openstack.requestlog [None req-2c8ab92f-aac3-47ed-a7c0-9e7c1334158a tempest-AggregatesAdminTestJSON-434231958 tempest-AggregatesAdminTestJSON-434231958-project-admin] 10.222.0.69 "POST /compute/v2.1/os-aggregates/3/action" status: 200 len: 226 microversion: 2.1 time: 0.140253
Feb 08 19:04:32.604097 n-d-827513-2 devstack@n-api.service[117856]: [pid: 117856|app: 0|req: 99/183] 10.222.0.69 () {60 vars in 1190 bytes} [Tue Feb 8 19:04:32 2022] POST /compute/v2.1/os-aggregates/3/action => generated 226 bytes in 142 msecs (HTTP/1.1 200) 9 headers in 357 bytes (1 switches on core 0)
Feb 08 19:04:32.610408 n-d-827513-2 devstack@n-api.service[117856]: DEBUG nova.api.openstack.wsgi [None req-548cce57-22d7-4152-9b5d-da87824f766b tempest-LiveMigrationTest-1026646891 tempest-LiveMigrationTest-1026646891-project] Calling method '>' {{(pid=117856) _process_stack /opt/stack/nova/nova/api/openstack/wsgi.py:513}}
Feb 08 19:04:32.611018 n-d-827513-2 devstack@n-api.service[117856]: DEBUG nova.compute.api [None req-548cce57-22d7-4152-9b5d-da87824f766b tempest-LiveMigrationTest-1026646891 tempest-LiveMigrationTest-1026646891-project] [instance: e2655992-e762-4afa-a2c5-6487bba73154] Fetching instance by UUID {{(pid=117856) get /opt/stack/nova/nova/compute/api.py:2885}}
Feb 08 19:04:32.618448 n-d-827513-2 devstack@n-api.service[117856]: DEBUG oslo_concurrency.lockutils [None req-548cce57-22d7-4152-9b5d-da87824f766b tempest-LiveMigrationTest-1026646891 tempest-LiveMigrationTest-1026646891-project] Lock "0d13e147-6e2d-4f17-8e19-0aa88b1ea0a2" acquired by "nova.context.set_target_cell..get_or_set_cached_cell_and_set_connections" :: waited 0.000s {{(pid=117856) inner /usr/local/lib/python3.8/dist-packages/oslo_concurrency/lockutils.py:386}}
Feb 08 19:04:32.618891 n-d-827513-2 devstack@n-api.service[117856]: DEBUG oslo_concurrency.lockutils [None req-548cce57-22d7-4152-9b5d-da87824f766b tempest-LiveMigrationTest-1026646891 tempest-LiveMigrationTest-1026646891-project] Lock "0d13e147-6e2d-4f17-8e19-0aa88b1ea0a2" "released" by "nova.context.set_target_cell..get_or_set_cached_cell_and_set_connections" :: held 0.001s {{(pid=117856) inner /usr/local/lib/python3.8/dist-packages/oslo_concurrency/lockutils.py:400}}
Feb 08 19:04:32.619853 n-d-827513-2 devstack@n-api.service[117856]: DEBUG oslo_concurrency.lockutils [None req-548cce57-22d7-4152-9b5d-da87824f766b tempest-LiveMigrationTest-1026646891 tempest-LiveMigrationTest-1026646891-project] Lock "0d13e147-6e2d-4f17-8e19-0aa88b1ea0a2" acquired by "nova.context.set_target_cell..get_or_set_cached_cell_and_set_connections" :: waited 0.000s {{(pid=117856) inner /usr/local/lib/python3.8/dist-packages/oslo_concurrency/lockutils.py:386}}
Feb 08 19:04:32.620437 n-d-827513-2 devstack@n-api.service[117856]: DEBUG oslo_concurrency.lockutils [None req-548cce57-22d7-4152-9b5d-da87824f766b tempest-LiveMigrationTest-1026646891 tempest-LiveMigrationTest-1026646891-project] Lock "0d13e147-6e2d-4f17-8e19-0aa88b1ea0a2" "released" by "nova.context.set_target_cell..get_or_set_cached_cell_and_set_connections" :: held 0.001s {{(pid=117856) inner /usr/local/lib/python3.8/dist-packages/oslo_concurrency/lockutils.py:400}}
Feb 08 19:04:32.735431 n-d-827513-2 devstack@n-api.service[117855]: DEBUG nova.api.openstack.wsgi [None req-6da8c019-176d-4c86-b76a-6fe97ff2f0cb tempest-FlavorsExtraSpecsTestJSON-1401488310 tempest-FlavorsExtraSpecsTestJSON-1401488310-project] Calling method '>' {{(pid=117855) _process_stack /opt/stack/nova/nova/api/openstack/wsgi.py:513}}
Feb 08 19:04:32.747419 n-d-827513-2 devstack@n-api.service[117855]: INFO nova.api.openstack.requestlog [None req-6da8c019-176d-4c86-b76a-6fe97ff2f0cb tempest-FlavorsExtraSpecsTestJSON-1401488310 tempest-FlavorsExtraSpecsTestJSON-1401488310-project] 10.222.0.69 "GET /compute/v2.1/flavors/1482183389/os-extra_specs" status: 200 len: 66 microversion: 2.1 time: 0.221847
Feb 08 19:04:32.747897 n-d-827513-2 devstack@n-api.service[117855]: [pid: 117855|app: 0|req: 85/184] 10.222.0.69 () {58 vars in 1202 bytes} [Tue Feb 8 19:04:32 2022] GET /compute/v2.1/flavors/1482183389/os-extra_specs => generated 66 bytes in 225 msecs (HTTP/1.1 200) 9 headers in 356 bytes (1 switches on core 0)
Feb 08 19:04:32.754679 n-d-827513-2 devstack@n-api.service[117855]: DEBUG nova.api.openstack.wsgi [None req-f093b897-835d-41dc-82ec-7e45eacf9690 tempest-AggregatesAdminTestJSON-434231958 tempest-AggregatesAdminTestJSON-434231958-project-admin] Calling method '>' {{(pid=117855) _process_stack /opt/stack/nova/nova/api/openstack/wsgi.py:513}}
Feb 08 19:04:32.755398 n-d-827513-2 devstack@n-api.service[117855]: /usr/local/lib/python3.8/dist-packages/oslo_policy/policy.py:1119: UserWarning: Policy "os_compute_api:os-aggregates:delete": "rule:system_admin_api" failed scope check. The token used to make the request was project scoped but the policy requires ['system'] scope. This behavior may change in the future where using the intended scope is required
Feb 08 19:04:32.755398 n-d-827513-2 devstack@n-api.service[117855]: warnings.warn(msg)
Feb 08 19:04:32.789034 n-d-827513-2 devstack@n-api.service[117855]: INFO nova.api.openstack.requestlog [None req-f093b897-835d-41dc-82ec-7e45eacf9690 tempest-AggregatesAdminTestJSON-434231958 tempest-AggregatesAdminTestJSON-434231958-project-admin] 10.222.0.69 "DELETE /compute/v2.1/os-aggregates/3" status: 200 len: 0 microversion: 2.1 time: 0.038623
Feb 08 19:04:32.797405 n-d-827513-2 devstack@n-api.service[117855]: [pid: 117855|app: 0|req: 86/185] 10.222.0.69 () {58 vars in 1151 bytes} [Tue Feb 8 19:04:32 2022] DELETE /compute/v2.1/os-aggregates/3 => generated 0 bytes in 49 msecs (HTTP/1.1 200) 9 headers in 355 bytes (1 switches on core 0)
Feb 08 19:04:32.808917 n-d-827513-2 devstack@n-api.service[117855]: DEBUG nova.api.openstack.wsgi [None req-1cfd94ef-cd9e-4936-86fc-12e931761461 tempest-FlavorsExtraSpecsTestJSON-1798548799 tempest-FlavorsExtraSpecsTestJSON-1798548799-project-admin] Action: 'create', calling method: >, body: {"extra_specs": {"hw:numa_nodes": "1", "hw:cpu_policy": "shared"}} {{(pid=117855) _process_stack /opt/stack/nova/nova/api/openstack/wsgi.py:511}}
Feb 08 19:04:32.811012 n-d-827513-2 devstack@n-api.service[117856]: DEBUG nova.policy [None req-548cce57-22d7-4152-9b5d-da87824f766b tempest-LiveMigrationTest-1026646891 tempest-LiveMigrationTest-1026646891-project] Policy check for os_compute_api:os-extended-server-attributes failed with credentials {'is_admin': False, 'user_id': '144ad486696d42b098752dea6b299caf', 'user_domain_id': 'default', 'system_scope': None, 'domain_id': None, 'project_id': 'e291252350f64a82b310d843b90de3e6', 'project_domain_id': 'default', 'roles': ['reader', 'member'], 'is_admin_project': True, 'service_user_id': None, 'service_user_domain_id': None, 'service_project_id': None, 'service_project_domain_id': None, 'service_roles': []} {{(pid=117856) authorize /opt/stack/nova/nova/policy.py:199}}
Feb 08 19:04:32.811988 n-d-827513-2 devstack@n-api.service[117855]: /usr/local/lib/python3.8/dist-packages/oslo_policy/policy.py:1119: UserWarning: Policy "os_compute_api:os-flavor-extra-specs:create": "rule:system_admin_api" failed scope check. The token used to make the request was project scoped but the policy requires ['system'] scope. This behavior may change in the future where using the intended scope is required
Feb 08 19:04:32.811988 n-d-827513-2 devstack@n-api.service[117855]: warnings.warn(msg)
Feb 08 19:04:32.823633 n-d-827513-2 devstack@n-api.service[117856]: INFO nova.api.openstack.requestlog [None req-548cce57-22d7-4152-9b5d-da87824f766b tempest-LiveMigrationTest-1026646891 tempest-LiveMigrationTest-1026646891-project] 10.222.0.69 "GET /compute/v2.1/servers/e2655992-e762-4afa-a2c5-6487bba73154" status: 200 len: 1311 microversion: 2.1 time: 0.218338
Feb 08 19:04:32.838070 n-d-827513-2 devstack@n-api.service[117856]: [pid: 117856|app: 0|req: 100/186] 10.222.0.69 () {58 vars in 1235 bytes} [Tue Feb 8 19:04:32 2022] GET /compute/v2.1/servers/e2655992-e762-4afa-a2c5-6487bba73154 => generated 1311 bytes in 233 msecs (HTTP/1.1 200) 9 headers in 358 bytes (1 switches on core 0)
Feb 08 19:04:32.843218 n-d-827513-2 devstack@n-api.service[117856]: DEBUG nova.api.openstack.wsgi [None req-4d12a0df-6a8d-4837-af66-b95b981f63d3 tempest-AggregatesAdminTestJSON-434231958 tempest-AggregatesAdminTestJSON-434231958-project-admin] Action: 'create', calling method: >, body: {"aggregate": {"name": "tempest-test_aggregate-1658922950"}} {{(pid=117856) _process_stack /opt/stack/nova/nova/api/openstack/wsgi.py:511}}
Feb 08 19:04:32.850668 n-d-827513-2 devstack@n-api.service[117856]: /usr/local/lib/python3.8/dist-packages/oslo_policy/policy.py:1119: UserWarning: Policy "os_compute_api:os-aggregates:create": "rule:system_admin_api" failed scope check. The token used to make the request was project scoped but the policy requires ['system'] scope. This behavior may change in the future where using the intended scope is required
Feb 08 19:04:32.850668 n-d-827513-2 devstack@n-api.service[117856]: warnings.warn(msg)
Feb 08 19:04:32.852387 n-d-827513-2 devstack@n-api.service[117856]: DEBUG nova.objects.aggregate [None req-4d12a0df-6a8d-4837-af66-b95b981f63d3 tempest-AggregatesAdminTestJSON-434231958 tempest-AggregatesAdminTestJSON-434231958-project-admin] Generated uuid feb5ecba-01d2-4d5b-a930-64d33cd342b9 for aggregate {{(pid=117856) create /opt/stack/nova/nova/objects/aggregate.py:298}}
Feb 08 19:04:32.854404 n-d-827513-2 devstack@n-api.service[117855]: INFO nova.api.openstack.requestlog [None req-1cfd94ef-cd9e-4936-86fc-12e931761461 tempest-FlavorsExtraSpecsTestJSON-1798548799 tempest-FlavorsExtraSpecsTestJSON-1798548799-project-admin] 10.222.0.69 "POST /compute/v2.1/flavors/1482183389/os-extra_specs" status: 200 len: 66 microversion: 2.1 time: 0.054108
Feb 08 19:04:32.855169 n-d-827513-2 devstack@n-api.service[117855]: [pid: 117855|app: 0|req: 87/187] 10.222.0.69 () {60 vars in 1223 bytes} [Tue Feb 8 19:04:32 2022] POST /compute/v2.1/flavors/1482183389/os-extra_specs => generated 66 bytes in 57 msecs (HTTP/1.1 200) 9 headers in 356 bytes (1 switches on core 0)
Feb 08 19:04:32.872738 n-d-827513-2 devstack@n-api.service[117855]: DEBUG nova.api.openstack.wsgi [None req-5b6605c7-227f-42c9-be1b-0366af4d72e9 tempest-FlavorsExtraSpecsTestJSON-1401488310 tempest-FlavorsExtraSpecsTestJSON-1401488310-project] Calling method '>' {{(pid=117855) _process_stack /opt/stack/nova/nova/api/openstack/wsgi.py:513}}
Feb 08 19:04:32.897757 n-d-827513-2 devstack@n-api.service[117855]: INFO nova.api.openstack.requestlog [None req-5b6605c7-227f-42c9-be1b-0366af4d72e9 tempest-FlavorsExtraSpecsTestJSON-1401488310 tempest-FlavorsExtraSpecsTestJSON-1401488310-project] 10.222.0.69 "GET /compute/v2.1/flavors/1482183389/os-extra_specs/hw:numa_nodes" status: 200 len: 22 microversion: 2.1 time: 0.036610
Feb 08 19:04:32.903534 n-d-827513-2 devstack@n-api.service[117855]: [pid: 117855|app: 0|req: 88/188] 10.222.0.69 () {58 vars in 1244 bytes} [Tue Feb 8 19:04:32 2022] GET /compute/v2.1/flavors/1482183389/os-extra_specs/hw:numa_nodes => generated 22 bytes in 43 msecs (HTTP/1.1 200) 9 headers in 356 bytes (1 switches on core 0)
Feb 08 19:04:32.918243 n-d-827513-2 devstack@n-api.service[117855]: DEBUG nova.api.openstack.wsgi [None req-1c9465da-67ba-4fa8-83ee-7ae5344c6311 tempest-FlavorsExtraSpecsTestJSON-1798548799 tempest-FlavorsExtraSpecsTestJSON-1798548799-project-admin] Action: 'create', calling method: >, body: {"extra_specs": {"hw:numa_nodes": "1", "hw:cpu_policy": "shared"}} {{(pid=117855) _process_stack /opt/stack/nova/nova/api/openstack/wsgi.py:511}}
Feb 08 19:04:32.919468 n-d-827513-2 devstack@n-api.service[117856]: INFO nova.api.openstack.requestlog [None req-4d12a0df-6a8d-4837-af66-b95b981f63d3 tempest-AggregatesAdminTestJSON-434231958 tempest-AggregatesAdminTestJSON-434231958-project-admin] 10.222.0.69 "POST /compute/v2.1/os-aggregates" status: 200 len: 198 microversion: 2.1 time: 0.079894
Feb 08 19:04:32.929261 n-d-827513-2 devstack@n-api.service[117856]: [pid: 117856|app: 0|req: 101/189] 10.222.0.69 () {60 vars in 1163 bytes} [Tue Feb 8 19:04:32 2022] POST /compute/v2.1/os-aggregates => generated 198 bytes in 83 msecs (HTTP/1.1 200) 9 headers in 357 bytes (1 switches on core 0)
