Mar 01 13:39:07.448075 n-d-827467-3 neutron-server[103727]: DEBUG neutron.api.rpc.handlers.resources_rpc [None req-e80b1bbc-5b81-410a-91bd-9aaecc068244 admin admin] Pushing event updated for resources: {'SecurityGroup': ['ID=b395a0a4-ae3c-4757-aca0-2358f7d868a6,revision_number=1']} {{(pid=103727) push /opt/stack/neutron/neutron/api/rpc/handlers/resources_rpc.py:237}}
Mar 01 13:39:07.542554 n-d-827467-3 neutron-server[103726]: DEBUG neutron_lib.callbacks.manager [None req-58494084-de6c-4e79-b835-23c9bdbba028 admin admin] Publish callbacks [] for security_group (b395a0a4-ae3c-4757-aca0-2358f7d868a6), before_delete {{(pid=103726) _notify_loop /usr/local/lib/python3.8/dist-packages/neutron_lib/callbacks/manager.py:176}}
Mar 01 13:39:07.562824 n-d-827467-3 neutron-server[103726]: DEBUG neutron_lib.callbacks.manager [None req-27524bf6-0544-4b93-972d-9f49b8ae11d1 admin admin] Publish callbacks [] for security_group (bb8e313e-cf6b-4e3f-aa7a-5bb9b79ec8fc), precommit_create {{(pid=103726) _notify_loop /usr/local/lib/python3.8/dist-packages/neutron_lib/callbacks/manager.py:176}}
Mar 01 13:39:07.570913 n-d-827467-3 neutron-server[103726]: DEBUG neutron_lib.callbacks.manager [None req-27524bf6-0544-4b93-972d-9f49b8ae11d1 admin admin] Publish callbacks ['neutron.plugins.ml2.ovo_rpc._ObjectChangeHandler.handle_event-3839879'] for security_group (bb8e313e-cf6b-4e3f-aa7a-5bb9b79ec8fc), after_create {{(pid=103726) _notify_loop /usr/local/lib/python3.8/dist-packages/neutron_lib/callbacks/manager.py:176}}
Mar 01 13:39:07.579614 n-d-827467-3 neutron-server[103726]: DEBUG neutron_lib.callbacks.manager [None req-58494084-de6c-4e79-b835-23c9bdbba028 admin admin] Publish callbacks [] for security_group (b395a0a4-ae3c-4757-aca0-2358f7d868a6), precommit_delete {{(pid=103726) _notify_loop /usr/local/lib/python3.8/dist-packages/neutron_lib/callbacks/manager.py:176}}
Mar 01 13:39:07.639216 n-d-827467-3 neutron-server[103726]: DEBUG neutron.api.rpc.handlers.resources_rpc [None req-27524bf6-0544-4b93-972d-9f49b8ae11d1 admin admin] Pushing event updated for resources: {'SecurityGroup': ['ID=bb8e313e-cf6b-4e3f-aa7a-5bb9b79ec8fc,revision_number=1']} {{(pid=103726) push /opt/stack/neutron/neutron/api/rpc/handlers/resources_rpc.py:237}}
Mar 01 13:39:07.651684 n-d-827467-3 neutron-server[103726]: INFO neutron.wsgi [None req-27524bf6-0544-4b93-972d-9f49b8ae11d1 admin admin] 10.222.0.13 "GET /v2.0/security-groups?tenant_id=d3c8ef8f44994a19b3712f4e830c42ee&name=default HTTP/1.1" status: 200 len: 2996 time: 0.3644400
Mar 01 13:39:07.652152 n-d-827467-3 neutron-server[103727]: DEBUG neutron.wsgi [-] (103727) accepted ('10.222.0.13', 53236) {{(pid=103727) server /usr/local/lib/python3.8/dist-packages/eventlet/wsgi.py:1004}}
Mar 01 13:39:07.681223 n-d-827467-3 neutron-server[103726]: DEBUG neutron_lib.callbacks.manager [None req-58494084-de6c-4e79-b835-23c9bdbba028 admin admin] Publish callbacks ['neutron.plugins.ml2.ovo_rpc._ObjectChangeHandler.handle_event-3839879'] for security_group (b395a0a4-ae3c-4757-aca0-2358f7d868a6), after_delete {{(pid=103726) _notify_loop /usr/local/lib/python3.8/dist-packages/neutron_lib/callbacks/manager.py:176}}
Mar 01 13:39:07.684029 n-d-827467-3 neutron-server[103726]: DEBUG neutron_lib.callbacks.manager [None req-58494084-de6c-4e79-b835-23c9bdbba028 admin admin] Publish callbacks [] for security_group (None), before_response {{(pid=103726) _notify_loop /usr/local/lib/python3.8/dist-packages/neutron_lib/callbacks/manager.py:176}}
Mar 01 13:39:07.687990 n-d-827467-3 neutron-server[103726]: INFO neutron.wsgi [None req-58494084-de6c-4e79-b835-23c9bdbba028 admin admin] 10.222.0.13 "DELETE /v2.0/security-groups/b395a0a4-ae3c-4757-aca0-2358f7d868a6 HTTP/1.1" status: 204 len: 168 time: 0.2394032
Mar 01 13:39:07.698502 n-d-827467-3 neutron-server[103726]: DEBUG neutron.api.rpc.handlers.resources_rpc [None req-58494084-de6c-4e79-b835-23c9bdbba028 admin admin] Pushing event deleted for resources: {'SecurityGroup': ['ID=b395a0a4-ae3c-4757-aca0-2358f7d868a6,revision_number=None']} {{(pid=103726) push /opt/stack/neutron/neutron/api/rpc/handlers/resources_rpc.py:237}}
Mar 01 13:39:07.726351 n-d-827467-3 neutron-server[103727]: INFO neutron.wsgi [req-3df70f54-50b5-45a5-b818-33af818aac9f req-79fcad7b-28ae-411d-9cba-7f9c2a07fb7c tempest-AggregatesAdminTestJSON-1199064360 tempest-AggregatesAdminTestJSON-1199064360-project] 10.222.0.13 "GET /v2.0/ports?device_id=cee997b7-a860-4376-b336-25ba01cf3d01 HTTP/1.1" status: 200 len: 210 time: 0.0410631
Mar 01 13:39:07.754625 n-d-827467-3 neutron-server[103727]: DEBUG neutron_lib.callbacks.manager [None req-eea1fdc6-24fd-43cd-8467-c812702e8b4b admin admin] Publish callbacks [] for security_group (bb8e313e-cf6b-4e3f-aa7a-5bb9b79ec8fc), before_delete {{(pid=103727) _notify_loop /usr/local/lib/python3.8/dist-packages/neutron_lib/callbacks/manager.py:176}}
Mar 01 13:39:07.778535 n-d-827467-3 neutron-server[103727]: DEBUG neutron_lib.callbacks.manager [None req-eea1fdc6-24fd-43cd-8467-c812702e8b4b admin admin] Publish callbacks [] for security_group (bb8e313e-cf6b-4e3f-aa7a-5bb9b79ec8fc), precommit_delete {{(pid=103727) _notify_loop /usr/local/lib/python3.8/dist-packages/neutron_lib/callbacks/manager.py:176}}
Mar 01 13:39:07.830462 n-d-827467-3 neutron-server[103727]: DEBUG neutron_lib.callbacks.manager [None req-eea1fdc6-24fd-43cd-8467-c812702e8b4b admin admin] Publish callbacks ['neutron.plugins.ml2.ovo_rpc._ObjectChangeHandler.handle_event-3839879'] for security_group (bb8e313e-cf6b-4e3f-aa7a-5bb9b79ec8fc), after_delete {{(pid=103727) _notify_loop /usr/local/lib/python3.8/dist-packages/neutron_lib/callbacks/manager.py:176}}
Mar 01 13:39:07.833373 n-d-827467-3 neutron-server[103727]: DEBUG neutron_lib.callbacks.manager [None req-eea1fdc6-24fd-43cd-8467-c812702e8b4b admin admin] Publish callbacks [] for security_group (None), before_response {{(pid=103727) _notify_loop /usr/local/lib/python3.8/dist-packages/neutron_lib/callbacks/manager.py:176}}
Mar 01 13:39:07.834553 n-d-827467-3 neutron-server[103727]: INFO neutron.wsgi [None req-eea1fdc6-24fd-43cd-8467-c812702e8b4b admin admin] 10.222.0.13 "DELETE /v2.0/security-groups/bb8e313e-cf6b-4e3f-aa7a-5bb9b79ec8fc HTTP/1.1" status: 204 len: 168 time: 0.1805940
Mar 01 13:39:07.845003 n-d-827467-3 neutron-server[103727]: DEBUG neutron.api.rpc.handlers.resources_rpc [None req-eea1fdc6-24fd-43cd-8467-c812702e8b4b admin admin] Pushing event deleted for resources: {'SecurityGroup': ['ID=bb8e313e-cf6b-4e3f-aa7a-5bb9b79ec8fc,revision_number=None']} {{(pid=103727) push /opt/stack/neutron/neutron/api/rpc/handlers/resources_rpc.py:237}}
Mar 01 13:39:07.976156 n-d-827467-3 neutron-server[103727]: DEBUG neutron.wsgi [-] (103727) accepted ('10.222.0.13', 53250) {{(pid=103727) server /usr/local/lib/python3.8/dist-packages/eventlet/wsgi.py:1004}}
Mar 01 13:39:08.194358 n-d-827467-3 neutron-server[103727]: DEBUG neutron_lib.callbacks.manager [None req-8341256c-629d-4d63-9483-8f2ce2270352 admin admin] Publish callbacks [] for security_group (None), before_create {{(pid=103727) _notify_loop /usr/local/lib/python3.8/dist-packages/neutron_lib/callbacks/manager.py:176}}
Mar 01 13:39:08.237408 n-d-827467-3 neutron-server[103726]: DEBUG neutron.wsgi [-] (103726) accepted ('10.222.0.13', 53260) {{(pid=103726) server /usr/local/lib/python3.8/dist-packages/eventlet/wsgi.py:1004}}
Mar 01 13:39:08.252795 n-d-827467-3 neutron-server[103726]: DEBUG neutron_lib.callbacks.manager [None req-bec15607-c163-498b-85f9-b02893b95a18 admin admin] Publish callbacks [] for security_group (None), before_create {{(pid=103726) _notify_loop /usr/local/lib/python3.8/dist-packages/neutron_lib/callbacks/manager.py:176}}
Mar 01 13:39:08.277078 n-d-827467-3 neutron-server[103727]: DEBUG neutron_lib.callbacks.manager [None req-8341256c-629d-4d63-9483-8f2ce2270352 admin admin] Publish callbacks [] for security_group (1eca0555-06e7-4bc2-af07-54058fb25f19), precommit_create {{(pid=103727) _notify_loop /usr/local/lib/python3.8/dist-packages/neutron_lib/callbacks/manager.py:176}}
Mar 01 13:39:08.282042 n-d-827467-3 neutron-server[103727]: DEBUG neutron_lib.callbacks.manager [None req-8341256c-629d-4d63-9483-8f2ce2270352 admin admin] Publish callbacks ['neutron.plugins.ml2.ovo_rpc._ObjectChangeHandler.handle_event-3839879'] for security_group (1eca0555-06e7-4bc2-af07-54058fb25f19), after_create {{(pid=103727) _notify_loop /usr/local/lib/python3.8/dist-packages/neutron_lib/callbacks/manager.py:176}}
Mar 01 13:39:08.328862 n-d-827467-3 neutron-server[103727]: INFO neutron.wsgi [None req-8341256c-629d-4d63-9483-8f2ce2270352 admin admin] 10.222.0.13 "GET /v2.0/security-groups?tenant_id=29e67ff4f5a84dd298a24d5e62d684d0&name=default HTTP/1.1" status: 200 len: 2996 time: 0.3516231
Mar 01 13:39:08.331461 n-d-827467-3 neutron-server[103727]: DEBUG neutron.wsgi [-] (103727) accepted ('10.222.0.13', 53262) {{(pid=103727) server /usr/local/lib/python3.8/dist-packages/eventlet/wsgi.py:1004}}
Mar 01 13:39:08.338833 n-d-827467-3 neutron-server[103727]: DEBUG neutron.api.rpc.handlers.resources_rpc [None req-8341256c-629d-4d63-9483-8f2ce2270352 admin admin] Pushing event updated for resources: {'SecurityGroup': ['ID=1eca0555-06e7-4bc2-af07-54058fb25f19,revision_number=1']} {{(pid=103727) push /opt/stack/neutron/neutron/api/rpc/handlers/resources_rpc.py:237}}
Mar 01 13:39:08.348916 n-d-827467-3 neutron-server[103726]: DEBUG neutron_lib.callbacks.manager [None req-bec15607-c163-498b-85f9-b02893b95a18 admin admin] Publish callbacks [] for security_group (6be455cb-9c7e-4be3-b758-930feb3ac384), precommit_create {{(pid=103726) _notify_loop /usr/local/lib/python3.8/dist-packages/neutron_lib/callbacks/manager.py:176}}
Mar 01 13:39:08.355255 n-d-827467-3 neutron-server[103726]: DEBUG neutron_lib.callbacks.manager [None req-bec15607-c163-498b-85f9-b02893b95a18 admin admin] Publish callbacks ['neutron.plugins.ml2.ovo_rpc._ObjectChangeHandler.handle_event-3839879'] for security_group (6be455cb-9c7e-4be3-b758-930feb3ac384), after_create {{(pid=103726) _notify_loop /usr/local/lib/python3.8/dist-packages/neutron_lib/callbacks/manager.py:176}}
Mar 01 13:39:08.409301 n-d-827467-3 neutron-server[103726]: INFO neutron.wsgi [None req-bec15607-c163-498b-85f9-b02893b95a18 admin admin] 10.222.0.13 "GET /v2.0/security-groups?tenant_id=2af0dc210f95407ea7ac95227e7b6ac5&name=default HTTP/1.1" status: 200 len: 2996 time: 0.1707385
Mar 01 13:39:08.412625 n-d-827467-3 neutron-server[103726]: DEBUG neutron.wsgi [-] (103726) accepted ('10.222.0.13', 53268) {{(pid=103726) server /usr/local/lib/python3.8/dist-packages/eventlet/wsgi.py:1004}}
Mar 01 13:39:08.421336 n-d-827467-3 neutron-server[103726]: DEBUG neutron.api.rpc.handlers.resources_rpc [None req-bec15607-c163-498b-85f9-b02893b95a18 admin admin] Pushing event updated for resources: {'SecurityGroup': ['ID=6be455cb-9c7e-4be3-b758-930feb3ac384,revision_number=1']} {{(pid=103726) push /opt/stack/neutron/neutron/api/rpc/handlers/resources_rpc.py:237}}
Mar 01 13:39:08.428675 n-d-827467-3 neutron-server[103727]: DEBUG neutron_lib.callbacks.manager [None req-3bd68990-0e52-4ed8-b374-dbf7b477b6b7 admin admin] Publish callbacks [] for security_group (1eca0555-06e7-4bc2-af07-54058fb25f19), before_delete {{(pid=103727) _notify_loop /usr/local/lib/python3.8/dist-packages/neutron_lib/callbacks/manager.py:176}}
Mar 01 13:39:08.468738 n-d-827467-3 neutron-server[103726]: DEBUG neutron_lib.callbacks.manager [None req-52f1474e-c53d-4fc6-927e-3b2b70ce477e admin admin] Publish callbacks [] for security_group (6be455cb-9c7e-4be3-b758-930feb3ac384), before_delete {{(pid=103726) _notify_loop /usr/local/lib/python3.8/dist-packages/neutron_lib/callbacks/manager.py:176}}
Mar 01 13:39:08.481345 n-d-827467-3 neutron-server[103726]: DEBUG neutron.wsgi [-] (103726) accepted ('10.222.0.13', 53272) {{(pid=103726) server /usr/local/lib/python3.8/dist-packages/eventlet/wsgi.py:1004}}
Mar 01 13:39:08.502566 n-d-827467-3 neutron-server[103727]: DEBUG neutron_lib.callbacks.manager [None req-3bd68990-0e52-4ed8-b374-dbf7b477b6b7 admin admin] Publish callbacks [] for security_group (1eca0555-06e7-4bc2-af07-54058fb25f19), precommit_delete {{(pid=103727) _notify_loop /usr/local/lib/python3.8/dist-packages/neutron_lib/callbacks/manager.py:176}}
Mar 01 13:39:08.506626 n-d-827467-3 neutron-server[103726]: DEBUG neutron_lib.callbacks.manager [None req-52f1474e-c53d-4fc6-927e-3b2b70ce477e admin admin] Publish callbacks [] for security_group (6be455cb-9c7e-4be3-b758-930feb3ac384), precommit_delete {{(pid=103726) _notify_loop /usr/local/lib/python3.8/dist-packages/neutron_lib/callbacks/manager.py:176}}
Mar 01 13:39:08.518263 n-d-827467-3 neutron-server[103726]: DEBUG neutron_lib.callbacks.manager [None req-7f2509ce-e464-4215-b5d8-448b5e6618dc admin admin] Publish callbacks [] for security_group (None), before_create {{(pid=103726) _notify_loop /usr/local/lib/python3.8/dist-packages/neutron_lib/callbacks/manager.py:176}}
Mar 01 13:39:08.549192 n-d-827467-3 neutron-server[103727]: DEBUG neutron.pecan_wsgi.hooks.policy_enforcement [req-53dc0429-7aaa-460c-8ad4-47cc15ecf269 req-2d9cacfa-3e5d-4fc0-8b63-998fe075487a tempest-DeleteServersAdminTestJSON-1768953919 tempest-DeleteServersAdminTestJSON-1768953919-project] Attributes excluded by policy engine: ['standard_attr_id', 'binding:profile', 'binding:host_id', 'binding:vif_type', 'binding:vif_details'] {{(pid=103727) _exclude_attributes_by_policy /opt/stack/neutron/neutron/pecan_wsgi/hooks/policy_enforcement.py:255}}
Mar 01 13:39:08.550795 n-d-827467-3 neutron-server[103727]: INFO neutron.wsgi [req-53dc0429-7aaa-460c-8ad4-47cc15ecf269 req-2d9cacfa-3e5d-4fc0-8b63-998fe075487a tempest-DeleteServersAdminTestJSON-1768953919 tempest-DeleteServersAdminTestJSON-1768953919-project] 10.222.0.13 "GET /v2.0/ports?device_id=58721953-555a-40d3-88c4-10714bc7421e HTTP/1.1" status: 200 len: 936 time: 0.1114104
Mar 01 13:39:08.586144 n-d-827467-3 neutron-server[103727]: DEBUG neutron_lib.callbacks.manager [None req-3bd68990-0e52-4ed8-b374-dbf7b477b6b7 admin admin] Publish callbacks ['neutron.plugins.ml2.ovo_rpc._ObjectChangeHandler.handle_event-3839879'] for security_group (1eca0555-06e7-4bc2-af07-54058fb25f19), after_delete {{(pid=103727) _notify_loop /usr/local/lib/python3.8/dist-packages/neutron_lib/callbacks/manager.py:176}}
Mar 01 13:39:08.589053 n-d-827467-3 neutron-server[103727]: DEBUG neutron_lib.callbacks.manager [None req-3bd68990-0e52-4ed8-b374-dbf7b477b6b7 admin admin] Publish callbacks [] for security_group (None), before_response {{(pid=103727) _notify_loop /usr/local/lib/python3.8/dist-packages/neutron_lib/callbacks/manager.py:176}}
Mar 01 13:39:08.590214 n-d-827467-3 neutron-server[103727]: INFO neutron.wsgi [None req-3bd68990-0e52-4ed8-b374-dbf7b477b6b7 admin admin] 10.222.0.13 "DELETE /v2.0/security-groups/1eca0555-06e7-4bc2-af07-54058fb25f19 HTTP/1.1" status: 204 len: 168 time: 0.2578182
Mar 01 13:39:08.611642 n-d-827467-3 neutron-server[103727]: DEBUG neutron.api.rpc.handlers.resources_rpc [None req-3bd68990-0e52-4ed8-b374-dbf7b477b6b7 admin admin] Pushing event deleted for resources: {'SecurityGroup': ['ID=1eca0555-06e7-4bc2-af07-54058fb25f19,revision_number=None']} {{(pid=103727) push /opt/stack/neutron/neutron/api/rpc/handlers/resources_rpc.py:237}}
Mar 01 13:39:08.640995 n-d-827467-3 neutron-server[103727]: INFO neutron.wsgi [req-53dc0429-7aaa-460c-8ad4-47cc15ecf269 req-42bf98d8-d041-4956-901c-2a30f0ca4361 tempest-DeleteServersAdminTestJSON-1768953919 tempest-DeleteServersAdminTestJSON-1768953919-project] 10.222.0.13 "GET /v2.0/security-groups?id=6895d388-ad2b-4d63-8def-72bb3c8a41b1&fields=id&fields=name HTTP/1.1" status: 200 len: 286 time: 0.0678267
Mar 01 13:39:08.719197 n-d-827467-3 neutron-server[103726]: DEBUG neutron_lib.callbacks.manager [None req-52f1474e-c53d-4fc6-927e-3b2b70ce477e admin admin] Publish callbacks ['neutron.plugins.ml2.ovo_rpc._ObjectChangeHandler.handle_event-3839879'] for security_group (6be455cb-9c7e-4be3-b758-930feb3ac384), after_delete {{(pid=103726) _notify_loop /usr/local/lib/python3.8/dist-packages/neutron_lib/callbacks/manager.py:176}}
Mar 01 13:39:08.722185 n-d-827467-3 neutron-server[103726]: DEBUG neutron_lib.callbacks.manager [None req-52f1474e-c53d-4fc6-927e-3b2b70ce477e admin admin] Publish callbacks [] for security_group (None), before_response {{(pid=103726) _notify_loop /usr/local/lib/python3.8/dist-packages/neutron_lib/callbacks/manager.py:176}}
Mar 01 13:39:08.725731 n-d-827467-3 neutron-server[103726]: INFO neutron.wsgi [None req-52f1474e-c53d-4fc6-927e-3b2b70ce477e admin admin] 10.222.0.13 "DELETE /v2.0/security-groups/6be455cb-9c7e-4be3-b758-930feb3ac384 HTTP/1.1" status: 204 len: 168 time: 0.3097484
Mar 01 13:39:08.735153 n-d-827467-3 neutron-server[103726]: DEBUG neutron.api.rpc.handlers.resources_rpc [None req-52f1474e-c53d-4fc6-927e-3b2b70ce477e admin admin] Pushing event deleted for resources: {'SecurityGroup': ['ID=6be455cb-9c7e-4be3-b758-930feb3ac384,revision_number=None']} {{(pid=103726) push /opt/stack/neutron/neutron/api/rpc/handlers/resources_rpc.py:237}}
Mar 01 13:39:08.781522 n-d-827467-3 neutron-server[103726]: DEBUG neutron_lib.callbacks.manager [None req-7f2509ce-e464-4215-b5d8-448b5e6618dc admin admin] Publish callbacks [] for security_group (853e2889-1623-4430-a250-842610a96577), precommit_create {{(pid=103726) _notify_loop /usr/local/lib/python3.8/dist-packages/neutron_lib/callbacks/manager.py:176}}
Mar 01 13:39:08.786750 n-d-827467-3 neutron-server[103726]: DEBUG neutron_lib.callbacks.manager [None req-7f2509ce-e464-4215-b5d8-448b5e6618dc admin admin] Publish callbacks ['neutron.plugins.ml2.ovo_rpc._ObjectChangeHandler.handle_event-3839879'] for security_group (853e2889-1623-4430-a250-842610a96577), after_create {{(pid=103726) _notify_loop /usr/local/lib/python3.8/dist-packages/neutron_lib/callbacks/manager.py:176}}
Mar 01 13:39:08.829951 n-d-827467-3 neutron-server[103726]: INFO neutron.wsgi [None req-7f2509ce-e464-4215-b5d8-448b5e6618dc admin admin] 10.222.0.13 "GET /v2.0/security-groups?tenant_id=25d0748c886346d6871737648efd3a2f&name=default HTTP/1.1" status: 200 len: 2996 time: 0.3475790
Mar 01 13:39:08.832874 n-d-827467-3 neutron-server[103726]: DEBUG neutron.wsgi [-] (103726) accepted ('10.222.0.13', 53286) {{(pid=103726) server /usr/local/lib/python3.8/dist-packages/eventlet/wsgi.py:1004}}
Mar 01 13:39:08.834899 n-d-827467-3 neutron-server[103726]: DEBUG neutron.api.rpc.handlers.resources_rpc [None req-7f2509ce-e464-4215-b5d8-448b5e6618dc admin admin] Pushing event updated for resources: {'SecurityGroup': ['ID=853e2889-1623-4430-a250-842610a96577,revision_number=1']} {{(pid=103726) push /opt/stack/neutron/neutron/api/rpc/handlers/resources_rpc.py:237}}
Mar 01 13:39:08.862095 n-d-827467-3 neutron-server[103727]: INFO neutron.wsgi [req-f8c41e3c-c8f9-49b6-a94c-0bdca06d6485 req-0b39b799-e011-4d79-9787-fbb13b8f84a8 tempest-AggregatesAdminTestJSON-1199064360 tempest-AggregatesAdminTestJSON-1199064360-project] 10.222.0.13 "GET /v2.0/ports?device_id=cee997b7-a860-4376-b336-25ba01cf3d01 HTTP/1.1" status: 200 len: 210 time: 0.0440376
Mar 01 13:39:08.911876 n-d-827467-3 neutron-server[103726]: DEBUG neutron_lib.callbacks.manager [None req-5bb3fd7b-1879-4a8d-8fed-ccfadce8761b admin admin] Publish callbacks [] for security_group (853e2889-1623-4430-a250-842610a96577), before_delete {{(pid=103726) _notify_loop /usr/local/lib/python3.8/dist-packages/neutron_lib/callbacks/manager.py:176}}
Mar 01 13:39:08.935592 n-d-827467-3 neutron-server[103726]: DEBUG neutron_lib.callbacks.manager [None req-5bb3fd7b-1879-4a8d-8fed-ccfadce8761b admin admin] Publish callbacks [] for security_group (853e2889-1623-4430-a250-842610a96577), precommit_delete {{(pid=103726) _notify_loop /usr/local/lib/python3.8/dist-packages/neutron_lib/callbacks/manager.py:176}}
Mar 01 13:39:08.998835 n-d-827467-3 neutron-server[103726]: DEBUG neutron_lib.callbacks.manager [None req-5bb3fd7b-1879-4a8d-8fed-ccfadce8761b admin admin] Publish callbacks ['neutron.plugins.ml2.ovo_rpc._ObjectChangeHandler.handle_event-3839879'] for security_group (853e2889-1623-4430-a250-842610a96577), after_delete {{(pid=103726) _notify_loop /usr/local/lib/python3.8/dist-packages/neutron_lib/callbacks/manager.py:176}}
Mar 01 13:39:09.001721 n-d-827467-3 neutron-server[103726]: DEBUG neutron_lib.callbacks.manager [None req-5bb3fd7b-1879-4a8d-8fed-ccfadce8761b admin admin] Publish callbacks [] for security_group (None), before_response {{(pid=103726) _notify_loop /usr/local/lib/python3.8/dist-packages/neutron_lib/callbacks/manager.py:176}}
Mar 01 13:39:09.007218 n-d-827467-3 neutron-server[103726]: INFO neutron.wsgi [None req-5bb3fd7b-1879-4a8d-8fed-ccfadce8761b admin admin] 10.222.0.13 "DELETE /v2.0/security-groups/853e2889-1623-4430-a250-842610a96577 HTTP/1.1" status: 204 len: 168 time: 0.1690407
Mar 01 13:39:09.014042 n-d-827467-3 neutron-server[103726]: DEBUG neutron.api.rpc.handlers.resources_rpc [None req-5bb3fd7b-1879-4a8d-8fed-ccfadce8761b admin admin] Pushing event deleted for resources: {'SecurityGroup': ['ID=853e2889-1623-4430-a250-842610a96577,revision_number=None']} {{(pid=103726) push /opt/stack/neutron/neutron/api/rpc/handlers/resources_rpc.py:237}}
Mar 01 13:39:09.100650 n-d-827467-3 neutron-server[103726]: DEBUG neutron.wsgi [-] (103726) accepted ('10.222.0.13', 53300) {{(pid=103726) server /usr/local/lib/python3.8/dist-packages/eventlet/wsgi.py:1004}}
Mar 01 13:39:09.114410 n-d-827467-3 neutron-server[103726]: DEBUG neutron_lib.callbacks.manager [None req-06bbd515-b283-42d4-b39d-972caf6a1b8f admin admin] Publish callbacks [] for security_group (None), before_create {{(pid=103726) _notify_loop /usr/local/lib/python3.8/dist-packages/neutron_lib/callbacks/manager.py:176}}
Mar 01 13:39:09.201949 n-d-827467-3 neutron-server[103726]: DEBUG neutron_lib.callbacks.manager [None req-06bbd515-b283-42d4-b39d-972caf6a1b8f admin admin] Publish callbacks [] for security_group (b5399fa0-76bc-494a-ba69-2fd26126c8dd), precommit_create {{(pid=103726) _notify_loop /usr/local/lib/python3.8/dist-packages/neutron_lib/callbacks/manager.py:176}}
Mar 01 13:39:09.206932 n-d-827467-3 neutron-server[103726]: DEBUG neutron_lib.callbacks.manager [None req-06bbd515-b283-42d4-b39d-972caf6a1b8f admin admin] Publish callbacks ['neutron.plugins.ml2.ovo_rpc._ObjectChangeHandler.handle_event-3839879'] for security_group (b5399fa0-76bc-494a-ba69-2fd26126c8dd), after_create {{(pid=103726) _notify_loop /usr/local/lib/python3.8/dist-packages/neutron_lib/callbacks/manager.py:176}}
Mar 01 13:39:09.246923 n-d-827467-3 neutron-server[103726]: INFO neutron.wsgi [None req-06bbd515-b283-42d4-b39d-972caf6a1b8f admin admin] 10.222.0.13 "GET /v2.0/security-groups?tenant_id=fb8ba94f2f96482098b374bfaf1110de&name=default HTTP/1.1" status: 200 len: 2996 time: 0.1449888
Mar 01 13:39:09.247800 n-d-827467-3 neutron-server[103726]: DEBUG neutron.api.rpc.handlers.resources_rpc [None req-06bbd515-b283-42d4-b39d-972caf6a1b8f admin admin] Pushing event updated for resources: {'SecurityGroup': ['ID=b5399fa0-76bc-494a-ba69-2fd26126c8dd,revision_number=1']} {{(pid=103726) push /opt/stack/neutron/neutron/api/rpc/handlers/resources_rpc.py:237}}
Mar 01 13:39:09.249760 n-d-827467-3 neutron-server[103727]: DEBUG neutron.wsgi [-] (103727) accepted ('10.222.0.13', 53304) {{(pid=103727) server /usr/local/lib/python3.8/dist-packages/eventlet/wsgi.py:1004}}
Mar 01 13:39:09.301685 n-d-827467-3 neutron-server[103727]: DEBUG neutron_lib.callbacks.manager [None req-56878b25-5023-441d-b193-54f63b40e4b3 admin admin] Publish callbacks [] for security_group (b5399fa0-76bc-494a-ba69-2fd26126c8dd), before_delete {{(pid=103727) _notify_loop /usr/local/lib/python3.8/dist-packages/neutron_lib/callbacks/manager.py:176}}
Mar 01 13:39:09.326392 n-d-827467-3 neutron-server[103727]: DEBUG neutron_lib.callbacks.manager [None req-56878b25-5023-441d-b193-54f63b40e4b3 admin admin] Publish callbacks [] for security_group (b5399fa0-76bc-494a-ba69-2fd26126c8dd), precommit_delete {{(pid=103727) _notify_loop /usr/local/lib/python3.8/dist-packages/neutron_lib/callbacks/manager.py:176}}
Mar 01 13:39:09.381612 n-d-827467-3 neutron-server[103727]: DEBUG neutron_lib.callbacks.manager [None req-56878b25-5023-441d-b193-54f63b40e4b3 admin admin] Publish callbacks ['neutron.plugins.ml2.ovo_rpc._ObjectChangeHandler.handle_event-3839879'] for security_group (b5399fa0-76bc-494a-ba69-2fd26126c8dd), after_delete {{(pid=103727) _notify_loop /usr/local/lib/python3.8/dist-packages/neutron_lib/callbacks/manager.py:176}}
Mar 01 13:39:09.389140 n-d-827467-3 neutron-server[103727]: DEBUG neutron_lib.callbacks.manager [None req-56878b25-5023-441d-b193-54f63b40e4b3 admin admin] Publish callbacks [] for security_group (None), before_response {{(pid=103727) _notify_loop /usr/local/lib/python3.8/dist-packages/neutron_lib/callbacks/manager.py:176}}
Mar 01 13:39:09.389140 n-d-827467-3 neutron-server[103727]: INFO neutron.wsgi [None req-56878b25-5023-441d-b193-54f63b40e4b3 admin admin] 10.222.0.13 "DELETE /v2.0/security-groups/b5399fa0-76bc-494a-ba69-2fd26126c8dd HTTP/1.1" status: 204 len: 168 time: 0.1342869
Mar 01 13:39:09.393448 n-d-827467-3 neutron-server[103727]: DEBUG neutron.api.rpc.handlers.resources_rpc [None req-56878b25-5023-441d-b193-54f63b40e4b3 admin admin] Pushing event deleted for resources: {'SecurityGroup': ['ID=b5399fa0-76bc-494a-ba69-2fd26126c8dd,revision_number=None']} {{(pid=103727) push /opt/stack/neutron/neutron/api/rpc/handlers/resources_rpc.py:237}}
Mar 01 13:39:09.539286 n-d-827467-3 neutron-server[103728]: DEBUG neutron_lib.callbacks.manager [None req-442b3e7c-7ecd-495b-8600-397412fa1e7b None None] Publish callbacks ['neutron.services.segments.db._update_segment_host_mapping_for_agent-8753015686539', 'neutron.plugins.ml2.plugin.Ml2Plugin._retry_binding_revived_agents-1162096'] for agent (4af886da-ede3-4b34-a7a6-244cbd4b46b9), after_update {{(pid=103728) _notify_loop /usr/local/lib/python3.8/dist-packages/neutron_lib/callbacks/manager.py:176}}
Mar 01 13:39:09.713207 n-d-827467-3 neutron-server[103728]: DEBUG neutron_lib.callbacks.manager [None req-cc3eb235-e895-4cd9-9222-0d3d327ce217 None None] Publish callbacks ['neutron.services.segments.db._update_segment_host_mapping_for_agent-8753015686539', 'neutron.plugins.ml2.plugin.Ml2Plugin._retry_binding_revived_agents-1162096'] for agent (30213c2b-1328-413c-961c-c2df46c2cffb), after_update {{(pid=103728) _notify_loop /usr/local/lib/python3.8/dist-packages/neutron_lib/callbacks/manager.py:176}}
Mar 01 13:39:09.749778 n-d-827467-3 neutron-server[103727]: DEBUG neutron.pecan_wsgi.hooks.policy_enforcement [req-0cffd84d-dfa8-4b9b-8c9b-cd2a6a858b92 req-9eb687b0-3300-445f-a1a4-6b0357d7f8f7 tempest-DeleteServersAdminTestJSON-1768953919 tempest-DeleteServersAdminTestJSON-1768953919-project] Attributes excluded by policy engine: ['standard_attr_id', 'binding:profile', 'binding:host_id', 'binding:vif_type', 'binding:vif_details'] {{(pid=103727) _exclude_attributes_by_policy /opt/stack/neutron/neutron/pecan_wsgi/hooks/policy_enforcement.py:255}}
Mar 01 13:39:09.751270 n-d-827467-3 neutron-server[103727]: INFO neutron.wsgi [req-0cffd84d-dfa8-4b9b-8c9b-cd2a6a858b92 req-9eb687b0-3300-445f-a1a4-6b0357d7f8f7 tempest-DeleteServersAdminTestJSON-1768953919 tempest-DeleteServersAdminTestJSON-1768953919-project] 10.222.0.13 "GET /v2.0/ports?device_id=58721953-555a-40d3-88c4-10714bc7421e HTTP/1.1" status: 200 len: 936 time: 0.0538316
Mar 01 13:39:09.784434 n-d-827467-3 neutron-server[103726]: DEBUG neutron.api.v2.base [req-6c33ddd3-658c-41b7-9d73-2c40bea6c08d req-fe270734-565d-4537-b68f-10cac5ab0cdc service neutron] Request body: {'port': {'device_id': '58721953-555a-40d3-88c4-10714bc7421e', 'device_owner': 'compute:tempest-test_az-1850339765', 'binding:host_id': 'n-h1-827467-3'}} {{(pid=103726) prepare_request_body /opt/stack/neutron/neutron/api/v2/base.py:729}}
Mar 01 13:39:09.845502 n-d-827467-3 neutron-server[103726]: DEBUG neutron_lib.callbacks.manager [req-6c33ddd3-658c-41b7-9d73-2c40bea6c08d req-fe270734-565d-4537-b68f-10cac5ab0cdc service neutron] Publish callbacks ['neutron.plugins.ml2.plugin.SecurityGroupDbMixin._ensure_default_security_group_handler-1297025'] for port (59d7868b-65de-4076-a95f-40ef6eb9b3ea), before_update {{(pid=103726) _notify_loop /usr/local/lib/python3.8/dist-packages/neutron_lib/callbacks/manager.py:176}}
Mar 01 13:39:09.850858 n-d-827467-3 neutron-server[103727]: INFO neutron.wsgi [req-0cffd84d-dfa8-4b9b-8c9b-cd2a6a858b92 req-cd493e0f-b18b-414a-b825-37a673fb54fb tempest-DeleteServersAdminTestJSON-1768953919 tempest-DeleteServersAdminTestJSON-1768953919-project] 10.222.0.13 "GET /v2.0/security-groups?id=6895d388-ad2b-4d63-8def-72bb3c8a41b1&fields=id&fields=name HTTP/1.1" status: 200 len: 286 time: 0.0939538
Mar 01 13:39:09.898845 n-d-827467-3 neutron-server[103727]: DEBUG neutron.wsgi [-] (103727) accepted ('10.222.0.32', 52797) {{(pid=103727) server /usr/local/lib/python3.8/dist-packages/eventlet/wsgi.py:1004}}
Mar 01 13:39:09.959780 n-d-827467-3 neutron-server[103727]: INFO neutron.wsgi [req-6e67eb7a-60c8-4866-b2f8-2ed89cc1f582 req-9503d7c5-283a-4943-b951-ef5c6f1cace9 tempest-AggregatesAdminTestJSON-1199064360 tempest-AggregatesAdminTestJSON-1199064360-project] 10.222.0.32 "GET /v2.0/networks?tenant_id=500f3191886945edaa80b23b7f5aeef9&shared=False HTTP/1.1" status: 200 len: 213 time: 0.0592566
Mar 01 13:39:10.077897 n-d-827467-3 neutron-server[103727]: INFO neutron.wsgi [req-105d5988-1e8f-4fcf-8ac4-7aac15db732a req-eab925b0-7b6d-4e4e-a5ec-ab1aac56c828 tempest-AggregatesAdminTestJSON-1199064360 tempest-AggregatesAdminTestJSON-1199064360-project] 10.222.0.13 "GET /v2.0/ports?device_id=cee997b7-a860-4376-b336-25ba01cf3d01 HTTP/1.1" status: 200 len: 210 time: 0.1311436
Mar 01 13:39:10.180970 n-d-827467-3 neutron-server[103726]: DEBUG neutron.notifiers.nova [req-6c33ddd3-658c-41b7-9d73-2c40bea6c08d req-fe270734-565d-4537-b68f-10cac5ab0cdc service neutron] Ignoring state change previous_port_status: DOWN current_port_status: DOWN port_id 59d7868b-65de-4076-a95f-40ef6eb9b3ea {{(pid=103726) record_port_status_changed /opt/stack/neutron/neutron/notifiers/nova.py:233}}
Mar 01 13:39:10.188834 n-d-827467-3 neutron-server[103726]: DEBUG neutron_lib.callbacks.manager [req-6c33ddd3-658c-41b7-9d73-2c40bea6c08d req-fe270734-565d-4537-b68f-10cac5ab0cdc service neutron] Publish callbacks [] for port (59d7868b-65de-4076-a95f-40ef6eb9b3ea), precommit_update {{(pid=103726) _notify_loop /usr/local/lib/python3.8/dist-packages/neutron_lib/callbacks/manager.py:176}}
Mar 01 13:39:10.209182 n-d-827467-3 neutron-server[103727]: DEBUG neutron.pecan_wsgi.hooks.policy_enforcement [req-6e67eb7a-60c8-4866-b2f8-2ed89cc1f582 req-6e71e9fe-ba41-407b-8442-891ef2c4f353 tempest-AggregatesAdminTestJSON-1199064360 tempest-AggregatesAdminTestJSON-1199064360-project] Attributes excluded by policy engine: ['standard_attr_id', 'vlan_transparent', 'provider:network_type', 'provider:physical_network', 'provider:segmentation_id'] {{(pid=103727) _exclude_attributes_by_policy /opt/stack/neutron/neutron/pecan_wsgi/hooks/policy_enforcement.py:255}}
Mar 01 13:39:10.210642 n-d-827467-3 neutron-server[103727]: INFO neutron.wsgi [req-6e67eb7a-60c8-4866-b2f8-2ed89cc1f582 req-6e71e9fe-ba41-407b-8442-891ef2c4f353 tempest-AggregatesAdminTestJSON-1199064360 tempest-AggregatesAdminTestJSON-1199064360-project] 10.222.0.32 "GET /v2.0/networks?shared=True HTTP/1.1" status: 200 len: 769 time: 0.2258105
Mar 01 13:39:10.210787 n-d-827467-3 neutron-server[103726]: DEBUG neutron.db.provisioning_blocks [req-6c33ddd3-658c-41b7-9d73-2c40bea6c08d req-fe270734-565d-4537-b68f-10cac5ab0cdc service neutron] Transition to ACTIVE for port object 59d7868b-65de-4076-a95f-40ef6eb9b3ea will not be triggered until provisioned by entity L2. {{(pid=103726) add_provisioning_component /opt/stack/neutron/neutron/db/provisioning_blocks.py:74}}
Mar 01 13:39:10.215284 n-d-827467-3 neutron-server[103726]: DEBUG neutron_lib.callbacks.manager [req-6c33ddd3-658c-41b7-9d73-2c40bea6c08d req-fe270734-565d-4537-b68f-10cac5ab0cdc service neutron] Publish callbacks ['neutron.plugins.ml2.plugin.SecurityGroupServerNotifierRpcMixin._notify_sg_on_port_change-1296962', 'neutron.plugins.ml2.ovo_rpc._ObjectChangeHandler.handle_event-60440', 'neutron.api.rpc.agentnotifiers.dhcp_rpc_agent_api.DhcpAgentNotifyAPI._native_event_send_dhcp_notification-3676913', 'neutron.db.l3_db.L3RpcNotifierMixin._notify_gateway_port_ip_changed-8753015898350', 'neutron.db.l3_dvrscheduler_db._notify_l3_agent_port_update-8753015373303', 'neutron.db.l3_hascheduler_db._notify_l3_agent_ha_port_update-8753015375629'] for port (59d7868b-65de-4076-a95f-40ef6eb9b3ea), after_update {{(pid=103726) _notify_loop /usr/local/lib/python3.8/dist-packages/neutron_lib/callbacks/manager.py:176}}
Mar 01 13:39:10.224030 n-d-827467-3 neutron-server[103727]: DEBUG neutron.api.v2.base [req-6e67eb7a-60c8-4866-b2f8-2ed89cc1f582 req-e26ade98-b6fb-4d34-b0e7-b150f6913d60 tempest-AggregatesAdminTestJSON-1199064360 tempest-AggregatesAdminTestJSON-1199064360-project] Request body: {'port': {'device_id': 'cee997b7-a860-4376-b336-25ba01cf3d01', 'network_id': '5e5e5cdc-dce5-4633-91fd-8e14363cd220', 'admin_state_up': True, 'tenant_id': '500f3191886945edaa80b23b7f5aeef9'}} {{(pid=103727) prepare_request_body /opt/stack/neutron/neutron/api/v2/base.py:729}}
Mar 01 13:39:10.309763 n-d-827467-3 neutron-server[103726]: DEBUG neutron.api.rpc.handlers.resources_rpc [None req-fe270734-565d-4537-b68f-10cac5ab0cdc service neutron] Pushing event updated for resources: {'Port': ['ID=59d7868b-65de-4076-a95f-40ef6eb9b3ea,revision_number=2']} {{(pid=103726) push /opt/stack/neutron/neutron/api/rpc/handlers/resources_rpc.py:237}}
Mar 01 13:39:10.340386 n-d-827467-3 neutron-server[103726]: DEBUG neutron.plugins.ml2.managers [req-6c33ddd3-658c-41b7-9d73-2c40bea6c08d req-fe270734-565d-4537-b68f-10cac5ab0cdc service neutron] Attempting to bind port 59d7868b-65de-4076-a95f-40ef6eb9b3ea on host n-h1-827467-3 for vnic_type normal with profile {{(pid=103726) bind_port /opt/stack/neutron/neutron/plugins/ml2/managers.py:795}}
Mar 01 13:39:10.340732 n-d-827467-3 neutron-server[103726]: DEBUG neutron.plugins.ml2.managers [req-6c33ddd3-658c-41b7-9d73-2c40bea6c08d req-fe270734-565d-4537-b68f-10cac5ab0cdc service neutron] Attempting to bind port 59d7868b-65de-4076-a95f-40ef6eb9b3ea by drivers openvswitch,hyperv on host n-h1-827467-3 at level 0 using segments [{'id': '87731ee8-a4e9-46a8-ba3e-3e576fd08096', 'network_type': 'vlan', 'physical_network': 'physnet1', 'segmentation_id': 205, 'network_id': '5e5e5cdc-dce5-4633-91fd-8e14363cd220'}] {{(pid=103726) _bind_port_level /opt/stack/neutron/neutron/plugins/ml2/managers.py:820}}
Mar 01 13:39:10.341078 n-d-827467-3 neutron-server[103726]: DEBUG neutron.plugins.ml2.drivers.mech_agent [req-6c33ddd3-658c-41b7-9d73-2c40bea6c08d req-fe270734-565d-4537-b68f-10cac5ab0cdc service neutron] Attempting to bind port 59d7868b-65de-4076-a95f-40ef6eb9b3ea on network 5e5e5cdc-dce5-4633-91fd-8e14363cd220 {{(pid=103726) bind_port /opt/stack/neutron/neutron/plugins/ml2/drivers/mech_agent.py:91}}
Mar 01 13:39:10.348934 n-d-827467-3 neutron-server[103726]: DEBUG neutron.plugins.ml2.drivers.mech_agent [req-6c33ddd3-658c-41b7-9d73-2c40bea6c08d req-fe270734-565d-4537-b68f-10cac5ab0cdc service neutron] Port 59d7868b-65de-4076-a95f-40ef6eb9b3ea on network 5e5e5cdc-dce5-4633-91fd-8e14363cd220 not bound, no agent of type Open vSwitch agent registered on host n-h1-827467-3 {{(pid=103726) bind_port /opt/stack/neutron/neutron/plugins/ml2/drivers/mech_agent.py:103}}
Mar 01 13:39:10.349257 n-d-827467-3 neutron-server[103726]: DEBUG neutron.plugins.ml2.drivers.mech_agent [req-6c33ddd3-658c-41b7-9d73-2c40bea6c08d req-fe270734-565d-4537-b68f-10cac5ab0cdc service neutron] Attempting to bind port 59d7868b-65de-4076-a95f-40ef6eb9b3ea on network 5e5e5cdc-dce5-4633-91fd-8e14363cd220 {{(pid=103726) bind_port /opt/stack/neutron/neutron/plugins/ml2/drivers/mech_agent.py:91}}
Mar 01 13:39:10.362799 n-d-827467-3 neutron-server[103726]: DEBUG neutron.plugins.ml2.drivers.mech_agent [req-6c33ddd3-658c-41b7-9d73-2c40bea6c08d req-fe270734-565d-4537-b68f-10cac5ab0cdc service neutron] Checking agent: {'id': '4af886da-ede3-4b34-a7a6-244cbd4b46b9', 'agent_type': 'HyperV agent', 'binary': 'neutron-hyperv-agent', 'topic': 'N/A', 'host': 'n-h1-827467-3', 'admin_state_up': True, 'created_at': datetime.datetime(2022, 3, 1, 13, 36, 40), 'started_at': datetime.datetime(2022, 3, 1, 13, 36, 40), 'heartbeat_timestamp': datetime.datetime(2022, 3, 1, 13, 39, 10), 'description': None, 'resources_synced': None, 'availability_zone': None, 'alive': True, 'configurations': {'vswitch_mappings': {'physnet1$': 'br-data'}}, 'resource_versions': {}} {{(pid=103726) bind_port /opt/stack/neutron/neutron/plugins/ml2/drivers/mech_agent.py:110}}
Mar 01 13:39:10.371555 n-d-827467-3 neutron-server[103726]: DEBUG neutron.plugins.ml2.drivers.mech_agent [req-6c33ddd3-658c-41b7-9d73-2c40bea6c08d req-fe270734-565d-4537-b68f-10cac5ab0cdc service neutron] Checking segment: {'id': '87731ee8-a4e9-46a8-ba3e-3e576fd08096', 'network_type': 'vlan', 'physical_network': 'physnet1', 'segmentation_id': 205, 'network_id': '5e5e5cdc-dce5-4633-91fd-8e14363cd220'} for mappings: {'physnet1$': 'br-data'} with network types: ['local', 'flat', 'vlan'] {{(pid=103726) check_segment_for_agent /opt/stack/neutron/neutron/plugins/ml2/drivers/mech_agent.py:373}}
Mar 01 13:39:10.372279 n-d-827467-3 neutron-server[103726]: DEBUG neutron.plugins.ml2.drivers.mech_agent [req-6c33ddd3-658c-41b7-9d73-2c40bea6c08d req-fe270734-565d-4537-b68f-10cac5ab0cdc service neutron] Bound using segment: {'id': '87731ee8-a4e9-46a8-ba3e-3e576fd08096', 'network_type': 'vlan', 'physical_network': 'physnet1', 'segmentation_id': 205, 'network_id': '5e5e5cdc-dce5-4633-91fd-8e14363cd220'} {{(pid=103726) bind_port /opt/stack/neutron/neutron/plugins/ml2/drivers/mech_agent.py:120}}
Mar 01 13:39:10.372779 n-d-827467-3 neutron-server[103726]: DEBUG neutron.plugins.ml2.managers [req-6c33ddd3-658c-41b7-9d73-2c40bea6c08d req-fe270734-565d-4537-b68f-10cac5ab0cdc service neutron] Bound port: 59d7868b-65de-4076-a95f-40ef6eb9b3ea, host: n-h1-827467-3, vif_type: hyperv, vif_details: {"connectivity": "legacy", "port_filter": false}, binding_levels: [{'bound_driver': 'hyperv', 'bound_segment': {'id': '87731ee8-a4e9-46a8-ba3e-3e576fd08096', 'network_type': 'vlan', 'physical_network': 'physnet1', 'segmentation_id': 205, 'network_id': '5e5e5cdc-dce5-4633-91fd-8e14363cd220'}}] {{(pid=103726) _bind_port_level /opt/stack/neutron/neutron/plugins/ml2/managers.py:932}}
Mar 01 13:39:10.373143 n-d-827467-3 neutron-server[103726]: DEBUG neutron_lib.callbacks.manager [req-6c33ddd3-658c-41b7-9d73-2c40bea6c08d req-fe270734-565d-4537-b68f-10cac5ab0cdc service neutron] Publish callbacks ['neutron.plugins.ml2.plugin.SecurityGroupDbMixin._ensure_default_security_group_handler-1297025'] for port (59d7868b-65de-4076-a95f-40ef6eb9b3ea), before_update {{(pid=103726) _notify_loop /usr/local/lib/python3.8/dist-packages/neutron_lib/callbacks/manager.py:176}}
Mar 01 13:39:10.480482 n-d-827467-3 neutron-server[103726]: DEBUG neutron.plugins.ml2.db [req-6c33ddd3-658c-41b7-9d73-2c40bea6c08d req-fe270734-565d-4537-b68f-10cac5ab0cdc service neutron] For port 59d7868b-65de-4076-a95f-40ef6eb9b3ea, host n-h1-827467-3, cleared binding levels {{(pid=103726) clear_binding_levels /opt/stack/neutron/neutron/plugins/ml2/db.py:87}}
Mar 01 13:39:10.492284 n-d-827467-3 neutron-server[103726]: DEBUG neutron.plugins.ml2.db [req-6c33ddd3-658c-41b7-9d73-2c40bea6c08d req-fe270734-565d-4537-b68f-10cac5ab0cdc service neutron] For port 59d7868b-65de-4076-a95f-40ef6eb9b3ea, host n-h1-827467-3, set binding levels [PortBindingLevel(driver='hyperv',host='n-h1-827467-3',level=0,port_id=59d7868b-65de-4076-a95f-40ef6eb9b3ea,segment=NetworkSegment(87731ee8-a4e9-46a8-ba3e-3e576fd08096),segment_id=87731ee8-a4e9-46a8-ba3e-3e576fd08096)] {{(pid=103726) set_binding_levels /opt/stack/neutron/neutron/plugins/ml2/db.py:59}}
Mar 01 13:39:10.513604 n-d-827467-3 neutron-server[103726]: DEBUG neutron_lib.callbacks.manager [req-6c33ddd3-658c-41b7-9d73-2c40bea6c08d req-fe270734-565d-4537-b68f-10cac5ab0cdc service neutron] Publish callbacks ['neutron.plugins.ml2.plugin.SecurityGroupServerNotifierRpcMixin._notify_sg_on_port_change-1296962', 'neutron.plugins.ml2.ovo_rpc._ObjectChangeHandler.handle_event-60440', 'neutron.api.rpc.agentnotifiers.dhcp_rpc_agent_api.DhcpAgentNotifyAPI._native_event_send_dhcp_notification-3676913', 'neutron.db.l3_db.L3RpcNotifierMixin._notify_gateway_port_ip_changed-8753015898350', 'neutron.db.l3_dvrscheduler_db._notify_l3_agent_port_update-8753015373303', 'neutron.db.l3_hascheduler_db._notify_l3_agent_ha_port_update-8753015375629'] for port (59d7868b-65de-4076-a95f-40ef6eb9b3ea), after_update {{(pid=103726) _notify_loop /usr/local/lib/python3.8/dist-packages/neutron_lib/callbacks/manager.py:176}}
Mar 01 13:39:10.594903 n-d-827467-3 neutron-server[103726]: DEBUG neutron.pecan_wsgi.hooks.policy_enforcement [req-6c33ddd3-658c-41b7-9d73-2c40bea6c08d req-fe270734-565d-4537-b68f-10cac5ab0cdc service neutron] Attributes excluded by policy engine: ['standard_attr_id'] {{(pid=103726) _exclude_attributes_by_policy /opt/stack/neutron/neutron/pecan_wsgi/hooks/policy_enforcement.py:255}}
Mar 01 13:39:10.595880 n-d-827467-3 neutron-server[103726]: DEBUG neutron_lib.callbacks.manager [req-6c33ddd3-658c-41b7-9d73-2c40bea6c08d req-fe270734-565d-4537-b68f-10cac5ab0cdc service neutron] Publish callbacks ['neutron.notifiers.nova.Notifier._send_nova_notification-259346', 'neutron.api.rpc.agentnotifiers.dhcp_rpc_agent_api.DhcpAgentNotifyAPI._send_dhcp_notification-3676903'] for port (None), before_response {{(pid=103726) _notify_loop /usr/local/lib/python3.8/dist-packages/neutron_lib/callbacks/manager.py:176}}
Mar 01 13:39:10.597668 n-d-827467-3 neutron-server[103726]: INFO neutron.wsgi [req-6c33ddd3-658c-41b7-9d73-2c40bea6c08d req-fe270734-565d-4537-b68f-10cac5ab0cdc service neutron] 10.222.0.32 "PUT /v2.0/ports/59d7868b-65de-4076-a95f-40ef6eb9b3ea HTTP/1.1" status: 200 len: 1118 time: 1.0114570
Mar 01 13:39:10.608873 n-d-827467-3 neutron-server[103726]: DEBUG neutron.notifiers.nova [-] Sending events: [{'name': 'network-changed', 'server_uuid': '58721953-555a-40d3-88c4-10714bc7421e', 'tag': '59d7868b-65de-4076-a95f-40ef6eb9b3ea'}] {{(pid=103726) send_events /opt/stack/neutron/neutron/notifiers/nova.py:271}}
Mar 01 13:39:10.729914 n-d-827467-3 neutron-server[103727]: DEBUG neutron.pecan_wsgi.hooks.quota_enforcement [req-6e67eb7a-60c8-4866-b2f8-2ed89cc1f582 req-e26ade98-b6fb-4d34-b0e7-b150f6913d60 tempest-AggregatesAdminTestJSON-1199064360 tempest-AggregatesAdminTestJSON-1199064360-project] Made reservation on behalf of 500f3191886945edaa80b23b7f5aeef9 for: {'port': 1} {{(pid=103727) before /opt/stack/neutron/neutron/pecan_wsgi/hooks/quota_enforcement.py:53}}
Mar 01 13:39:10.736942 n-d-827467-3 neutron-server[103727]: DEBUG neutron_lib.callbacks.manager [req-6e67eb7a-60c8-4866-b2f8-2ed89cc1f582 req-e26ade98-b6fb-4d34-b0e7-b150f6913d60 tempest-AggregatesAdminTestJSON-1199064360 tempest-AggregatesAdminTestJSON-1199064360-project] Publish callbacks ['neutron.plugins.ml2.plugin.SecurityGroupDbMixin._ensure_default_security_group_handler-1297025'] for port (None), before_create {{(pid=103727) _notify_loop /usr/local/lib/python3.8/dist-packages/neutron_lib/callbacks/manager.py:176}}
Mar 01 13:39:10.768082 n-d-827467-3 neutron-server[103727]: DEBUG neutron_lib.callbacks.manager [req-6e67eb7a-60c8-4866-b2f8-2ed89cc1f582 req-e26ade98-b6fb-4d34-b0e7-b150f6913d60 tempest-AggregatesAdminTestJSON-1199064360 tempest-AggregatesAdminTestJSON-1199064360-project] Publish callbacks [] for security_group (None), before_create {{(pid=103727) _notify_loop /usr/local/lib/python3.8/dist-packages/neutron_lib/callbacks/manager.py:176}}
Mar 01 13:39:10.872852 n-d-827467-3 neutron-server[103726]: DEBUG neutron.api.rpc.handlers.resources_rpc [None req-fe270734-565d-4537-b68f-10cac5ab0cdc service neutron] Pushing event updated for resources: {'Port': ['ID=59d7868b-65de-4076-a95f-40ef6eb9b3ea,revision_number=3']} {{(pid=103726) push /opt/stack/neutron/neutron/api/rpc/handlers/resources_rpc.py:237}}
Mar 01 13:39:10.891732 n-d-827467-3 neutron-server[103727]: DEBUG neutron_lib.callbacks.manager [req-6e67eb7a-60c8-4866-b2f8-2ed89cc1f582 req-e26ade98-b6fb-4d34-b0e7-b150f6913d60 tempest-AggregatesAdminTestJSON-1199064360 tempest-AggregatesAdminTestJSON-1199064360-project] Publish callbacks [] for security_group (6271b88f-d005-4faf-9691-90ee0b079184), precommit_create {{(pid=103727) _notify_loop /usr/local/lib/python3.8/dist-packages/neutron_lib/callbacks/manager.py:176}}
Mar 01 13:39:10.904653 n-d-827467-3 neutron-server[103727]: DEBUG neutron_lib.callbacks.manager [req-6e67eb7a-60c8-4866-b2f8-2ed89cc1f582 req-e26ade98-b6fb-4d34-b0e7-b150f6913d60 tempest-AggregatesAdminTestJSON-1199064360 tempest-AggregatesAdminTestJSON-1199064360-project] Publish callbacks ['neutron.plugins.ml2.ovo_rpc._ObjectChangeHandler.handle_event-3839879'] for security_group (6271b88f-d005-4faf-9691-90ee0b079184), after_create {{(pid=103727) _notify_loop /usr/local/lib/python3.8/dist-packages/neutron_lib/callbacks/manager.py:176}}
Mar 01 13:39:10.944269 n-d-827467-3 neutron-server[103726]: DEBUG neutron.pecan_wsgi.hooks.policy_enforcement [req-6c33ddd3-658c-41b7-9d73-2c40bea6c08d req-d3ce2279-4b03-4dd1-b10d-d050bf35c66d service neutron] Attributes excluded by policy engine: ['standard_attr_id'] {{(pid=103726) _exclude_attributes_by_policy /opt/stack/neutron/neutron/pecan_wsgi/hooks/policy_enforcement.py:255}}
Mar 01 13:39:10.947091 n-d-827467-3 neutron-server[103726]: INFO neutron.wsgi [req-6c33ddd3-658c-41b7-9d73-2c40bea6c08d req-d3ce2279-4b03-4dd1-b10d-d050bf35c66d service neutron] 10.222.0.32 "GET /v2.0/ports?tenant_id=865d9f9d78924654a5c6591a3082939f&device_id=58721953-555a-40d3-88c4-10714bc7421e HTTP/1.1" status: 200 len: 1152 time: 0.2100065
Mar 01 13:39:11.058092 n-d-827467-3 neutron-server[103727]: DEBUG neutron.api.rpc.handlers.resources_rpc [None req-e26ade98-b6fb-4d34-b0e7-b150f6913d60 tempest-AggregatesAdminTestJSON-1199064360 tempest-AggregatesAdminTestJSON-1199064360-project] Pushing event updated for resources: {'SecurityGroup': ['ID=6271b88f-d005-4faf-9691-90ee0b079184,revision_number=1']} {{(pid=103727) push /opt/stack/neutron/neutron/api/rpc/handlers/resources_rpc.py:237}}
Mar 01 13:39:11.065896 n-d-827467-3 neutron-server[103726]: INFO neutron.wsgi [req-6c33ddd3-658c-41b7-9d73-2c40bea6c08d req-308b2322-83d3-421c-a94a-6cadf6d9f3d6 service neutron] 10.222.0.32 "GET /v2.0/floatingips?fixed_ip_address=192.168.233.109&port_id=59d7868b-65de-4076-a95f-40ef6eb9b3ea HTTP/1.1" status: 200 len: 217 time: 0.0977483
Mar 01 13:39:11.133244 n-d-827467-3 neutron-server[103726]: DEBUG neutron.pecan_wsgi.hooks.policy_enforcement [req-6c33ddd3-658c-41b7-9d73-2c40bea6c08d req-2297ccb4-0335-470e-a721-c898a0e36431 service neutron] Attributes excluded by policy engine: ['standard_attr_id', 'shared'] {{(pid=103726) _exclude_attributes_by_policy /opt/stack/neutron/neutron/pecan_wsgi/hooks/policy_enforcement.py:255}}
Mar 01 13:39:11.135420 n-d-827467-3 neutron-server[103726]: INFO neutron.wsgi [req-6c33ddd3-658c-41b7-9d73-2c40bea6c08d req-2297ccb4-0335-470e-a721-c898a0e36431 service neutron] 10.222.0.32 "GET /v2.0/subnets?id=909a9e4d-2330-4bdf-bf33-da65c3dea6db HTTP/1.1" status: 200 len: 843 time: 0.0626507
Mar 01 13:39:11.160768 n-d-827467-3 neutron-server[103727]: DEBUG neutron.pecan_wsgi.hooks.policy_enforcement [req-94ab2ade-7222-4c3e-ab68-bad52edd4fc8 req-5035f743-2f00-45bf-b54d-0b405501b9fb tempest-DeleteServersAdminTestJSON-1768953919 tempest-DeleteServersAdminTestJSON-1768953919-project] Attributes excluded by policy engine: ['standard_attr_id', 'binding:profile', 'binding:host_id', 'binding:vif_type', 'binding:vif_details'] {{(pid=103727) _exclude_attributes_by_policy /opt/stack/neutron/neutron/pecan_wsgi/hooks/policy_enforcement.py:255}}
Mar 01 13:39:11.162848 n-d-827467-3 neutron-server[103727]: INFO neutron.wsgi [req-94ab2ade-7222-4c3e-ab68-bad52edd4fc8 req-5035f743-2f00-45bf-b54d-0b405501b9fb tempest-DeleteServersAdminTestJSON-1768953919 tempest-DeleteServersAdminTestJSON-1768953919-project] 10.222.0.13 "GET /v2.0/ports?device_id=58721953-555a-40d3-88c4-10714bc7421e HTTP/1.1" status: 200 len: 970 time: 0.2161057
Mar 01 13:39:11.183845 n-d-827467-3 neutron-server[103726]: DEBUG novaclient.v2.client [-] REQ: curl -g -i --cacert "/opt/stack/data/ca-bundle.pem" -X POST http://10.222.0.13/compute/v2.1/os-server-external-events -H "Accept: application/json" -H "Content-Type: application/json" -H "User-Agent: python-novaclient" -H "X-Auth-Token: {SHA256}2ab898c70fbd3da03bab1d8e0b75db8e5ba4fc8e145fc78fe3a4301968f185f1" -H "X-OpenStack-Nova-API-Version: 2.1" -H "X-OpenStack-Request-ID: req-3bb56d41-7e53-478a-bf0b-e427599c138c" -d '{"events": [{"name": "network-changed", "server_uuid": "58721953-555a-40d3-88c4-10714bc7421e", "tag": "59d7868b-65de-4076-a95f-40ef6eb9b3ea"}]}' {{(pid=103726) _http_log_request /usr/local/lib/python3.8/dist-packages/keystoneauth1/session.py:519}}
Mar 01 13:39:11.225689 n-d-827467-3 neutron-server[103727]: DEBUG neutron.db.db_base_plugin_common [req-6e67eb7a-60c8-4866-b2f8-2ed89cc1f582 req-e26ade98-b6fb-4d34-b0e7-b150f6913d60 tempest-AggregatesAdminTestJSON-1199064360 tempest-AggregatesAdminTestJSON-1199064360-project] Allocated IP 192.168.233.121 (5e5e5cdc-dce5-4633-91fd-8e14363cd220/909a9e4d-2330-4bdf-bf33-da65c3dea6db/0bc53d0b-dec8-45e2-bb6d-118b613242a9) {{(pid=103727) _store_ip_allocation /opt/stack/neutron/neutron/db/db_base_plugin_common.py:131}}
