Feb 02 11:17:25.744248 n-d-827467-1 devstack@placement-api.service[104743]: DEBUG placement.objects.research_context [req-32c17b50-59f2-48f7-999b-201d3959eb94 req-098c4572-acc4-4778-9099-02abdbe15514 service placement] found 2 providers with available 1 DISK_GB {{(pid=104743) get_provider_ids_matching /opt/stack/placement/placement/objects/research_context.py:549}}
Feb 02 11:17:25.744519 n-d-827467-1 devstack@placement-api.service[104743]: DEBUG placement.objects.research_context [req-32c17b50-59f2-48f7-999b-201d3959eb94 req-098c4572-acc4-4778-9099-02abdbe15514 service placement] found 2 providers with available 1024 MEMORY_MB {{(pid=104743) get_provider_ids_matching /opt/stack/placement/placement/objects/research_context.py:549}}
Feb 02 11:17:25.744793 n-d-827467-1 devstack@placement-api.service[104743]: DEBUG placement.objects.research_context [req-32c17b50-59f2-48f7-999b-201d3959eb94 req-098c4572-acc4-4778-9099-02abdbe15514 service placement] found 2 providers after filtering by previous result {{(pid=104743) get_provider_ids_matching /opt/stack/placement/placement/objects/research_context.py:580}}
Feb 02 11:17:25.745048 n-d-827467-1 devstack@placement-api.service[104743]: DEBUG placement.objects.research_context [req-32c17b50-59f2-48f7-999b-201d3959eb94 req-098c4572-acc4-4778-9099-02abdbe15514 service placement] found 2 providers with available 1 VCPU {{(pid=104743) get_provider_ids_matching /opt/stack/placement/placement/objects/research_context.py:549}}
Feb 02 11:17:25.745356 n-d-827467-1 devstack@placement-api.service[104743]: DEBUG placement.objects.research_context [req-32c17b50-59f2-48f7-999b-201d3959eb94 req-098c4572-acc4-4778-9099-02abdbe15514 service placement] found 2 providers after filtering by previous result {{(pid=104743) get_provider_ids_matching /opt/stack/placement/placement/objects/research_context.py:580}}
Feb 02 11:17:25.755575 n-d-827467-1 devstack@placement-api.service[104743]: DEBUG placement.objects.allocation_candidate [req-32c17b50-59f2-48f7-999b-201d3959eb94 req-098c4572-acc4-4778-9099-02abdbe15514 service placement] RequestGroup(use_same_provider=False, resources={DISK_GB:1, MEMORY_MB:1024, VCPU:1}, traits=[], aggregates=[]) (suffix '') returned 2 matches {{(pid=104743) _get_by_requests /opt/stack/placement/placement/objects/allocation_candidate.py:145}}
Feb 02 11:17:25.755931 n-d-827467-1 devstack@placement-api.service[104743]: DEBUG placement.objects.allocation_candidate [req-32c17b50-59f2-48f7-999b-201d3959eb94 req-098c4572-acc4-4778-9099-02abdbe15514 service placement] Merging candidates yields 2 allocation requests and 2 provider summaries {{(pid=104743) _merge_candidates /opt/stack/placement/placement/objects/allocation_candidate.py:783}}
Feb 02 11:17:25.758307 n-d-827467-1 devstack@placement-api.service[104743]: INFO placement.requestlog [req-32c17b50-59f2-48f7-999b-201d3959eb94 req-098c4572-acc4-4778-9099-02abdbe15514 service placement] 10.222.0.48 "GET /placement/allocation_candidates?limit=1000&resources=DISK_GB%3A1%2CMEMORY_MB%3A1024%2CVCPU%3A1&root_required=%21COMPUTE_STATUS_DISABLED" status: 200 len: 1309 microversion: 1.36
Feb 02 11:17:25.758683 n-d-827467-1 devstack@placement-api.service[104743]: [pid: 104743|app: 0|req: 49/94] 10.222.0.48 () {60 vars in 1506 bytes} [Wed Feb 2 11:17:25 2022] GET /placement/allocation_candidates?limit=1000&resources=DISK_GB%3A1%2CMEMORY_MB%3A1024%2CVCPU%3A1&root_required=%21COMPUTE_STATUS_DISABLED => generated 1309 bytes in 67 msecs (HTTP/1.1 200) 8 headers in 297 bytes (2 switches on core 0)
Feb 02 11:17:25.805389 n-d-827467-1 devstack@placement-api.service[104742]: DEBUG placement.requestlog [req-32c17b50-59f2-48f7-999b-201d3959eb94 req-da03653f-5d67-4db4-b49f-f48e47d03195 None None] Starting request: 10.222.0.48 "GET /placement/allocations/a04d3b3a-5b4c-4597-88f8-45401de85b2e" {{(pid=104742) __call__ /opt/stack/placement/placement/requestlog.py:55}}
Feb 02 11:17:25.818743 n-d-827467-1 devstack@placement-api.service[104742]: INFO placement.requestlog [req-32c17b50-59f2-48f7-999b-201d3959eb94 req-da03653f-5d67-4db4-b49f-f48e47d03195 service placement] 10.222.0.48 "GET /placement/allocations/a04d3b3a-5b4c-4597-88f8-45401de85b2e" status: 200 len: 19 microversion: 1.28
Feb 02 11:17:25.825668 n-d-827467-1 devstack@placement-api.service[104743]: DEBUG placement.requestlog [req-32c17b50-59f2-48f7-999b-201d3959eb94 req-2855f58f-dfce-4f77-81a0-8b21c982b8d9 None None] Starting request: 10.222.0.48 "PUT /placement/allocations/a04d3b3a-5b4c-4597-88f8-45401de85b2e" {{(pid=104743) __call__ /opt/stack/placement/placement/requestlog.py:55}}
Feb 02 11:17:25.832079 n-d-827467-1 devstack@placement-api.service[104742]: [pid: 104742|app: 0|req: 46/95] 10.222.0.48 () {60 vars in 1380 bytes} [Wed Feb 2 11:17:25 2022] GET /placement/allocations/a04d3b3a-5b4c-4597-88f8-45401de85b2e => generated 19 bytes in 21 msecs (HTTP/1.1 200) 8 headers in 295 bytes (1 switches on core 0)
Feb 02 11:17:25.974282 n-d-827467-1 devstack@placement-api.service[104743]: DEBUG placement.handlers.allocation [req-32c17b50-59f2-48f7-999b-201d3959eb94 req-2855f58f-dfce-4f77-81a0-8b21c982b8d9 service placement] Successfully wrote allocations [, , ] {{(pid=104743) _update_consumers_and_create_allocations /opt/stack/placement/placement/handlers/allocation.py:462}}
Feb 02 11:17:26.036858 n-d-827467-1 devstack@placement-api.service[104743]: INFO placement.requestlog [req-32c17b50-59f2-48f7-999b-201d3959eb94 req-2855f58f-dfce-4f77-81a0-8b21c982b8d9 service placement] 10.222.0.48 "PUT /placement/allocations/a04d3b3a-5b4c-4597-88f8-45401de85b2e" status: 204 len: 0 microversion: 1.36
Feb 02 11:17:26.040645 n-d-827467-1 devstack@placement-api.service[104743]: [pid: 104743|app: 0|req: 50/96] 10.222.0.48 () {64 vars in 1433 bytes} [Wed Feb 2 11:17:25 2022] PUT /placement/allocations/a04d3b3a-5b4c-4597-88f8-45401de85b2e => generated 0 bytes in 215 msecs (HTTP/1.1 204) 5 headers in 199 bytes (2 switches on core 0)
Feb 02 11:17:26.497760 n-d-827467-1 devstack@placement-api.service[104742]: DEBUG placement.requestlog [req-32c17b50-59f2-48f7-999b-201d3959eb94 req-ea8896a3-ca85-4724-ae2e-c0dba151abfa None None] Starting request: 10.222.0.55 "GET /placement/allocations/a04d3b3a-5b4c-4597-88f8-45401de85b2e" {{(pid=104742) __call__ /opt/stack/placement/placement/requestlog.py:55}}
Feb 02 11:17:26.522906 n-d-827467-1 devstack@placement-api.service[104742]: INFO placement.requestlog [req-32c17b50-59f2-48f7-999b-201d3959eb94 req-ea8896a3-ca85-4724-ae2e-c0dba151abfa service placement] 10.222.0.55 "GET /placement/allocations/a04d3b3a-5b4c-4597-88f8-45401de85b2e" status: 200 len: 259 microversion: 1.28
Feb 02 11:17:26.523632 n-d-827467-1 devstack@placement-api.service[104742]: [pid: 104742|app: 0|req: 47/97] 10.222.0.55 () {60 vars in 1377 bytes} [Wed Feb 2 11:17:26 2022] GET /placement/allocations/a04d3b3a-5b4c-4597-88f8-45401de85b2e => generated 259 bytes in 26 msecs (HTTP/1.1 200) 8 headers in 296 bytes (1 switches on core 0)
Feb 02 11:17:26.530665 n-d-827467-1 devstack@placement-api.service[104743]: DEBUG placement.requestlog [req-4774fcec-053c-4d8e-aa3e-5b3955143941 req-45c2e24d-1bba-4f5c-9604-6c1405e4f970 None None] Starting request: 10.222.0.48 "GET /placement/resource_providers?name=n-h2-827467-1" {{(pid=104743) __call__ /opt/stack/placement/placement/requestlog.py:55}}
Feb 02 11:17:26.557205 n-d-827467-1 devstack@placement-api.service[104743]: INFO placement.requestlog [req-4774fcec-053c-4d8e-aa3e-5b3955143941 req-45c2e24d-1bba-4f5c-9604-6c1405e4f970 service placement] 10.222.0.48 "GET /placement/resource_providers?name=n-h2-827467-1" status: 200 len: 441 microversion: 1.0
Feb 02 11:17:26.563469 n-d-827467-1 devstack@placement-api.service[104743]: [pid: 104743|app: 0|req: 51/98] 10.222.0.48 () {58 vars in 1274 bytes} [Wed Feb 2 11:17:26 2022] GET /placement/resource_providers?name=n-h2-827467-1 => generated 441 bytes in 33 msecs (HTTP/1.1 200) 6 headers in 224 bytes (1 switches on core 0)
Feb 02 11:17:26.565806 n-d-827467-1 devstack@placement-api.service[104742]: DEBUG placement.requestlog [req-4774fcec-053c-4d8e-aa3e-5b3955143941 req-5a412836-2dd8-4bcd-b310-4fe6bae69fc1 None None] Starting request: 10.222.0.48 "GET /placement/resource_providers/722e756b-cff1-45c2-8b7f-93bd24cfe35d/aggregates" {{(pid=104742) __call__ /opt/stack/placement/placement/requestlog.py:55}}
Feb 02 11:17:26.579999 n-d-827467-1 devstack@placement-api.service[104742]: INFO placement.requestlog [req-4774fcec-053c-4d8e-aa3e-5b3955143941 req-5a412836-2dd8-4bcd-b310-4fe6bae69fc1 service placement] 10.222.0.48 "GET /placement/resource_providers/722e756b-cff1-45c2-8b7f-93bd24cfe35d/aggregates" status: 200 len: 54 microversion: 1.19
Feb 02 11:17:26.582092 n-d-827467-1 devstack@placement-api.service[104742]: [pid: 104742|app: 0|req: 48/99] 10.222.0.48 () {60 vars in 1425 bytes} [Wed Feb 2 11:17:26 2022] GET /placement/resource_providers/722e756b-cff1-45c2-8b7f-93bd24cfe35d/aggregates => generated 54 bytes in 16 msecs (HTTP/1.1 200) 8 headers in 295 bytes (1 switches on core 0)
Feb 02 11:17:26.592109 n-d-827467-1 devstack@placement-api.service[104743]: DEBUG placement.requestlog [req-4774fcec-053c-4d8e-aa3e-5b3955143941 req-08175b57-9a6e-4155-b5af-d7f8236fc068 None None] Starting request: 10.222.0.48 "PUT /placement/resource_providers/722e756b-cff1-45c2-8b7f-93bd24cfe35d/aggregates" {{(pid=104743) __call__ /opt/stack/placement/placement/requestlog.py:55}}
Feb 02 11:17:26.609276 n-d-827467-1 devstack@placement-api.service[104743]: DEBUG placement.objects.resource_provider [req-4774fcec-053c-4d8e-aa3e-5b3955143941 req-08175b57-9a6e-4155-b5af-d7f8236fc068 service placement] _ensure_aggregate() did not find aggregate e8904966-305f-407b-81f5-ef532023f7a1. Attempting to create it. {{(pid=104743) _ensure_aggregate /opt/stack/placement/placement/objects/resource_provider.py:320}}
Feb 02 11:17:26.610404 n-d-827467-1 devstack@placement-api.service[104743]: DEBUG placement.objects.resource_provider [req-4774fcec-053c-4d8e-aa3e-5b3955143941 req-08175b57-9a6e-4155-b5af-d7f8236fc068 service placement] _ensure_aggregate() created new aggregate e8904966-305f-407b-81f5-ef532023f7a1 (id=7). {{(pid=104743) _ensure_aggregate /opt/stack/placement/placement/objects/resource_provider.py:326}}
Feb 02 11:17:26.611691 n-d-827467-1 devstack@placement-api.service[104743]: DEBUG placement.objects.resource_provider [req-4774fcec-053c-4d8e-aa3e-5b3955143941 req-08175b57-9a6e-4155-b5af-d7f8236fc068 service placement] Setting aggregates for provider 722e756b-cff1-45c2-8b7f-93bd24cfe35d. Successfully associated aggregate e8904966-305f-407b-81f5-ef532023f7a1. {{(pid=104743) _set_aggregates /opt/stack/placement/placement/objects/resource_provider.py:388}}
Feb 02 11:17:26.704815 n-d-827467-1 devstack@placement-api.service[104743]: INFO placement.requestlog [req-4774fcec-053c-4d8e-aa3e-5b3955143941 req-08175b57-9a6e-4155-b5af-d7f8236fc068 service placement] 10.222.0.48 "PUT /placement/resource_providers/722e756b-cff1-45c2-8b7f-93bd24cfe35d/aggregates" status: 200 len: 92 microversion: 1.19
Feb 02 11:17:26.709271 n-d-827467-1 devstack@placement-api.service[104743]: [pid: 104743|app: 0|req: 52/100] 10.222.0.48 () {64 vars in 1477 bytes} [Wed Feb 2 11:17:26 2022] PUT /placement/resource_providers/722e756b-cff1-45c2-8b7f-93bd24cfe35d/aggregates => generated 92 bytes in 121 msecs (HTTP/1.1 200) 8 headers in 295 bytes (1 switches on core 0)
Feb 02 11:17:26.881809 n-d-827467-1 devstack@placement-api.service[104742]: DEBUG placement.requestlog [req-fc1e6d77-0b3d-4df5-b93f-8801c2227483 req-e51cef41-d012-45cb-a7d2-94c783868211 None None] Starting request: 10.222.0.48 "GET /placement/resource_providers?name=n-h2-827467-1" {{(pid=104742) __call__ /opt/stack/placement/placement/requestlog.py:55}}
Feb 02 11:17:26.899062 n-d-827467-1 devstack@placement-api.service[104742]: INFO placement.requestlog [req-fc1e6d77-0b3d-4df5-b93f-8801c2227483 req-e51cef41-d012-45cb-a7d2-94c783868211 service placement] 10.222.0.48 "GET /placement/resource_providers?name=n-h2-827467-1" status: 200 len: 441 microversion: 1.0
Feb 02 11:17:26.900093 n-d-827467-1 devstack@placement-api.service[104742]: [pid: 104742|app: 0|req: 49/101] 10.222.0.48 () {58 vars in 1274 bytes} [Wed Feb 2 11:17:26 2022] GET /placement/resource_providers?name=n-h2-827467-1 => generated 441 bytes in 19 msecs (HTTP/1.1 200) 6 headers in 224 bytes (1 switches on core 0)
Feb 02 11:17:26.908470 n-d-827467-1 devstack@placement-api.service[104743]: DEBUG placement.requestlog [req-fc1e6d77-0b3d-4df5-b93f-8801c2227483 req-15d5473b-0659-4b84-a2d5-7e1b30468b79 None None] Starting request: 10.222.0.48 "GET /placement/resource_providers/722e756b-cff1-45c2-8b7f-93bd24cfe35d/aggregates" {{(pid=104743) __call__ /opt/stack/placement/placement/requestlog.py:55}}
Feb 02 11:17:26.926715 n-d-827467-1 devstack@placement-api.service[104743]: INFO placement.requestlog [req-fc1e6d77-0b3d-4df5-b93f-8801c2227483 req-15d5473b-0659-4b84-a2d5-7e1b30468b79 service placement] 10.222.0.48 "GET /placement/resource_providers/722e756b-cff1-45c2-8b7f-93bd24cfe35d/aggregates" status: 200 len: 92 microversion: 1.19
Feb 02 11:17:26.927090 n-d-827467-1 devstack@placement-api.service[104743]: [pid: 104743|app: 0|req: 53/102] 10.222.0.48 () {60 vars in 1425 bytes} [Wed Feb 2 11:17:26 2022] GET /placement/resource_providers/722e756b-cff1-45c2-8b7f-93bd24cfe35d/aggregates => generated 92 bytes in 19 msecs (HTTP/1.1 200) 8 headers in 295 bytes (1 switches on core 0)
Feb 02 11:17:26.935356 n-d-827467-1 devstack@placement-api.service[104742]: DEBUG placement.requestlog [req-fc1e6d77-0b3d-4df5-b93f-8801c2227483 req-541c23a9-49e6-4316-a92d-510a94188eda None None] Starting request: 10.222.0.48 "PUT /placement/resource_providers/722e756b-cff1-45c2-8b7f-93bd24cfe35d/aggregates" {{(pid=104742) __call__ /opt/stack/placement/placement/requestlog.py:55}}
Feb 02 11:17:26.967796 n-d-827467-1 devstack@placement-api.service[104742]: DEBUG placement.objects.resource_provider [req-fc1e6d77-0b3d-4df5-b93f-8801c2227483 req-541c23a9-49e6-4316-a92d-510a94188eda service placement] Setting aggregates for provider 722e756b-cff1-45c2-8b7f-93bd24cfe35d. Successfully disassociated aggregate e8904966-305f-407b-81f5-ef532023f7a1. {{(pid=104742) _set_aggregates /opt/stack/placement/placement/objects/resource_provider.py:403}}
Feb 02 11:17:27.066715 n-d-827467-1 devstack@placement-api.service[104742]: INFO placement.requestlog [req-fc1e6d77-0b3d-4df5-b93f-8801c2227483 req-541c23a9-49e6-4316-a92d-510a94188eda service placement] 10.222.0.48 "PUT /placement/resource_providers/722e756b-cff1-45c2-8b7f-93bd24cfe35d/aggregates" status: 200 len: 54 microversion: 1.19
Feb 02 11:17:27.069819 n-d-827467-1 devstack@placement-api.service[104742]: [pid: 104742|app: 0|req: 50/103] 10.222.0.48 () {64 vars in 1477 bytes} [Wed Feb 2 11:17:26 2022] PUT /placement/resource_providers/722e756b-cff1-45c2-8b7f-93bd24cfe35d/aggregates => generated 54 bytes in 133 msecs (HTTP/1.1 200) 8 headers in 295 bytes (1 switches on core 0)
Feb 02 11:17:28.061822 n-d-827467-1 devstack@placement-api.service[104743]: DEBUG placement.requestlog [req-c68e70e3-8917-44ce-a50e-4e8032c5e679 req-2485ae67-cef0-490f-a096-e5bf9cfc0293 None None] Starting request: 10.222.0.48 "GET /placement/allocation_candidates?resources=DISK_GB%3A1%2CMEMORY_MB%3A1024%2CVCPU%3A1&root_required=%21COMPUTE_STATUS_DISABLED" {{(pid=104743) __call__ /opt/stack/placement/placement/requestlog.py:55}}
Feb 02 11:17:28.156129 n-d-827467-1 devstack@placement-api.service[104743]: DEBUG placement.objects.research_context [req-c68e70e3-8917-44ce-a50e-4e8032c5e679 req-2485ae67-cef0-490f-a096-e5bf9cfc0293 service placement] getting providers with 1 DISK_GB {{(pid=104743) __init__ /opt/stack/placement/placement/objects/research_context.py:126}}
Feb 02 11:17:28.167544 n-d-827467-1 devstack@placement-api.service[104743]: DEBUG placement.objects.research_context [req-c68e70e3-8917-44ce-a50e-4e8032c5e679 req-2485ae67-cef0-490f-a096-e5bf9cfc0293 service placement] getting providers with 1024 MEMORY_MB {{(pid=104743) __init__ /opt/stack/placement/placement/objects/research_context.py:126}}
Feb 02 11:17:28.185304 n-d-827467-1 devstack@placement-api.service[104743]: DEBUG placement.objects.research_context [req-c68e70e3-8917-44ce-a50e-4e8032c5e679 req-2485ae67-cef0-490f-a096-e5bf9cfc0293 service placement] getting providers with 1 VCPU {{(pid=104743) __init__ /opt/stack/placement/placement/objects/research_context.py:126}}
Feb 02 11:17:28.199030 n-d-827467-1 devstack@placement-api.service[104743]: DEBUG placement.objects.research_context [req-c68e70e3-8917-44ce-a50e-4e8032c5e679 req-2485ae67-cef0-490f-a096-e5bf9cfc0293 service placement] found 2 providers with available 1 DISK_GB {{(pid=104743) get_provider_ids_matching /opt/stack/placement/placement/objects/research_context.py:549}}
Feb 02 11:17:28.199312 n-d-827467-1 devstack@placement-api.service[104743]: DEBUG placement.objects.research_context [req-c68e70e3-8917-44ce-a50e-4e8032c5e679 req-2485ae67-cef0-490f-a096-e5bf9cfc0293 service placement] found 2 providers with available 1024 MEMORY_MB {{(pid=104743) get_provider_ids_matching /opt/stack/placement/placement/objects/research_context.py:549}}
Feb 02 11:17:28.199588 n-d-827467-1 devstack@placement-api.service[104743]: DEBUG placement.objects.research_context [req-c68e70e3-8917-44ce-a50e-4e8032c5e679 req-2485ae67-cef0-490f-a096-e5bf9cfc0293 service placement] found 2 providers after filtering by previous result {{(pid=104743) get_provider_ids_matching /opt/stack/placement/placement/objects/research_context.py:580}}
Feb 02 11:17:28.202536 n-d-827467-1 devstack@placement-api.service[104743]: DEBUG placement.objects.research_context [req-c68e70e3-8917-44ce-a50e-4e8032c5e679 req-2485ae67-cef0-490f-a096-e5bf9cfc0293 service placement] found 2 providers with available 1 VCPU {{(pid=104743) get_provider_ids_matching /opt/stack/placement/placement/objects/research_context.py:549}}
Feb 02 11:17:28.202882 n-d-827467-1 devstack@placement-api.service[104743]: DEBUG placement.objects.research_context [req-c68e70e3-8917-44ce-a50e-4e8032c5e679 req-2485ae67-cef0-490f-a096-e5bf9cfc0293 service placement] found 2 providers after filtering by previous result {{(pid=104743) get_provider_ids_matching /opt/stack/placement/placement/objects/research_context.py:580}}
Feb 02 11:17:28.220244 n-d-827467-1 devstack@placement-api.service[104743]: DEBUG placement.objects.allocation_candidate [req-c68e70e3-8917-44ce-a50e-4e8032c5e679 req-2485ae67-cef0-490f-a096-e5bf9cfc0293 service placement] RequestGroup(use_same_provider=False, resources={DISK_GB:1, MEMORY_MB:1024, VCPU:1}, traits=[], aggregates=[]) (suffix '') returned 2 matches {{(pid=104743) _get_by_requests /opt/stack/placement/placement/objects/allocation_candidate.py:145}}
Feb 02 11:17:28.225446 n-d-827467-1 devstack@placement-api.service[104743]: DEBUG placement.objects.allocation_candidate [req-c68e70e3-8917-44ce-a50e-4e8032c5e679 req-2485ae67-cef0-490f-a096-e5bf9cfc0293 service placement] Merging candidates yields 2 allocation requests and 2 provider summaries {{(pid=104743) _merge_candidates /opt/stack/placement/placement/objects/allocation_candidate.py:783}}
Feb 02 11:17:28.225446 n-d-827467-1 devstack@placement-api.service[104743]: INFO placement.requestlog [req-c68e70e3-8917-44ce-a50e-4e8032c5e679 req-2485ae67-cef0-490f-a096-e5bf9cfc0293 service placement] 10.222.0.48 "GET /placement/allocation_candidates?resources=DISK_GB%3A1%2CMEMORY_MB%3A1024%2CVCPU%3A1&root_required=%21COMPUTE_STATUS_DISABLED" status: 200 len: 1309 microversion: 1.36
Feb 02 11:17:28.225446 n-d-827467-1 devstack@placement-api.service[104743]: [pid: 104743|app: 0|req: 54/104] 10.222.0.48 () {60 vars in 1484 bytes} [Wed Feb 2 11:17:28 2022] GET /placement/allocation_candidates?resources=DISK_GB%3A1%2CMEMORY_MB%3A1024%2CVCPU%3A1&root_required=%21COMPUTE_STATUS_DISABLED => generated 1309 bytes in 162 msecs (HTTP/1.1 200) 8 headers in 297 bytes (1 switches on core 0)
Feb 02 11:17:28.342834 n-d-827467-1 devstack@placement-api.service[104742]: DEBUG placement.requestlog [req-c68e70e3-8917-44ce-a50e-4e8032c5e679 req-d869a631-ed50-45ff-9e1d-30a7fe86b59f None None] Starting request: 10.222.0.48 "GET /placement/allocations/a1c56ab6-9ea2-4df1-aa71-b4777c75335c" {{(pid=104742) __call__ /opt/stack/placement/placement/requestlog.py:55}}
Feb 02 11:17:28.360116 n-d-827467-1 devstack@placement-api.service[104742]: INFO placement.requestlog [req-c68e70e3-8917-44ce-a50e-4e8032c5e679 req-d869a631-ed50-45ff-9e1d-30a7fe86b59f service placement] 10.222.0.48 "GET /placement/allocations/a1c56ab6-9ea2-4df1-aa71-b4777c75335c" status: 200 len: 19 microversion: 1.28
Feb 02 11:17:28.360790 n-d-827467-1 devstack@placement-api.service[104742]: [pid: 104742|app: 0|req: 51/105] 10.222.0.48 () {60 vars in 1380 bytes} [Wed Feb 2 11:17:28 2022] GET /placement/allocations/a1c56ab6-9ea2-4df1-aa71-b4777c75335c => generated 19 bytes in 18 msecs (HTTP/1.1 200) 8 headers in 295 bytes (1 switches on core 0)
Feb 02 11:17:28.376661 n-d-827467-1 devstack@placement-api.service[104743]: DEBUG placement.requestlog [req-c68e70e3-8917-44ce-a50e-4e8032c5e679 req-6780af6b-3040-4e24-b024-c5237f32aa18 None None] Starting request: 10.222.0.48 "PUT /placement/allocations/a1c56ab6-9ea2-4df1-aa71-b4777c75335c" {{(pid=104743) __call__ /opt/stack/placement/placement/requestlog.py:55}}
Feb 02 11:17:28.564919 n-d-827467-1 devstack@placement-api.service[104743]: DEBUG placement.handlers.allocation [req-c68e70e3-8917-44ce-a50e-4e8032c5e679 req-6780af6b-3040-4e24-b024-c5237f32aa18 service placement] Successfully wrote allocations [, , ] {{(pid=104743) _update_consumers_and_create_allocations /opt/stack/placement/placement/handlers/allocation.py:462}}
Feb 02 11:17:28.669064 n-d-827467-1 devstack@placement-api.service[104743]: INFO placement.requestlog [req-c68e70e3-8917-44ce-a50e-4e8032c5e679 req-6780af6b-3040-4e24-b024-c5237f32aa18 service placement] 10.222.0.48 "PUT /placement/allocations/a1c56ab6-9ea2-4df1-aa71-b4777c75335c" status: 204 len: 0 microversion: 1.36
Feb 02 11:17:28.679398 n-d-827467-1 devstack@placement-api.service[104743]: [pid: 104743|app: 0|req: 55/106] 10.222.0.48 () {64 vars in 1433 bytes} [Wed Feb 2 11:17:28 2022] PUT /placement/allocations/a1c56ab6-9ea2-4df1-aa71-b4777c75335c => generated 0 bytes in 293 msecs (HTTP/1.1 204) 5 headers in 199 bytes (1 switches on core 0)
Feb 02 11:17:29.889894 n-d-827467-1 devstack@placement-api.service[104742]: DEBUG placement.requestlog [req-c68e70e3-8917-44ce-a50e-4e8032c5e679 req-6dd238b3-6e30-4bc1-956f-5df39c9a7c89 None None] Starting request: 10.222.0.55 "GET /placement/allocations/a1c56ab6-9ea2-4df1-aa71-b4777c75335c" {{(pid=104742) __call__ /opt/stack/placement/placement/requestlog.py:55}}
Feb 02 11:17:29.908995 n-d-827467-1 devstack@placement-api.service[104742]: INFO placement.requestlog [req-c68e70e3-8917-44ce-a50e-4e8032c5e679 req-6dd238b3-6e30-4bc1-956f-5df39c9a7c89 service placement] 10.222.0.55 "GET /placement/allocations/a1c56ab6-9ea2-4df1-aa71-b4777c75335c" status: 200 len: 259 microversion: 1.28
Feb 02 11:17:29.909784 n-d-827467-1 devstack@placement-api.service[104742]: [pid: 104742|app: 0|req: 52/107] 10.222.0.55 () {60 vars in 1377 bytes} [Wed Feb 2 11:17:29 2022] GET /placement/allocations/a1c56ab6-9ea2-4df1-aa71-b4777c75335c => generated 259 bytes in 20 msecs (HTTP/1.1 200) 8 headers in 296 bytes (1 switches on core 0)
Feb 02 11:17:34.910861 n-d-827467-1 devstack@placement-api.service[104743]: DEBUG placement.requestlog [req-294bb7f1-d873-4c8a-b2b3-1d96dc1eed94 req-c91ec685-a463-40dc-8dab-1f7dda206377 None None] Starting request: 10.222.0.55 "GET /placement/resource_providers/722e756b-cff1-45c2-8b7f-93bd24cfe35d/allocations" {{(pid=104743) __call__ /opt/stack/placement/placement/requestlog.py:55}}
Feb 02 11:17:34.952221 n-d-827467-1 devstack@placement-api.service[104743]: INFO placement.requestlog [req-294bb7f1-d873-4c8a-b2b3-1d96dc1eed94 req-c91ec685-a463-40dc-8dab-1f7dda206377 service placement] 10.222.0.55 "GET /placement/resource_providers/722e756b-cff1-45c2-8b7f-93bd24cfe35d/allocations" status: 200 len: 457 microversion: 1.0
Feb 02 11:17:34.953118 n-d-827467-1 devstack@placement-api.service[104743]: [pid: 104743|app: 0|req: 56/108] 10.222.0.55 () {58 vars in 1390 bytes} [Wed Feb 2 11:17:34 2022] GET /placement/resource_providers/722e756b-cff1-45c2-8b7f-93bd24cfe35d/allocations => generated 457 bytes in 42 msecs (HTTP/1.1 200) 6 headers in 224 bytes (1 switches on core 0)
Feb 02 11:17:37.286272 n-d-827467-1 devstack@placement-api.service[104742]: DEBUG placement.requestlog [req-519c328a-46ce-4b8b-a354-f0afe9a5f7e9 req-01be5c69-9da7-4ccc-8669-792d16c5bbfa None None] Starting request: 10.222.0.26 "GET /placement/resource_providers/fcefeaf0-0e98-422c-b201-db20fea51172/allocations" {{(pid=104742) __call__ /opt/stack/placement/placement/requestlog.py:55}}
Feb 02 11:17:37.316094 n-d-827467-1 devstack@placement-api.service[104742]: INFO placement.requestlog [req-519c328a-46ce-4b8b-a354-f0afe9a5f7e9 req-01be5c69-9da7-4ccc-8669-792d16c5bbfa service placement] 10.222.0.26 "GET /placement/resource_providers/fcefeaf0-0e98-422c-b201-db20fea51172/allocations" status: 200 len: 254 microversion: 1.0
Feb 02 11:17:37.317089 n-d-827467-1 devstack@placement-api.service[104742]: [pid: 104742|app: 0|req: 53/109] 10.222.0.26 () {58 vars in 1390 bytes} [Wed Feb 2 11:17:37 2022] GET /placement/resource_providers/fcefeaf0-0e98-422c-b201-db20fea51172/allocations => generated 254 bytes in 31 msecs (HTTP/1.1 200) 6 headers in 224 bytes (1 switches on core 0)
Feb 02 11:17:49.952914 n-d-827467-1 devstack@placement-api.service[104743]: DEBUG placement.requestlog [req-947fd25b-45cb-4016-abda-3baee25a880b req-88e97dc7-d14a-4e23-b6e3-5ce46c67fcb9 None None] Starting request: 10.222.0.26 "DELETE /placement/allocations/b9bbc8a3-1baa-4893-8eed-8583c95e9904" {{(pid=104743) __call__ /opt/stack/placement/placement/requestlog.py:55}}
Feb 02 11:17:50.258126 n-d-827467-1 devstack@placement-api.service[104743]: DEBUG placement.handlers.allocation [req-947fd25b-45cb-4016-abda-3baee25a880b req-88e97dc7-d14a-4e23-b6e3-5ce46c67fcb9 service placement] Successfully deleted allocations [, , ] {{(pid=104743) delete_allocations /opt/stack/placement/placement/handlers/allocation.py:627}}
Feb 02 11:17:50.258755 n-d-827467-1 devstack@placement-api.service[104743]: INFO placement.requestlog [req-947fd25b-45cb-4016-abda-3baee25a880b req-88e97dc7-d14a-4e23-b6e3-5ce46c67fcb9 service placement] 10.222.0.26 "DELETE /placement/allocations/b9bbc8a3-1baa-4893-8eed-8583c95e9904" status: 204 len: 0 microversion: 1.0
Feb 02 11:17:50.259566 n-d-827467-1 devstack@placement-api.service[104743]: [pid: 104743|app: 0|req: 57/110] 10.222.0.26 () {60 vars in 1355 bytes} [Wed Feb 2 11:17:49 2022] DELETE /placement/allocations/b9bbc8a3-1baa-4893-8eed-8583c95e9904 => generated 0 bytes in 308 msecs (HTTP/1.1 204) 5 headers in 198 bytes (1 switches on core 0)
Feb 02 11:17:56.148758 n-d-827467-1 devstack@placement-api.service[104742]: DEBUG placement.requestlog [req-58b03b33-43b0-4564-9472-6dc909e8f032 req-2d2db2f7-babf-40e0-be48-adeed893c507 None None] Starting request: 10.222.0.55 "GET /placement/allocations/a5c929ba-9723-4d2e-8988-229854b12658" {{(pid=104742) __call__ /opt/stack/placement/placement/requestlog.py:55}}
Feb 02 11:17:56.171650 n-d-827467-1 devstack@placement-api.service[104743]: DEBUG placement.requestlog [req-32c17b50-59f2-48f7-999b-201d3959eb94 req-15168345-acb8-4532-8c9b-68071186522e None None] Starting request: 10.222.0.55 "GET /placement/allocations/a04d3b3a-5b4c-4597-88f8-45401de85b2e" {{(pid=104743) __call__ /opt/stack/placement/placement/requestlog.py:55}}
Feb 02 11:17:56.177160 n-d-827467-1 devstack@placement-api.service[104742]: INFO placement.requestlog [req-58b03b33-43b0-4564-9472-6dc909e8f032 req-2d2db2f7-babf-40e0-be48-adeed893c507 service placement] 10.222.0.55 "GET /placement/allocations/a5c929ba-9723-4d2e-8988-229854b12658" status: 200 len: 259 microversion: 1.28
Feb 02 11:17:56.178470 n-d-827467-1 devstack@placement-api.service[104742]: [pid: 104742|app: 0|req: 54/111] 10.222.0.55 () {60 vars in 1377 bytes} [Wed Feb 2 11:17:56 2022] GET /placement/allocations/a5c929ba-9723-4d2e-8988-229854b12658 => generated 259 bytes in 30 msecs (HTTP/1.1 200) 8 headers in 296 bytes (1 switches on core 0)
Feb 02 11:17:56.194202 n-d-827467-1 devstack@placement-api.service[104743]: INFO placement.requestlog [req-32c17b50-59f2-48f7-999b-201d3959eb94 req-15168345-acb8-4532-8c9b-68071186522e service placement] 10.222.0.55 "GET /placement/allocations/a04d3b3a-5b4c-4597-88f8-45401de85b2e" status: 200 len: 259 microversion: 1.28
Feb 02 11:17:56.194910 n-d-827467-1 devstack@placement-api.service[104743]: [pid: 104743|app: 0|req: 58/112] 10.222.0.55 () {60 vars in 1377 bytes} [Wed Feb 2 11:17:56 2022] GET /placement/allocations/a04d3b3a-5b4c-4597-88f8-45401de85b2e => generated 259 bytes in 24 msecs (HTTP/1.1 200) 8 headers in 296 bytes (2 switches on core 0)
Feb 02 11:18:03.103636 n-d-827467-1 devstack@placement-api.service[104742]: DEBUG placement.requestlog [req-32ae33d6-9ca2-4804-910b-61cda07e98d6 req-8dae83b4-b6cb-43a4-87ec-803ba9d1b74a None None] Starting request: 10.222.0.26 "GET /placement/allocations/7220c5fd-e98f-47b7-8ac5-345f7ea9cc65" {{(pid=104742) __call__ /opt/stack/placement/placement/requestlog.py:55}}
Feb 02 11:18:03.139923 n-d-827467-1 devstack@placement-api.service[104742]: INFO placement.requestlog [req-32ae33d6-9ca2-4804-910b-61cda07e98d6 req-8dae83b4-b6cb-43a4-87ec-803ba9d1b74a service placement] 10.222.0.26 "GET /placement/allocations/7220c5fd-e98f-47b7-8ac5-345f7ea9cc65" status: 200 len: 258 microversion: 1.28
Feb 02 11:18:03.140712 n-d-827467-1 devstack@placement-api.service[104742]: [pid: 104742|app: 0|req: 55/113] 10.222.0.26 () {60 vars in 1377 bytes} [Wed Feb 2 11:18:03 2022] GET /placement/allocations/7220c5fd-e98f-47b7-8ac5-345f7ea9cc65 => generated 258 bytes in 37 msecs (HTTP/1.1 200) 8 headers in 296 bytes (1 switches on core 0)
Feb 02 11:18:03.151236 n-d-827467-1 devstack@placement-api.service[104743]: DEBUG placement.requestlog [req-32ae33d6-9ca2-4804-910b-61cda07e98d6 req-392f9196-22f0-40ac-ad54-6178d813befa None None] Starting request: 10.222.0.26 "PUT /placement/allocations/7220c5fd-e98f-47b7-8ac5-345f7ea9cc65" {{(pid=104743) __call__ /opt/stack/placement/placement/requestlog.py:55}}
Feb 02 11:18:03.229254 n-d-827467-1 devstack@placement-api.service[104743]: DEBUG placement.handlers.allocation [req-32ae33d6-9ca2-4804-910b-61cda07e98d6 req-392f9196-22f0-40ac-ad54-6178d813befa service placement] Successfully wrote allocations [, , ] {{(pid=104743) _update_consumers_and_create_allocations /opt/stack/placement/placement/handlers/allocation.py:462}}
Feb 02 11:18:03.304689 n-d-827467-1 devstack@placement-api.service[104743]: INFO placement.requestlog [req-32ae33d6-9ca2-4804-910b-61cda07e98d6 req-392f9196-22f0-40ac-ad54-6178d813befa service placement] 10.222.0.26 "PUT /placement/allocations/7220c5fd-e98f-47b7-8ac5-345f7ea9cc65" status: 204 len: 0 microversion: 1.28
Feb 02 11:18:03.307943 n-d-827467-1 devstack@placement-api.service[104743]: [pid: 104743|app: 0|req: 59/114] 10.222.0.26 () {64 vars in 1430 bytes} [Wed Feb 2 11:18:03 2022] PUT /placement/allocations/7220c5fd-e98f-47b7-8ac5-345f7ea9cc65 => generated 0 bytes in 154 msecs (HTTP/1.1 204) 5 headers in 199 bytes (1 switches on core 0)
Feb 02 11:18:03.744419 n-d-827467-1 devstack@placement-api.service[104742]: DEBUG placement.requestlog [req-f4620b58-fd16-4a5b-a618-ee62e63fd625 req-5da37cc2-a0d9-4216-906f-d5e61ccba22f None None] Starting request: 10.222.0.48 "GET /placement/allocation_candidates?limit=1000&resources=DISK_GB%3A1%2CMEMORY_MB%3A1024%2CVCPU%3A1&root_required=%21COMPUTE_STATUS_DISABLED" {{(pid=104742) __call__ /opt/stack/placement/placement/requestlog.py:55}}
Feb 02 11:18:03.788277 n-d-827467-1 devstack@placement-api.service[104742]: DEBUG placement.objects.research_context [req-f4620b58-fd16-4a5b-a618-ee62e63fd625 req-5da37cc2-a0d9-4216-906f-d5e61ccba22f service placement] getting providers with 1 DISK_GB {{(pid=104742) __init__ /opt/stack/placement/placement/objects/research_context.py:126}}
Feb 02 11:18:03.796112 n-d-827467-1 devstack@placement-api.service[104742]: DEBUG placement.objects.research_context [req-f4620b58-fd16-4a5b-a618-ee62e63fd625 req-5da37cc2-a0d9-4216-906f-d5e61ccba22f service placement] getting providers with 1024 MEMORY_MB {{(pid=104742) __init__ /opt/stack/placement/placement/objects/research_context.py:126}}
Feb 02 11:18:03.802193 n-d-827467-1 devstack@placement-api.service[104742]: DEBUG placement.objects.research_context [req-f4620b58-fd16-4a5b-a618-ee62e63fd625 req-5da37cc2-a0d9-4216-906f-d5e61ccba22f service placement] getting providers with 1 VCPU {{(pid=104742) __init__ /opt/stack/placement/placement/objects/research_context.py:126}}
Feb 02 11:18:03.808358 n-d-827467-1 devstack@placement-api.service[104742]: DEBUG placement.objects.research_context [req-f4620b58-fd16-4a5b-a618-ee62e63fd625 req-5da37cc2-a0d9-4216-906f-d5e61ccba22f service placement] found 2 providers with available 1 DISK_GB {{(pid=104742) get_provider_ids_matching /opt/stack/placement/placement/objects/research_context.py:549}}
Feb 02 11:18:03.808698 n-d-827467-1 devstack@placement-api.service[104742]: DEBUG placement.objects.research_context [req-f4620b58-fd16-4a5b-a618-ee62e63fd625 req-5da37cc2-a0d9-4216-906f-d5e61ccba22f service placement] found 2 providers with available 1024 MEMORY_MB {{(pid=104742) get_provider_ids_matching /opt/stack/placement/placement/objects/research_context.py:549}}
Feb 02 11:18:03.809037 n-d-827467-1 devstack@placement-api.service[104742]: DEBUG placement.objects.research_context [req-f4620b58-fd16-4a5b-a618-ee62e63fd625 req-5da37cc2-a0d9-4216-906f-d5e61ccba22f service placement] found 2 providers after filtering by previous result {{(pid=104742) get_provider_ids_matching /opt/stack/placement/placement/objects/research_context.py:580}}
Feb 02 11:18:03.809369 n-d-827467-1 devstack@placement-api.service[104742]: DEBUG placement.objects.research_context [req-f4620b58-fd16-4a5b-a618-ee62e63fd625 req-5da37cc2-a0d9-4216-906f-d5e61ccba22f service placement] found 2 providers with available 1 VCPU {{(pid=104742) get_provider_ids_matching /opt/stack/placement/placement/objects/research_context.py:549}}
Feb 02 11:18:03.809757 n-d-827467-1 devstack@placement-api.service[104742]: DEBUG placement.objects.research_context [req-f4620b58-fd16-4a5b-a618-ee62e63fd625 req-5da37cc2-a0d9-4216-906f-d5e61ccba22f service placement] found 2 providers after filtering by previous result {{(pid=104742) get_provider_ids_matching /opt/stack/placement/placement/objects/research_context.py:580}}
Feb 02 11:18:03.823579 n-d-827467-1 devstack@placement-api.service[104742]: DEBUG placement.objects.allocation_candidate [req-f4620b58-fd16-4a5b-a618-ee62e63fd625 req-5da37cc2-a0d9-4216-906f-d5e61ccba22f service placement] RequestGroup(use_same_provider=False, resources={DISK_GB:1, MEMORY_MB:1024, VCPU:1}, traits=[], aggregates=[]) (suffix '') returned 2 matches {{(pid=104742) _get_by_requests /opt/stack/placement/placement/objects/allocation_candidate.py:145}}
Feb 02 11:18:03.824384 n-d-827467-1 devstack@placement-api.service[104742]: DEBUG placement.objects.allocation_candidate [req-f4620b58-fd16-4a5b-a618-ee62e63fd625 req-5da37cc2-a0d9-4216-906f-d5e61ccba22f service placement] Merging candidates yields 2 allocation requests and 2 provider summaries {{(pid=104742) _merge_candidates /opt/stack/placement/placement/objects/allocation_candidate.py:783}}
Feb 02 11:18:03.827536 n-d-827467-1 devstack@placement-api.service[104742]: INFO placement.requestlog [req-f4620b58-fd16-4a5b-a618-ee62e63fd625 req-5da37cc2-a0d9-4216-906f-d5e61ccba22f service placement] 10.222.0.48 "GET /placement/allocation_candidates?limit=1000&resources=DISK_GB%3A1%2CMEMORY_MB%3A1024%2CVCPU%3A1&root_required=%21COMPUTE_STATUS_DISABLED" status: 200 len: 1306 microversion: 1.36
Feb 02 11:18:03.828323 n-d-827467-1 devstack@placement-api.service[104742]: [pid: 104742|app: 0|req: 56/115] 10.222.0.48 () {60 vars in 1506 bytes} [Wed Feb 2 11:18:03 2022] GET /placement/allocation_candidates?limit=1000&resources=DISK_GB%3A1%2CMEMORY_MB%3A1024%2CVCPU%3A1&root_required=%21COMPUTE_STATUS_DISABLED => generated 1306 bytes in 84 msecs (HTTP/1.1 200) 8 headers in 297 bytes (1 switches on core 0)
Feb 02 11:18:03.878565 n-d-827467-1 devstack@placement-api.service[104743]: DEBUG placement.requestlog [req-f4620b58-fd16-4a5b-a618-ee62e63fd625 req-1eb41069-abb8-4431-949b-945a0e0d7c7a None None] Starting request: 10.222.0.48 "GET /placement/allocations/691db281-4e97-4cfd-a1aa-7b67fbc8bcb8" {{(pid=104743) __call__ /opt/stack/placement/placement/requestlog.py:55}}
Feb 02 11:18:03.892765 n-d-827467-1 devstack@placement-api.service[104743]: INFO placement.requestlog [req-f4620b58-fd16-4a5b-a618-ee62e63fd625 req-1eb41069-abb8-4431-949b-945a0e0d7c7a service placement] 10.222.0.48 "GET /placement/allocations/691db281-4e97-4cfd-a1aa-7b67fbc8bcb8" status: 200 len: 19 microversion: 1.28
Feb 02 11:18:03.894845 n-d-827467-1 devstack@placement-api.service[104743]: [pid: 104743|app: 0|req: 60/116] 10.222.0.48 () {60 vars in 1380 bytes} [Wed Feb 2 11:18:03 2022] GET /placement/allocations/691db281-4e97-4cfd-a1aa-7b67fbc8bcb8 => generated 19 bytes in 17 msecs (HTTP/1.1 200) 8 headers in 295 bytes (1 switches on core 0)
Feb 02 11:18:03.905517 n-d-827467-1 devstack@placement-api.service[104742]: DEBUG placement.requestlog [req-f4620b58-fd16-4a5b-a618-ee62e63fd625 req-2bb34d45-093a-4141-910a-276c45fe4a0b None None] Starting request: 10.222.0.48 "PUT /placement/allocations/691db281-4e97-4cfd-a1aa-7b67fbc8bcb8" {{(pid=104742) __call__ /opt/stack/placement/placement/requestlog.py:55}}
Feb 02 11:18:04.202734 n-d-827467-1 devstack@placement-api.service[104742]: DEBUG placement.handlers.allocation [req-f4620b58-fd16-4a5b-a618-ee62e63fd625 req-2bb34d45-093a-4141-910a-276c45fe4a0b service placement] Successfully wrote allocations [, , ] {{(pid=104742) _update_consumers_and_create_allocations /opt/stack/placement/placement/handlers/allocation.py:462}}
Feb 02 11:18:04.347836 n-d-827467-1 devstack@placement-api.service[104742]: INFO placement.requestlog [req-f4620b58-fd16-4a5b-a618-ee62e63fd625 req-2bb34d45-093a-4141-910a-276c45fe4a0b service placement] 10.222.0.48 "PUT /placement/allocations/691db281-4e97-4cfd-a1aa-7b67fbc8bcb8" status: 204 len: 0 microversion: 1.36
Feb 02 11:18:04.349011 n-d-827467-1 devstack@placement-api.service[104742]: [pid: 104742|app: 0|req: 57/117] 10.222.0.48 () {64 vars in 1433 bytes} [Wed Feb 2 11:18:03 2022] PUT /placement/allocations/691db281-4e97-4cfd-a1aa-7b67fbc8bcb8 => generated 0 bytes in 444 msecs (HTTP/1.1 204) 5 headers in 199 bytes (1 switches on core 0)
Feb 02 11:18:05.024753 n-d-827467-1 devstack@placement-api.service[104743]: DEBUG placement.requestlog [req-533ffb76-2f5e-47f5-a476-dc103a69f39e req-0da2bb0e-408b-4392-a1f0-cb0859e2c152 None None] Starting request: 10.222.0.48 "GET /placement/allocation_candidates?limit=1000&resources=DISK_GB%3A1%2CMEMORY_MB%3A1024%2CVCPU%3A1&root_required=%21COMPUTE_STATUS_DISABLED" {{(pid=104743) __call__ /opt/stack/placement/placement/requestlog.py:55}}
Feb 02 11:18:05.066911 n-d-827467-1 devstack@placement-api.service[104743]: DEBUG placement.objects.research_context [req-533ffb76-2f5e-47f5-a476-dc103a69f39e req-0da2bb0e-408b-4392-a1f0-cb0859e2c152 service placement] getting providers with 1 DISK_GB {{(pid=104743) __init__ /opt/stack/placement/placement/objects/research_context.py:126}}
Feb 02 11:18:05.075609 n-d-827467-1 devstack@placement-api.service[104743]: DEBUG placement.objects.research_context [req-533ffb76-2f5e-47f5-a476-dc103a69f39e req-0da2bb0e-408b-4392-a1f0-cb0859e2c152 service placement] getting providers with 1024 MEMORY_MB {{(pid=104743) __init__ /opt/stack/placement/placement/objects/research_context.py:126}}
Feb 02 11:18:05.081562 n-d-827467-1 devstack@placement-api.service[104743]: DEBUG placement.objects.research_context [req-533ffb76-2f5e-47f5-a476-dc103a69f39e req-0da2bb0e-408b-4392-a1f0-cb0859e2c152 service placement] getting providers with 1 VCPU {{(pid=104743) __init__ /opt/stack/placement/placement/objects/research_context.py:126}}
Feb 02 11:18:05.092289 n-d-827467-1 devstack@placement-api.service[104743]: DEBUG placement.objects.research_context [req-533ffb76-2f5e-47f5-a476-dc103a69f39e req-0da2bb0e-408b-4392-a1f0-cb0859e2c152 service placement] found 2 providers with available 1 DISK_GB {{(pid=104743) get_provider_ids_matching /opt/stack/placement/placement/objects/research_context.py:549}}
Feb 02 11:18:05.092648 n-d-827467-1 devstack@placement-api.service[104743]: DEBUG placement.objects.research_context [req-533ffb76-2f5e-47f5-a476-dc103a69f39e req-0da2bb0e-408b-4392-a1f0-cb0859e2c152 service placement] found 2 providers with available 1024 MEMORY_MB {{(pid=104743) get_provider_ids_matching /opt/stack/placement/placement/objects/research_context.py:549}}
Feb 02 11:18:05.093002 n-d-827467-1 devstack@placement-api.service[104743]: DEBUG placement.objects.research_context [req-533ffb76-2f5e-47f5-a476-dc103a69f39e req-0da2bb0e-408b-4392-a1f0-cb0859e2c152 service placement] found 2 providers after filtering by previous result {{(pid=104743) get_provider_ids_matching /opt/stack/placement/placement/objects/research_context.py:580}}
Feb 02 11:18:05.093590 n-d-827467-1 devstack@placement-api.service[104743]: DEBUG placement.objects.research_context [req-533ffb76-2f5e-47f5-a476-dc103a69f39e req-0da2bb0e-408b-4392-a1f0-cb0859e2c152 service placement] found 2 providers with available 1 VCPU {{(pid=104743) get_provider_ids_matching /opt/stack/placement/placement/objects/research_context.py:549}}
Feb 02 11:18:05.093590 n-d-827467-1 devstack@placement-api.service[104743]: DEBUG placement.objects.research_context [req-533ffb76-2f5e-47f5-a476-dc103a69f39e req-0da2bb0e-408b-4392-a1f0-cb0859e2c152 service placement] found 2 providers after filtering by previous result {{(pid=104743) get_provider_ids_matching /opt/stack/placement/placement/objects/research_context.py:580}}
Feb 02 11:18:05.107952 n-d-827467-1 devstack@placement-api.service[104743]: DEBUG placement.objects.allocation_candidate [req-533ffb76-2f5e-47f5-a476-dc103a69f39e req-0da2bb0e-408b-4392-a1f0-cb0859e2c152 service placement] RequestGroup(use_same_provider=False, resources={DISK_GB:1, MEMORY_MB:1024, VCPU:1}, traits=[], aggregates=[]) (suffix '') returned 2 matches {{(pid=104743) _get_by_requests /opt/stack/placement/placement/objects/allocation_candidate.py:145}}
Feb 02 11:18:05.112459 n-d-827467-1 devstack@placement-api.service[104743]: DEBUG placement.objects.allocation_candidate [req-533ffb76-2f5e-47f5-a476-dc103a69f39e req-0da2bb0e-408b-4392-a1f0-cb0859e2c152 service placement] Merging candidates yields 2 allocation requests and 2 provider summaries {{(pid=104743) _merge_candidates /opt/stack/placement/placement/objects/allocation_candidate.py:783}}
Feb 02 11:18:05.112459 n-d-827467-1 devstack@placement-api.service[104743]: INFO placement.requestlog [req-533ffb76-2f5e-47f5-a476-dc103a69f39e req-0da2bb0e-408b-4392-a1f0-cb0859e2c152 service placement] 10.222.0.48 "GET /placement/allocation_candidates?limit=1000&resources=DISK_GB%3A1%2CMEMORY_MB%3A1024%2CVCPU%3A1&root_required=%21COMPUTE_STATUS_DISABLED" status: 200 len: 1309 microversion: 1.36
Feb 02 11:18:05.112459 n-d-827467-1 devstack@placement-api.service[104743]: [pid: 104743|app: 0|req: 61/118] 10.222.0.48 () {60 vars in 1506 bytes} [Wed Feb 2 11:18:05 2022] GET /placement/allocation_candidates?limit=1000&resources=DISK_GB%3A1%2CMEMORY_MB%3A1024%2CVCPU%3A1&root_required=%21COMPUTE_STATUS_DISABLED => generated 1309 bytes in 86 msecs (HTTP/1.1 200) 8 headers in 297 bytes (1 switches on core 0)
Feb 02 11:18:05.165675 n-d-827467-1 devstack@placement-api.service[104742]: DEBUG placement.requestlog [req-533ffb76-2f5e-47f5-a476-dc103a69f39e req-670bf108-9bf6-49d8-9161-0735294c0acc None None] Starting request: 10.222.0.48 "GET /placement/allocations/ed7aa17c-acb9-493e-93a8-e3b79d2f5b7f" {{(pid=104742) __call__ /opt/stack/placement/placement/requestlog.py:55}}
Feb 02 11:18:05.177988 n-d-827467-1 devstack@placement-api.service[104742]: INFO placement.requestlog [req-533ffb76-2f5e-47f5-a476-dc103a69f39e req-670bf108-9bf6-49d8-9161-0735294c0acc service placement] 10.222.0.48 "GET /placement/allocations/ed7aa17c-acb9-493e-93a8-e3b79d2f5b7f" status: 200 len: 19 microversion: 1.28
Feb 02 11:18:05.178645 n-d-827467-1 devstack@placement-api.service[104742]: [pid: 104742|app: 0|req: 58/119] 10.222.0.48 () {60 vars in 1380 bytes} [Wed Feb 2 11:18:05 2022] GET /placement/allocations/ed7aa17c-acb9-493e-93a8-e3b79d2f5b7f => generated 19 bytes in 13 msecs (HTTP/1.1 200) 8 headers in 295 bytes (1 switches on core 0)
Feb 02 11:18:05.186791 n-d-827467-1 devstack@placement-api.service[104743]: DEBUG placement.requestlog [req-533ffb76-2f5e-47f5-a476-dc103a69f39e req-d08d0b10-d30d-4cbf-86bf-481a8d539354 None None] Starting request: 10.222.0.48 "PUT /placement/allocations/ed7aa17c-acb9-493e-93a8-e3b79d2f5b7f" {{(pid=104743) __call__ /opt/stack/placement/placement/requestlog.py:55}}
Feb 02 11:18:05.411162 n-d-827467-1 devstack@placement-api.service[104742]: DEBUG placement.requestlog [req-f4620b58-fd16-4a5b-a618-ee62e63fd625 req-e1c6c566-da6e-44b3-ad77-e70a25321228 None None] Starting request: 10.222.0.26 "GET /placement/allocations/691db281-4e97-4cfd-a1aa-7b67fbc8bcb8" {{(pid=104742) __call__ /opt/stack/placement/placement/requestlog.py:55}}
Feb 02 11:18:05.428029 n-d-827467-1 devstack@placement-api.service[104742]: INFO placement.requestlog [req-f4620b58-fd16-4a5b-a618-ee62e63fd625 req-e1c6c566-da6e-44b3-ad77-e70a25321228 service placement] 10.222.0.26 "GET /placement/allocations/691db281-4e97-4cfd-a1aa-7b67fbc8bcb8" status: 200 len: 258 microversion: 1.28
Feb 02 11:18:05.429292 n-d-827467-1 devstack@placement-api.service[104742]: [pid: 104742|app: 0|req: 59/120] 10.222.0.26 () {60 vars in 1377 bytes} [Wed Feb 2 11:18:05 2022] GET /placement/allocations/691db281-4e97-4cfd-a1aa-7b67fbc8bcb8 => generated 258 bytes in 18 msecs (HTTP/1.1 200) 8 headers in 296 bytes (2 switches on core 0)
Feb 02 11:18:05.560901 n-d-827467-1 devstack@placement-api.service[104743]: DEBUG placement.handlers.allocation [req-533ffb76-2f5e-47f5-a476-dc103a69f39e req-d08d0b10-d30d-4cbf-86bf-481a8d539354 service placement] Successfully wrote allocations [, , ] {{(pid=104743) _update_consumers_and_create_allocations /opt/stack/placement/placement/handlers/allocation.py:462}}
Feb 02 11:18:05.628393 n-d-827467-1 devstack@placement-api.service[104743]: INFO placement.requestlog [req-533ffb76-2f5e-47f5-a476-dc103a69f39e req-d08d0b10-d30d-4cbf-86bf-481a8d539354 service placement] 10.222.0.48 "PUT /placement/allocations/ed7aa17c-acb9-493e-93a8-e3b79d2f5b7f" status: 204 len: 0 microversion: 1.36
Feb 02 11:18:05.629009 n-d-827467-1 devstack@placement-api.service[104743]: [pid: 104743|app: 0|req: 62/121] 10.222.0.48 () {64 vars in 1433 bytes} [Wed Feb 2 11:18:05 2022] PUT /placement/allocations/ed7aa17c-acb9-493e-93a8-e3b79d2f5b7f => generated 0 bytes in 443 msecs (HTTP/1.1 204) 5 headers in 199 bytes (1 switches on core 0)
Feb 02 11:18:06.353005 n-d-827467-1 devstack@placement-api.service[104742]: DEBUG placement.requestlog [req-b74b7b24-b8c3-4af6-953c-e6f23922004f req-b184f124-acd7-41c7-9f6d-3b2c773eb353 None None] Starting request: 10.222.0.48 "GET /placement/allocation_candidates?limit=1000&resources=DISK_GB%3A1%2CMEMORY_MB%3A1024%2CVCPU%3A1&root_required=%21COMPUTE_STATUS_DISABLED" {{(pid=104742) __call__ /opt/stack/placement/placement/requestlog.py:55}}
Feb 02 11:18:06.389754 n-d-827467-1 devstack@placement-api.service[104742]: DEBUG placement.objects.research_context [req-b74b7b24-b8c3-4af6-953c-e6f23922004f req-b184f124-acd7-41c7-9f6d-3b2c773eb353 service placement] getting providers with 1 DISK_GB {{(pid=104742) __init__ /opt/stack/placement/placement/objects/research_context.py:126}}
Feb 02 11:18:06.397718 n-d-827467-1 devstack@placement-api.service[104742]: DEBUG placement.objects.research_context [req-b74b7b24-b8c3-4af6-953c-e6f23922004f req-b184f124-acd7-41c7-9f6d-3b2c773eb353 service placement] getting providers with 1024 MEMORY_MB {{(pid=104742) __init__ /opt/stack/placement/placement/objects/research_context.py:126}}
Feb 02 11:18:06.403654 n-d-827467-1 devstack@placement-api.service[104742]: DEBUG placement.objects.research_context [req-b74b7b24-b8c3-4af6-953c-e6f23922004f req-b184f124-acd7-41c7-9f6d-3b2c773eb353 service placement] getting providers with 1 VCPU {{(pid=104742) __init__ /opt/stack/placement/placement/objects/research_context.py:126}}
Feb 02 11:18:06.409771 n-d-827467-1 devstack@placement-api.service[104742]: DEBUG placement.objects.research_context [req-b74b7b24-b8c3-4af6-953c-e6f23922004f req-b184f124-acd7-41c7-9f6d-3b2c773eb353 service placement] found 2 providers with available 1 DISK_GB {{(pid=104742) get_provider_ids_matching /opt/stack/placement/placement/objects/research_context.py:549}}
Feb 02 11:18:06.410340 n-d-827467-1 devstack@placement-api.service[104742]: DEBUG placement.objects.research_context [req-b74b7b24-b8c3-4af6-953c-e6f23922004f req-b184f124-acd7-41c7-9f6d-3b2c773eb353 service placement] found 2 providers with available 1024 MEMORY_MB {{(pid=104742) get_provider_ids_matching /opt/stack/placement/placement/objects/research_context.py:549}}
Feb 02 11:18:06.410813 n-d-827467-1 devstack@placement-api.service[104742]: DEBUG placement.objects.research_context [req-b74b7b24-b8c3-4af6-953c-e6f23922004f req-b184f124-acd7-41c7-9f6d-3b2c773eb353 service placement] found 2 providers after filtering by previous result {{(pid=104742) get_provider_ids_matching /opt/stack/placement/placement/objects/research_context.py:580}}
