Feb 01 17:17:18.386916 n-d-827314-1 neutron-server[103890]: DEBUG neutron.wsgi [-] (103890) accepted ('10.222.0.52', 40894) {{(pid=103890) server /usr/local/lib/python3.8/dist-packages/eventlet/wsgi.py:1004}}
Feb 01 17:17:18.422114 n-d-827314-1 neutron-server[103890]: DEBUG neutron.plugins.ml2.plugin [req-c9ffed8e-1406-4799-8635-963876775a8f req-5599f6e0-8c2c-460c-b9af-a1e79a1cacd9 tempest-AggregatesAdminTestJSON-281221787 tempest-AggregatesAdminTestJSON-281221787-project] Deleting port ee2523d8-306b-4606-a8a9-925d8a052929 {{(pid=103890) _pre_delete_port /opt/stack/neutron/neutron/plugins/ml2/plugin.py:1984}}
Feb 01 17:17:18.423203 n-d-827314-1 neutron-server[103890]: DEBUG neutron_lib.callbacks.manager [req-c9ffed8e-1406-4799-8635-963876775a8f req-5599f6e0-8c2c-460c-b9af-a1e79a1cacd9 tempest-AggregatesAdminTestJSON-281221787 tempest-AggregatesAdminTestJSON-281221787-project] Publish callbacks ['neutron.db.l3_db.L3_NAT_dbonly_mixin._prevent_l3_port_delete_callback-8736061544798'] for port (ee2523d8-306b-4606-a8a9-925d8a052929), before_delete {{(pid=103890) _notify_loop /usr/local/lib/python3.8/dist-packages/neutron_lib/callbacks/manager.py:176}}
Feb 01 17:17:18.610971 n-d-827314-1 neutron-server[103890]: DEBUG neutron.plugins.ml2.db [req-c9ffed8e-1406-4799-8635-963876775a8f req-5599f6e0-8c2c-460c-b9af-a1e79a1cacd9 tempest-AggregatesAdminTestJSON-281221787 tempest-AggregatesAdminTestJSON-281221787-project] For port ee2523d8-306b-4606-a8a9-925d8a052929, host n-h1-827314-1, got binding levels [PortBindingLevel(driver='hyperv',host='n-h1-827314-1',level=0,port_id=ee2523d8-306b-4606-a8a9-925d8a052929,segment=NetworkSegment(fc375f7d-3419-4993-9bf9-7e3e96a909f6),segment_id=fc375f7d-3419-4993-9bf9-7e3e96a909f6)] {{(pid=103890) get_binding_level_objs /opt/stack/neutron/neutron/plugins/ml2/db.py:74}}
Feb 01 17:17:18.611685 n-d-827314-1 neutron-server[103890]: DEBUG neutron_lib.callbacks.manager [req-c9ffed8e-1406-4799-8635-963876775a8f req-5599f6e0-8c2c-460c-b9af-a1e79a1cacd9 tempest-AggregatesAdminTestJSON-281221787 tempest-AggregatesAdminTestJSON-281221787-project] Publish callbacks ['neutron.services.l3_router.l3_router_plugin.L3_NAT_dbonly_mixin._precommit_delete_port_callback-1523576'] for port (ee2523d8-306b-4606-a8a9-925d8a052929), precommit_delete {{(pid=103890) _notify_loop /usr/local/lib/python3.8/dist-packages/neutron_lib/callbacks/manager.py:176}}
Feb 01 17:17:18.615406 n-d-827314-1 neutron-server[103891]: DEBUG neutron.api.rpc.handlers.resources_rpc [None req-5b4d4e9f-1fb5-4f22-a2af-402d0335bd86 service neutron] Pushing event updated for resources: {'Port': ['ID=c2016c10-1dba-4d90-a8bf-ecdf491c7dec,revision_number=3']} {{(pid=103891) push /opt/stack/neutron/neutron/api/rpc/handlers/resources_rpc.py:237}}
Feb 01 17:17:18.622373 n-d-827314-1 neutron-server[103891]: INFO neutron.wsgi [req-f655b682-2527-4677-a2ee-7e2484656ab4 req-4bb7916e-7058-4c44-9fb2-baaffa293a40 service neutron] 10.222.0.88 "GET /v2.0/ports?tenant_id=6eb5ba44fe994ba9994ef2b725cbb0f3&device_id=ca20d6ac-c4ce-4cd9-bb2a-7004d7d847ca HTTP/1.1" status: 200 len: 210 time: 0.0565834
Feb 01 17:17:18.651450 n-d-827314-1 neutron-server[103890]: DEBUG neutron.plugins.ml2.plugin [req-c9ffed8e-1406-4799-8635-963876775a8f req-5599f6e0-8c2c-460c-b9af-a1e79a1cacd9 tempest-AggregatesAdminTestJSON-281221787 tempest-AggregatesAdminTestJSON-281221787-project] Calling delete_port for ee2523d8-306b-4606-a8a9-925d8a052929 owned by compute:tempest-test_az-572036242 {{(pid=103890) delete_port /opt/stack/neutron/neutron/plugins/ml2/plugin.py:2062}}
Feb 01 17:17:18.673053 n-d-827314-1 neutron-server[103891]: INFO neutron.wsgi [req-a56a2674-530d-44e5-bbcf-2074e178270a req-1c149287-aee5-4f55-9b11-480a7661d30c tempest-ServersWithSpecificFlavorTestJSON-1957047301 tempest-ServersWithSpecificFlavorTestJSON-1957047301-project] 10.222.0.52 "GET /v2.0/security-groups?name=tempest-securitygroup--946306826&fields=id&tenant_id=6cec40a273f941369f3c6b4a32520484 HTTP/1.1" status: 200 len: 267 time: 0.2233298
Feb 01 17:17:18.760564 n-d-827314-1 neutron-server[103890]: DEBUG neutron_lib.callbacks.manager [None req-fc8fd2e0-19f6-4229-aa7e-451fbaa2fc1c admin admin] Publish callbacks [] for security_group (None), before_create {{(pid=103890) _notify_loop /usr/local/lib/python3.8/dist-packages/neutron_lib/callbacks/manager.py:176}}
Feb 01 17:17:18.840018 n-d-827314-1 neutron-server[103891]: DEBUG neutron.pecan_wsgi.hooks.policy_enforcement [req-0c0b86c5-20e7-4ecd-a2d9-9f4fc07cf1f3 req-fee39a50-fa10-4378-9abf-b3622c63facf tempest-AggregatesAdminTestJSON-281221787 tempest-AggregatesAdminTestJSON-281221787-project] Attributes excluded by policy engine: ['standard_attr_id', 'binding:profile', 'binding:host_id', 'binding:vif_type', 'binding:vif_details'] {{(pid=103891) _exclude_attributes_by_policy /opt/stack/neutron/neutron/pecan_wsgi/hooks/policy_enforcement.py:255}}
Feb 01 17:17:18.841511 n-d-827314-1 neutron-server[103891]: INFO neutron.wsgi [req-0c0b86c5-20e7-4ecd-a2d9-9f4fc07cf1f3 req-fee39a50-fa10-4378-9abf-b3622c63facf tempest-AggregatesAdminTestJSON-281221787 tempest-AggregatesAdminTestJSON-281221787-project] 10.222.0.52 "GET /v2.0/ports?device_id=d120ae65-6f78-42ab-8827-c178d0801af6 HTTP/1.1" status: 200 len: 971 time: 0.4351981
Feb 01 17:17:18.895426 n-d-827314-1 neutron-server[103890]: DEBUG neutron_lib.callbacks.manager [None req-fc8fd2e0-19f6-4229-aa7e-451fbaa2fc1c admin admin] Publish callbacks [] for security_group (4cf7d78f-899d-4ad1-a630-5b799c75363d), precommit_create {{(pid=103890) _notify_loop /usr/local/lib/python3.8/dist-packages/neutron_lib/callbacks/manager.py:176}}
Feb 01 17:17:18.905030 n-d-827314-1 neutron-server[103891]: DEBUG neutron.pecan_wsgi.hooks.policy_enforcement [req-a56a2674-530d-44e5-bbcf-2074e178270a req-96037d6c-a43e-4498-91aa-eefb45a22a5c tempest-ServersWithSpecificFlavorTestJSON-1957047301 tempest-ServersWithSpecificFlavorTestJSON-1957047301-project] Attributes excluded by policy engine: ['standard_attr_id', 'vlan_transparent', 'provider:network_type', 'provider:physical_network', 'provider:segmentation_id'] {{(pid=103891) _exclude_attributes_by_policy /opt/stack/neutron/neutron/pecan_wsgi/hooks/policy_enforcement.py:255}}
Feb 01 17:17:18.909197 n-d-827314-1 neutron-server[103891]: INFO neutron.wsgi [req-a56a2674-530d-44e5-bbcf-2074e178270a req-96037d6c-a43e-4498-91aa-eefb45a22a5c tempest-ServersWithSpecificFlavorTestJSON-1957047301 tempest-ServersWithSpecificFlavorTestJSON-1957047301-project] 10.222.0.52 "GET /v2.0/networks?id=0616e3d4-6705-4956-b997-494bb98abf0e HTTP/1.1" status: 200 len: 823 time: 0.2149789
Feb 01 17:17:18.911578 n-d-827314-1 neutron-server[103891]: DEBUG neutron.pecan_wsgi.hooks.policy_enforcement [req-3febccbc-3a91-4124-ac6d-efe14debbd5a req-86daac48-03f7-4f78-b695-866079eb5de2 service neutron] Attributes excluded by policy engine: ['standard_attr_id'] {{(pid=103891) _exclude_attributes_by_policy /opt/stack/neutron/neutron/pecan_wsgi/hooks/policy_enforcement.py:255}}
Feb 01 17:17:18.913591 n-d-827314-1 neutron-server[103891]: INFO neutron.wsgi [req-3febccbc-3a91-4124-ac6d-efe14debbd5a req-86daac48-03f7-4f78-b695-866079eb5de2 service neutron] 10.222.0.102 "GET /v2.0/ports?tenant_id=8295a405f3b34b8582559829ec8b1210&device_id=7346b715-2c1c-4866-abae-ad78944fe1f9 HTTP/1.1" status: 200 len: 1151 time: 0.3722777
Feb 01 17:17:18.922393 n-d-827314-1 neutron-server[103890]: DEBUG neutron_lib.callbacks.manager [req-c9ffed8e-1406-4799-8635-963876775a8f req-5599f6e0-8c2c-460c-b9af-a1e79a1cacd9 tempest-AggregatesAdminTestJSON-281221787 tempest-AggregatesAdminTestJSON-281221787-project] Publish callbacks ['neutron.plugins.ml2.plugin.SecurityGroupServerNotifierRpcMixin._notify_sg_on_port_change-3713863', 'neutron.plugins.ml2.ovo_rpc._ObjectChangeHandler.handle_event-258446', 'neutron.api.rpc.agentnotifiers.dhcp_rpc_agent_api.DhcpAgentNotifyAPI._native_event_send_dhcp_notification-1612061', 'neutron.db.l3_db.L3RpcNotifierMixin._notify_routers_callback-8736061550008', 'neutron.db.l3_dvrscheduler_db._notify_port_delete-8736060973599'] for port (ee2523d8-306b-4606-a8a9-925d8a052929), after_delete {{(pid=103890) _notify_loop /usr/local/lib/python3.8/dist-packages/neutron_lib/callbacks/manager.py:176}}
Feb 01 17:17:18.935025 n-d-827314-1 neutron-server[103892]: DEBUG neutron.plugins.ml2.db [None req-c734de48-9953-4b8e-97ec-50055bd213da None None] get_ports_and_sgs() called for port_ids ['ee2523d8-306b-4606-a8a9-925d8a052929'] {{(pid=103892) get_ports_and_sgs /opt/stack/neutron/neutron/plugins/ml2/db.py:156}}
Feb 01 17:17:18.965477 n-d-827314-1 neutron-server[103890]: DEBUG neutron.api.rpc.handlers.resources_rpc [None req-5599f6e0-8c2c-460c-b9af-a1e79a1cacd9 tempest-AggregatesAdminTestJSON-281221787 tempest-AggregatesAdminTestJSON-281221787-project] Pushing event deleted for resources: {'Port': ['ID=ee2523d8-306b-4606-a8a9-925d8a052929,revision_number=None']} {{(pid=103890) push /opt/stack/neutron/neutron/api/rpc/handlers/resources_rpc.py:237}}
Feb 01 17:17:19.017293 n-d-827314-1 neutron-server[103891]: DEBUG neutron.pecan_wsgi.hooks.policy_enforcement [req-f655b682-2527-4677-a2ee-7e2484656ab4 req-c8d106b2-be9d-4d93-ae06-2fb9aea4270b service neutron] Attributes excluded by policy engine: ['standard_attr_id', 'vlan_transparent'] {{(pid=103891) _exclude_attributes_by_policy /opt/stack/neutron/neutron/pecan_wsgi/hooks/policy_enforcement.py:255}}
Feb 01 17:17:19.019105 n-d-827314-1 neutron-server[103891]: INFO neutron.wsgi [req-f655b682-2527-4677-a2ee-7e2484656ab4 req-c8d106b2-be9d-4d93-ae06-2fb9aea4270b service neutron] 10.222.0.88 "GET /v2.0/networks?tenant_id=6eb5ba44fe994ba9994ef2b725cbb0f3&shared=False HTTP/1.1" status: 200 len: 922 time: 0.3582895
Feb 01 17:17:19.019605 n-d-827314-1 neutron-server[103890]: DEBUG neutron.db.l3_dvrscheduler_db [req-c9ffed8e-1406-4799-8635-963876775a8f req-5599f6e0-8c2c-460c-b9af-a1e79a1cacd9 tempest-AggregatesAdminTestJSON-281221787 tempest-AggregatesAdminTestJSON-281221787-project] No DVR routers for this DVR port ee2523d8-306b-4606-a8a9-925d8a052929 on host n-h1-827314-1 {{(pid=103890) get_dvr_routers_to_remove /opt/stack/neutron/neutron/db/l3_dvrscheduler_db.py:214}}
Feb 01 17:17:19.020590 n-d-827314-1 neutron-server[103891]: INFO neutron.wsgi [req-3febccbc-3a91-4124-ac6d-efe14debbd5a req-5bd6f8c6-4ac2-4e6f-a17e-3334ebe1923e service neutron] 10.222.0.102 "GET /v2.0/floatingips?fixed_ip_address=192.168.233.195&port_id=c2016c10-1dba-4d90-a8bf-ecdf491c7dec HTTP/1.1" status: 200 len: 217 time: 0.0926800
Feb 01 17:17:19.021106 n-d-827314-1 neutron-server[103890]: DEBUG neutron_lib.callbacks.manager [None req-fc8fd2e0-19f6-4229-aa7e-451fbaa2fc1c admin admin] Publish callbacks ['neutron.plugins.ml2.ovo_rpc._ObjectChangeHandler.handle_event-1673393'] for security_group (4cf7d78f-899d-4ad1-a630-5b799c75363d), after_create {{(pid=103890) _notify_loop /usr/local/lib/python3.8/dist-packages/neutron_lib/callbacks/manager.py:176}}
Feb 01 17:17:19.021847 n-d-827314-1 neutron-server[103891]: INFO neutron.wsgi [req-a56a2674-530d-44e5-bbcf-2074e178270a req-82c5ec05-5e73-4228-bf3f-3399404228ec tempest-ServersWithSpecificFlavorTestJSON-1957047301 tempest-ServersWithSpecificFlavorTestJSON-1957047301-project] 10.222.0.52 "GET /v2.0/quotas/6cec40a273f941369f3c6b4a32520484 HTTP/1.1" status: 200 len: 375 time: 0.1016707
Feb 01 17:17:19.027957 n-d-827314-1 neutron-server[103890]: DEBUG neutron_lib.callbacks.manager [req-c9ffed8e-1406-4799-8635-963876775a8f req-5599f6e0-8c2c-460c-b9af-a1e79a1cacd9 tempest-AggregatesAdminTestJSON-281221787 tempest-AggregatesAdminTestJSON-281221787-project] Publish callbacks ['neutron.notifiers.nova.Notifier._send_nova_notification-172371'] for port (None), before_response {{(pid=103890) _notify_loop /usr/local/lib/python3.8/dist-packages/neutron_lib/callbacks/manager.py:176}}
Feb 01 17:17:19.033799 n-d-827314-1 neutron-server[103891]: INFO neutron.wsgi [req-0c0b86c5-20e7-4ecd-a2d9-9f4fc07cf1f3 req-18fb7deb-4c5c-4153-8143-331c07b1cfcf tempest-AggregatesAdminTestJSON-281221787 tempest-AggregatesAdminTestJSON-281221787-project] 10.222.0.52 "GET /v2.0/security-groups?id=9274589d-bc37-4b6a-b45e-037af0717767&fields=id&fields=name HTTP/1.1" status: 200 len: 286 time: 0.1621890
Feb 01 17:17:19.034324 n-d-827314-1 neutron-server[103890]: INFO neutron.wsgi [req-c9ffed8e-1406-4799-8635-963876775a8f req-5599f6e0-8c2c-460c-b9af-a1e79a1cacd9 tempest-AggregatesAdminTestJSON-281221787 tempest-AggregatesAdminTestJSON-281221787-project] 10.222.0.102 "DELETE /v2.0/ports/ee2523d8-306b-4606-a8a9-925d8a052929 HTTP/1.1" status: 204 len: 173 time: 0.8411300
Feb 01 17:17:19.067017 n-d-827314-1 neutron-server[103890]: INFO neutron.wsgi [None req-fc8fd2e0-19f6-4229-aa7e-451fbaa2fc1c admin admin] 10.222.0.52 "GET /v2.0/security-groups?tenant_id=9edcf9d7cad44cba8f8c2020a0c175ac&name=default HTTP/1.1" status: 200 len: 2996 time: 0.6775932
Feb 01 17:17:19.096780 n-d-827314-1 neutron-server[103890]: DEBUG neutron.wsgi [-] (103890) accepted ('10.222.0.52', 40916) {{(pid=103890) server /usr/local/lib/python3.8/dist-packages/eventlet/wsgi.py:1004}}
Feb 01 17:17:19.100228 n-d-827314-1 neutron-server[103890]: DEBUG neutron.api.rpc.handlers.resources_rpc [None req-fc8fd2e0-19f6-4229-aa7e-451fbaa2fc1c admin admin] Pushing event updated for resources: {'SecurityGroup': ['ID=4cf7d78f-899d-4ad1-a630-5b799c75363d,revision_number=1']} {{(pid=103890) push /opt/stack/neutron/neutron/api/rpc/handlers/resources_rpc.py:237}}
Feb 01 17:17:19.169059 n-d-827314-1 neutron-server[103891]: DEBUG novaclient.v2.client [-] RESP: [200] Connection: close Content-Length: 179 Content-Type: application/json Date: Tue, 01 Feb 2022 17:17:18 GMT OpenStack-API-Version: compute 2.1 Server: Apache/2.4.41 (Ubuntu) Vary: OpenStack-API-Version,X-OpenStack-Nova-API-Version X-OpenStack-Nova-API-Version: 2.1 x-compute-request-id: req-2e865df3-fa3e-43b1-a0f9-c21b30593ae6 x-openstack-request-id: req-2e865df3-fa3e-43b1-a0f9-c21b30593ae6 {{(pid=103891) _http_log_response /usr/local/lib/python3.8/dist-packages/keystoneauth1/session.py:550}}
Feb 01 17:17:19.169358 n-d-827314-1 neutron-server[103891]: DEBUG novaclient.v2.client [-] RESP BODY: {"events": [{"name": "network-changed", "server_uuid": "7346b715-2c1c-4866-abae-ad78944fe1f9", "tag": "c2016c10-1dba-4d90-a8bf-ecdf491c7dec", "status": "completed", "code": 200}]} {{(pid=103891) _http_log_response /usr/local/lib/python3.8/dist-packages/keystoneauth1/session.py:582}}
Feb 01 17:17:19.169617 n-d-827314-1 neutron-server[103891]: DEBUG novaclient.v2.client [-] POST call to compute for http://10.222.0.52/compute/v2.1/os-server-external-events used request id req-2e865df3-fa3e-43b1-a0f9-c21b30593ae6 {{(pid=103891) request /usr/local/lib/python3.8/dist-packages/keystoneauth1/session.py:954}}
Feb 01 17:17:19.170015 n-d-827314-1 neutron-server[103891]: INFO neutron.notifiers.nova [-] Nova event response: {'name': 'network-changed', 'server_uuid': '7346b715-2c1c-4866-abae-ad78944fe1f9', 'tag': 'c2016c10-1dba-4d90-a8bf-ecdf491c7dec', 'status': 'completed', 'code': 200}
Feb 01 17:17:19.252176 n-d-827314-1 neutron-server[103890]: DEBUG neutron_lib.callbacks.manager [None req-84ca7fc1-72ad-41e7-8a3b-b382f183c6c5 admin admin] Publish callbacks [] for security_group (4cf7d78f-899d-4ad1-a630-5b799c75363d), before_delete {{(pid=103890) _notify_loop /usr/local/lib/python3.8/dist-packages/neutron_lib/callbacks/manager.py:176}}
Feb 01 17:17:19.286775 n-d-827314-1 neutron-server[103890]: DEBUG neutron_lib.callbacks.manager [None req-84ca7fc1-72ad-41e7-8a3b-b382f183c6c5 admin admin] Publish callbacks [] for security_group (4cf7d78f-899d-4ad1-a630-5b799c75363d), precommit_delete {{(pid=103890) _notify_loop /usr/local/lib/python3.8/dist-packages/neutron_lib/callbacks/manager.py:176}}
Feb 01 17:17:19.442969 n-d-827314-1 neutron-server[103890]: DEBUG neutron_lib.callbacks.manager [None req-84ca7fc1-72ad-41e7-8a3b-b382f183c6c5 admin admin] Publish callbacks ['neutron.plugins.ml2.ovo_rpc._ObjectChangeHandler.handle_event-1673393'] for security_group (4cf7d78f-899d-4ad1-a630-5b799c75363d), after_delete {{(pid=103890) _notify_loop /usr/local/lib/python3.8/dist-packages/neutron_lib/callbacks/manager.py:176}}
Feb 01 17:17:19.446678 n-d-827314-1 neutron-server[103890]: DEBUG neutron_lib.callbacks.manager [None req-84ca7fc1-72ad-41e7-8a3b-b382f183c6c5 admin admin] Publish callbacks [] for security_group (None), before_response {{(pid=103890) _notify_loop /usr/local/lib/python3.8/dist-packages/neutron_lib/callbacks/manager.py:176}}
Feb 01 17:17:19.448245 n-d-827314-1 neutron-server[103890]: INFO neutron.wsgi [None req-84ca7fc1-72ad-41e7-8a3b-b382f183c6c5 admin admin] 10.222.0.52 "DELETE /v2.0/security-groups/4cf7d78f-899d-4ad1-a630-5b799c75363d HTTP/1.1" status: 204 len: 168 time: 0.3474169
Feb 01 17:17:19.456874 n-d-827314-1 neutron-server[103890]: DEBUG neutron.api.rpc.handlers.resources_rpc [None req-84ca7fc1-72ad-41e7-8a3b-b382f183c6c5 admin admin] Pushing event deleted for resources: {'SecurityGroup': ['ID=4cf7d78f-899d-4ad1-a630-5b799c75363d,revision_number=None']} {{(pid=103890) push /opt/stack/neutron/neutron/api/rpc/handlers/resources_rpc.py:237}}
Feb 01 17:17:19.533101 n-d-827314-1 neutron-server[103890]: DEBUG neutron.notifiers.nova [-] Sending events: [{'server_uuid': '177778db-66db-4e57-b9ce-a48d1c4c1ecc', 'name': 'network-vif-deleted', 'tag': 'f1cfe57a-f7e2-4751-be35-2e90f75f8222'}, {'server_uuid': 'd120ae65-6f78-42ab-8827-c178d0801af6', 'name': 'network-vif-deleted', 'tag': 'ee2523d8-306b-4606-a8a9-925d8a052929'}] {{(pid=103890) send_events /opt/stack/neutron/neutron/notifiers/nova.py:266}}
Feb 01 17:17:19.535909 n-d-827314-1 neutron-server[103890]: DEBUG novaclient.v2.client [-] REQ: curl -g -i --cacert "/opt/stack/data/ca-bundle.pem" -X POST http://10.222.0.52/compute/v2.1/os-server-external-events -H "Accept: application/json" -H "Content-Type: application/json" -H "User-Agent: python-novaclient" -H "X-Auth-Token: {SHA256}ef000683aadd3dc9018ca2c02bf8ed0fabcb59878ce0d5fb0924e9adf9d0a31d" -H "X-OpenStack-Nova-API-Version: 2.1" -H "X-OpenStack-Request-ID: req-321d57ba-faf3-4c54-9e0f-d5a6426c7267" -d '{"events": [{"server_uuid": "177778db-66db-4e57-b9ce-a48d1c4c1ecc", "name": "network-vif-deleted", "tag": "f1cfe57a-f7e2-4751-be35-2e90f75f8222"}, {"server_uuid": "d120ae65-6f78-42ab-8827-c178d0801af6", "name": "network-vif-deleted", "tag": "ee2523d8-306b-4606-a8a9-925d8a052929"}]}' {{(pid=103890) _http_log_request /usr/local/lib/python3.8/dist-packages/keystoneauth1/session.py:519}}
Feb 01 17:17:19.541275 n-d-827314-1 neutron-server[103891]: DEBUG neutron.pecan_wsgi.hooks.policy_enforcement [req-3febccbc-3a91-4124-ac6d-efe14debbd5a req-01418b14-6c0e-4ddf-9b07-cd03b77444bb service neutron] Attributes excluded by policy engine: ['standard_attr_id', 'shared'] {{(pid=103891) _exclude_attributes_by_policy /opt/stack/neutron/neutron/pecan_wsgi/hooks/policy_enforcement.py:255}}
Feb 01 17:17:19.542740 n-d-827314-1 neutron-server[103891]: INFO neutron.wsgi [req-3febccbc-3a91-4124-ac6d-efe14debbd5a req-01418b14-6c0e-4ddf-9b07-cd03b77444bb service neutron] 10.222.0.102 "GET /v2.0/subnets?id=bf4546ba-4d77-4de2-aaba-823d7b7cc2f5 HTTP/1.1" status: 200 len: 843 time: 0.5056341
Feb 01 17:17:19.547067 n-d-827314-1 neutron-server[103891]: INFO neutron.wsgi [req-63c4e8e3-d249-47e1-a400-25c2f3744512 req-36ce10d9-5ccc-4604-933c-4db0b4d69285 tempest-LiveAutoBlockMigrationV225Test-90871474 tempest-LiveAutoBlockMigrationV225Test-90871474-project] 10.222.0.52 "GET /v2.0/ports?device_id=ca20d6ac-c4ce-4cd9-bb2a-7004d7d847ca HTTP/1.1" status: 200 len: 210 time: 0.2896633
Feb 01 17:17:19.597178 n-d-827314-1 neutron-server[103891]: DEBUG neutron.pecan_wsgi.hooks.policy_enforcement [req-f655b682-2527-4677-a2ee-7e2484656ab4 req-eb4f1160-b0df-4165-a5fa-f40e1e543da1 service neutron] Attributes excluded by policy engine: ['standard_attr_id', 'vlan_transparent'] {{(pid=103891) _exclude_attributes_by_policy /opt/stack/neutron/neutron/pecan_wsgi/hooks/policy_enforcement.py:255}}
Feb 01 17:17:19.598661 n-d-827314-1 neutron-server[103891]: INFO neutron.wsgi [req-f655b682-2527-4677-a2ee-7e2484656ab4 req-eb4f1160-b0df-4165-a5fa-f40e1e543da1 service neutron] 10.222.0.88 "GET /v2.0/networks?shared=True HTTP/1.1" status: 200 len: 870 time: 0.5639217
Feb 01 17:17:19.605651 n-d-827314-1 neutron-server[103891]: INFO neutron.wsgi [req-a56a2674-530d-44e5-bbcf-2074e178270a req-696ba829-d3e7-47ee-8d47-82757a4f1c53 tempest-ServersWithSpecificFlavorTestJSON-1957047301 tempest-ServersWithSpecificFlavorTestJSON-1957047301-project] 10.222.0.52 "GET /v2.0/ports?tenant_id=6cec40a273f941369f3c6b4a32520484&fields=id HTTP/1.1" status: 200 len: 302 time: 0.5697381
Feb 01 17:17:19.681947 n-d-827314-1 neutron-server[103891]: INFO neutron.wsgi [req-f655b682-2527-4677-a2ee-7e2484656ab4 req-8d8887dd-a976-4f5a-a89e-eb5da4b115cf tempest-LiveAutoBlockMigrationV225Test-90871474 tempest-LiveAutoBlockMigrationV225Test-90871474-project] 10.222.0.88 "GET /v2.0/ports?device_id=ca20d6ac-c4ce-4cd9-bb2a-7004d7d847ca HTTP/1.1" status: 200 len: 210 time: 0.0308695
Feb 01 17:17:19.683755 n-d-827314-1 neutron-server[103891]: DEBUG neutron.pecan_wsgi.hooks.policy_enforcement [req-3febccbc-3a91-4124-ac6d-efe14debbd5a req-b9cd5f74-d1df-4b01-ab7f-7fc261e50393 service neutron] Attributes excluded by policy engine: ['standard_attr_id'] {{(pid=103891) _exclude_attributes_by_policy /opt/stack/neutron/neutron/pecan_wsgi/hooks/policy_enforcement.py:255}}
Feb 01 17:17:19.685163 n-d-827314-1 neutron-server[103891]: INFO neutron.wsgi [req-3febccbc-3a91-4124-ac6d-efe14debbd5a req-b9cd5f74-d1df-4b01-ab7f-7fc261e50393 service neutron] 10.222.0.102 "GET /v2.0/ports?network_id=27087996-19c1-4401-bdd3-6df0f315161e&device_owner=network%3Adhcp HTTP/1.1" status: 200 len: 1203 time: 0.1343262
Feb 01 17:17:19.708128 n-d-827314-1 neutron-server[103891]: DEBUG neutron.pecan_wsgi.hooks.policy_enforcement [req-d259943b-4d4e-44b9-ae65-d8034af0cc2d req-88fd4751-7913-4a95-9cc0-186b2ccc3570 tempest-ServerDiagnosticsNegativeTest-1018983967 tempest-ServerDiagnosticsNegativeTest-1018983967-project] Attributes excluded by policy engine: ['standard_attr_id', 'binding:profile', 'binding:host_id', 'binding:vif_type', 'binding:vif_details'] {{(pid=103891) _exclude_attributes_by_policy /opt/stack/neutron/neutron/pecan_wsgi/hooks/policy_enforcement.py:255}}
Feb 01 17:17:19.709630 n-d-827314-1 neutron-server[103891]: INFO neutron.wsgi [req-d259943b-4d4e-44b9-ae65-d8034af0cc2d req-88fd4751-7913-4a95-9cc0-186b2ccc3570 tempest-ServerDiagnosticsNegativeTest-1018983967 tempest-ServerDiagnosticsNegativeTest-1018983967-project] 10.222.0.52 "GET /v2.0/ports?device_id=7346b715-2c1c-4866-abae-ad78944fe1f9 HTTP/1.1" status: 200 len: 969 time: 0.1022897
Feb 01 17:17:19.825193 n-d-827314-1 neutron-server[103891]: INFO neutron.wsgi [req-d259943b-4d4e-44b9-ae65-d8034af0cc2d req-a9a130d7-343f-4e95-95b7-70b5f4b2647c tempest-ServerDiagnosticsNegativeTest-1018983967 tempest-ServerDiagnosticsNegativeTest-1018983967-project] 10.222.0.52 "GET /v2.0/security-groups?id=67198f13-1385-4aad-bcf4-355833cc7d83&fields=id&fields=name HTTP/1.1" status: 200 len: 286 time: 0.1009097
Feb 01 17:17:19.832163 n-d-827314-1 neutron-server[103891]: INFO neutron.wsgi [req-3febccbc-3a91-4124-ac6d-efe14debbd5a req-deffb15c-509b-4a53-8c94-d4b29f7b24a9 service neutron] 10.222.0.102 "GET /v2.0/networks/27087996-19c1-4401-bdd3-6df0f315161e?fields=segments HTTP/1.1" status: 200 len: 212 time: 0.1397777
Feb 01 17:17:19.921313 n-d-827314-1 neutron-server[103891]: DEBUG neutron.wsgi [req-a56a2674-530d-44e5-bbcf-2074e178270a req-32a5e1f1-5647-4f14-8f9a-02d15940c316 service neutron] http://10.222.0.52:9696/v2.0/extensions returned with HTTP 200 {{(pid=103891) __call__ /opt/stack/neutron/neutron/wsgi.py:730}}
Feb 01 17:17:19.922338 n-d-827314-1 neutron-server[103891]: INFO neutron.wsgi [req-a56a2674-530d-44e5-bbcf-2074e178270a req-32a5e1f1-5647-4f14-8f9a-02d15940c316 service neutron] 10.222.0.52 "GET /v2.0/extensions HTTP/1.1" status: 200 len: 14082 time: 0.1820033
Feb 01 17:17:19.946527 n-d-827314-1 neutron-server[103892]: DEBUG neutron_lib.callbacks.manager [None req-c734de48-9953-4b8e-97ec-50055bd213da None None] Publish callbacks ['neutron.services.segments.db._update_segment_host_mapping_for_agent-8736061488240', 'neutron.plugins.ml2.plugin.Ml2Plugin._retry_binding_revived_agents-3554126'] for agent (24cc29d1-3f5f-48ee-b93c-1f0e0a6f6098), after_update {{(pid=103892) _notify_loop /usr/local/lib/python3.8/dist-packages/neutron_lib/callbacks/manager.py:176}}
Feb 01 17:17:19.971389 n-d-827314-1 neutron-server[103891]: INFO neutron.wsgi [req-1a6d7bb1-2665-4c64-8762-2c98616775f7 req-14d8a810-9cc3-4760-b944-82823e181579 tempest-DeleteServersAdminTestJSON-230416480 tempest-DeleteServersAdminTestJSON-230416480-project] 10.222.0.52 "GET /v2.0/networks?tenant_id=548c20b007494298aedc261b2a701732&shared=False HTTP/1.1" status: 200 len: 213 time: 0.0480485
Feb 01 17:17:20.012186 n-d-827314-1 neutron-server[103891]: INFO neutron.wsgi [req-3febccbc-3a91-4124-ac6d-efe14debbd5a req-600937e8-9b95-4ee0-876f-80aa1e26cf79 service neutron] 10.222.0.102 "GET /v2.0/networks/27087996-19c1-4401-bdd3-6df0f315161e?fields=provider%3Aphysical_network&fields=provider%3Anetwork_type HTTP/1.1" status: 200 len: 281 time: 0.1737125
Feb 01 17:17:20.123486 n-d-827314-1 neutron-server[103891]: INFO neutron.wsgi [req-a56a2674-530d-44e5-bbcf-2074e178270a req-383cedcf-52de-4b9c-9262-e901434c15f4 service neutron] 10.222.0.52 "GET /v2.0/networks/0616e3d4-6705-4956-b997-494bb98abf0e?fields=segments HTTP/1.1" status: 200 len: 212 time: 0.1866868
Feb 01 17:17:20.155060 n-d-827314-1 neutron-server[103891]: DEBUG neutron.pecan_wsgi.hooks.policy_enforcement [req-1a6d7bb1-2665-4c64-8762-2c98616775f7 req-5c4ecd6b-db5c-45ae-8b2d-1243ad0edd9c tempest-DeleteServersAdminTestJSON-230416480 tempest-DeleteServersAdminTestJSON-230416480-project] Attributes excluded by policy engine: ['standard_attr_id', 'vlan_transparent', 'provider:network_type', 'provider:physical_network', 'provider:segmentation_id'] {{(pid=103891) _exclude_attributes_by_policy /opt/stack/neutron/neutron/pecan_wsgi/hooks/policy_enforcement.py:255}}
Feb 01 17:17:20.156474 n-d-827314-1 neutron-server[103891]: INFO neutron.wsgi [req-1a6d7bb1-2665-4c64-8762-2c98616775f7 req-5c4ecd6b-db5c-45ae-8b2d-1243ad0edd9c tempest-DeleteServersAdminTestJSON-230416480 tempest-DeleteServersAdminTestJSON-230416480-project] 10.222.0.52 "GET /v2.0/networks?shared=True HTTP/1.1" status: 200 len: 769 time: 0.1777151
Feb 01 17:17:20.221387 n-d-827314-1 neutron-server[103891]: INFO neutron.wsgi [req-1a6d7bb1-2665-4c64-8762-2c98616775f7 req-55257d4a-218e-46e0-b627-dad7f05e3150 tempest-DeleteServersAdminTestJSON-230416480 tempest-DeleteServersAdminTestJSON-230416480-project] 10.222.0.52 "GET /v2.0/quotas/548c20b007494298aedc261b2a701732 HTTP/1.1" status: 200 len: 375 time: 0.0547357
Feb 01 17:17:20.275465 n-d-827314-1 neutron-server[103891]: INFO neutron.wsgi [req-1a6d7bb1-2665-4c64-8762-2c98616775f7 req-e88dec83-3958-4ae0-bfdb-1a6486ae7aaf tempest-DeleteServersAdminTestJSON-230416480 tempest-DeleteServersAdminTestJSON-230416480-project] 10.222.0.52 "GET /v2.0/ports?tenant_id=548c20b007494298aedc261b2a701732&fields=id HTTP/1.1" status: 200 len: 210 time: 0.0388556
Feb 01 17:17:20.288586 n-d-827314-1 neutron-server[103891]: INFO neutron.wsgi [req-a56a2674-530d-44e5-bbcf-2074e178270a req-fe0cb4dd-9355-46d5-90f5-ee0b779fe0d7 service neutron] 10.222.0.52 "GET /v2.0/networks/0616e3d4-6705-4956-b997-494bb98abf0e?fields=provider%3Aphysical_network&fields=provider%3Anetwork_type HTTP/1.1" status: 200 len: 281 time: 0.1589708
Feb 01 17:17:20.298167 n-d-827314-1 neutron-server[103891]: DEBUG neutron.pecan_wsgi.hooks.policy_enforcement [req-a8d0e4e0-0909-4efa-a4ea-5ad09a70bbd7 req-7f6975e8-2d88-45be-bec7-90d5c2bc3aa2 service neutron] Attributes excluded by policy engine: ['standard_attr_id'] {{(pid=103891) _exclude_attributes_by_policy /opt/stack/neutron/neutron/pecan_wsgi/hooks/policy_enforcement.py:255}}
Feb 01 17:17:20.299645 n-d-827314-1 neutron-server[103891]: INFO neutron.wsgi [req-a8d0e4e0-0909-4efa-a4ea-5ad09a70bbd7 req-7f6975e8-2d88-45be-bec7-90d5c2bc3aa2 service neutron] 10.222.0.102 "GET /v2.0/ports?tenant_id=8295a405f3b34b8582559829ec8b1210&device_id=7346b715-2c1c-4866-abae-ad78944fe1f9 HTTP/1.1" status: 200 len: 1151 time: 0.0947964
Feb 01 17:17:20.351483 n-d-827314-1 neutron-server[103890]: DEBUG neutron.wsgi [-] (103890) accepted ('10.222.0.52', 40950) {{(pid=103890) server /usr/local/lib/python3.8/dist-packages/eventlet/wsgi.py:1004}}
Feb 01 17:17:20.361375 n-d-827314-1 neutron-server[103890]: DEBUG neutron_lib.callbacks.manager [None req-ef0088ba-b74a-417f-bffa-ddbaaee4242d admin admin] Publish callbacks [] for security_group (None), before_create {{(pid=103890) _notify_loop /usr/local/lib/python3.8/dist-packages/neutron_lib/callbacks/manager.py:176}}
Feb 01 17:17:20.401369 n-d-827314-1 neutron-server[103891]: DEBUG neutron.pecan_wsgi.hooks.policy_enforcement [req-a8d0e4e0-0909-4efa-a4ea-5ad09a70bbd7 req-fca82783-93be-4747-a386-130ca79a514a service neutron] Attributes excluded by policy engine: ['standard_attr_id', 'vlan_transparent'] {{(pid=103891) _exclude_attributes_by_policy /opt/stack/neutron/neutron/pecan_wsgi/hooks/policy_enforcement.py:255}}
Feb 01 17:17:20.403158 n-d-827314-1 neutron-server[103891]: INFO neutron.wsgi [req-a8d0e4e0-0909-4efa-a4ea-5ad09a70bbd7 req-fca82783-93be-4747-a386-130ca79a514a service neutron] 10.222.0.102 "GET /v2.0/networks?id=27087996-19c1-4401-bdd3-6df0f315161e HTTP/1.1" status: 200 len: 870 time: 0.0966327
Feb 01 17:17:20.445960 n-d-827314-1 neutron-server[103891]: INFO neutron.wsgi [req-a8d0e4e0-0909-4efa-a4ea-5ad09a70bbd7 req-957d2158-6bcd-4030-a7d4-095ead5f621c service neutron] 10.222.0.102 "GET /v2.0/floatingips?fixed_ip_address=192.168.233.195&port_id=c2016c10-1dba-4d90-a8bf-ecdf491c7dec HTTP/1.1" status: 200 len: 217 time: 0.0358891
Feb 01 17:17:20.460330 n-d-827314-1 neutron-server[103890]: DEBUG neutron_lib.callbacks.manager [None req-ef0088ba-b74a-417f-bffa-ddbaaee4242d admin admin] Publish callbacks [] for security_group (3654cc03-104b-4bc0-9776-9d75d9901cea), precommit_create {{(pid=103890) _notify_loop /usr/local/lib/python3.8/dist-packages/neutron_lib/callbacks/manager.py:176}}
Feb 01 17:17:20.501761 n-d-827314-1 neutron-server[103891]: DEBUG neutron.pecan_wsgi.hooks.policy_enforcement [req-a8d0e4e0-0909-4efa-a4ea-5ad09a70bbd7 req-cdab9172-e92b-4a2f-aa90-43a18d259406 service neutron] Attributes excluded by policy engine: ['standard_attr_id', 'shared'] {{(pid=103891) _exclude_attributes_by_policy /opt/stack/neutron/neutron/pecan_wsgi/hooks/policy_enforcement.py:255}}
Feb 01 17:17:20.503518 n-d-827314-1 neutron-server[103891]: INFO neutron.wsgi [req-a8d0e4e0-0909-4efa-a4ea-5ad09a70bbd7 req-cdab9172-e92b-4a2f-aa90-43a18d259406 service neutron] 10.222.0.102 "GET /v2.0/subnets?id=bf4546ba-4d77-4de2-aaba-823d7b7cc2f5 HTTP/1.1" status: 200 len: 843 time: 0.0512030
Feb 01 17:17:20.575125 n-d-827314-1 neutron-server[103890]: DEBUG neutron_lib.callbacks.manager [None req-ef0088ba-b74a-417f-bffa-ddbaaee4242d admin admin] Publish callbacks ['neutron.plugins.ml2.ovo_rpc._ObjectChangeHandler.handle_event-1673393'] for security_group (3654cc03-104b-4bc0-9776-9d75d9901cea), after_create {{(pid=103890) _notify_loop /usr/local/lib/python3.8/dist-packages/neutron_lib/callbacks/manager.py:176}}
Feb 01 17:17:20.577942 n-d-827314-1 neutron-server[103891]: DEBUG neutron.pecan_wsgi.hooks.policy_enforcement [req-a8d0e4e0-0909-4efa-a4ea-5ad09a70bbd7 req-0e9d86d6-a9da-4da7-b721-217afa1fe7d7 service neutron] Attributes excluded by policy engine: ['standard_attr_id'] {{(pid=103891) _exclude_attributes_by_policy /opt/stack/neutron/neutron/pecan_wsgi/hooks/policy_enforcement.py:255}}
Feb 01 17:17:20.579496 n-d-827314-1 neutron-server[103891]: INFO neutron.wsgi [req-a8d0e4e0-0909-4efa-a4ea-5ad09a70bbd7 req-0e9d86d6-a9da-4da7-b721-217afa1fe7d7 service neutron] 10.222.0.102 "GET /v2.0/ports?network_id=27087996-19c1-4401-bdd3-6df0f315161e&device_owner=network%3Adhcp HTTP/1.1" status: 200 len: 1203 time: 0.0691237
Feb 01 17:17:20.621122 n-d-827314-1 neutron-server[103890]: DEBUG novaclient.v2.client [-] RESP: [200] Connection: close Content-Length: 354 Content-Type: application/json Date: Tue, 01 Feb 2022 17:17:19 GMT OpenStack-API-Version: compute 2.1 Server: Apache/2.4.41 (Ubuntu) Vary: OpenStack-API-Version,X-OpenStack-Nova-API-Version X-OpenStack-Nova-API-Version: 2.1 x-compute-request-id: req-c779d012-cce4-4d32-855f-7d0f6a380b27 x-openstack-request-id: req-c779d012-cce4-4d32-855f-7d0f6a380b27 {{(pid=103890) _http_log_response /usr/local/lib/python3.8/dist-packages/keystoneauth1/session.py:550}}
Feb 01 17:17:20.621122 n-d-827314-1 neutron-server[103890]: DEBUG novaclient.v2.client [-] RESP BODY: {"events": [{"server_uuid": "177778db-66db-4e57-b9ce-a48d1c4c1ecc", "name": "network-vif-deleted", "tag": "f1cfe57a-f7e2-4751-be35-2e90f75f8222", "status": "completed", "code": 200}, {"server_uuid": "d120ae65-6f78-42ab-8827-c178d0801af6", "name": "network-vif-deleted", "tag": "ee2523d8-306b-4606-a8a9-925d8a052929", "status": "completed", "code": 200}]} {{(pid=103890) _http_log_response /usr/local/lib/python3.8/dist-packages/keystoneauth1/session.py:582}}
Feb 01 17:17:20.621122 n-d-827314-1 neutron-server[103890]: DEBUG novaclient.v2.client [-] POST call to compute for http://10.222.0.52/compute/v2.1/os-server-external-events used request id req-c779d012-cce4-4d32-855f-7d0f6a380b27 {{(pid=103890) request /usr/local/lib/python3.8/dist-packages/keystoneauth1/session.py:954}}
Feb 01 17:17:20.621122 n-d-827314-1 neutron-server[103890]: INFO neutron.notifiers.nova [-] Nova event response: {'server_uuid': '177778db-66db-4e57-b9ce-a48d1c4c1ecc', 'name': 'network-vif-deleted', 'tag': 'f1cfe57a-f7e2-4751-be35-2e90f75f8222', 'status': 'completed', 'code': 200}
Feb 01 17:17:20.623163 n-d-827314-1 neutron-server[103890]: INFO neutron.notifiers.nova [-] Nova event response: {'server_uuid': 'd120ae65-6f78-42ab-8827-c178d0801af6', 'name': 'network-vif-deleted', 'tag': 'ee2523d8-306b-4606-a8a9-925d8a052929', 'status': 'completed', 'code': 200}
Feb 01 17:17:20.661689 n-d-827314-1 neutron-server[103890]: INFO neutron.wsgi [None req-ef0088ba-b74a-417f-bffa-ddbaaee4242d admin admin] 10.222.0.52 "GET /v2.0/security-groups?tenant_id=8dfe68ab847d48e191c7b0cd74230c1e&name=default HTTP/1.1" status: 200 len: 2996 time: 0.3128662
Feb 01 17:17:20.672590 n-d-827314-1 neutron-server[103890]: DEBUG neutron.wsgi [-] (103890) accepted ('10.222.0.52', 40968) {{(pid=103890) server /usr/local/lib/python3.8/dist-packages/eventlet/wsgi.py:1004}}
Feb 01 17:17:20.679269 n-d-827314-1 neutron-server[103891]: INFO neutron.wsgi [req-a8d0e4e0-0909-4efa-a4ea-5ad09a70bbd7 req-32888b14-c0d9-4c3e-b352-368461e248cb service neutron] 10.222.0.102 "GET /v2.0/networks/27087996-19c1-4401-bdd3-6df0f315161e?fields=segments HTTP/1.1" status: 200 len: 212 time: 0.0910978
Feb 01 17:17:20.687723 n-d-827314-1 neutron-server[103890]: DEBUG neutron.api.rpc.handlers.resources_rpc [None req-ef0088ba-b74a-417f-bffa-ddbaaee4242d admin admin] Pushing event updated for resources: {'SecurityGroup': ['ID=3654cc03-104b-4bc0-9776-9d75d9901cea,revision_number=1']} {{(pid=103890) push /opt/stack/neutron/neutron/api/rpc/handlers/resources_rpc.py:237}}
Feb 01 17:17:20.786315 n-d-827314-1 neutron-server[103890]: DEBUG neutron_lib.callbacks.manager [None req-1911841f-0347-4952-8895-f0d024d9a8e1 admin admin] Publish callbacks [] for security_group (3654cc03-104b-4bc0-9776-9d75d9901cea), before_delete {{(pid=103890) _notify_loop /usr/local/lib/python3.8/dist-packages/neutron_lib/callbacks/manager.py:176}}
Feb 01 17:17:20.813308 n-d-827314-1 neutron-server[103890]: DEBUG neutron_lib.callbacks.manager [None req-1911841f-0347-4952-8895-f0d024d9a8e1 admin admin] Publish callbacks [] for security_group (3654cc03-104b-4bc0-9776-9d75d9901cea), precommit_delete {{(pid=103890) _notify_loop /usr/local/lib/python3.8/dist-packages/neutron_lib/callbacks/manager.py:176}}
Feb 01 17:17:20.853037 n-d-827314-1 neutron-server[103891]: INFO neutron.wsgi [req-7c2b63ae-2759-49d3-a7b9-33a274212997 req-25150b9c-ec28-4c14-a640-6a47074c7768 tempest-DeleteServersAdminTestJSON-230416480 tempest-DeleteServersAdminTestJSON-230416480-project] 10.222.0.52 "GET /v2.0/ports?device_id=d9785f8b-7328-4c2a-bb2a-8ce9bc8d67cd HTTP/1.1" status: 200 len: 210 time: 0.0362012
Feb 01 17:17:20.879671 n-d-827314-1 neutron-server[103891]: INFO neutron.wsgi [req-a8d0e4e0-0909-4efa-a4ea-5ad09a70bbd7 req-a73daefc-84f6-49ca-93d6-f8ff7c991db9 service neutron] 10.222.0.102 "GET /v2.0/networks/27087996-19c1-4401-bdd3-6df0f315161e?fields=provider%3Aphysical_network&fields=provider%3Anetwork_type HTTP/1.1" status: 200 len: 281 time: 0.1909044
Feb 01 17:17:20.934540 n-d-827314-1 neutron-server[103891]: INFO neutron.wsgi [req-e354f358-3f7c-4c03-b978-5f45e922159c req-2f11a832-370b-45b3-94e4-e2957e81e5cf tempest-ServersWithSpecificFlavorTestJSON-1957047301 tempest-ServersWithSpecificFlavorTestJSON-1957047301-project] 10.222.0.52 "GET /v2.0/ports?device_id=436e2874-9849-4c17-858b-b154dfb9d060 HTTP/1.1" status: 200 len: 210 time: 0.0285134
Feb 01 17:17:20.942346 n-d-827314-1 neutron-server[103891]: DEBUG neutron.api.v2.base [req-baa73bd8-a930-431c-aeac-e9e77f20cf67 req-ed0a5ec6-4463-4c3d-87b4-d95437c0ab31 tempest-SecurityGroupsTestAdminJSON-1194188990 tempest-SecurityGroupsTestAdminJSON-1194188990-project] Request body: {'security_group': {'name': 'tempest-securitygroup-240997421', 'description': 'tempest-description-149515883'}} {{(pid=103891) prepare_request_body /opt/stack/neutron/neutron/api/v2/base.py:729}}
Feb 01 17:17:21.028400 n-d-827314-1 neutron-server[103891]: INFO neutron.wsgi [req-07d43a51-a786-45b8-a36c-07a714886c61 req-a92f58f4-dab6-4a28-8111-28f093a0551a tempest-LiveAutoBlockMigrationV225Test-90871474 tempest-LiveAutoBlockMigrationV225Test-90871474-project] 10.222.0.52 "GET /v2.0/ports?device_id=ca20d6ac-c4ce-4cd9-bb2a-7004d7d847ca HTTP/1.1" status: 200 len: 210 time: 0.0272067
Feb 01 17:17:21.053508 n-d-827314-1 neutron-server[103890]: DEBUG neutron_lib.callbacks.manager [None req-1911841f-0347-4952-8895-f0d024d9a8e1 admin admin] Publish callbacks ['neutron.plugins.ml2.ovo_rpc._ObjectChangeHandler.handle_event-1673393'] for security_group (3654cc03-104b-4bc0-9776-9d75d9901cea), after_delete {{(pid=103890) _notify_loop /usr/local/lib/python3.8/dist-packages/neutron_lib/callbacks/manager.py:176}}
Feb 01 17:17:21.054397 n-d-827314-1 neutron-server[103891]: DEBUG neutron_lib.callbacks.manager [req-baa73bd8-a930-431c-aeac-e9e77f20cf67 req-ed0a5ec6-4463-4c3d-87b4-d95437c0ab31 tempest-SecurityGroupsTestAdminJSON-1194188990 tempest-SecurityGroupsTestAdminJSON-1194188990-project] Publish callbacks [] for security_group (None), before_create {{(pid=103891) _notify_loop /usr/local/lib/python3.8/dist-packages/neutron_lib/callbacks/manager.py:176}}
Feb 01 17:17:21.057693 n-d-827314-1 neutron-server[103890]: DEBUG neutron_lib.callbacks.manager [None req-1911841f-0347-4952-8895-f0d024d9a8e1 admin admin] Publish callbacks [] for security_group (None), before_response {{(pid=103890) _notify_loop /usr/local/lib/python3.8/dist-packages/neutron_lib/callbacks/manager.py:176}}
Feb 01 17:17:21.062622 n-d-827314-1 neutron-server[103890]: INFO neutron.wsgi [None req-1911841f-0347-4952-8895-f0d024d9a8e1 admin admin] 10.222.0.52 "DELETE /v2.0/security-groups/3654cc03-104b-4bc0-9776-9d75d9901cea HTTP/1.1" status: 204 len: 168 time: 0.3822336
Feb 01 17:17:21.073106 n-d-827314-1 neutron-server[103891]: DEBUG neutron_lib.callbacks.manager [req-baa73bd8-a930-431c-aeac-e9e77f20cf67 req-ed0a5ec6-4463-4c3d-87b4-d95437c0ab31 tempest-SecurityGroupsTestAdminJSON-1194188990 tempest-SecurityGroupsTestAdminJSON-1194188990-project] Publish callbacks [] for security_group (None), before_create {{(pid=103891) _notify_loop /usr/local/lib/python3.8/dist-packages/neutron_lib/callbacks/manager.py:176}}
Feb 01 17:17:21.080832 n-d-827314-1 neutron-server[103890]: DEBUG neutron.api.rpc.handlers.resources_rpc [None req-1911841f-0347-4952-8895-f0d024d9a8e1 admin admin] Pushing event deleted for resources: {'SecurityGroup': ['ID=3654cc03-104b-4bc0-9776-9d75d9901cea,revision_number=None']} {{(pid=103890) push /opt/stack/neutron/neutron/api/rpc/handlers/resources_rpc.py:237}}
Feb 01 17:17:21.190800 n-d-827314-1 neutron-server[103891]: DEBUG neutron_lib.callbacks.manager [req-baa73bd8-a930-431c-aeac-e9e77f20cf67 req-ed0a5ec6-4463-4c3d-87b4-d95437c0ab31 tempest-SecurityGroupsTestAdminJSON-1194188990 tempest-SecurityGroupsTestAdminJSON-1194188990-project] Publish callbacks [] for security_group (0db1e42c-cdb1-41d5-b310-0ef66470de6e), precommit_create {{(pid=103891) _notify_loop /usr/local/lib/python3.8/dist-packages/neutron_lib/callbacks/manager.py:176}}
Feb 01 17:17:21.293075 n-d-827314-1 neutron-server[103891]: DEBUG neutron_lib.callbacks.manager [req-baa73bd8-a930-431c-aeac-e9e77f20cf67 req-ed0a5ec6-4463-4c3d-87b4-d95437c0ab31 tempest-SecurityGroupsTestAdminJSON-1194188990 tempest-SecurityGroupsTestAdminJSON-1194188990-project] Publish callbacks ['neutron.plugins.ml2.ovo_rpc._ObjectChangeHandler.handle_event-1673393'] for security_group (0db1e42c-cdb1-41d5-b310-0ef66470de6e), after_create {{(pid=103891) _notify_loop /usr/local/lib/python3.8/dist-packages/neutron_lib/callbacks/manager.py:176}}
Feb 01 17:17:21.332755 n-d-827314-1 neutron-server[103892]: DEBUG neutron.plugins.ml2.rpc [None req-c734de48-9953-4b8e-97ec-50055bd213da None None] Device f1cfe57a-f7e2-4751-be35-2e90f75f8222 no longer exists at agent hyperv_n-h1-827314-1 {{(pid=103892) update_device_down /opt/stack/neutron/neutron/plugins/ml2/rpc.py:259}}
Feb 01 17:17:21.338258 n-d-827314-1 neutron-server[103891]: DEBUG neutron.api.rpc.handlers.resources_rpc [None req-ed0a5ec6-4463-4c3d-87b4-d95437c0ab31 tempest-SecurityGroupsTestAdminJSON-1194188990 tempest-SecurityGroupsTestAdminJSON-1194188990-project] Pushing event updated for resources: {'SecurityGroup': ['ID=0db1e42c-cdb1-41d5-b310-0ef66470de6e,revision_number=1']} {{(pid=103891) push /opt/stack/neutron/neutron/api/rpc/handlers/resources_rpc.py:237}}
Feb 01 17:17:21.376619 n-d-827314-1 neutron-server[103892]: DEBUG neutron.plugins.ml2.plugin [None req-c734de48-9953-4b8e-97ec-50055bd213da None None] No Port match for: f1cfe57a-f7e2-4751-be35-2e90f75f8222 {{(pid=103892) port_bound_to_host /opt/stack/neutron/neutron/plugins/ml2/plugin.py:2322}}
Feb 01 17:17:21.376964 n-d-827314-1 neutron-server[103892]: DEBUG neutron.plugins.ml2.rpc [None req-c734de48-9953-4b8e-97ec-50055bd213da None None] Device f1cfe57a-f7e2-4751-be35-2e90f75f8222 not bound to the agent host n-h1-827314-1 {{(pid=103892) update_device_down /opt/stack/neutron/neutron/plugins/ml2/rpc.py:269}}
Feb 01 17:17:21.386424 n-d-827314-1 neutron-server[103891]: DEBUG neutron_lib.callbacks.manager [req-baa73bd8-a930-431c-aeac-e9e77f20cf67 req-ed0a5ec6-4463-4c3d-87b4-d95437c0ab31 tempest-SecurityGroupsTestAdminJSON-1194188990 tempest-SecurityGroupsTestAdminJSON-1194188990-project] Publish callbacks [] for security_group (2781667f-89ec-4488-8986-a2e4d65d37ac), precommit_create {{(pid=103891) _notify_loop /usr/local/lib/python3.8/dist-packages/neutron_lib/callbacks/manager.py:176}}
Feb 01 17:17:21.557202 n-d-827314-1 neutron-server[103891]: DEBUG neutron_lib.callbacks.manager [req-baa73bd8-a930-431c-aeac-e9e77f20cf67 req-ed0a5ec6-4463-4c3d-87b4-d95437c0ab31 tempest-SecurityGroupsTestAdminJSON-1194188990 tempest-SecurityGroupsTestAdminJSON-1194188990-project] Publish callbacks ['neutron.plugins.ml2.ovo_rpc._ObjectChangeHandler.handle_event-1673393'] for security_group (2781667f-89ec-4488-8986-a2e4d65d37ac), after_create {{(pid=103891) _notify_loop /usr/local/lib/python3.8/dist-packages/neutron_lib/callbacks/manager.py:176}}
Feb 01 17:17:21.597768 n-d-827314-1 neutron-server[103891]: DEBUG neutron.api.rpc.handlers.resources_rpc [None req-ed0a5ec6-4463-4c3d-87b4-d95437c0ab31 tempest-SecurityGroupsTestAdminJSON-1194188990 tempest-SecurityGroupsTestAdminJSON-1194188990-project] Pushing event updated for resources: {'SecurityGroup': ['ID=2781667f-89ec-4488-8986-a2e4d65d37ac,revision_number=1']} {{(pid=103891) push /opt/stack/neutron/neutron/api/rpc/handlers/resources_rpc.py:237}}
Feb 01 17:17:21.723879 n-d-827314-1 neutron-server[103891]: DEBUG neutron_lib.callbacks.manager [req-baa73bd8-a930-431c-aeac-e9e77f20cf67 req-ed0a5ec6-4463-4c3d-87b4-d95437c0ab31 tempest-SecurityGroupsTestAdminJSON-1194188990 tempest-SecurityGroupsTestAdminJSON-1194188990-project] Publish callbacks [] for security_group (None), before_response {{(pid=103891) _notify_loop /usr/local/lib/python3.8/dist-packages/neutron_lib/callbacks/manager.py:176}}
Feb 01 17:17:21.725171 n-d-827314-1 neutron-server[103891]: INFO neutron.wsgi [req-baa73bd8-a930-431c-aeac-e9e77f20cf67 req-ed0a5ec6-4463-4c3d-87b4-d95437c0ab31 tempest-SecurityGroupsTestAdminJSON-1194188990 tempest-SecurityGroupsTestAdminJSON-1194188990-project] 10.222.0.52 "POST /v2.0/security-groups HTTP/1.1" status: 201 len: 1798 time: 0.7879460
Feb 01 17:17:21.820381 n-d-827314-1 neutron-server[103891]: DEBUG neutron.api.v2.base [req-45d3b5bd-8341-4825-a8be-dda618ade9c3 req-f4528623-b6d6-4574-a5b5-2c674a99dd55 tempest-SecurityGroupsTestAdminJSON-1194188990 tempest-SecurityGroupsTestAdminJSON-1194188990-project] Request body: {'security_group': {'name': 'tempest-securitygroup-825159329', 'description': 'tempest-description-2096762118'}} {{(pid=103891) prepare_request_body /opt/stack/neutron/neutron/api/v2/base.py:729}}
Feb 01 17:17:21.853071 n-d-827314-1 neutron-server[103891]: DEBUG neutron.pecan_wsgi.hooks.policy_enforcement [req-0c7b8d13-5171-4ea3-b108-aeaca6a33a1d req-2f23dcdf-5132-4e42-afe2-df83b153f2c2 tempest-ServerDiagnosticsNegativeTest-1018983967 tempest-ServerDiagnosticsNegativeTest-1018983967-project] Attributes excluded by policy engine: ['standard_attr_id', 'binding:profile', 'binding:host_id', 'binding:vif_type', 'binding:vif_details'] {{(pid=103891) _exclude_attributes_by_policy /opt/stack/neutron/neutron/pecan_wsgi/hooks/policy_enforcement.py:255}}
Feb 01 17:17:21.854548 n-d-827314-1 neutron-server[103891]: INFO neutron.wsgi [req-0c7b8d13-5171-4ea3-b108-aeaca6a33a1d req-2f23dcdf-5132-4e42-afe2-df83b153f2c2 tempest-ServerDiagnosticsNegativeTest-1018983967 tempest-ServerDiagnosticsNegativeTest-1018983967-project] 10.222.0.52 "GET /v2.0/ports?device_id=7346b715-2c1c-4866-abae-ad78944fe1f9 HTTP/1.1" status: 200 len: 969 time: 0.0839384
Feb 01 17:17:21.905274 n-d-827314-1 neutron-server[103891]: INFO neutron.wsgi [req-0c7b8d13-5171-4ea3-b108-aeaca6a33a1d req-2e2629cd-648c-4312-ace1-92af92c53ef8 tempest-ServerDiagnosticsNegativeTest-1018983967 tempest-ServerDiagnosticsNegativeTest-1018983967-project] 10.222.0.52 "GET /v2.0/security-groups?id=67198f13-1385-4aad-bcf4-355833cc7d83&fields=id&fields=name HTTP/1.1" status: 200 len: 286 time: 0.0450079
Feb 01 17:17:21.926339 n-d-827314-1 neutron-server[103891]: DEBUG neutron_lib.callbacks.manager [req-45d3b5bd-8341-4825-a8be-dda618ade9c3 req-f4528623-b6d6-4574-a5b5-2c674a99dd55 tempest-SecurityGroupsTestAdminJSON-1194188990 tempest-SecurityGroupsTestAdminJSON-1194188990-project] Publish callbacks [] for security_group (None), before_create {{(pid=103891) _notify_loop /usr/local/lib/python3.8/dist-packages/neutron_lib/callbacks/manager.py:176}}
Feb 01 17:17:22.001468 n-d-827314-1 neutron-server[103891]: DEBUG neutron_lib.callbacks.manager [req-45d3b5bd-8341-4825-a8be-dda618ade9c3 req-f4528623-b6d6-4574-a5b5-2c674a99dd55 tempest-SecurityGroupsTestAdminJSON-1194188990 tempest-SecurityGroupsTestAdminJSON-1194188990-project] Publish callbacks [] for security_group (d52415e9-05a2-4c5d-83cb-b34ba19ae311), precommit_create {{(pid=103891) _notify_loop /usr/local/lib/python3.8/dist-packages/neutron_lib/callbacks/manager.py:176}}
Feb 01 17:17:22.065716 n-d-827314-1 neutron-server[103891]: DEBUG neutron_lib.callbacks.manager [req-45d3b5bd-8341-4825-a8be-dda618ade9c3 req-f4528623-b6d6-4574-a5b5-2c674a99dd55 tempest-SecurityGroupsTestAdminJSON-1194188990 tempest-SecurityGroupsTestAdminJSON-1194188990-project] Publish callbacks ['neutron.plugins.ml2.ovo_rpc._ObjectChangeHandler.handle_event-1673393'] for security_group (d52415e9-05a2-4c5d-83cb-b34ba19ae311), after_create {{(pid=103891) _notify_loop /usr/local/lib/python3.8/dist-packages/neutron_lib/callbacks/manager.py:176}}
Feb 01 17:17:22.106924 n-d-827314-1 neutron-server[103891]: DEBUG neutron.api.rpc.handlers.resources_rpc [None req-f4528623-b6d6-4574-a5b5-2c674a99dd55 tempest-SecurityGroupsTestAdminJSON-1194188990 tempest-SecurityGroupsTestAdminJSON-1194188990-project] Pushing event updated for resources: {'SecurityGroup': ['ID=d52415e9-05a2-4c5d-83cb-b34ba19ae311,revision_number=1']} {{(pid=103891) push /opt/stack/neutron/neutron/api/rpc/handlers/resources_rpc.py:237}}
Feb 01 17:17:22.125805 n-d-827314-1 neutron-server[103891]: INFO neutron.wsgi [req-7c3595a2-5616-40b1-85c3-34c2d089428a req-2117914c-204a-4b55-ada5-9353ef3acac9 tempest-DeleteServersAdminTestJSON-230416480 tempest-DeleteServersAdminTestJSON-230416480-project] 10.222.0.52 "GET /v2.0/ports?device_id=d9785f8b-7328-4c2a-bb2a-8ce9bc8d67cd HTTP/1.1" status: 200 len: 210 time: 0.0291176
Feb 01 17:17:22.208399 n-d-827314-1 neutron-server[103891]: DEBUG neutron_lib.callbacks.manager [req-45d3b5bd-8341-4825-a8be-dda618ade9c3 req-f4528623-b6d6-4574-a5b5-2c674a99dd55 tempest-SecurityGroupsTestAdminJSON-1194188990 tempest-SecurityGroupsTestAdminJSON-1194188990-project] Publish callbacks [] for security_group (None), before_response {{(pid=103891) _notify_loop /usr/local/lib/python3.8/dist-packages/neutron_lib/callbacks/manager.py:176}}
