Feb 01 18:29:00.632801 n-d-827306-2 devstack@placement-api.service[104524]: [pid: 104524|app: 0|req: 286/574] 10.222.0.90 () {60 vars in 1377 bytes} [Tue Feb 1 18:29:00 2022] GET /placement/allocations/994e7a44-db4a-4cf4-ad8f-00dc15dfc28f => generated 259 bytes in 22 msecs (HTTP/1.1 200) 8 headers in 296 bytes (1 switches on core 0)
Feb 01 18:29:00.900727 n-d-827306-2 devstack@placement-api.service[104523]: DEBUG placement.requestlog [req-c2a100c2-002e-4c79-a61c-b8e6e31f71c3 req-e419c8da-4260-42ed-ad5e-ea6213343129 None None] Starting request: 10.222.0.60 "GET /placement/allocation_candidates?limit=1000&resources=DISK_GB%3A1%2CMEMORY_MB%3A1024%2CVCPU%3A1&root_required=%21COMPUTE_STATUS_DISABLED" {{(pid=104523) __call__ /opt/stack/placement/placement/requestlog.py:55}}
Feb 01 18:29:00.983934 n-d-827306-2 devstack@placement-api.service[104523]: DEBUG placement.objects.research_context [req-c2a100c2-002e-4c79-a61c-b8e6e31f71c3 req-e419c8da-4260-42ed-ad5e-ea6213343129 service placement] getting providers with 1 DISK_GB {{(pid=104523) __init__ /opt/stack/placement/placement/objects/research_context.py:126}}
Feb 01 18:29:00.987373 n-d-827306-2 devstack@placement-api.service[104523]: DEBUG placement.objects.research_context [req-c2a100c2-002e-4c79-a61c-b8e6e31f71c3 req-e419c8da-4260-42ed-ad5e-ea6213343129 service placement] getting providers with 1024 MEMORY_MB {{(pid=104523) __init__ /opt/stack/placement/placement/objects/research_context.py:126}}
Feb 01 18:29:01.004130 n-d-827306-2 devstack@placement-api.service[104523]: DEBUG placement.objects.research_context [req-c2a100c2-002e-4c79-a61c-b8e6e31f71c3 req-e419c8da-4260-42ed-ad5e-ea6213343129 service placement] getting providers with 1 VCPU {{(pid=104523) __init__ /opt/stack/placement/placement/objects/research_context.py:126}}
Feb 01 18:29:01.027141 n-d-827306-2 devstack@placement-api.service[104523]: DEBUG placement.objects.research_context [req-c2a100c2-002e-4c79-a61c-b8e6e31f71c3 req-e419c8da-4260-42ed-ad5e-ea6213343129 service placement] found 2 providers with available 1 DISK_GB {{(pid=104523) get_provider_ids_matching /opt/stack/placement/placement/objects/research_context.py:549}}
Feb 01 18:29:01.027482 n-d-827306-2 devstack@placement-api.service[104523]: DEBUG placement.objects.research_context [req-c2a100c2-002e-4c79-a61c-b8e6e31f71c3 req-e419c8da-4260-42ed-ad5e-ea6213343129 service placement] found 2 providers with available 1024 MEMORY_MB {{(pid=104523) get_provider_ids_matching /opt/stack/placement/placement/objects/research_context.py:549}}
Feb 01 18:29:01.028730 n-d-827306-2 devstack@placement-api.service[104523]: DEBUG placement.objects.research_context [req-c2a100c2-002e-4c79-a61c-b8e6e31f71c3 req-e419c8da-4260-42ed-ad5e-ea6213343129 service placement] found 2 providers after filtering by previous result {{(pid=104523) get_provider_ids_matching /opt/stack/placement/placement/objects/research_context.py:580}}
Feb 01 18:29:01.029010 n-d-827306-2 devstack@placement-api.service[104523]: DEBUG placement.objects.research_context [req-c2a100c2-002e-4c79-a61c-b8e6e31f71c3 req-e419c8da-4260-42ed-ad5e-ea6213343129 service placement] found 2 providers with available 1 VCPU {{(pid=104523) get_provider_ids_matching /opt/stack/placement/placement/objects/research_context.py:549}}
Feb 01 18:29:01.030957 n-d-827306-2 devstack@placement-api.service[104523]: DEBUG placement.objects.research_context [req-c2a100c2-002e-4c79-a61c-b8e6e31f71c3 req-e419c8da-4260-42ed-ad5e-ea6213343129 service placement] found 2 providers after filtering by previous result {{(pid=104523) get_provider_ids_matching /opt/stack/placement/placement/objects/research_context.py:580}}
Feb 01 18:29:01.045528 n-d-827306-2 devstack@placement-api.service[104523]: DEBUG placement.objects.allocation_candidate [req-c2a100c2-002e-4c79-a61c-b8e6e31f71c3 req-e419c8da-4260-42ed-ad5e-ea6213343129 service placement] RequestGroup(use_same_provider=False, resources={DISK_GB:1, MEMORY_MB:1024, VCPU:1}, traits=[], aggregates=[]) (suffix '') returned 2 matches {{(pid=104523) _get_by_requests /opt/stack/placement/placement/objects/allocation_candidate.py:145}}
Feb 01 18:29:01.046113 n-d-827306-2 devstack@placement-api.service[104523]: DEBUG placement.objects.allocation_candidate [req-c2a100c2-002e-4c79-a61c-b8e6e31f71c3 req-e419c8da-4260-42ed-ad5e-ea6213343129 service placement] Merging candidates yields 2 allocation requests and 2 provider summaries {{(pid=104523) _merge_candidates /opt/stack/placement/placement/objects/allocation_candidate.py:783}}
Feb 01 18:29:01.047796 n-d-827306-2 devstack@placement-api.service[104523]: INFO placement.requestlog [req-c2a100c2-002e-4c79-a61c-b8e6e31f71c3 req-e419c8da-4260-42ed-ad5e-ea6213343129 service placement] 10.222.0.60 "GET /placement/allocation_candidates?limit=1000&resources=DISK_GB%3A1%2CMEMORY_MB%3A1024%2CVCPU%3A1&root_required=%21COMPUTE_STATUS_DISABLED" status: 200 len: 1309 microversion: 1.36
Feb 01 18:29:01.048739 n-d-827306-2 devstack@placement-api.service[104523]: [pid: 104523|app: 0|req: 289/575] 10.222.0.60 () {60 vars in 1506 bytes} [Tue Feb 1 18:29:00 2022] GET /placement/allocation_candidates?limit=1000&resources=DISK_GB%3A1%2CMEMORY_MB%3A1024%2CVCPU%3A1&root_required=%21COMPUTE_STATUS_DISABLED => generated 1309 bytes in 148 msecs (HTTP/1.1 200) 8 headers in 297 bytes (1 switches on core 0)
Feb 01 18:29:01.098861 n-d-827306-2 devstack@placement-api.service[104524]: DEBUG placement.requestlog [req-c2a100c2-002e-4c79-a61c-b8e6e31f71c3 req-6a8b8f2b-7a1e-4fc9-9357-654c35386c1e None None] Starting request: 10.222.0.60 "GET /placement/allocations/627c8acd-c368-43d2-8d3e-5f69cc13c1b3" {{(pid=104524) __call__ /opt/stack/placement/placement/requestlog.py:55}}
Feb 01 18:29:01.114268 n-d-827306-2 devstack@placement-api.service[104524]: INFO placement.requestlog [req-c2a100c2-002e-4c79-a61c-b8e6e31f71c3 req-6a8b8f2b-7a1e-4fc9-9357-654c35386c1e service placement] 10.222.0.60 "GET /placement/allocations/627c8acd-c368-43d2-8d3e-5f69cc13c1b3" status: 200 len: 19 microversion: 1.28
Feb 01 18:29:01.114913 n-d-827306-2 devstack@placement-api.service[104524]: [pid: 104524|app: 0|req: 287/576] 10.222.0.60 () {60 vars in 1380 bytes} [Tue Feb 1 18:29:01 2022] GET /placement/allocations/627c8acd-c368-43d2-8d3e-5f69cc13c1b3 => generated 19 bytes in 16 msecs (HTTP/1.1 200) 8 headers in 295 bytes (1 switches on core 0)
Feb 01 18:29:01.120944 n-d-827306-2 devstack@placement-api.service[104523]: DEBUG placement.requestlog [req-c2a100c2-002e-4c79-a61c-b8e6e31f71c3 req-2d130c80-3937-4d61-a3c6-ed7963136da6 None None] Starting request: 10.222.0.60 "PUT /placement/allocations/627c8acd-c368-43d2-8d3e-5f69cc13c1b3" {{(pid=104523) __call__ /opt/stack/placement/placement/requestlog.py:55}}
Feb 01 18:29:01.574756 n-d-827306-2 devstack@placement-api.service[104523]: DEBUG placement.handlers.allocation [req-c2a100c2-002e-4c79-a61c-b8e6e31f71c3 req-2d130c80-3937-4d61-a3c6-ed7963136da6 service placement] Successfully wrote allocations [, , ] {{(pid=104523) _update_consumers_and_create_allocations /opt/stack/placement/placement/handlers/allocation.py:462}}
Feb 01 18:29:01.734232 n-d-827306-2 devstack@placement-api.service[104523]: INFO placement.requestlog [req-c2a100c2-002e-4c79-a61c-b8e6e31f71c3 req-2d130c80-3937-4d61-a3c6-ed7963136da6 service placement] 10.222.0.60 "PUT /placement/allocations/627c8acd-c368-43d2-8d3e-5f69cc13c1b3" status: 204 len: 0 microversion: 1.36
Feb 01 18:29:01.734232 n-d-827306-2 devstack@placement-api.service[104523]: [pid: 104523|app: 0|req: 290/577] 10.222.0.60 () {64 vars in 1433 bytes} [Tue Feb 1 18:29:01 2022] PUT /placement/allocations/627c8acd-c368-43d2-8d3e-5f69cc13c1b3 => generated 0 bytes in 612 msecs (HTTP/1.1 204) 5 headers in 199 bytes (1 switches on core 0)
Feb 01 18:29:02.519624 n-d-827306-2 devstack@placement-api.service[104524]: DEBUG placement.requestlog [req-716c5ad9-13f7-4f32-bc4a-f2d1f47025f9 req-7d404cf7-d269-4fc3-b3d1-ef45120a03e0 None None] Starting request: 10.222.0.90 "DELETE /placement/allocations/5d04e58b-f839-4361-8bf7-057442a8098e" {{(pid=104524) __call__ /opt/stack/placement/placement/requestlog.py:55}}
Feb 01 18:29:02.903174 n-d-827306-2 devstack@placement-api.service[104524]: DEBUG placement.handlers.allocation [req-716c5ad9-13f7-4f32-bc4a-f2d1f47025f9 req-7d404cf7-d269-4fc3-b3d1-ef45120a03e0 service placement] Successfully deleted allocations [, , ] {{(pid=104524) delete_allocations /opt/stack/placement/placement/handlers/allocation.py:627}}
Feb 01 18:29:02.903418 n-d-827306-2 devstack@placement-api.service[104524]: INFO placement.requestlog [req-716c5ad9-13f7-4f32-bc4a-f2d1f47025f9 req-7d404cf7-d269-4fc3-b3d1-ef45120a03e0 service placement] 10.222.0.90 "DELETE /placement/allocations/5d04e58b-f839-4361-8bf7-057442a8098e" status: 204 len: 0 microversion: 1.0
Feb 01 18:29:02.903812 n-d-827306-2 devstack@placement-api.service[104524]: [pid: 104524|app: 0|req: 288/578] 10.222.0.90 () {60 vars in 1355 bytes} [Tue Feb 1 18:29:02 2022] DELETE /placement/allocations/5d04e58b-f839-4361-8bf7-057442a8098e => generated 0 bytes in 385 msecs (HTTP/1.1 204) 5 headers in 198 bytes (2 switches on core 0)
Feb 01 18:29:03.623143 n-d-827306-2 devstack@placement-api.service[104523]: DEBUG placement.requestlog [req-c2a100c2-002e-4c79-a61c-b8e6e31f71c3 req-d575fbc0-f4a2-4c53-aa76-0b2746bd1ebe None None] Starting request: 10.222.0.59 "GET /placement/allocations/627c8acd-c368-43d2-8d3e-5f69cc13c1b3" {{(pid=104523) __call__ /opt/stack/placement/placement/requestlog.py:55}}
Feb 01 18:29:03.644404 n-d-827306-2 devstack@placement-api.service[104523]: INFO placement.requestlog [req-c2a100c2-002e-4c79-a61c-b8e6e31f71c3 req-d575fbc0-f4a2-4c53-aa76-0b2746bd1ebe service placement] 10.222.0.59 "GET /placement/allocations/627c8acd-c368-43d2-8d3e-5f69cc13c1b3" status: 200 len: 259 microversion: 1.28
Feb 01 18:29:03.645066 n-d-827306-2 devstack@placement-api.service[104523]: [pid: 104523|app: 0|req: 291/579] 10.222.0.59 () {60 vars in 1377 bytes} [Tue Feb 1 18:29:03 2022] GET /placement/allocations/627c8acd-c368-43d2-8d3e-5f69cc13c1b3 => generated 259 bytes in 22 msecs (HTTP/1.1 200) 8 headers in 296 bytes (1 switches on core 0)
Feb 01 18:29:06.795968 n-d-827306-2 devstack@placement-api.service[104524]: DEBUG placement.requestlog [req-7dc57257-a8f7-4d2c-aa49-ecf89dd8187f req-ac79c304-2d40-4129-85b8-4346c3c54dde None None] Starting request: 10.222.0.60 "GET /placement/allocation_candidates?limit=1000&resources=DISK_GB%3A1%2CMEMORY_MB%3A1024%2CVCPU%3A1&root_required=%21COMPUTE_STATUS_DISABLED" {{(pid=104524) __call__ /opt/stack/placement/placement/requestlog.py:55}}
Feb 01 18:29:06.860115 n-d-827306-2 devstack@placement-api.service[104524]: DEBUG placement.objects.research_context [req-7dc57257-a8f7-4d2c-aa49-ecf89dd8187f req-ac79c304-2d40-4129-85b8-4346c3c54dde service placement] getting providers with 1 DISK_GB {{(pid=104524) __init__ /opt/stack/placement/placement/objects/research_context.py:126}}
Feb 01 18:29:06.866464 n-d-827306-2 devstack@placement-api.service[104524]: DEBUG placement.objects.research_context [req-7dc57257-a8f7-4d2c-aa49-ecf89dd8187f req-ac79c304-2d40-4129-85b8-4346c3c54dde service placement] getting providers with 1024 MEMORY_MB {{(pid=104524) __init__ /opt/stack/placement/placement/objects/research_context.py:126}}
Feb 01 18:29:06.873992 n-d-827306-2 devstack@placement-api.service[104524]: DEBUG placement.objects.research_context [req-7dc57257-a8f7-4d2c-aa49-ecf89dd8187f req-ac79c304-2d40-4129-85b8-4346c3c54dde service placement] getting providers with 1 VCPU {{(pid=104524) __init__ /opt/stack/placement/placement/objects/research_context.py:126}}
Feb 01 18:29:06.892209 n-d-827306-2 devstack@placement-api.service[104524]: DEBUG placement.objects.research_context [req-7dc57257-a8f7-4d2c-aa49-ecf89dd8187f req-ac79c304-2d40-4129-85b8-4346c3c54dde service placement] found 2 providers with available 1 DISK_GB {{(pid=104524) get_provider_ids_matching /opt/stack/placement/placement/objects/research_context.py:549}}
Feb 01 18:29:06.892988 n-d-827306-2 devstack@placement-api.service[104524]: DEBUG placement.objects.research_context [req-7dc57257-a8f7-4d2c-aa49-ecf89dd8187f req-ac79c304-2d40-4129-85b8-4346c3c54dde service placement] found 2 providers with available 1024 MEMORY_MB {{(pid=104524) get_provider_ids_matching /opt/stack/placement/placement/objects/research_context.py:549}}
Feb 01 18:29:06.894348 n-d-827306-2 devstack@placement-api.service[104524]: DEBUG placement.objects.research_context [req-7dc57257-a8f7-4d2c-aa49-ecf89dd8187f req-ac79c304-2d40-4129-85b8-4346c3c54dde service placement] found 2 providers after filtering by previous result {{(pid=104524) get_provider_ids_matching /opt/stack/placement/placement/objects/research_context.py:580}}
Feb 01 18:29:06.894972 n-d-827306-2 devstack@placement-api.service[104524]: DEBUG placement.objects.research_context [req-7dc57257-a8f7-4d2c-aa49-ecf89dd8187f req-ac79c304-2d40-4129-85b8-4346c3c54dde service placement] found 2 providers with available 1 VCPU {{(pid=104524) get_provider_ids_matching /opt/stack/placement/placement/objects/research_context.py:549}}
Feb 01 18:29:06.895392 n-d-827306-2 devstack@placement-api.service[104524]: DEBUG placement.objects.research_context [req-7dc57257-a8f7-4d2c-aa49-ecf89dd8187f req-ac79c304-2d40-4129-85b8-4346c3c54dde service placement] found 2 providers after filtering by previous result {{(pid=104524) get_provider_ids_matching /opt/stack/placement/placement/objects/research_context.py:580}}
Feb 01 18:29:06.907929 n-d-827306-2 devstack@placement-api.service[104524]: DEBUG placement.objects.allocation_candidate [req-7dc57257-a8f7-4d2c-aa49-ecf89dd8187f req-ac79c304-2d40-4129-85b8-4346c3c54dde service placement] RequestGroup(use_same_provider=False, resources={DISK_GB:1, MEMORY_MB:1024, VCPU:1}, traits=[], aggregates=[]) (suffix '') returned 2 matches {{(pid=104524) _get_by_requests /opt/stack/placement/placement/objects/allocation_candidate.py:145}}
Feb 01 18:29:06.909112 n-d-827306-2 devstack@placement-api.service[104524]: DEBUG placement.objects.allocation_candidate [req-7dc57257-a8f7-4d2c-aa49-ecf89dd8187f req-ac79c304-2d40-4129-85b8-4346c3c54dde service placement] Merging candidates yields 2 allocation requests and 2 provider summaries {{(pid=104524) _merge_candidates /opt/stack/placement/placement/objects/allocation_candidate.py:783}}
Feb 01 18:29:06.910881 n-d-827306-2 devstack@placement-api.service[104524]: INFO placement.requestlog [req-7dc57257-a8f7-4d2c-aa49-ecf89dd8187f req-ac79c304-2d40-4129-85b8-4346c3c54dde service placement] 10.222.0.60 "GET /placement/allocation_candidates?limit=1000&resources=DISK_GB%3A1%2CMEMORY_MB%3A1024%2CVCPU%3A1&root_required=%21COMPUTE_STATUS_DISABLED" status: 200 len: 1309 microversion: 1.36
Feb 01 18:29:06.915479 n-d-827306-2 devstack@placement-api.service[104524]: [pid: 104524|app: 0|req: 289/580] 10.222.0.60 () {60 vars in 1506 bytes} [Tue Feb 1 18:29:06 2022] GET /placement/allocation_candidates?limit=1000&resources=DISK_GB%3A1%2CMEMORY_MB%3A1024%2CVCPU%3A1&root_required=%21COMPUTE_STATUS_DISABLED => generated 1309 bytes in 120 msecs (HTTP/1.1 200) 8 headers in 297 bytes (1 switches on core 0)
Feb 01 18:29:06.984295 n-d-827306-2 devstack@placement-api.service[104523]: DEBUG placement.requestlog [req-7dc57257-a8f7-4d2c-aa49-ecf89dd8187f req-993e9ed0-885c-4df6-a167-3ed4992cc0d9 None None] Starting request: 10.222.0.60 "GET /placement/allocations/5d04e58b-f839-4361-8bf7-057442a8098e" {{(pid=104523) __call__ /opt/stack/placement/placement/requestlog.py:55}}
Feb 01 18:29:06.996954 n-d-827306-2 devstack@placement-api.service[104523]: INFO placement.requestlog [req-7dc57257-a8f7-4d2c-aa49-ecf89dd8187f req-993e9ed0-885c-4df6-a167-3ed4992cc0d9 service placement] 10.222.0.60 "GET /placement/allocations/5d04e58b-f839-4361-8bf7-057442a8098e" status: 200 len: 19 microversion: 1.28
Feb 01 18:29:06.997347 n-d-827306-2 devstack@placement-api.service[104523]: [pid: 104523|app: 0|req: 292/581] 10.222.0.60 () {60 vars in 1380 bytes} [Tue Feb 1 18:29:06 2022] GET /placement/allocations/5d04e58b-f839-4361-8bf7-057442a8098e => generated 19 bytes in 14 msecs (HTTP/1.1 200) 8 headers in 295 bytes (2 switches on core 0)
Feb 01 18:29:07.004202 n-d-827306-2 devstack@placement-api.service[104524]: DEBUG placement.requestlog [req-7dc57257-a8f7-4d2c-aa49-ecf89dd8187f req-5d90265a-2785-4210-8870-8b57ae2dfb72 None None] Starting request: 10.222.0.60 "PUT /placement/allocations/5d04e58b-f839-4361-8bf7-057442a8098e" {{(pid=104524) __call__ /opt/stack/placement/placement/requestlog.py:55}}
Feb 01 18:29:07.296781 n-d-827306-2 devstack@placement-api.service[104524]: DEBUG placement.handlers.allocation [req-7dc57257-a8f7-4d2c-aa49-ecf89dd8187f req-5d90265a-2785-4210-8870-8b57ae2dfb72 service placement] Successfully wrote allocations [, , ] {{(pid=104524) _update_consumers_and_create_allocations /opt/stack/placement/placement/handlers/allocation.py:462}}
Feb 01 18:29:07.406027 n-d-827306-2 devstack@placement-api.service[104524]: INFO placement.requestlog [req-7dc57257-a8f7-4d2c-aa49-ecf89dd8187f req-5d90265a-2785-4210-8870-8b57ae2dfb72 service placement] 10.222.0.60 "PUT /placement/allocations/5d04e58b-f839-4361-8bf7-057442a8098e" status: 204 len: 0 microversion: 1.36
Feb 01 18:29:07.406524 n-d-827306-2 devstack@placement-api.service[104524]: [pid: 104524|app: 0|req: 290/582] 10.222.0.60 () {64 vars in 1433 bytes} [Tue Feb 1 18:29:07 2022] PUT /placement/allocations/5d04e58b-f839-4361-8bf7-057442a8098e => generated 0 bytes in 403 msecs (HTTP/1.1 204) 5 headers in 199 bytes (2 switches on core 0)
Feb 01 18:29:08.193554 n-d-827306-2 devstack@placement-api.service[104523]: DEBUG placement.requestlog [req-7dc57257-a8f7-4d2c-aa49-ecf89dd8187f req-bfd806e9-8045-4f97-b596-1aa67270dbf7 None None] Starting request: 10.222.0.59 "GET /placement/allocations/5d04e58b-f839-4361-8bf7-057442a8098e" {{(pid=104523) __call__ /opt/stack/placement/placement/requestlog.py:55}}
Feb 01 18:29:08.218680 n-d-827306-2 devstack@placement-api.service[104523]: INFO placement.requestlog [req-7dc57257-a8f7-4d2c-aa49-ecf89dd8187f req-bfd806e9-8045-4f97-b596-1aa67270dbf7 service placement] 10.222.0.59 "GET /placement/allocations/5d04e58b-f839-4361-8bf7-057442a8098e" status: 200 len: 259 microversion: 1.28
Feb 01 18:29:08.219219 n-d-827306-2 devstack@placement-api.service[104523]: [pid: 104523|app: 0|req: 293/583] 10.222.0.59 () {60 vars in 1377 bytes} [Tue Feb 1 18:29:08 2022] GET /placement/allocations/5d04e58b-f839-4361-8bf7-057442a8098e => generated 259 bytes in 26 msecs (HTTP/1.1 200) 8 headers in 296 bytes (1 switches on core 0)
Feb 01 18:29:17.327646 n-d-827306-2 devstack@placement-api.service[104524]: DEBUG placement.requestlog [None req-905fc2d0-7608-41c8-bffa-ce78a674fc6c None None] Starting request: 10.222.0.60 "GET /placement/" {{(pid=104524) __call__ /opt/stack/placement/placement/requestlog.py:55}}
Feb 01 18:29:17.329016 n-d-827306-2 devstack@placement-api.service[104524]: INFO placement.requestlog [None req-905fc2d0-7608-41c8-bffa-ce78a674fc6c None None] 10.222.0.60 "GET /placement/" status: 200 len: 136 microversion: 1.0
Feb 01 18:29:17.330960 n-d-827306-2 devstack@placement-api.service[104524]: [pid: 104524|app: 0|req: 291/584] 10.222.0.60 () {54 vars in 907 bytes} [Tue Feb 1 18:29:17 2022] GET /placement => generated 136 bytes in 4 msecs (HTTP/1.1 200) 6 headers in 224 bytes (1 switches on core 0)
Feb 01 18:29:17.342774 n-d-827306-2 devstack@placement-api.service[104523]: DEBUG placement.requestlog [req-2e192b65-4840-43da-a52f-4f849a493070 req-72280c8e-7df8-40cc-9533-d9ce5861a99e None None] Starting request: 10.222.0.60 "GET /placement/resource_providers/3b6071cd-2a1e-4691-a553-9348b18be2c7/traits" {{(pid=104523) __call__ /opt/stack/placement/placement/requestlog.py:55}}
Feb 01 18:29:17.548197 n-d-827306-2 devstack@placement-api.service[104523]: INFO placement.requestlog [req-2e192b65-4840-43da-a52f-4f849a493070 req-72280c8e-7df8-40cc-9533-d9ce5861a99e service placement] 10.222.0.60 "GET /placement/resource_providers/3b6071cd-2a1e-4691-a553-9348b18be2c7/traits" status: 200 len: 212 microversion: 1.6
Feb 01 18:29:17.550468 n-d-827306-2 devstack@placement-api.service[104523]: [pid: 104523|app: 0|req: 294/585] 10.222.0.60 () {60 vars in 1412 bytes} [Tue Feb 1 18:29:17 2022] GET /placement/resource_providers/3b6071cd-2a1e-4691-a553-9348b18be2c7/traits => generated 212 bytes in 208 msecs (HTTP/1.1 200) 6 headers in 224 bytes (1 switches on core 0)
Feb 01 18:29:19.065224 n-d-827306-2 devstack@placement-api.service[104524]: DEBUG placement.requestlog [None req-131531bc-aa86-4b37-b289-3cc999f43293 None None] Starting request: 10.222.0.60 "GET /placement/" {{(pid=104524) __call__ /opt/stack/placement/placement/requestlog.py:55}}
Feb 01 18:29:19.066676 n-d-827306-2 devstack@placement-api.service[104524]: INFO placement.requestlog [None req-131531bc-aa86-4b37-b289-3cc999f43293 None None] 10.222.0.60 "GET /placement/" status: 200 len: 136 microversion: 1.0
Feb 01 18:29:19.066990 n-d-827306-2 devstack@placement-api.service[104524]: [pid: 104524|app: 0|req: 292/586] 10.222.0.60 () {54 vars in 916 bytes} [Tue Feb 1 18:29:19 2022] GET /placement => generated 136 bytes in 3 msecs (HTTP/1.1 200) 6 headers in 224 bytes (1 switches on core 0)
Feb 01 18:29:19.083101 n-d-827306-2 devstack@placement-api.service[104523]: DEBUG placement.requestlog [req-2e192b65-4840-43da-a52f-4f849a493070 req-654e9eff-d790-4785-9fd0-073e468e2f45 None None] Starting request: 10.222.0.60 "GET /placement/allocations/994e7a44-db4a-4cf4-ad8f-00dc15dfc28f" {{(pid=104523) __call__ /opt/stack/placement/placement/requestlog.py:55}}
Feb 01 18:29:19.232214 n-d-827306-2 devstack@placement-api.service[104523]: INFO placement.requestlog [req-2e192b65-4840-43da-a52f-4f849a493070 req-654e9eff-d790-4785-9fd0-073e468e2f45 service placement] 10.222.0.60 "GET /placement/allocations/994e7a44-db4a-4cf4-ad8f-00dc15dfc28f" status: 200 len: 259 microversion: 1.28
Feb 01 18:29:19.233392 n-d-827306-2 devstack@placement-api.service[104523]: [pid: 104523|app: 0|req: 295/587] 10.222.0.60 () {60 vars in 1380 bytes} [Tue Feb 1 18:29:19 2022] GET /placement/allocations/994e7a44-db4a-4cf4-ad8f-00dc15dfc28f => generated 259 bytes in 150 msecs (HTTP/1.1 200) 8 headers in 296 bytes (1 switches on core 0)
Feb 01 18:29:19.240908 n-d-827306-2 devstack@placement-api.service[104524]: DEBUG placement.requestlog [req-2e192b65-4840-43da-a52f-4f849a493070 req-1484562a-9fec-4c6e-81bd-a2e9fa604e84 None None] Starting request: 10.222.0.60 "GET /placement/allocations/994e7a44-db4a-4cf4-ad8f-00dc15dfc28f" {{(pid=104524) __call__ /opt/stack/placement/placement/requestlog.py:55}}
Feb 01 18:29:19.279955 n-d-827306-2 devstack@placement-api.service[104524]: INFO placement.requestlog [req-2e192b65-4840-43da-a52f-4f849a493070 req-1484562a-9fec-4c6e-81bd-a2e9fa604e84 service placement] 10.222.0.60 "GET /placement/allocations/994e7a44-db4a-4cf4-ad8f-00dc15dfc28f" status: 200 len: 259 microversion: 1.28
Feb 01 18:29:19.281565 n-d-827306-2 devstack@placement-api.service[104524]: [pid: 104524|app: 0|req: 293/588] 10.222.0.60 () {60 vars in 1380 bytes} [Tue Feb 1 18:29:19 2022] GET /placement/allocations/994e7a44-db4a-4cf4-ad8f-00dc15dfc28f => generated 259 bytes in 41 msecs (HTTP/1.1 200) 8 headers in 296 bytes (1 switches on core 0)
Feb 01 18:29:19.290333 n-d-827306-2 devstack@placement-api.service[104523]: DEBUG placement.requestlog [req-2e192b65-4840-43da-a52f-4f849a493070 req-cb9c4bbf-7753-41b6-acc3-05422ec6e148 None None] Starting request: 10.222.0.60 "GET /placement/allocations/b5184b7b-7dfe-4190-9061-34edb699663f" {{(pid=104523) __call__ /opt/stack/placement/placement/requestlog.py:55}}
Feb 01 18:29:19.340705 n-d-827306-2 devstack@placement-api.service[104523]: INFO placement.requestlog [req-2e192b65-4840-43da-a52f-4f849a493070 req-cb9c4bbf-7753-41b6-acc3-05422ec6e148 service placement] 10.222.0.60 "GET /placement/allocations/b5184b7b-7dfe-4190-9061-34edb699663f" status: 200 len: 19 microversion: 1.28
Feb 01 18:29:19.343021 n-d-827306-2 devstack@placement-api.service[104523]: [pid: 104523|app: 0|req: 296/589] 10.222.0.60 () {60 vars in 1380 bytes} [Tue Feb 1 18:29:19 2022] GET /placement/allocations/b5184b7b-7dfe-4190-9061-34edb699663f => generated 19 bytes in 54 msecs (HTTP/1.1 200) 8 headers in 295 bytes (1 switches on core 0)
Feb 01 18:29:19.350843 n-d-827306-2 devstack@placement-api.service[104524]: DEBUG placement.requestlog [req-2e192b65-4840-43da-a52f-4f849a493070 req-b8e48581-b538-4f06-8594-971b6f71dfd6 None None] Starting request: 10.222.0.60 "POST /placement/allocations" {{(pid=104524) __call__ /opt/stack/placement/placement/requestlog.py:55}}
Feb 01 18:29:19.648445 n-d-827306-2 devstack@placement-api.service[104524]: DEBUG placement.handlers.allocation [req-2e192b65-4840-43da-a52f-4f849a493070 req-b8e48581-b538-4f06-8594-971b6f71dfd6 service placement] Successfully wrote allocations [, , , , , ] {{(pid=104524) _update_consumers_and_create_allocations /opt/stack/placement/placement/handlers/allocation.py:572}}
Feb 01 18:29:19.760438 n-d-827306-2 devstack@placement-api.service[104524]: INFO placement.requestlog [req-2e192b65-4840-43da-a52f-4f849a493070 req-b8e48581-b538-4f06-8594-971b6f71dfd6 service placement] 10.222.0.60 "POST /placement/allocations" status: 204 len: 0 microversion: 1.28
Feb 01 18:29:19.763104 n-d-827306-2 devstack@placement-api.service[104524]: [pid: 104524|app: 0|req: 294/590] 10.222.0.60 () {64 vars in 1323 bytes} [Tue Feb 1 18:29:19 2022] POST /placement/allocations => generated 0 bytes in 411 msecs (HTTP/1.1 204) 5 headers in 199 bytes (1 switches on core 0)
Feb 01 18:29:19.818057 n-d-827306-2 devstack@placement-api.service[104523]: DEBUG placement.requestlog [req-2e192b65-4840-43da-a52f-4f849a493070 req-d9233c28-0735-4dd1-b899-e6e6f2bb50eb None None] Starting request: 10.222.0.60 "GET /placement/allocation_candidates?limit=1000&resources=DISK_GB%3A1%2CMEMORY_MB%3A1024%2CVCPU%3A1&root_required=%21COMPUTE_STATUS_DISABLED" {{(pid=104523) __call__ /opt/stack/placement/placement/requestlog.py:55}}
Feb 01 18:29:19.883276 n-d-827306-2 devstack@placement-api.service[104523]: DEBUG placement.objects.research_context [req-2e192b65-4840-43da-a52f-4f849a493070 req-d9233c28-0735-4dd1-b899-e6e6f2bb50eb service placement] getting providers with 1 DISK_GB {{(pid=104523) __init__ /opt/stack/placement/placement/objects/research_context.py:126}}
Feb 01 18:29:19.890819 n-d-827306-2 devstack@placement-api.service[104523]: DEBUG placement.objects.research_context [req-2e192b65-4840-43da-a52f-4f849a493070 req-d9233c28-0735-4dd1-b899-e6e6f2bb50eb service placement] getting providers with 1024 MEMORY_MB {{(pid=104523) __init__ /opt/stack/placement/placement/objects/research_context.py:126}}
Feb 01 18:29:19.898685 n-d-827306-2 devstack@placement-api.service[104523]: DEBUG placement.objects.research_context [req-2e192b65-4840-43da-a52f-4f849a493070 req-d9233c28-0735-4dd1-b899-e6e6f2bb50eb service placement] getting providers with 1 VCPU {{(pid=104523) __init__ /opt/stack/placement/placement/objects/research_context.py:126}}
Feb 01 18:29:19.908787 n-d-827306-2 devstack@placement-api.service[104523]: DEBUG placement.objects.research_context [req-2e192b65-4840-43da-a52f-4f849a493070 req-d9233c28-0735-4dd1-b899-e6e6f2bb50eb service placement] found 2 providers with available 1 DISK_GB {{(pid=104523) get_provider_ids_matching /opt/stack/placement/placement/objects/research_context.py:549}}
Feb 01 18:29:19.909438 n-d-827306-2 devstack@placement-api.service[104523]: DEBUG placement.objects.research_context [req-2e192b65-4840-43da-a52f-4f849a493070 req-d9233c28-0735-4dd1-b899-e6e6f2bb50eb service placement] found 2 providers with available 1024 MEMORY_MB {{(pid=104523) get_provider_ids_matching /opt/stack/placement/placement/objects/research_context.py:549}}
Feb 01 18:29:19.910273 n-d-827306-2 devstack@placement-api.service[104523]: DEBUG placement.objects.research_context [req-2e192b65-4840-43da-a52f-4f849a493070 req-d9233c28-0735-4dd1-b899-e6e6f2bb50eb service placement] found 2 providers after filtering by previous result {{(pid=104523) get_provider_ids_matching /opt/stack/placement/placement/objects/research_context.py:580}}
Feb 01 18:29:19.911269 n-d-827306-2 devstack@placement-api.service[104523]: DEBUG placement.objects.research_context [req-2e192b65-4840-43da-a52f-4f849a493070 req-d9233c28-0735-4dd1-b899-e6e6f2bb50eb service placement] found 2 providers with available 1 VCPU {{(pid=104523) get_provider_ids_matching /opt/stack/placement/placement/objects/research_context.py:549}}
Feb 01 18:29:19.912258 n-d-827306-2 devstack@placement-api.service[104523]: DEBUG placement.objects.research_context [req-2e192b65-4840-43da-a52f-4f849a493070 req-d9233c28-0735-4dd1-b899-e6e6f2bb50eb service placement] found 2 providers after filtering by previous result {{(pid=104523) get_provider_ids_matching /opt/stack/placement/placement/objects/research_context.py:580}}
Feb 01 18:29:19.930564 n-d-827306-2 devstack@placement-api.service[104523]: DEBUG placement.objects.allocation_candidate [req-2e192b65-4840-43da-a52f-4f849a493070 req-d9233c28-0735-4dd1-b899-e6e6f2bb50eb service placement] RequestGroup(use_same_provider=False, resources={DISK_GB:1, MEMORY_MB:1024, VCPU:1}, traits=[], aggregates=[]) (suffix '') returned 2 matches {{(pid=104523) _get_by_requests /opt/stack/placement/placement/objects/allocation_candidate.py:145}}
Feb 01 18:29:19.931325 n-d-827306-2 devstack@placement-api.service[104523]: DEBUG placement.objects.allocation_candidate [req-2e192b65-4840-43da-a52f-4f849a493070 req-d9233c28-0735-4dd1-b899-e6e6f2bb50eb service placement] Merging candidates yields 2 allocation requests and 2 provider summaries {{(pid=104523) _merge_candidates /opt/stack/placement/placement/objects/allocation_candidate.py:783}}
Feb 01 18:29:19.933588 n-d-827306-2 devstack@placement-api.service[104523]: INFO placement.requestlog [req-2e192b65-4840-43da-a52f-4f849a493070 req-d9233c28-0735-4dd1-b899-e6e6f2bb50eb service placement] 10.222.0.60 "GET /placement/allocation_candidates?limit=1000&resources=DISK_GB%3A1%2CMEMORY_MB%3A1024%2CVCPU%3A1&root_required=%21COMPUTE_STATUS_DISABLED" status: 200 len: 1309 microversion: 1.36
Feb 01 18:29:19.946561 n-d-827306-2 devstack@placement-api.service[104523]: [pid: 104523|app: 0|req: 297/591] 10.222.0.60 () {60 vars in 1506 bytes} [Tue Feb 1 18:29:19 2022] GET /placement/allocation_candidates?limit=1000&resources=DISK_GB%3A1%2CMEMORY_MB%3A1024%2CVCPU%3A1&root_required=%21COMPUTE_STATUS_DISABLED => generated 1309 bytes in 129 msecs (HTTP/1.1 200) 8 headers in 297 bytes (1 switches on core 0)
Feb 01 18:29:20.032304 n-d-827306-2 devstack@placement-api.service[104524]: DEBUG placement.requestlog [req-2e192b65-4840-43da-a52f-4f849a493070 req-c733b107-7261-426b-bb64-6cb65c8bfd23 None None] Starting request: 10.222.0.60 "GET /placement/allocations/994e7a44-db4a-4cf4-ad8f-00dc15dfc28f" {{(pid=104524) __call__ /opt/stack/placement/placement/requestlog.py:55}}
Feb 01 18:29:20.063500 n-d-827306-2 devstack@placement-api.service[104524]: INFO placement.requestlog [req-2e192b65-4840-43da-a52f-4f849a493070 req-c733b107-7261-426b-bb64-6cb65c8bfd23 service placement] 10.222.0.60 "GET /placement/allocations/994e7a44-db4a-4cf4-ad8f-00dc15dfc28f" status: 200 len: 19 microversion: 1.28
Feb 01 18:29:20.072912 n-d-827306-2 devstack@placement-api.service[104524]: [pid: 104524|app: 0|req: 295/592] 10.222.0.60 () {60 vars in 1380 bytes} [Tue Feb 1 18:29:20 2022] GET /placement/allocations/994e7a44-db4a-4cf4-ad8f-00dc15dfc28f => generated 19 bytes in 41 msecs (HTTP/1.1 200) 8 headers in 295 bytes (2 switches on core 0)
Feb 01 18:29:20.081104 n-d-827306-2 devstack@placement-api.service[104523]: DEBUG placement.requestlog [req-2e192b65-4840-43da-a52f-4f849a493070 req-3815971b-9275-4ee4-8e21-a28ba3171a93 None None] Starting request: 10.222.0.60 "PUT /placement/allocations/994e7a44-db4a-4cf4-ad8f-00dc15dfc28f" {{(pid=104523) __call__ /opt/stack/placement/placement/requestlog.py:55}}
Feb 01 18:29:20.303230 n-d-827306-2 devstack@placement-api.service[104523]: DEBUG placement.handlers.allocation [req-2e192b65-4840-43da-a52f-4f849a493070 req-3815971b-9275-4ee4-8e21-a28ba3171a93 service placement] Successfully wrote allocations [, , ] {{(pid=104523) _update_consumers_and_create_allocations /opt/stack/placement/placement/handlers/allocation.py:462}}
Feb 01 18:29:20.743114 n-d-827306-2 devstack@placement-api.service[104523]: INFO placement.requestlog [req-2e192b65-4840-43da-a52f-4f849a493070 req-3815971b-9275-4ee4-8e21-a28ba3171a93 service placement] 10.222.0.60 "PUT /placement/allocations/994e7a44-db4a-4cf4-ad8f-00dc15dfc28f" status: 204 len: 0 microversion: 1.36
Feb 01 18:29:20.743642 n-d-827306-2 devstack@placement-api.service[104523]: [pid: 104523|app: 0|req: 298/593] 10.222.0.60 () {64 vars in 1433 bytes} [Tue Feb 1 18:29:20 2022] PUT /placement/allocations/994e7a44-db4a-4cf4-ad8f-00dc15dfc28f => generated 0 bytes in 667 msecs (HTTP/1.1 204) 5 headers in 199 bytes (2 switches on core 0)
Feb 01 18:29:25.854577 n-d-827306-2 devstack@placement-api.service[104524]: DEBUG placement.requestlog [req-8ec49bc0-a456-4ebd-93e4-3e4e7bc4e873 req-36e9b8be-95c6-42ba-ae30-2602cf788523 None None] Starting request: 10.222.0.90 "DELETE /placement/allocations/3952b430-74ec-4b38-9414-496ceca6f608" {{(pid=104524) __call__ /opt/stack/placement/placement/requestlog.py:55}}
Feb 01 18:29:26.262875 n-d-827306-2 devstack@placement-api.service[104524]: DEBUG placement.handlers.allocation [req-8ec49bc0-a456-4ebd-93e4-3e4e7bc4e873 req-36e9b8be-95c6-42ba-ae30-2602cf788523 service placement] Successfully deleted allocations [, , ] {{(pid=104524) delete_allocations /opt/stack/placement/placement/handlers/allocation.py:627}}
Feb 01 18:29:26.264237 n-d-827306-2 devstack@placement-api.service[104524]: INFO placement.requestlog [req-8ec49bc0-a456-4ebd-93e4-3e4e7bc4e873 req-36e9b8be-95c6-42ba-ae30-2602cf788523 service placement] 10.222.0.90 "DELETE /placement/allocations/3952b430-74ec-4b38-9414-496ceca6f608" status: 204 len: 0 microversion: 1.0
Feb 01 18:29:26.268339 n-d-827306-2 devstack@placement-api.service[104524]: [pid: 104524|app: 0|req: 296/594] 10.222.0.90 () {60 vars in 1355 bytes} [Tue Feb 1 18:29:25 2022] DELETE /placement/allocations/3952b430-74ec-4b38-9414-496ceca6f608 => generated 0 bytes in 411 msecs (HTTP/1.1 204) 5 headers in 198 bytes (1 switches on core 0)
Feb 01 18:29:26.284039 n-d-827306-2 devstack@placement-api.service[104523]: DEBUG placement.requestlog [req-2e192b65-4840-43da-a52f-4f849a493070 req-1dfdbd9c-571e-4559-87bc-d652208bd69b None None] Starting request: 10.222.0.59 "GET /placement/allocations/994e7a44-db4a-4cf4-ad8f-00dc15dfc28f" {{(pid=104523) __call__ /opt/stack/placement/placement/requestlog.py:55}}
Feb 01 18:29:26.304542 n-d-827306-2 devstack@placement-api.service[104523]: INFO placement.requestlog [req-2e192b65-4840-43da-a52f-4f849a493070 req-1dfdbd9c-571e-4559-87bc-d652208bd69b service placement] 10.222.0.59 "GET /placement/allocations/994e7a44-db4a-4cf4-ad8f-00dc15dfc28f" status: 200 len: 259 microversion: 1.28
Feb 01 18:29:26.305617 n-d-827306-2 devstack@placement-api.service[104523]: [pid: 104523|app: 0|req: 299/595] 10.222.0.59 () {60 vars in 1377 bytes} [Tue Feb 1 18:29:26 2022] GET /placement/allocations/994e7a44-db4a-4cf4-ad8f-00dc15dfc28f => generated 259 bytes in 22 msecs (HTTP/1.1 200) 8 headers in 296 bytes (1 switches on core 0)
Feb 01 18:29:41.797354 n-d-827306-2 devstack@placement-api.service[104524]: DEBUG placement.requestlog [req-96a7b839-599c-4424-b757-f825fd81e0ac req-68f2bbf6-7fcc-4b0b-94ca-03f6bc4c04a9 None None] Starting request: 10.222.0.60 "GET /placement/allocation_candidates?limit=1000&resources=DISK_GB%3A1%2CMEMORY_MB%3A1024%2CVCPU%3A1&root_required=%21COMPUTE_STATUS_DISABLED" {{(pid=104524) __call__ /opt/stack/placement/placement/requestlog.py:55}}
Feb 01 18:29:41.840082 n-d-827306-2 devstack@placement-api.service[104524]: DEBUG placement.objects.research_context [req-96a7b839-599c-4424-b757-f825fd81e0ac req-68f2bbf6-7fcc-4b0b-94ca-03f6bc4c04a9 service placement] getting providers with 1 DISK_GB {{(pid=104524) __init__ /opt/stack/placement/placement/objects/research_context.py:126}}
Feb 01 18:29:41.851215 n-d-827306-2 devstack@placement-api.service[104524]: DEBUG placement.objects.research_context [req-96a7b839-599c-4424-b757-f825fd81e0ac req-68f2bbf6-7fcc-4b0b-94ca-03f6bc4c04a9 service placement] getting providers with 1024 MEMORY_MB {{(pid=104524) __init__ /opt/stack/placement/placement/objects/research_context.py:126}}
Feb 01 18:29:41.858027 n-d-827306-2 devstack@placement-api.service[104524]: DEBUG placement.objects.research_context [req-96a7b839-599c-4424-b757-f825fd81e0ac req-68f2bbf6-7fcc-4b0b-94ca-03f6bc4c04a9 service placement] getting providers with 1 VCPU {{(pid=104524) __init__ /opt/stack/placement/placement/objects/research_context.py:126}}
Feb 01 18:29:41.865792 n-d-827306-2 devstack@placement-api.service[104524]: DEBUG placement.objects.research_context [req-96a7b839-599c-4424-b757-f825fd81e0ac req-68f2bbf6-7fcc-4b0b-94ca-03f6bc4c04a9 service placement] found 2 providers with available 1 DISK_GB {{(pid=104524) get_provider_ids_matching /opt/stack/placement/placement/objects/research_context.py:549}}
Feb 01 18:29:41.866163 n-d-827306-2 devstack@placement-api.service[104524]: DEBUG placement.objects.research_context [req-96a7b839-599c-4424-b757-f825fd81e0ac req-68f2bbf6-7fcc-4b0b-94ca-03f6bc4c04a9 service placement] found 2 providers with available 1024 MEMORY_MB {{(pid=104524) get_provider_ids_matching /opt/stack/placement/placement/objects/research_context.py:549}}
Feb 01 18:29:41.866519 n-d-827306-2 devstack@placement-api.service[104524]: DEBUG placement.objects.research_context [req-96a7b839-599c-4424-b757-f825fd81e0ac req-68f2bbf6-7fcc-4b0b-94ca-03f6bc4c04a9 service placement] found 2 providers after filtering by previous result {{(pid=104524) get_provider_ids_matching /opt/stack/placement/placement/objects/research_context.py:580}}
Feb 01 18:29:41.866835 n-d-827306-2 devstack@placement-api.service[104524]: DEBUG placement.objects.research_context [req-96a7b839-599c-4424-b757-f825fd81e0ac req-68f2bbf6-7fcc-4b0b-94ca-03f6bc4c04a9 service placement] found 2 providers with available 1 VCPU {{(pid=104524) get_provider_ids_matching /opt/stack/placement/placement/objects/research_context.py:549}}
Feb 01 18:29:41.867163 n-d-827306-2 devstack@placement-api.service[104524]: DEBUG placement.objects.research_context [req-96a7b839-599c-4424-b757-f825fd81e0ac req-68f2bbf6-7fcc-4b0b-94ca-03f6bc4c04a9 service placement] found 2 providers after filtering by previous result {{(pid=104524) get_provider_ids_matching /opt/stack/placement/placement/objects/research_context.py:580}}
Feb 01 18:29:41.887472 n-d-827306-2 devstack@placement-api.service[104524]: DEBUG placement.objects.allocation_candidate [req-96a7b839-599c-4424-b757-f825fd81e0ac req-68f2bbf6-7fcc-4b0b-94ca-03f6bc4c04a9 service placement] RequestGroup(use_same_provider=False, resources={DISK_GB:1, MEMORY_MB:1024, VCPU:1}, traits=[], aggregates=[]) (suffix '') returned 2 matches {{(pid=104524) _get_by_requests /opt/stack/placement/placement/objects/allocation_candidate.py:145}}
Feb 01 18:29:41.887909 n-d-827306-2 devstack@placement-api.service[104524]: DEBUG placement.objects.allocation_candidate [req-96a7b839-599c-4424-b757-f825fd81e0ac req-68f2bbf6-7fcc-4b0b-94ca-03f6bc4c04a9 service placement] Merging candidates yields 2 allocation requests and 2 provider summaries {{(pid=104524) _merge_candidates /opt/stack/placement/placement/objects/allocation_candidate.py:783}}
Feb 01 18:29:41.889725 n-d-827306-2 devstack@placement-api.service[104524]: INFO placement.requestlog [req-96a7b839-599c-4424-b757-f825fd81e0ac req-68f2bbf6-7fcc-4b0b-94ca-03f6bc4c04a9 service placement] 10.222.0.60 "GET /placement/allocation_candidates?limit=1000&resources=DISK_GB%3A1%2CMEMORY_MB%3A1024%2CVCPU%3A1&root_required=%21COMPUTE_STATUS_DISABLED" status: 200 len: 1309 microversion: 1.36
Feb 01 18:29:41.890198 n-d-827306-2 devstack@placement-api.service[104524]: [pid: 104524|app: 0|req: 297/596] 10.222.0.60 () {60 vars in 1506 bytes} [Tue Feb 1 18:29:41 2022] GET /placement/allocation_candidates?limit=1000&resources=DISK_GB%3A1%2CMEMORY_MB%3A1024%2CVCPU%3A1&root_required=%21COMPUTE_STATUS_DISABLED => generated 1309 bytes in 93 msecs (HTTP/1.1 200) 8 headers in 297 bytes (1 switches on core 0)
Feb 01 18:29:41.951194 n-d-827306-2 devstack@placement-api.service[104523]: DEBUG placement.requestlog [req-96a7b839-599c-4424-b757-f825fd81e0ac req-0e96da6e-80b5-49df-98e7-41197a6309e9 None None] Starting request: 10.222.0.60 "GET /placement/allocations/7648182e-8965-4ee8-8cce-795da6b9fe95" {{(pid=104523) __call__ /opt/stack/placement/placement/requestlog.py:55}}
Feb 01 18:29:41.966901 n-d-827306-2 devstack@placement-api.service[104523]: INFO placement.requestlog [req-96a7b839-599c-4424-b757-f825fd81e0ac req-0e96da6e-80b5-49df-98e7-41197a6309e9 service placement] 10.222.0.60 "GET /placement/allocations/7648182e-8965-4ee8-8cce-795da6b9fe95" status: 200 len: 19 microversion: 1.28
Feb 01 18:29:41.967648 n-d-827306-2 devstack@placement-api.service[104523]: [pid: 104523|app: 0|req: 300/597] 10.222.0.60 () {60 vars in 1380 bytes} [Tue Feb 1 18:29:41 2022] GET /placement/allocations/7648182e-8965-4ee8-8cce-795da6b9fe95 => generated 19 bytes in 17 msecs (HTTP/1.1 200) 8 headers in 295 bytes (1 switches on core 0)
Feb 01 18:29:41.977062 n-d-827306-2 devstack@placement-api.service[104524]: DEBUG placement.requestlog [req-96a7b839-599c-4424-b757-f825fd81e0ac req-2e65af3b-3217-46ad-85da-590a76cef465 None None] Starting request: 10.222.0.60 "PUT /placement/allocations/7648182e-8965-4ee8-8cce-795da6b9fe95" {{(pid=104524) __call__ /opt/stack/placement/placement/requestlog.py:55}}
Feb 01 18:29:42.369048 n-d-827306-2 devstack@placement-api.service[104524]: DEBUG placement.handlers.allocation [req-96a7b839-599c-4424-b757-f825fd81e0ac req-2e65af3b-3217-46ad-85da-590a76cef465 service placement] Successfully wrote allocations [, , ] {{(pid=104524) _update_consumers_and_create_allocations /opt/stack/placement/placement/handlers/allocation.py:462}}
Feb 01 18:29:42.548787 n-d-827306-2 devstack@placement-api.service[104524]: INFO placement.requestlog [req-96a7b839-599c-4424-b757-f825fd81e0ac req-2e65af3b-3217-46ad-85da-590a76cef465 service placement] 10.222.0.60 "PUT /placement/allocations/7648182e-8965-4ee8-8cce-795da6b9fe95" status: 204 len: 0 microversion: 1.36
Feb 01 18:29:42.549823 n-d-827306-2 devstack@placement-api.service[104524]: [pid: 104524|app: 0|req: 298/598] 10.222.0.60 () {64 vars in 1433 bytes} [Tue Feb 1 18:29:41 2022] PUT /placement/allocations/7648182e-8965-4ee8-8cce-795da6b9fe95 => generated 0 bytes in 574 msecs (HTTP/1.1 204) 5 headers in 199 bytes (1 switches on core 0)
Feb 01 18:29:43.881405 n-d-827306-2 devstack@placement-api.service[104523]: DEBUG placement.requestlog [req-96a7b839-599c-4424-b757-f825fd81e0ac req-dadd4da1-8af1-49b7-91c4-b1aad0123fe1 None None] Starting request: 10.222.0.90 "GET /placement/allocations/7648182e-8965-4ee8-8cce-795da6b9fe95" {{(pid=104523) __call__ /opt/stack/placement/placement/requestlog.py:55}}
Feb 01 18:29:43.913708 n-d-827306-2 devstack@placement-api.service[104523]: INFO placement.requestlog [req-96a7b839-599c-4424-b757-f825fd81e0ac req-dadd4da1-8af1-49b7-91c4-b1aad0123fe1 service placement] 10.222.0.90 "GET /placement/allocations/7648182e-8965-4ee8-8cce-795da6b9fe95" status: 200 len: 259 microversion: 1.28
Feb 01 18:29:43.914762 n-d-827306-2 devstack@placement-api.service[104523]: [pid: 104523|app: 0|req: 301/599] 10.222.0.90 () {60 vars in 1377 bytes} [Tue Feb 1 18:29:43 2022] GET /placement/allocations/7648182e-8965-4ee8-8cce-795da6b9fe95 => generated 259 bytes in 34 msecs (HTTP/1.1 200) 8 headers in 296 bytes (2 switches on core 0)
Feb 01 18:29:50.752631 n-d-827306-2 devstack@placement-api.service[104524]: DEBUG placement.requestlog [req-2e192b65-4840-43da-a52f-4f849a493070 req-6a59f14f-13e4-4e86-bd32-82e00c7f28cd None None] Starting request: 10.222.0.59 "GET /placement/allocations/994e7a44-db4a-4cf4-ad8f-00dc15dfc28f" {{(pid=104524) __call__ /opt/stack/placement/placement/requestlog.py:55}}
Feb 01 18:29:50.796533 n-d-827306-2 devstack@placement-api.service[104524]: INFO placement.requestlog [req-2e192b65-4840-43da-a52f-4f849a493070 req-6a59f14f-13e4-4e86-bd32-82e00c7f28cd service placement] 10.222.0.59 "GET /placement/allocations/994e7a44-db4a-4cf4-ad8f-00dc15dfc28f" status: 200 len: 259 microversion: 1.28
Feb 01 18:29:50.797125 n-d-827306-2 devstack@placement-api.service[104524]: [pid: 104524|app: 0|req: 299/600] 10.222.0.59 () {60 vars in 1377 bytes} [Tue Feb 1 18:29:50 2022] GET /placement/allocations/994e7a44-db4a-4cf4-ad8f-00dc15dfc28f => generated 259 bytes in 53 msecs (HTTP/1.1 200) 8 headers in 296 bytes (1 switches on core 0)
Feb 01 18:29:52.248273 n-d-827306-2 devstack@placement-api.service[104523]: DEBUG placement.requestlog [req-0ec8cc8e-2299-4519-b079-ac5186b4f1df req-95162e42-598a-406b-8a29-c9ce01ab75d2 None None] Starting request: 10.222.0.90 "GET /placement/resource_providers/3b6071cd-2a1e-4691-a553-9348b18be2c7/allocations" {{(pid=104523) __call__ /opt/stack/placement/placement/requestlog.py:55}}
Feb 01 18:29:52.286044 n-d-827306-2 devstack@placement-api.service[104523]: INFO placement.requestlog [req-0ec8cc8e-2299-4519-b079-ac5186b4f1df req-95162e42-598a-406b-8a29-c9ce01ab75d2 service placement] 10.222.0.90 "GET /placement/resource_providers/3b6071cd-2a1e-4691-a553-9348b18be2c7/allocations" status: 200 len: 255 microversion: 1.0
Feb 01 18:29:52.286745 n-d-827306-2 devstack@placement-api.service[104523]: [pid: 104523|app: 0|req: 302/601] 10.222.0.90 () {58 vars in 1390 bytes} [Tue Feb 1 18:29:52 2022] GET /placement/resource_providers/3b6071cd-2a1e-4691-a553-9348b18be2c7/allocations => generated 255 bytes in 39 msecs (HTTP/1.1 200) 6 headers in 224 bytes (2 switches on core 0)
Feb 01 18:29:55.712787 n-d-827306-2 devstack@placement-api.service[104524]: DEBUG placement.requestlog [req-318b2c6f-9a09-4abc-92b7-b70d255c8c52 req-54d262cc-59f0-4f7e-b32f-8e8fb80be8a9 None None] Starting request: 10.222.0.59 "GET /placement/resource_providers/3d094ed2-e86c-4723-9099-2e3895e4cadc/allocations" {{(pid=104524) __call__ /opt/stack/placement/placement/requestlog.py:55}}
Feb 01 18:29:55.744212 n-d-827306-2 devstack@placement-api.service[104524]: INFO placement.requestlog [req-318b2c6f-9a09-4abc-92b7-b70d255c8c52 req-54d262cc-59f0-4f7e-b32f-8e8fb80be8a9 service placement] 10.222.0.59 "GET /placement/resource_providers/3d094ed2-e86c-4723-9099-2e3895e4cadc/allocations" status: 200 len: 530 microversion: 1.0
Feb 01 18:29:55.744956 n-d-827306-2 devstack@placement-api.service[104524]: [pid: 104524|app: 0|req: 300/602] 10.222.0.59 () {58 vars in 1390 bytes} [Tue Feb 1 18:29:55 2022] GET /placement/resource_providers/3d094ed2-e86c-4723-9099-2e3895e4cadc/allocations => generated 530 bytes in 32 msecs (HTTP/1.1 200) 6 headers in 224 bytes (1 switches on core 0)
Feb 01 18:30:01.824362 n-d-827306-2 devstack@placement-api.service[104523]: DEBUG placement.requestlog [req-385bfb19-d84c-4c16-b256-362941976305 req-180b274c-965b-48b8-9ac3-1ba3322815d4 None None] Starting request: 10.222.0.90 "GET /placement/allocations/b5184b7b-7dfe-4190-9061-34edb699663f" {{(pid=104523) __call__ /opt/stack/placement/placement/requestlog.py:55}}
Feb 01 18:30:01.862102 n-d-827306-2 devstack@placement-api.service[104523]: INFO placement.requestlog [req-385bfb19-d84c-4c16-b256-362941976305 req-180b274c-965b-48b8-9ac3-1ba3322815d4 service placement] 10.222.0.90 "GET /placement/allocations/b5184b7b-7dfe-4190-9061-34edb699663f" status: 200 len: 259 microversion: 1.28
Feb 01 18:30:01.863620 n-d-827306-2 devstack@placement-api.service[104523]: [pid: 104523|app: 0|req: 303/603] 10.222.0.90 () {60 vars in 1377 bytes} [Tue Feb 1 18:30:01 2022] GET /placement/allocations/b5184b7b-7dfe-4190-9061-34edb699663f => generated 259 bytes in 40 msecs (HTTP/1.1 200) 8 headers in 296 bytes (2 switches on core 0)
Feb 01 18:30:01.870483 n-d-827306-2 devstack@placement-api.service[104524]: DEBUG placement.requestlog [req-385bfb19-d84c-4c16-b256-362941976305 req-b654887a-cf2d-4112-8bd1-2bfcbce2e251 None None] Starting request: 10.222.0.90 "PUT /placement/allocations/b5184b7b-7dfe-4190-9061-34edb699663f" {{(pid=104524) __call__ /opt/stack/placement/placement/requestlog.py:55}}
Feb 01 18:30:01.949929 n-d-827306-2 devstack@placement-api.service[104524]: DEBUG placement.handlers.allocation [req-385bfb19-d84c-4c16-b256-362941976305 req-b654887a-cf2d-4112-8bd1-2bfcbce2e251 service placement] Successfully wrote allocations [, , ] {{(pid=104524) _update_consumers_and_create_allocations /opt/stack/placement/placement/handlers/allocation.py:462}}
Feb 01 18:30:02.057209 n-d-827306-2 devstack@placement-api.service[104524]: INFO placement.requestlog [req-385bfb19-d84c-4c16-b256-362941976305 req-b654887a-cf2d-4112-8bd1-2bfcbce2e251 service placement] 10.222.0.90 "PUT /placement/allocations/b5184b7b-7dfe-4190-9061-34edb699663f" status: 204 len: 0 microversion: 1.28
Feb 01 18:30:02.057953 n-d-827306-2 devstack@placement-api.service[104524]: [pid: 104524|app: 0|req: 301/604] 10.222.0.90 () {64 vars in 1430 bytes} [Tue Feb 1 18:30:01 2022] PUT /placement/allocations/b5184b7b-7dfe-4190-9061-34edb699663f => generated 0 bytes in 188 msecs (HTTP/1.1 204) 5 headers in 199 bytes (1 switches on core 0)
Feb 01 18:30:07.160602 n-d-827306-2 devstack@placement-api.service[104523]: DEBUG placement.requestlog [req-1663b04e-29b1-4d41-9ccf-a09d4009b143 req-4720b8a1-321f-4e69-99db-03b38988f25e None None] Starting request: 10.222.0.60 "GET /placement/allocation_candidates?limit=1000&resources=DISK_GB%3A1%2CMEMORY_MB%3A1024%2CVCPU%3A1&root_required=%21COMPUTE_STATUS_DISABLED" {{(pid=104523) __call__ /opt/stack/placement/placement/requestlog.py:55}}
