Feb 02 15:08:52.919307 n-d-827122-1 neutron-server[95772]: INFO neutron.wsgi [req-4c91d324-f1c2-4a3e-9ec1-635d59c34b91 req-0ae0f939-0371-4d4b-a3a1-8418c8248fbe tempest-LiveAutoBlockMigrationV225Test-870048698 tempest-LiveAutoBlockMigrationV225Test-870048698-project] 10.222.0.88 "GET /v2.0/security-groups?id=2a561935-3e6e-45f4-905e-06e410a12f91&fields=id&fields=name HTTP/1.1" status: 200 len: 286 time: 0.1324627
Feb 02 15:08:53.025103 n-d-827122-1 neutron-server[95772]: DEBUG neutron_lib.callbacks.manager [req-771c0e61-e24f-447c-be9e-d84bf7db1b3e req-953b9e22-2e97-4cbe-be66-890458dd1f5d tempest-ServersAdminTestJSON-1845386948 tempest-ServersAdminTestJSON-1845386948-project] Notify callbacks [] for port, precommit_create {{(pid=95772) _notify_loop /usr/local/lib/python3.8/dist-packages/neutron_lib/callbacks/manager.py:192}}
Feb 02 15:08:53.032245 n-d-827122-1 neutron-server[95773]: DEBUG neutron.api.rpc.handlers.resources_rpc [None req-5c1a7813-22a4-4726-95dc-131067121e06 admin admin] Pushing event updated for resources: {'Network': ['ID=875a854f-f01f-4589-9ddd-0c9175d59c9a,revision_number=1']} {{(pid=95773) push /opt/stack/neutron/neutron/api/rpc/handlers/resources_rpc.py:237}}
Feb 02 15:08:53.043247 n-d-827122-1 neutron-server[95772]: DEBUG neutron.db.provisioning_blocks [req-771c0e61-e24f-447c-be9e-d84bf7db1b3e req-953b9e22-2e97-4cbe-be66-890458dd1f5d tempest-ServersAdminTestJSON-1845386948 tempest-ServersAdminTestJSON-1845386948-project] Transition to ACTIVE for port object 4f7c2608-56af-4eca-a03e-47db2f305166 will not be triggered until provisioned by entity DHCP. {{(pid=95772) add_provisioning_component /opt/stack/neutron/neutron/db/provisioning_blocks.py:73}}
Feb 02 15:08:53.044285 n-d-827122-1 neutron-server[95774]: DEBUG neutron.plugins.ml2.rpc [None req-52e459c0-6b4f-48d6-969d-ec7a4efd6836 None None] Network 875a854f-f01f-4589-9ddd-0c9175d59c9a details requested by agent ovs-agent-n-d-827122-1 with host n-d-827122-1 {{(pid=95774) get_network_details /opt/stack/neutron/neutron/plugins/ml2/rpc.py:232}}
Feb 02 15:08:53.126662 n-d-827122-1 neutron-server[95773]: INFO neutron.wsgi [None req-5c1a7813-22a4-4726-95dc-131067121e06 admin admin] 10.222.0.88 "POST /v2.0/networks HTTP/1.1" status: 201 len: 903 time: 1.3092477
Feb 02 15:08:53.129485 n-d-827122-1 neutron-server[95773]: DEBUG neutron.wsgi [-] (95773) accepted ('10.222.0.88', 38064) {{(pid=95773) server /usr/local/lib/python3.8/dist-packages/eventlet/wsgi.py:992}}
Feb 02 15:08:53.135905 n-d-827122-1 neutron-server[95773]: DEBUG neutron.api.v2.base [None req-ab74da07-0ae6-4b88-96a4-cc05489009d0 admin admin] Request body: {'subnet': {'network_id': '875a854f-f01f-4589-9ddd-0c9175d59c9a', 'cidr': '172.20.0.0/28', 'name': 'tempest-FloatingIPsAssociationNegativeTestJSON-1479136224-subnet', 'tenant_id': '4ba735007ac54455889e472e9b8357ff', 'enable_dhcp': True, 'ip_version': 4}} {{(pid=95773) prepare_request_body /opt/stack/neutron/neutron/api/v2/base.py:719}}
Feb 02 15:08:53.141658 n-d-827122-1 neutron-server[95773]: DEBUG neutron.db.quota.driver [None req-ab74da07-0ae6-4b88-96a4-cc05489009d0 admin admin] Resources subnetpool have unlimited quota limit. It is not required to calculate headroom {{(pid=95773) make_reservation /opt/stack/neutron/neutron/db/quota/driver.py:219}}
Feb 02 15:08:53.146371 n-d-827122-1 neutron-server[95773]: DEBUG neutron.quota.resource [None req-ab74da07-0ae6-4b88-96a4-cc05489009d0 admin admin] Usage tracker for resource:subnet and tenant:4ba735007ac54455889e472e9b8357ff is out of sync, need to count used quota {{(pid=95773) count_used /opt/stack/neutron/neutron/quota/resource.py:270}}
Feb 02 15:08:53.149505 n-d-827122-1 neutron-server[95773]: DEBUG neutron.quota.resource [None req-ab74da07-0ae6-4b88-96a4-cc05489009d0 admin admin] Quota usage for subnet was recalculated. Used quota:0. {{(pid=95773) count_used /opt/stack/neutron/neutron/quota/resource.py:290}}
Feb 02 15:08:53.156068 n-d-827122-1 neutron-server[95773]: DEBUG neutron.db.quota.driver [None req-ab74da07-0ae6-4b88-96a4-cc05489009d0 admin admin] Attempting to reserve 1 items for resource subnet. Total usage: 0; quota limit: 100; headroom:100 {{(pid=95773) make_reservation /opt/stack/neutron/neutron/db/quota/driver.py:246}}
Feb 02 15:08:53.179823 n-d-827122-1 neutron-server[95772]: DEBUG neutron_lib.callbacks.manager [req-771c0e61-e24f-447c-be9e-d84bf7db1b3e req-953b9e22-2e97-4cbe-be66-890458dd1f5d tempest-ServersAdminTestJSON-1845386948 tempest-ServersAdminTestJSON-1845386948-project] Notify callbacks ['neutron.plugins.ml2.plugin.SecurityGroupServerNotifierRpcMixin.notify_sg_on_port_change-33539961', 'neutron.plugins.ml2.ovo_rpc._ObjectChangeHandler.handle_event-243557', 'neutron.api.rpc.agentnotifiers.dhcp_rpc_agent_api.DhcpAgentNotifyAPI._native_event_send_dhcp_notification-33544701', 'neutron.db.l3_dvrscheduler_db._notify_l3_agent_new_port-8778862078154'] for port, after_create {{(pid=95772) _notify_loop /usr/local/lib/python3.8/dist-packages/neutron_lib/callbacks/manager.py:192}}
Feb 02 15:08:53.219559 n-d-827122-1 neutron-server[95774]: DEBUG neutron.plugins.ml2.db [None req-85db902d-76bc-4f3e-95ca-a19dfb5c1110 None None] get_ports_and_sgs() called for port_ids ['de0fe952-abf6-471f-bff6-45fa7a833df7', '69c11720-97f9-4d33-bd1f-d47f6ebab2dc'] {{(pid=95774) get_ports_and_sgs /opt/stack/neutron/neutron/plugins/ml2/db.py:163}}
Feb 02 15:08:53.250144 n-d-827122-1 neutron-server[95773]: DEBUG neutron.pecan_wsgi.hooks.quota_enforcement [None req-ab74da07-0ae6-4b88-96a4-cc05489009d0 admin admin] Made reservation on behalf of 4ba735007ac54455889e472e9b8357ff for: {'subnet': 1} {{(pid=95773) before /opt/stack/neutron/neutron/pecan_wsgi/hooks/quota_enforcement.py:53}}
Feb 02 15:08:53.252866 n-d-827122-1 neutron-server[95773]: DEBUG neutron_lib.callbacks.manager [None req-ab74da07-0ae6-4b88-96a4-cc05489009d0 admin admin] Notify callbacks [] for subnet, before_create {{(pid=95773) _notify_loop /usr/local/lib/python3.8/dist-packages/neutron_lib/callbacks/manager.py:192}}
Feb 02 15:08:53.258823 n-d-827122-1 neutron-server[95772]: DEBUG neutron.scheduler.dhcp_agent_scheduler [req-771c0e61-e24f-447c-be9e-d84bf7db1b3e req-953b9e22-2e97-4cbe-be66-890458dd1f5d tempest-ServersAdminTestJSON-1845386948 tempest-ServersAdminTestJSON-1845386948-project] Network 84ebc57c-caec-4866-8969-c973b519dd53 is already hosted by enough agents. {{(pid=95772) _get_dhcp_agents_hosting_network /opt/stack/neutron/neutron/scheduler/dhcp_agent_scheduler.py:275}}
Feb 02 15:08:53.262235 n-d-827122-1 neutron-server[95772]: DEBUG neutron.scheduler.base_scheduler [req-771c0e61-e24f-447c-be9e-d84bf7db1b3e req-953b9e22-2e97-4cbe-be66-890458dd1f5d tempest-ServersAdminTestJSON-1845386948 tempest-ServersAdminTestJSON-1845386948-project] Resources bound (agent type, host, resource id): {{(pid=95772) schedule /opt/stack/neutron/neutron/scheduler/base_scheduler.py:57}}
Feb 02 15:08:53.267461 n-d-827122-1 neutron-server[95772]: DEBUG neutron.db.l3_dvrscheduler_db [req-771c0e61-e24f-447c-be9e-d84bf7db1b3e req-953b9e22-2e97-4cbe-be66-890458dd1f5d tempest-ServersAdminTestJSON-1845386948 tempest-ServersAdminTestJSON-1845386948-project] Received port after_create {{(pid=95772) _notify_l3_agent_new_port /opt/stack/neutron/neutron/db/l3_dvrscheduler_db.py:535}}
Feb 02 15:08:53.272570 n-d-827122-1 neutron-server[95772]: DEBUG neutron.pecan_wsgi.hooks.policy_enforcement [req-771c0e61-e24f-447c-be9e-d84bf7db1b3e req-953b9e22-2e97-4cbe-be66-890458dd1f5d tempest-ServersAdminTestJSON-1845386948 tempest-ServersAdminTestJSON-1845386948-project] Attributes excluded by policy engine: ['binding:profile', 'binding:host_id', 'binding:vif_type', 'binding:vif_details', 'network'] {{(pid=95772) _exclude_attributes_by_policy /opt/stack/neutron/neutron/pecan_wsgi/hooks/policy_enforcement.py:255}}
Feb 02 15:08:53.273161 n-d-827122-1 neutron-server[95772]: DEBUG neutron_lib.callbacks.manager [req-771c0e61-e24f-447c-be9e-d84bf7db1b3e req-953b9e22-2e97-4cbe-be66-890458dd1f5d tempest-ServersAdminTestJSON-1845386948 tempest-ServersAdminTestJSON-1845386948-project] Notify callbacks ['neutron.notifiers.nova.Notifier._send_nova_notification-40496'] for port, before_response {{(pid=95772) _notify_loop /usr/local/lib/python3.8/dist-packages/neutron_lib/callbacks/manager.py:192}}
Feb 02 15:08:53.293187 n-d-827122-1 neutron-server[95772]: DEBUG neutron.api.rpc.handlers.resources_rpc [None req-953b9e22-2e97-4cbe-be66-890458dd1f5d tempest-ServersAdminTestJSON-1845386948 tempest-ServersAdminTestJSON-1845386948-project] Pushing event updated for resources: {'Port': ['ID=4f7c2608-56af-4eca-a03e-47db2f305166,revision_number=1']} {{(pid=95772) push /opt/stack/neutron/neutron/api/rpc/handlers/resources_rpc.py:237}}
Feb 02 15:08:53.316820 n-d-827122-1 neutron-server[95772]: DEBUG neutron.api.rpc.callbacks.version_manager [None req-953b9e22-2e97-4cbe-be66-890458dd1f5d tempest-ServersAdminTestJSON-1845386948 tempest-ServersAdminTestJSON-1845386948-project] Version for resource type ConntrackHelper changed None to 1.0 on consumer Open vSwitch agent@n-d-827122-1 {{(pid=95772) _set_version /opt/stack/neutron/neutron/api/rpc/callbacks/version_manager.py:113}}
Feb 02 15:08:53.317164 n-d-827122-1 neutron-server[95772]: DEBUG neutron.api.rpc.callbacks.version_manager [None req-953b9e22-2e97-4cbe-be66-890458dd1f5d tempest-ServersAdminTestJSON-1845386948 tempest-ServersAdminTestJSON-1845386948-project] Version for resource type Log changed None to 1.0 on consumer Open vSwitch agent@n-d-827122-1 {{(pid=95772) _set_version /opt/stack/neutron/neutron/api/rpc/callbacks/version_manager.py:113}}
Feb 02 15:08:53.317521 n-d-827122-1 neutron-server[95772]: DEBUG neutron.api.rpc.callbacks.version_manager [None req-953b9e22-2e97-4cbe-be66-890458dd1f5d tempest-ServersAdminTestJSON-1845386948 tempest-ServersAdminTestJSON-1845386948-project] Version for resource type Network changed None to 1.1 on consumer Open vSwitch agent@n-d-827122-1 {{(pid=95772) _set_version /opt/stack/neutron/neutron/api/rpc/callbacks/version_manager.py:113}}
Feb 02 15:08:53.317939 n-d-827122-1 neutron-server[95772]: DEBUG neutron.api.rpc.callbacks.version_manager [None req-953b9e22-2e97-4cbe-be66-890458dd1f5d tempest-ServersAdminTestJSON-1845386948 tempest-ServersAdminTestJSON-1845386948-project] Version for resource type Port changed None to 1.5 on consumer Open vSwitch agent@n-d-827122-1 {{(pid=95772) _set_version /opt/stack/neutron/neutron/api/rpc/callbacks/version_manager.py:113}}
Feb 02 15:08:53.320784 n-d-827122-1 neutron-server[95772]: DEBUG neutron.api.rpc.callbacks.version_manager [None req-953b9e22-2e97-4cbe-be66-890458dd1f5d tempest-ServersAdminTestJSON-1845386948 tempest-ServersAdminTestJSON-1845386948-project] Version for resource type PortForwarding changed None to 1.2 on consumer Open vSwitch agent@n-d-827122-1 {{(pid=95772) _set_version /opt/stack/neutron/neutron/api/rpc/callbacks/version_manager.py:113}}
Feb 02 15:08:53.321161 n-d-827122-1 neutron-server[95772]: DEBUG neutron.api.rpc.callbacks.version_manager [None req-953b9e22-2e97-4cbe-be66-890458dd1f5d tempest-ServersAdminTestJSON-1845386948 tempest-ServersAdminTestJSON-1845386948-project] Version for resource type QosPolicy changed None to 1.8 on consumer Open vSwitch agent@n-d-827122-1 {{(pid=95772) _set_version /opt/stack/neutron/neutron/api/rpc/callbacks/version_manager.py:113}}
Feb 02 15:08:53.322165 n-d-827122-1 neutron-server[95772]: DEBUG neutron.api.rpc.callbacks.version_manager [None req-953b9e22-2e97-4cbe-be66-890458dd1f5d tempest-ServersAdminTestJSON-1845386948 tempest-ServersAdminTestJSON-1845386948-project] Version for resource type SecurityGroup changed None to 1.2 on consumer Open vSwitch agent@n-d-827122-1 {{(pid=95772) _set_version /opt/stack/neutron/neutron/api/rpc/callbacks/version_manager.py:113}}
Feb 02 15:08:53.322504 n-d-827122-1 neutron-server[95772]: DEBUG neutron.api.rpc.callbacks.version_manager [None req-953b9e22-2e97-4cbe-be66-890458dd1f5d tempest-ServersAdminTestJSON-1845386948 tempest-ServersAdminTestJSON-1845386948-project] Version for resource type SecurityGroupRule changed None to 1.0 on consumer Open vSwitch agent@n-d-827122-1 {{(pid=95772) _set_version /opt/stack/neutron/neutron/api/rpc/callbacks/version_manager.py:113}}
Feb 02 15:08:53.322839 n-d-827122-1 neutron-server[95772]: DEBUG neutron.api.rpc.callbacks.version_manager [None req-953b9e22-2e97-4cbe-be66-890458dd1f5d tempest-ServersAdminTestJSON-1845386948 tempest-ServersAdminTestJSON-1845386948-project] Version for resource type SubPort changed None to 1.0 on consumer Open vSwitch agent@n-d-827122-1 {{(pid=95772) _set_version /opt/stack/neutron/neutron/api/rpc/callbacks/version_manager.py:113}}
Feb 02 15:08:53.323145 n-d-827122-1 neutron-server[95772]: DEBUG neutron.api.rpc.callbacks.version_manager [None req-953b9e22-2e97-4cbe-be66-890458dd1f5d tempest-ServersAdminTestJSON-1845386948 tempest-ServersAdminTestJSON-1845386948-project] Version for resource type Subnet changed None to 1.1 on consumer Open vSwitch agent@n-d-827122-1 {{(pid=95772) _set_version /opt/stack/neutron/neutron/api/rpc/callbacks/version_manager.py:113}}
Feb 02 15:08:53.323821 n-d-827122-1 neutron-server[95772]: DEBUG neutron.api.rpc.callbacks.version_manager [None req-953b9e22-2e97-4cbe-be66-890458dd1f5d tempest-ServersAdminTestJSON-1845386948 tempest-ServersAdminTestJSON-1845386948-project] Version for resource type Trunk changed None to 1.1 on consumer Open vSwitch agent@n-d-827122-1 {{(pid=95772) _set_version /opt/stack/neutron/neutron/api/rpc/callbacks/version_manager.py:113}}
Feb 02 15:08:53.382252 n-d-827122-1 neutron-server[95772]: INFO neutron.wsgi [req-771c0e61-e24f-447c-be9e-d84bf7db1b3e req-953b9e22-2e97-4cbe-be66-890458dd1f5d tempest-ServersAdminTestJSON-1845386948 tempest-ServersAdminTestJSON-1845386948-project] 10.222.0.107 "POST /v2.0/ports HTTP/1.1" status: 201 len: 938 time: 1.2839627
Feb 02 15:08:53.401697 n-d-827122-1 neutron-server[95772]: DEBUG neutron.api.v2.base [req-771c0e61-e24f-447c-be9e-d84bf7db1b3e req-742f55b7-e2e9-4fb8-a1f4-58f9f4937adc service neutron] Request body: {'port': {'device_id': 'ca513317-7c10-4108-a490-adf0ab2b3e02', 'device_owner': 'compute:nova', 'binding:host_id': 'n-h2-827122-1'}} {{(pid=95772) prepare_request_body /opt/stack/neutron/neutron/api/v2/base.py:719}}
Feb 02 15:08:53.673816 n-d-827122-1 neutron-server[95772]: DEBUG neutron_lib.callbacks.manager [req-771c0e61-e24f-447c-be9e-d84bf7db1b3e req-742f55b7-e2e9-4fb8-a1f4-58f9f4937adc service neutron] Notify callbacks ['neutron.plugins.ml2.plugin.SecurityGroupDbMixin._ensure_default_security_group_handler-33552617'] for port, before_update {{(pid=95772) _notify_loop /usr/local/lib/python3.8/dist-packages/neutron_lib/callbacks/manager.py:192}}
Feb 02 15:08:53.766130 n-d-827122-1 neutron-server[95773]: DEBUG neutron.wsgi [-] (95773) accepted ('10.222.0.88', 38078) {{(pid=95773) server /usr/local/lib/python3.8/dist-packages/eventlet/wsgi.py:992}}
Feb 02 15:08:53.776886 n-d-827122-1 neutron-server[95773]: DEBUG neutron_lib.callbacks.manager [None req-ab74da07-0ae6-4b88-96a4-cc05489009d0 admin admin] Notify callbacks ['neutron.plugins.ml2.ovo_rpc._ObjectChangeHandler.handle_event-858609', 'neutron.api.rpc.agentnotifiers.dhcp_rpc_agent_api.DhcpAgentNotifyAPI._native_event_send_dhcp_notification-33544701'] for subnet, after_create {{(pid=95773) _notify_loop /usr/local/lib/python3.8/dist-packages/neutron_lib/callbacks/manager.py:192}}
Feb 02 15:08:53.825665 n-d-827122-1 neutron-server[95774]: DEBUG neutron.db.provisioning_blocks [None req-90818127-971d-4e98-9528-c2f129639029 None None] Provisioning for port 4f7c2608-56af-4eca-a03e-47db2f305166 completed by entity DHCP. {{(pid=95774) provisioning_complete /opt/stack/neutron/neutron/db/provisioning_blocks.py:133}}
Feb 02 15:08:53.840505 n-d-827122-1 neutron-server[95774]: DEBUG neutron.db.provisioning_blocks [None req-90818127-971d-4e98-9528-c2f129639029 None None] Provisioning complete for port 4f7c2608-56af-4eca-a03e-47db2f305166 triggered by entity DHCP. {{(pid=95774) provisioning_complete /opt/stack/neutron/neutron/db/provisioning_blocks.py:139}}
Feb 02 15:08:53.843777 n-d-827122-1 neutron-server[95774]: DEBUG neutron_lib.callbacks.manager [None req-90818127-971d-4e98-9528-c2f129639029 None None] Notify callbacks ['neutron.plugins.ml2.plugin.Ml2Plugin._port_provisioned-33055542'] for port, provisioning_complete {{(pid=95774) _notify_loop /usr/local/lib/python3.8/dist-packages/neutron_lib/callbacks/manager.py:192}}
Feb 02 15:08:53.914072 n-d-827122-1 neutron-server[95773]: DEBUG neutron.api.rpc.handlers.resources_rpc [None req-ab74da07-0ae6-4b88-96a4-cc05489009d0 admin admin] Pushing event updated for resources: {'Subnet': ['ID=50bd0903-5721-46fd-a321-0740306c107a,revision_number=0']} {{(pid=95773) push /opt/stack/neutron/neutron/api/rpc/handlers/resources_rpc.py:237}}
Feb 02 15:08:53.959480 n-d-827122-1 neutron-server[95772]: DEBUG neutron.pecan_wsgi.hooks.policy_enforcement [req-09407389-def4-455b-bb6c-6ca64ec2a5a7 req-09656540-1ffc-4bb9-9730-1d4ab07cceeb tempest-DeleteServersAdminTestJSON-678374389 tempest-DeleteServersAdminTestJSON-678374389-project] Attributes excluded by policy engine: ['binding:profile', 'binding:host_id', 'binding:vif_type', 'binding:vif_details'] {{(pid=95772) _exclude_attributes_by_policy /opt/stack/neutron/neutron/pecan_wsgi/hooks/policy_enforcement.py:255}}
Feb 02 15:08:53.959708 n-d-827122-1 neutron-server[95773]: DEBUG neutron.plugins.ml2.drivers.mech_agent [None req-ab74da07-0ae6-4b88-96a4-cc05489009d0 admin admin] Checking segment: {'id': '889efcb6-5307-461d-8fe9-5fc6dc3e1109', 'network_type': 'vlan', 'physical_network': 'physnet1', 'segmentation_id': 1099, 'network_id': '875a854f-f01f-4589-9ddd-0c9175d59c9a'} for mappings: {'physnet1': 'br-data'} with network types: ['local', 'flat', 'vlan'] {{(pid=95773) check_segment_for_agent /opt/stack/neutron/neutron/plugins/ml2/drivers/mech_agent.py:342}}
Feb 02 15:08:53.959708 n-d-827122-1 neutron-server[95773]: DEBUG neutron.scheduler.dhcp_agent_scheduler [None req-ab74da07-0ae6-4b88-96a4-cc05489009d0 admin admin] Network hostable DHCP agents. Network: 875a854f-f01f-4589-9ddd-0c9175d59c9a, hostable agents: ['fa3372f8-00dd-493b-8aec-c8f8babe9a49'], hosted agents: [] {{(pid=95773) _get_network_hostable_dhcp_agents /opt/stack/neutron/neutron/scheduler/dhcp_agent_scheduler.py:329}}
Feb 02 15:08:53.959978 n-d-827122-1 neutron-server[95772]: INFO neutron.wsgi [req-09407389-def4-455b-bb6c-6ca64ec2a5a7 req-09656540-1ffc-4bb9-9730-1d4ab07cceeb tempest-DeleteServersAdminTestJSON-678374389 tempest-DeleteServersAdminTestJSON-678374389-project] 10.222.0.88 "GET /v2.0/ports?device_id=4a893808-d10d-457d-b45b-2cae19da23aa HTTP/1.1" status: 200 len: 949 time: 0.3570268
Feb 02 15:08:53.974432 n-d-827122-1 neutron-server[95774]: DEBUG neutron.plugins.ml2.plugin [None req-90818127-971d-4e98-9528-c2f129639029 None None] Port 4f7c2608-56af-4eca-a03e-47db2f305166 cannot update to ACTIVE because it is not bound. {{(pid=95774) _port_provisioned /opt/stack/neutron/neutron/plugins/ml2/plugin.py:311}}
Feb 02 15:08:53.991936 n-d-827122-1 neutron-server[95773]: INFO neutron.wsgi [req-9aceba8a-8b97-4c5c-a0d4-b53f510f603b req-7b544d5c-a706-4bc2-adcd-2dd4a73c032e tempest-LiveAutoBlockMigrationV225Test-96226282 tempest-LiveAutoBlockMigrationV225Test-96226282-project-admin] 10.222.0.88 "GET /v2.0/ports?device_id=afa6004b-99fe-43b8-b21b-da3f2e43e5db HTTP/1.1" status: 200 len: 1097 time: 0.1234550
Feb 02 15:08:54.036498 n-d-827122-1 neutron-server[95773]: DEBUG neutron.quota.resource [req-9aceba8a-8b97-4c5c-a0d4-b53f510f603b req-61c1b032-f912-4751-930e-a1c6215d13a6 tempest-LiveAutoBlockMigrationV225Test-96226282 tempest-LiveAutoBlockMigrationV225Test-96226282-project-admin] Synchronizing usage tracker for tenant:33bc0c0b07ff44d2a7e37befa2fb688d on resource:security_group {{(pid=95773) resync /opt/stack/neutron/neutron/quota/resource.py:241}}
Feb 02 15:08:54.267511 n-d-827122-1 neutron-server[95772]: INFO neutron.wsgi [req-09407389-def4-455b-bb6c-6ca64ec2a5a7 req-b651b73d-f98f-40fb-b64d-f5d58c6263dc tempest-DeleteServersAdminTestJSON-678374389 tempest-DeleteServersAdminTestJSON-678374389-project] 10.222.0.88 "GET /v2.0/security-groups?id=b494d0a3-27eb-4b3c-b5bb-9ee39f4a18eb&fields=id&fields=name HTTP/1.1" status: 200 len: 286 time: 0.1255350
Feb 02 15:08:54.267511 n-d-827122-1 neutron-server[95772]: DEBUG neutron.notifiers.nova [req-771c0e61-e24f-447c-be9e-d84bf7db1b3e req-742f55b7-e2e9-4fb8-a1f4-58f9f4937adc service neutron] Ignoring state change previous_port_status: DOWN current_port_status: DOWN port_id 4f7c2608-56af-4eca-a03e-47db2f305166 {{(pid=95772) record_port_status_changed /opt/stack/neutron/neutron/notifiers/nova.py:224}}
Feb 02 15:08:54.268609 n-d-827122-1 neutron-server[95773]: DEBUG neutron_lib.callbacks.manager [None req-f929fb90-fedf-4461-8bdf-a12782db8ea9 admin admin] Notify callbacks [] for security_group, before_create {{(pid=95773) _notify_loop /usr/local/lib/python3.8/dist-packages/neutron_lib/callbacks/manager.py:192}}
Feb 02 15:08:54.269635 n-d-827122-1 neutron-server[95772]: DEBUG neutron_lib.callbacks.manager [req-771c0e61-e24f-447c-be9e-d84bf7db1b3e req-742f55b7-e2e9-4fb8-a1f4-58f9f4937adc service neutron] Notify callbacks [] for port, precommit_update {{(pid=95772) _notify_loop /usr/local/lib/python3.8/dist-packages/neutron_lib/callbacks/manager.py:192}}
Feb 02 15:08:54.286384 n-d-827122-1 neutron-server[95772]: DEBUG neutron.db.provisioning_blocks [req-771c0e61-e24f-447c-be9e-d84bf7db1b3e req-742f55b7-e2e9-4fb8-a1f4-58f9f4937adc service neutron] Transition to ACTIVE for port object 4f7c2608-56af-4eca-a03e-47db2f305166 will not be triggered until provisioned by entity L2. {{(pid=95772) add_provisioning_component /opt/stack/neutron/neutron/db/provisioning_blocks.py:73}}
Feb 02 15:08:54.301311 n-d-827122-1 neutron-server[95773]: DEBUG neutron.db.quota.driver [None req-f929fb90-fedf-4461-8bdf-a12782db8ea9 admin admin] Resources subnetpool have unlimited quota limit. It is not required to calculate headroom {{(pid=95773) make_reservation /opt/stack/neutron/neutron/db/quota/driver.py:219}}
Feb 02 15:08:54.305788 n-d-827122-1 neutron-server[95773]: DEBUG neutron.quota.resource [None req-f929fb90-fedf-4461-8bdf-a12782db8ea9 admin admin] Usage tracker for resource:security_group_rule and tenant:e3707d41be9b42bf929bde83fecd48c5 is out of sync, need to count used quota {{(pid=95773) count_used /opt/stack/neutron/neutron/quota/resource.py:270}}
Feb 02 15:08:54.306734 n-d-827122-1 neutron-server[95772]: DEBUG neutron.pecan_wsgi.hooks.policy_enforcement [req-2776c265-a6f5-451b-b030-a1d483d62cd3 req-1f331234-a300-4bd4-add8-37c233a26b9e tempest-ServersAdminTestJSON-1845386948 tempest-ServersAdminTestJSON-1845386948-project] Attributes excluded by policy engine: ['binding:profile', 'binding:host_id', 'binding:vif_type', 'binding:vif_details'] {{(pid=95772) _exclude_attributes_by_policy /opt/stack/neutron/neutron/pecan_wsgi/hooks/policy_enforcement.py:255}}
Feb 02 15:08:54.307736 n-d-827122-1 neutron-server[95772]: DEBUG neutron.quota.resource [req-2776c265-a6f5-451b-b030-a1d483d62cd3 req-1f331234-a300-4bd4-add8-37c233a26b9e tempest-ServersAdminTestJSON-1845386948 tempest-ServersAdminTestJSON-1845386948-project] Synchronizing usage tracker for tenant:f548ead2b71143eca0587b900f7dae0a on resource:port {{(pid=95772) resync /opt/stack/neutron/neutron/quota/resource.py:241}}
Feb 02 15:08:54.309066 n-d-827122-1 neutron-server[95773]: DEBUG neutron.quota.resource [None req-f929fb90-fedf-4461-8bdf-a12782db8ea9 admin admin] Quota usage for security_group_rule was recalculated. Used quota:0. {{(pid=95773) count_used /opt/stack/neutron/neutron/quota/resource.py:290}}
Feb 02 15:08:54.317877 n-d-827122-1 neutron-server[95773]: DEBUG neutron.scheduler.dhcp_agent_scheduler [None req-ab74da07-0ae6-4b88-96a4-cc05489009d0 admin admin] Network 875a854f-f01f-4589-9ddd-0c9175d59c9a is scheduled to be hosted by DHCP agent fa3372f8-00dd-493b-8aec-c8f8babe9a49 with binding_index 1 {{(pid=95773) bind /opt/stack/neutron/neutron/scheduler/dhcp_agent_scheduler.py:227}}
Feb 02 15:08:54.321070 n-d-827122-1 neutron-server[95773]: DEBUG neutron.db.quota.driver [None req-f929fb90-fedf-4461-8bdf-a12782db8ea9 admin admin] Attempting to reserve 4 items for resource security_group_rule. Total usage: 0; quota limit: 100; headroom:100 {{(pid=95773) make_reservation /opt/stack/neutron/neutron/db/quota/driver.py:246}}
Feb 02 15:08:54.401619 n-d-827122-1 neutron-server[95773]: DEBUG neutron_lib.callbacks.manager [None req-f929fb90-fedf-4461-8bdf-a12782db8ea9 admin admin] Notify callbacks [] for security_group, precommit_create {{(pid=95773) _notify_loop /usr/local/lib/python3.8/dist-packages/neutron_lib/callbacks/manager.py:192}}
Feb 02 15:08:54.415497 n-d-827122-1 neutron-server[95773]: DEBUG neutron.quota.resource [req-9aceba8a-8b97-4c5c-a0d4-b53f510f603b req-61c1b032-f912-4751-930e-a1c6215d13a6 tempest-LiveAutoBlockMigrationV225Test-96226282 tempest-LiveAutoBlockMigrationV225Test-96226282-project-admin] Unset dirty status for tenant:33bc0c0b07ff44d2a7e37befa2fb688d on resource:security_group {{(pid=95773) _resync /opt/stack/neutron/neutron/quota/resource.py:233}}
Feb 02 15:08:54.416857 n-d-827122-1 neutron-server[95773]: INFO neutron.wsgi [req-9aceba8a-8b97-4c5c-a0d4-b53f510f603b req-61c1b032-f912-4751-930e-a1c6215d13a6 tempest-LiveAutoBlockMigrationV225Test-96226282 tempest-LiveAutoBlockMigrationV225Test-96226282-project-admin] 10.222.0.88 "GET /v2.0/security-groups?id=2a561935-3e6e-45f4-905e-06e410a12f91&fields=id&fields=name HTTP/1.1" status: 200 len: 286 time: 0.4192495
Feb 02 15:08:54.439146 n-d-827122-1 neutron-server[95772]: DEBUG neutron.quota.resource [req-2776c265-a6f5-451b-b030-a1d483d62cd3 req-1f331234-a300-4bd4-add8-37c233a26b9e tempest-ServersAdminTestJSON-1845386948 tempest-ServersAdminTestJSON-1845386948-project] Unset dirty status for tenant:f548ead2b71143eca0587b900f7dae0a on resource:port {{(pid=95772) _resync /opt/stack/neutron/neutron/quota/resource.py:233}}
Feb 02 15:08:54.440629 n-d-827122-1 neutron-server[95772]: INFO neutron.wsgi [req-2776c265-a6f5-451b-b030-a1d483d62cd3 req-1f331234-a300-4bd4-add8-37c233a26b9e tempest-ServersAdminTestJSON-1845386948 tempest-ServersAdminTestJSON-1845386948-project] 10.222.0.88 "GET /v2.0/ports?device_id=ca513317-7c10-4108-a490-adf0ab2b3e02 HTTP/1.1" status: 200 len: 936 time: 0.2436433
Feb 02 15:08:54.441198 n-d-827122-1 neutron-server[95772]: DEBUG neutron_lib.callbacks.manager [req-771c0e61-e24f-447c-be9e-d84bf7db1b3e req-742f55b7-e2e9-4fb8-a1f4-58f9f4937adc service neutron] Notify callbacks ['neutron.plugins.ml2.plugin.SecurityGroupServerNotifierRpcMixin.notify_sg_on_port_change-33539961', 'neutron.plugins.ml2.ovo_rpc._ObjectChangeHandler.handle_event-243557', 'neutron.api.rpc.agentnotifiers.dhcp_rpc_agent_api.DhcpAgentNotifyAPI._native_event_send_dhcp_notification-33544701', 'neutron.db.l3_db.L3RpcNotifierMixin._notify_gateway_port_ip_changed-8778862535181', 'neutron.db.l3_dvrscheduler_db._notify_l3_agent_port_update-8778862078172', 'neutron.db.l3_hascheduler_db._notify_l3_agent_ha_port_update-8778862080013'] for port, after_update {{(pid=95772) _notify_loop /usr/local/lib/python3.8/dist-packages/neutron_lib/callbacks/manager.py:192}}
Feb 02 15:08:54.441394 n-d-827122-1 neutron-server[95773]: DEBUG neutron.scheduler.base_scheduler [None req-ab74da07-0ae6-4b88-96a4-cc05489009d0 admin admin] Resources bound (agent type, host, resource id): (DHCP agent, n-d-827122-1, 875a854f-f01f-4589-9ddd-0c9175d59c9a) {{(pid=95773) schedule /opt/stack/neutron/neutron/scheduler/base_scheduler.py:57}}
Feb 02 15:08:54.450955 n-d-827122-1 neutron-server[95774]: DEBUG neutron.api.rpc.handlers.dhcp_rpc [None req-d5f76705-833d-4df5-97af-2177fb694ce5 None None] Network 875a854f-f01f-4589-9ddd-0c9175d59c9a requested from n-d-827122-1 {{(pid=95774) get_network_info /opt/stack/neutron/neutron/api/rpc/handlers/dhcp_rpc.py:198}}
Feb 02 15:08:54.467090 n-d-827122-1 neutron-server[95773]: DEBUG neutron.pecan_wsgi.hooks.policy_enforcement [None req-ab74da07-0ae6-4b88-96a4-cc05489009d0 admin admin] Attributes excluded by policy engine: ['shared', 'network'] {{(pid=95773) _exclude_attributes_by_policy /opt/stack/neutron/neutron/pecan_wsgi/hooks/policy_enforcement.py:255}}
Feb 02 15:08:54.468943 n-d-827122-1 neutron-server[95773]: DEBUG neutron_lib.callbacks.manager [None req-ab74da07-0ae6-4b88-96a4-cc05489009d0 admin admin] Notify callbacks ['neutron.api.rpc.agentnotifiers.dhcp_rpc_agent_api.DhcpAgentNotifyAPI._send_dhcp_notification-33544481'] for subnet, before_response {{(pid=95773) _notify_loop /usr/local/lib/python3.8/dist-packages/neutron_lib/callbacks/manager.py:192}}
Feb 02 15:08:54.506992 n-d-827122-1 neutron-server[95773]: DEBUG neutron_lib.callbacks.manager [None req-f929fb90-fedf-4461-8bdf-a12782db8ea9 admin admin] Notify callbacks ['neutron.plugins.ml2.ovo_rpc._ObjectChangeHandler.handle_event-858409'] for security_group, after_create {{(pid=95773) _notify_loop /usr/local/lib/python3.8/dist-packages/neutron_lib/callbacks/manager.py:192}}
Feb 02 15:08:54.540721 n-d-827122-1 neutron-server[95774]: DEBUG neutron_lib.callbacks.manager [None req-cfa03151-a729-4477-a5f4-a18889f774c4 None None] Notify callbacks ['neutron.services.segments.db._update_segment_host_mapping_for_agent-8778862512842', 'neutron.plugins.ml2.plugin.Ml2Plugin._retry_binding_revived_agents-33055885'] for agent, after_update {{(pid=95774) _notify_loop /usr/local/lib/python3.8/dist-packages/neutron_lib/callbacks/manager.py:192}}
Feb 02 15:08:54.551561 n-d-827122-1 neutron-server[95772]: DEBUG neutron.api.rpc.handlers.resources_rpc [None req-742f55b7-e2e9-4fb8-a1f4-58f9f4937adc service neutron] Pushing event updated for resources: {'Port': ['ID=4f7c2608-56af-4eca-a03e-47db2f305166,revision_number=2']} {{(pid=95772) push /opt/stack/neutron/neutron/api/rpc/handlers/resources_rpc.py:237}}
Feb 02 15:08:54.596177 n-d-827122-1 neutron-server[95773]: INFO neutron.wsgi [None req-ab74da07-0ae6-4b88-96a4-cc05489009d0 admin admin] 10.222.0.88 "POST /v2.0/subnets HTTP/1.1" status: 201 len: 865 time: 1.4656079
Feb 02 15:08:54.600843 n-d-827122-1 neutron-server[95773]: DEBUG neutron.wsgi [-] (95773) accepted ('10.222.0.88', 38100) {{(pid=95773) server /usr/local/lib/python3.8/dist-packages/eventlet/wsgi.py:992}}
Feb 02 15:08:54.609505 n-d-827122-1 neutron-server[95773]: DEBUG neutron.api.v2.base [None req-24a35a21-8713-4e75-be42-aa04a7f9b875 admin admin] Request body: {'router': {'name': 'tempest-FloatingIPsAssociationNegativeTestJSON-1479136224-router', 'tenant_id': '4ba735007ac54455889e472e9b8357ff', 'external_gateway_info': {'network_id': '3ae79487-75f4-4639-bede-0463f561b6d7'}}} {{(pid=95773) prepare_request_body /opt/stack/neutron/neutron/api/v2/base.py:719}}
Feb 02 15:08:54.615082 n-d-827122-1 neutron-server[95773]: DEBUG neutron.db.quota.driver [None req-24a35a21-8713-4e75-be42-aa04a7f9b875 admin admin] Resources subnetpool have unlimited quota limit. It is not required to calculate headroom {{(pid=95773) make_reservation /opt/stack/neutron/neutron/db/quota/driver.py:219}}
Feb 02 15:08:54.620630 n-d-827122-1 neutron-server[95773]: DEBUG neutron.quota.resource [None req-24a35a21-8713-4e75-be42-aa04a7f9b875 admin admin] Usage tracker for resource:router and tenant:4ba735007ac54455889e472e9b8357ff is out of sync, need to count used quota {{(pid=95773) count_used /opt/stack/neutron/neutron/quota/resource.py:270}}
Feb 02 15:08:54.624826 n-d-827122-1 neutron-server[95773]: DEBUG neutron.quota.resource [None req-24a35a21-8713-4e75-be42-aa04a7f9b875 admin admin] Quota usage for router was recalculated. Used quota:0. {{(pid=95773) count_used /opt/stack/neutron/neutron/quota/resource.py:290}}
Feb 02 15:08:54.632447 n-d-827122-1 neutron-server[95773]: DEBUG neutron.db.quota.driver [None req-24a35a21-8713-4e75-be42-aa04a7f9b875 admin admin] Attempting to reserve 1 items for resource router. Total usage: 0; quota limit: 100; headroom:100 {{(pid=95773) make_reservation /opt/stack/neutron/neutron/db/quota/driver.py:246}}
Feb 02 15:08:54.634190 n-d-827122-1 neutron-server[95772]: INFO neutron.wsgi [req-2776c265-a6f5-451b-b030-a1d483d62cd3 req-71c84f09-da5d-48ad-a33a-de989c1fa9b6 tempest-ServersAdminTestJSON-1845386948 tempest-ServersAdminTestJSON-1845386948-project] 10.222.0.88 "GET /v2.0/security-groups?id=7c871173-07bb-4879-b645-02d8b8ececde&fields=id&fields=name HTTP/1.1" status: 200 len: 286 time: 0.0834517
Feb 02 15:08:54.672629 n-d-827122-1 neutron-server[95773]: INFO neutron.wsgi [None req-f929fb90-fedf-4461-8bdf-a12782db8ea9 admin admin] 10.222.0.88 "GET /v2.0/security-groups?tenant_id=e3707d41be9b42bf929bde83fecd48c5&name=default HTTP/1.1" status: 200 len: 2647 time: 0.9028277
Feb 02 15:08:54.672858 n-d-827122-1 neutron-server[95773]: DEBUG neutron.wsgi [-] (95773) accepted ('10.222.0.88', 38106) {{(pid=95773) server /usr/local/lib/python3.8/dist-packages/eventlet/wsgi.py:992}}
Feb 02 15:08:54.692085 n-d-827122-1 neutron-server[95773]: DEBUG neutron.api.rpc.handlers.resources_rpc [None req-f929fb90-fedf-4461-8bdf-a12782db8ea9 admin admin] Pushing event updated for resources: {'SecurityGroup': ['ID=b28c55cb-d89c-4728-864e-af51e77697ba,revision_number=1']} {{(pid=95773) push /opt/stack/neutron/neutron/api/rpc/handlers/resources_rpc.py:237}}
Feb 02 15:08:54.792833 n-d-827122-1 neutron-server[95773]: DEBUG neutron_lib.callbacks.manager [None req-24a35a21-8713-4e75-be42-aa04a7f9b875 admin admin] Notify callbacks ['neutron.services.l3_router.l3_router_plugin.L3_HA_NAT_db_mixin._before_router_create-1007556', 'neutron.services.l3_router.service_providers.driver_controller.DriverController._check_router_request-58728'] for router, before_create {{(pid=95773) _notify_loop /usr/local/lib/python3.8/dist-packages/neutron_lib/callbacks/manager.py:192}}
Feb 02 15:08:54.793989 n-d-827122-1 neutron-server[95773]: DEBUG neutron_lib.callbacks.manager [None req-24a35a21-8713-4e75-be42-aa04a7f9b875 admin admin] Notify callbacks ['neutron.services.l3_router.l3_router_plugin.L3_HA_NAT_db_mixin._precommit_router_create-1005933', 'neutron.services.l3_router.l3_router_plugin.DVRResourceOperationHandler._set_distributed_flag-1003593', 'neutron.services.l3_router.l3_router_plugin.RouterAvailabilityZoneMixin._process_az_request-982013', 'neutron.services.l3_router.service_providers.driver_controller.DriverController._set_router_provider-58737'] for router, precommit_create {{(pid=95773) _notify_loop /usr/local/lib/python3.8/dist-packages/neutron_lib/callbacks/manager.py:192}}
Feb 02 15:08:54.842526 n-d-827122-1 neutron-server[95773]: DEBUG neutron_lib.callbacks.manager [None req-24a35a21-8713-4e75-be42-aa04a7f9b875 admin admin] Notify callbacks [] for router_controller, precommit_add_association {{(pid=95773) _notify_loop /usr/local/lib/python3.8/dist-packages/neutron_lib/callbacks/manager.py:192}}
Feb 02 15:08:54.844201 n-d-827122-1 neutron-server[95773]: DEBUG neutron_lib.callbacks.manager [None req-5d2f074f-0483-4011-8665-8ea09e674a10 admin admin] Notify callbacks [] for security_group, before_delete {{(pid=95773) _notify_loop /usr/local/lib/python3.8/dist-packages/neutron_lib/callbacks/manager.py:192}}
Feb 02 15:08:54.921834 n-d-827122-1 neutron-server[95774]: DEBUG neutron.api.rpc.handlers.dhcp_rpc [None req-e438a335-abef-46b1-af2a-71155a6cd6d4 None None] Create dhcp port {'port': {'name': '', 'admin_state_up': True, 'device_id': 'dhcpfe2cb7e6-40a8-5f50-8f67-98b197e5daff-875a854f-f01f-4589-9ddd-0c9175d59c9a', 'network_id': '875a854f-f01f-4589-9ddd-0c9175d59c9a', 'tenant_id': '4ba735007ac54455889e472e9b8357ff', 'fixed_ips': [{'subnet_id': '50bd0903-5721-46fd-a321-0740306c107a'}]}} from n-d-827122-1. {{(pid=95774) create_dhcp_port /opt/stack/neutron/neutron/api/rpc/handlers/dhcp_rpc.py:264}}
Feb 02 15:08:54.922684 n-d-827122-1 neutron-server[95774]: DEBUG neutron_lib.callbacks.manager [None req-e438a335-abef-46b1-af2a-71155a6cd6d4 None None] Notify callbacks ['neutron.plugins.ml2.plugin.SecurityGroupDbMixin._ensure_default_security_group_handler-33552617'] for port, before_create {{(pid=95774) _notify_loop /usr/local/lib/python3.8/dist-packages/neutron_lib/callbacks/manager.py:192}}
Feb 02 15:08:54.929295 n-d-827122-1 neutron-server[95773]: DEBUG neutron_lib.callbacks.manager [None req-5d2f074f-0483-4011-8665-8ea09e674a10 admin admin] Notify callbacks [] for security_group, precommit_delete {{(pid=95773) _notify_loop /usr/local/lib/python3.8/dist-packages/neutron_lib/callbacks/manager.py:192}}
Feb 02 15:08:55.020378 n-d-827122-1 neutron-server[95772]: DEBUG neutron.plugins.ml2.managers [req-771c0e61-e24f-447c-be9e-d84bf7db1b3e req-742f55b7-e2e9-4fb8-a1f4-58f9f4937adc service neutron] Attempting to bind port 4f7c2608-56af-4eca-a03e-47db2f305166 on host n-h2-827122-1 for vnic_type normal with profile {{(pid=95772) bind_port /opt/stack/neutron/neutron/plugins/ml2/managers.py:790}}
Feb 02 15:08:55.020935 n-d-827122-1 neutron-server[95772]: DEBUG neutron.plugins.ml2.managers [req-771c0e61-e24f-447c-be9e-d84bf7db1b3e req-742f55b7-e2e9-4fb8-a1f4-58f9f4937adc service neutron] Attempting to bind port 4f7c2608-56af-4eca-a03e-47db2f305166 by drivers openvswitch,hyperv on host n-h2-827122-1 at level 0 using segments [{'id': '3eb3cf0c-5768-4778-a0ed-6db3c9754ce6', 'network_type': 'vlan', 'physical_network': 'physnet1', 'segmentation_id': 1085, 'network_id': '84ebc57c-caec-4866-8969-c973b519dd53'}] {{(pid=95772) _bind_port_level /opt/stack/neutron/neutron/plugins/ml2/managers.py:815}}
Feb 02 15:08:55.021033 n-d-827122-1 neutron-server[95772]: DEBUG neutron.plugins.ml2.drivers.mech_agent [req-771c0e61-e24f-447c-be9e-d84bf7db1b3e req-742f55b7-e2e9-4fb8-a1f4-58f9f4937adc service neutron] Attempting to bind port 4f7c2608-56af-4eca-a03e-47db2f305166 on network 84ebc57c-caec-4866-8969-c973b519dd53 {{(pid=95772) bind_port /opt/stack/neutron/neutron/plugins/ml2/drivers/mech_agent.py:85}}
Feb 02 15:08:55.029748 n-d-827122-1 neutron-server[95772]: DEBUG neutron.plugins.ml2.drivers.mech_agent [req-771c0e61-e24f-447c-be9e-d84bf7db1b3e req-742f55b7-e2e9-4fb8-a1f4-58f9f4937adc service neutron] Port 4f7c2608-56af-4eca-a03e-47db2f305166 on network 84ebc57c-caec-4866-8969-c973b519dd53 not bound, no agent of type Open vSwitch agent registered on host n-h2-827122-1 {{(pid=95772) bind_port /opt/stack/neutron/neutron/plugins/ml2/drivers/mech_agent.py:97}}
Feb 02 15:08:55.030218 n-d-827122-1 neutron-server[95772]: DEBUG neutron.plugins.ml2.drivers.mech_agent [req-771c0e61-e24f-447c-be9e-d84bf7db1b3e req-742f55b7-e2e9-4fb8-a1f4-58f9f4937adc service neutron] Attempting to bind port 4f7c2608-56af-4eca-a03e-47db2f305166 on network 84ebc57c-caec-4866-8969-c973b519dd53 {{(pid=95772) bind_port /opt/stack/neutron/neutron/plugins/ml2/drivers/mech_agent.py:85}}
Feb 02 15:08:55.044724 n-d-827122-1 neutron-server[95772]: DEBUG neutron.plugins.ml2.drivers.mech_agent [req-771c0e61-e24f-447c-be9e-d84bf7db1b3e req-742f55b7-e2e9-4fb8-a1f4-58f9f4937adc service neutron] Checking agent: {'id': '1adfe9e2-c9a4-4106-bf60-7d228a359543', 'agent_type': 'HyperV agent', 'binary': 'neutron-hyperv-agent', 'topic': 'N/A', 'host': 'n-h2-827122-1', 'admin_state_up': True, 'created_at': datetime.datetime(2022, 2, 2, 15, 5, 17), 'started_at': datetime.datetime(2022, 2, 2, 15, 5, 17), 'heartbeat_timestamp': datetime.datetime(2022, 2, 2, 15, 8, 47), 'description': None, 'resources_synced': None, 'availability_zone': None, 'alive': True, 'configurations': {'vswitch_mappings': {'physnet1$': 'br-data'}}, 'resource_versions': {}} {{(pid=95772) bind_port /opt/stack/neutron/neutron/plugins/ml2/drivers/mech_agent.py:104}}
Feb 02 15:08:55.044947 n-d-827122-1 neutron-server[95772]: DEBUG neutron.plugins.ml2.drivers.mech_agent [req-771c0e61-e24f-447c-be9e-d84bf7db1b3e req-742f55b7-e2e9-4fb8-a1f4-58f9f4937adc service neutron] Checking segment: {'id': '3eb3cf0c-5768-4778-a0ed-6db3c9754ce6', 'network_type': 'vlan', 'physical_network': 'physnet1', 'segmentation_id': 1085, 'network_id': '84ebc57c-caec-4866-8969-c973b519dd53'} for mappings: {'physnet1$': 'br-data'} with network types: ['local', 'flat', 'vlan'] {{(pid=95772) check_segment_for_agent /opt/stack/neutron/neutron/plugins/ml2/drivers/mech_agent.py:342}}
Feb 02 15:08:55.045337 n-d-827122-1 neutron-server[95772]: DEBUG neutron.plugins.ml2.drivers.mech_agent [req-771c0e61-e24f-447c-be9e-d84bf7db1b3e req-742f55b7-e2e9-4fb8-a1f4-58f9f4937adc service neutron] Bound using segment: {'id': '3eb3cf0c-5768-4778-a0ed-6db3c9754ce6', 'network_type': 'vlan', 'physical_network': 'physnet1', 'segmentation_id': 1085, 'network_id': '84ebc57c-caec-4866-8969-c973b519dd53'} {{(pid=95772) bind_port /opt/stack/neutron/neutron/plugins/ml2/drivers/mech_agent.py:114}}
Feb 02 15:08:55.045823 n-d-827122-1 neutron-server[95772]: DEBUG neutron.plugins.ml2.managers [req-771c0e61-e24f-447c-be9e-d84bf7db1b3e req-742f55b7-e2e9-4fb8-a1f4-58f9f4937adc service neutron] Bound port: 4f7c2608-56af-4eca-a03e-47db2f305166, host: n-h2-827122-1, vif_type: hyperv, vif_details: {"connectivity": "legacy", "port_filter": false}, binding_levels: [{'bound_driver': 'hyperv', 'bound_segment': {'id': '3eb3cf0c-5768-4778-a0ed-6db3c9754ce6', 'network_type': 'vlan', 'physical_network': 'physnet1', 'segmentation_id': 1085, 'network_id': '84ebc57c-caec-4866-8969-c973b519dd53'}}] {{(pid=95772) _bind_port_level /opt/stack/neutron/neutron/plugins/ml2/managers.py:928}}
Feb 02 15:08:55.046169 n-d-827122-1 neutron-server[95772]: DEBUG neutron_lib.callbacks.manager [req-771c0e61-e24f-447c-be9e-d84bf7db1b3e req-742f55b7-e2e9-4fb8-a1f4-58f9f4937adc service neutron] Notify callbacks ['neutron.plugins.ml2.plugin.SecurityGroupDbMixin._ensure_default_security_group_handler-33552617'] for port, before_update {{(pid=95772) _notify_loop /usr/local/lib/python3.8/dist-packages/neutron_lib/callbacks/manager.py:192}}
Feb 02 15:08:55.131992 n-d-827122-1 neutron-server[95773]: DEBUG neutron.wsgi [-] (95773) accepted ('10.222.0.88', 38116) {{(pid=95773) server /usr/local/lib/python3.8/dist-packages/eventlet/wsgi.py:992}}
Feb 02 15:08:55.138154 n-d-827122-1 neutron-server[95773]: DEBUG neutron_lib.callbacks.manager [None req-5d2f074f-0483-4011-8665-8ea09e674a10 admin admin] Notify callbacks ['neutron.plugins.ml2.ovo_rpc._ObjectChangeHandler.handle_event-858409'] for security_group, after_delete {{(pid=95773) _notify_loop /usr/local/lib/python3.8/dist-packages/neutron_lib/callbacks/manager.py:192}}
Feb 02 15:08:55.167724 n-d-827122-1 neutron-server[95773]: DEBUG neutron.api.rpc.handlers.resources_rpc [None req-5d2f074f-0483-4011-8665-8ea09e674a10 admin admin] Pushing event deleted for resources: {'SecurityGroup': ['ID=b28c55cb-d89c-4728-864e-af51e77697ba,revision_number=None']} {{(pid=95773) push /opt/stack/neutron/neutron/api/rpc/handlers/resources_rpc.py:237}}
Feb 02 15:08:55.218024 n-d-827122-1 neutron-server[95772]: DEBUG neutron.plugins.ml2.db [req-771c0e61-e24f-447c-be9e-d84bf7db1b3e req-742f55b7-e2e9-4fb8-a1f4-58f9f4937adc service neutron] For port 4f7c2608-56af-4eca-a03e-47db2f305166, host n-h2-827122-1, cleared binding levels {{(pid=95772) clear_binding_levels /opt/stack/neutron/neutron/plugins/ml2/db.py:87}}
Feb 02 15:08:55.221776 n-d-827122-1 neutron-server[95772]: DEBUG neutron.plugins.ml2.db [req-771c0e61-e24f-447c-be9e-d84bf7db1b3e req-742f55b7-e2e9-4fb8-a1f4-58f9f4937adc service neutron] For port 4f7c2608-56af-4eca-a03e-47db2f305166, host n-h2-827122-1, set binding levels [PortBindingLevel(driver='hyperv',host='n-h2-827122-1',level=0,port_id=4f7c2608-56af-4eca-a03e-47db2f305166,segment=NetworkSegment(3eb3cf0c-5768-4778-a0ed-6db3c9754ce6),segment_id=3eb3cf0c-5768-4778-a0ed-6db3c9754ce6)] {{(pid=95772) set_binding_levels /opt/stack/neutron/neutron/plugins/ml2/db.py:59}}
Feb 02 15:08:55.237471 n-d-827122-1 neutron-server[95772]: INFO neutron.wsgi [req-b0319207-aaa2-4e9b-a559-811d3b9a2ef5 req-7aa5fd55-9137-43b4-bee6-fba7e2b76c6f tempest-LiveAutoBlockMigrationV225Test-96226282 tempest-LiveAutoBlockMigrationV225Test-96226282-project-admin] 10.222.0.88 "GET /v2.0/ports?device_id=afa6004b-99fe-43b8-b21b-da3f2e43e5db HTTP/1.1" status: 200 len: 1097 time: 0.3327153
Feb 02 15:08:55.245195 n-d-827122-1 neutron-server[95773]: DEBUG neutron_lib.callbacks.manager [None req-5d2f074f-0483-4011-8665-8ea09e674a10 admin admin] Notify callbacks [] for security_group, before_response {{(pid=95773) _notify_loop /usr/local/lib/python3.8/dist-packages/neutron_lib/callbacks/manager.py:192}}
Feb 02 15:08:55.249632 n-d-827122-1 neutron-server[95773]: INFO neutron.wsgi [None req-5d2f074f-0483-4011-8665-8ea09e674a10 admin admin] 10.222.0.88 "DELETE /v2.0/security-groups/b28c55cb-d89c-4728-864e-af51e77697ba HTTP/1.1" status: 204 len: 168 time: 0.5722296
Feb 02 15:08:55.267628 n-d-827122-1 neutron-server[95773]: DEBUG neutron_lib.callbacks.manager [None req-24a35a21-8713-4e75-be42-aa04a7f9b875 admin admin] Notify callbacks ['neutron.services.l3_router.l3_router_plugin.DVRResourceOperationHandler._handle_distributed_migration-1003647', 'neutron.services.l3_router.l3_router_plugin.L3_HA_NAT_db_mixin._validate_migration-1007594', 'neutron.services.l3_router.service_providers.driver_controller.DriverController._update_router_provider-58627'] for router, precommit_update {{(pid=95773) _notify_loop /usr/local/lib/python3.8/dist-packages/neutron_lib/callbacks/manager.py:192}}
Feb 02 15:08:55.298224 n-d-827122-1 neutron-server[95774]: DEBUG neutron.db.db_base_plugin_common [None req-e438a335-abef-46b1-af2a-71155a6cd6d4 None None] Allocated IP 172.20.0.2 (875a854f-f01f-4589-9ddd-0c9175d59c9a/50bd0903-5721-46fd-a321-0740306c107a/9818bdfc-b45e-4d48-8660-89b82b0e64da) {{(pid=95774) _store_ip_allocation /opt/stack/neutron/neutron/db/db_base_plugin_common.py:131}}
Feb 02 15:08:55.304057 n-d-827122-1 neutron-server[95772]: INFO neutron.wsgi [req-b0319207-aaa2-4e9b-a559-811d3b9a2ef5 req-f4645f48-4db6-4365-b8e3-ef2e491c75ed tempest-LiveAutoBlockMigrationV225Test-96226282 tempest-LiveAutoBlockMigrationV225Test-96226282-project-admin] 10.222.0.88 "GET /v2.0/security-groups?id=2a561935-3e6e-45f4-905e-06e410a12f91&fields=id&fields=name HTTP/1.1" status: 200 len: 286 time: 0.0652001
Feb 02 15:08:55.309929 n-d-827122-1 neutron-server[95772]: DEBUG neutron_lib.callbacks.manager [req-771c0e61-e24f-447c-be9e-d84bf7db1b3e req-742f55b7-e2e9-4fb8-a1f4-58f9f4937adc service neutron] Notify callbacks ['neutron.plugins.ml2.plugin.SecurityGroupServerNotifierRpcMixin.notify_sg_on_port_change-33539961', 'neutron.plugins.ml2.ovo_rpc._ObjectChangeHandler.handle_event-243557', 'neutron.api.rpc.agentnotifiers.dhcp_rpc_agent_api.DhcpAgentNotifyAPI._native_event_send_dhcp_notification-33544701', 'neutron.db.l3_db.L3RpcNotifierMixin._notify_gateway_port_ip_changed-8778862535181', 'neutron.db.l3_dvrscheduler_db._notify_l3_agent_port_update-8778862078172', 'neutron.db.l3_hascheduler_db._notify_l3_agent_ha_port_update-8778862080013'] for port, after_update {{(pid=95772) _notify_loop /usr/local/lib/python3.8/dist-packages/neutron_lib/callbacks/manager.py:192}}
Feb 02 15:08:55.397616 n-d-827122-1 neutron-server[95772]: DEBUG neutron_lib.callbacks.manager [req-771c0e61-e24f-447c-be9e-d84bf7db1b3e req-742f55b7-e2e9-4fb8-a1f4-58f9f4937adc service neutron] Notify callbacks ['neutron.notifiers.nova.Notifier._send_nova_notification-40496'] for port, before_response {{(pid=95772) _notify_loop /usr/local/lib/python3.8/dist-packages/neutron_lib/callbacks/manager.py:192}}
Feb 02 15:08:55.399226 n-d-827122-1 neutron-server[95772]: INFO neutron.wsgi [req-771c0e61-e24f-447c-be9e-d84bf7db1b3e req-742f55b7-e2e9-4fb8-a1f4-58f9f4937adc service neutron] 10.222.0.107 "PUT /v2.0/ports/4f7c2608-56af-4eca-a03e-47db2f305166 HTTP/1.1" status: 200 len: 1096 time: 2.0027437
Feb 02 15:08:55.406380 n-d-827122-1 neutron-server[95772]: DEBUG neutron.notifiers.nova [-] Sending events: [{'name': 'network-changed', 'server_uuid': 'ca513317-7c10-4108-a490-adf0ab2b3e02', 'tag': '4f7c2608-56af-4eca-a03e-47db2f305166'}] {{(pid=95772) send_events /opt/stack/neutron/neutron/notifiers/nova.py:262}}
Feb 02 15:08:55.435980 n-d-827122-1 neutron-server[95772]: DEBUG neutron.api.rpc.handlers.resources_rpc [None req-742f55b7-e2e9-4fb8-a1f4-58f9f4937adc service neutron] Pushing event updated for resources: {'Port': ['ID=4f7c2608-56af-4eca-a03e-47db2f305166,revision_number=3']} {{(pid=95772) push /opt/stack/neutron/neutron/api/rpc/handlers/resources_rpc.py:237}}
Feb 02 15:08:55.488348 n-d-827122-1 neutron-server[95773]: DEBUG neutron.api.v2.base [None req-5c959d59-a9f0-4fba-9cfd-e9b58a56dd2b admin admin] Request body: {'network': {'name': 'tempest-LiveMigrationRemoteConsolesV26Test-1157153174-network', 'tenant_id': 'e511e9b06862478c8755aedeefdeb6e2'}} {{(pid=95773) prepare_request_body /opt/stack/neutron/neutron/api/v2/base.py:719}}
Feb 02 15:08:55.500223 n-d-827122-1 neutron-server[95773]: DEBUG neutron.db.quota.driver [None req-5c959d59-a9f0-4fba-9cfd-e9b58a56dd2b admin admin] Resources subnetpool have unlimited quota limit. It is not required to calculate headroom {{(pid=95773) make_reservation /opt/stack/neutron/neutron/db/quota/driver.py:219}}
Feb 02 15:08:55.506516 n-d-827122-1 neutron-server[95773]: DEBUG neutron.quota.resource [None req-5c959d59-a9f0-4fba-9cfd-e9b58a56dd2b admin admin] Usage tracker for resource:network and tenant:e511e9b06862478c8755aedeefdeb6e2 is out of sync, need to count used quota {{(pid=95773) count_used /opt/stack/neutron/neutron/quota/resource.py:270}}
Feb 02 15:08:55.510749 n-d-827122-1 neutron-server[95773]: DEBUG neutron.quota.resource [None req-5c959d59-a9f0-4fba-9cfd-e9b58a56dd2b admin admin] Quota usage for network was recalculated. Used quota:0. {{(pid=95773) count_used /opt/stack/neutron/neutron/quota/resource.py:290}}
