Feb 05 02:45:55.204157 n-d-826942-8 devstack@n-api.service[124141]: /usr/local/lib/python3.8/dist-packages/oslo_policy/policy.py:1119: UserWarning: Policy "os_compute_api:os-flavor-manage:create": "rule:system_admin_api" failed scope check. The token used to make the request was project scoped but the policy requires ['system'] scope. This behavior may change in the future where using the intended scope is required
Feb 05 02:45:55.204157 n-d-826942-8 devstack@n-api.service[124141]: warnings.warn(msg)
Feb 05 02:45:55.231803 n-d-826942-8 devstack@n-api.service[124141]: INFO nova.api.openstack.requestlog [None req-6544735b-8494-45ee-b190-9c3065ff5ed6 tempest-FlavorsExtraSpecsTestJSON-118540001 tempest-FlavorsExtraSpecsTestJSON-118540001-project-admin] 10.222.0.36 "POST /compute/v2.1/flavors" status: 200 len: 415 microversion: 2.1 time: 0.418674
Feb 05 02:45:55.232413 n-d-826942-8 devstack@n-api.service[124141]: [pid: 124141|app: 0|req: 166/369] 10.222.0.36 () {60 vars in 1146 bytes} [Sat Feb 5 02:45:54 2022] POST /compute/v2.1/flavors => generated 415 bytes in 420 msecs (HTTP/1.1 200) 9 headers in 357 bytes (1 switches on core 0)
Feb 05 02:45:55.243047 n-d-826942-8 devstack@n-api.service[124141]: DEBUG nova.api.openstack.wsgi [None req-1b90a110-ca6d-4424-86d4-5de9437b7452 tempest-FlavorsAccessNegativeTestJSON-945741904 tempest-FlavorsAccessNegativeTestJSON-945741904-project-admin] Action: 'action', calling method: >, body: {"removeTenantAccess": {"tenant": "3e1dd7abc6ce4f12a7ecb37b68017224"}} {{(pid=124141) _process_stack /opt/stack/nova/nova/api/openstack/wsgi.py:511}}
Feb 05 02:45:55.328859 n-d-826942-8 devstack@n-api.service[124140]: DEBUG nova.compute.multi_cell_list [None req-434fc702-837c-4aa4-8f71-859416107cbc tempest-ServersOnMultiNodesTest-1581511936 tempest-ServersOnMultiNodesTest-1581511936-project] Listed batch of 1 results from cell out of 998 limit. Returned 1 total so far. {{(pid=124140) do_query /opt/stack/nova/nova/compute/multi_cell_list.py:373}}
Feb 05 02:45:55.479800 n-d-826942-8 devstack@n-api.service[124140]: INFO nova.api.openstack.requestlog [None req-434fc702-837c-4aa4-8f71-859416107cbc tempest-ServersOnMultiNodesTest-1581511936 tempest-ServersOnMultiNodesTest-1581511936-project] 10.222.0.36 "GET /compute/v2.1/servers" status: 200 len: 1001 microversion: 2.1 time: 0.406145
Feb 05 02:45:55.481150 n-d-826942-8 devstack@n-api.service[124140]: [pid: 124140|app: 0|req: 204/370] 10.222.0.36 () {58 vars in 1124 bytes} [Sat Feb 5 02:45:55 2022] GET /compute/v2.1/servers => generated 1001 bytes in 408 msecs (HTTP/1.1 200) 9 headers in 358 bytes (1 switches on core 0)
Feb 05 02:45:55.487754 n-d-826942-8 devstack@n-api.service[124140]: DEBUG nova.api.openstack.wsgi [None req-5e149b8e-4768-46f7-a659-3ef882cd396a tempest-FlavorsExtraSpecsTestJSON-118540001 tempest-FlavorsExtraSpecsTestJSON-118540001-project-admin] Action: 'create', calling method: >, body: {"extra_specs": {"hw:numa_nodes": "1", "hw:cpu_policy": "shared"}} {{(pid=124140) _process_stack /opt/stack/nova/nova/api/openstack/wsgi.py:511}}
Feb 05 02:45:55.489377 n-d-826942-8 devstack@n-api.service[124140]: /usr/local/lib/python3.8/dist-packages/oslo_policy/policy.py:1119: UserWarning: Policy "os_compute_api:os-flavor-extra-specs:create": "rule:system_admin_api" failed scope check. The token used to make the request was project scoped but the policy requires ['system'] scope. This behavior may change in the future where using the intended scope is required
Feb 05 02:45:55.489377 n-d-826942-8 devstack@n-api.service[124140]: warnings.warn(msg)
Feb 05 02:45:55.524694 n-d-826942-8 devstack@n-api.service[124140]: INFO nova.api.openstack.requestlog [None req-5e149b8e-4768-46f7-a659-3ef882cd396a tempest-FlavorsExtraSpecsTestJSON-118540001 tempest-FlavorsExtraSpecsTestJSON-118540001-project-admin] 10.222.0.36 "POST /compute/v2.1/flavors/1983257266/os-extra_specs" status: 200 len: 66 microversion: 2.1 time: 0.041684
Feb 05 02:45:55.525985 n-d-826942-8 devstack@n-api.service[124140]: [pid: 124140|app: 0|req: 205/371] 10.222.0.36 () {60 vars in 1223 bytes} [Sat Feb 5 02:45:55 2022] POST /compute/v2.1/flavors/1983257266/os-extra_specs => generated 66 bytes in 44 msecs (HTTP/1.1 200) 9 headers in 356 bytes (1 switches on core 0)
Feb 05 02:45:55.535497 n-d-826942-8 devstack@n-api.service[124140]: DEBUG nova.api.openstack.wsgi [None req-c546f425-431a-4bfe-840d-47d7348c2a1c tempest-ServersOnMultiNodesTest-1581511936 tempest-ServersOnMultiNodesTest-1581511936-project] Calling method '>' {{(pid=124140) _process_stack /opt/stack/nova/nova/api/openstack/wsgi.py:513}}
Feb 05 02:45:55.536366 n-d-826942-8 devstack@n-api.service[124140]: DEBUG nova.compute.api [None req-c546f425-431a-4bfe-840d-47d7348c2a1c tempest-ServersOnMultiNodesTest-1581511936 tempest-ServersOnMultiNodesTest-1581511936-project] [instance: 44559059-c758-46e9-8d0a-57892ef50782] Fetching instance by UUID {{(pid=124140) get /opt/stack/nova/nova/compute/api.py:2866}}
Feb 05 02:45:55.656329 n-d-826942-8 devstack@n-api.service[124140]: DEBUG nova.policy [None req-c546f425-431a-4bfe-840d-47d7348c2a1c tempest-ServersOnMultiNodesTest-1581511936 tempest-ServersOnMultiNodesTest-1581511936-project] Policy check for os_compute_api:os-extended-server-attributes failed with credentials {'is_admin': False, 'user_id': '59fc811b0c0b4e90ab992998902cebcf', 'user_domain_id': 'default', 'system_scope': None, 'domain_id': None, 'project_id': '3a5378990daa49febaabcbe6e557bcbe', 'project_domain_id': 'default', 'roles': ['member', 'reader'], 'is_admin_project': True, 'service_user_id': None, 'service_user_domain_id': None, 'service_project_id': None, 'service_project_domain_id': None, 'service_roles': []} {{(pid=124140) authorize /opt/stack/nova/nova/policy.py:199}}
Feb 05 02:45:55.668817 n-d-826942-8 devstack@n-api.service[124140]: INFO nova.api.openstack.requestlog [None req-c546f425-431a-4bfe-840d-47d7348c2a1c tempest-ServersOnMultiNodesTest-1581511936 tempest-ServersOnMultiNodesTest-1581511936-project] 10.222.0.36 "GET /compute/v2.1/servers/44559059-c758-46e9-8d0a-57892ef50782" status: 200 len: 1218 microversion: 2.1 time: 0.140434
Feb 05 02:45:55.671476 n-d-826942-8 devstack@n-api.service[124140]: [pid: 124140|app: 0|req: 206/372] 10.222.0.36 () {58 vars in 1235 bytes} [Sat Feb 5 02:45:55 2022] GET /compute/v2.1/servers/44559059-c758-46e9-8d0a-57892ef50782 => generated 1218 bytes in 144 msecs (HTTP/1.1 200) 9 headers in 358 bytes (1 switches on core 0)
Feb 05 02:45:55.712941 n-d-826942-8 devstack@n-api.service[124141]: INFO nova.api.openstack.requestlog [None req-1b90a110-ca6d-4424-86d4-5de9437b7452 tempest-FlavorsAccessNegativeTestJSON-945741904 tempest-FlavorsAccessNegativeTestJSON-945741904-project-admin] 10.222.0.36 "POST /compute/v2.1/flavors/1959801120/action" status: 200 len: 21 microversion: 2.1 time: 0.477102
Feb 05 02:45:55.714880 n-d-826942-8 devstack@n-api.service[124141]: [pid: 124141|app: 0|req: 167/373] 10.222.0.36 () {60 vars in 1199 bytes} [Sat Feb 5 02:45:55 2022] POST /compute/v2.1/flavors/1959801120/action => generated 21 bytes in 481 msecs (HTTP/1.1 200) 9 headers in 356 bytes (1 switches on core 0)
Feb 05 02:45:55.727894 n-d-826942-8 devstack@n-api.service[124141]: DEBUG nova.api.openstack.wsgi [None req-9347e801-b5bb-403a-8460-f5d70a102bf0 tempest-FlavorsAccessNegativeTestJSON-945741904 tempest-FlavorsAccessNegativeTestJSON-945741904-project-admin] Calling method '>' {{(pid=124141) _process_stack /opt/stack/nova/nova/api/openstack/wsgi.py:513}}
Feb 05 02:45:55.729762 n-d-826942-8 devstack@n-api.service[124141]: /usr/local/lib/python3.8/dist-packages/oslo_policy/policy.py:1119: UserWarning: Policy "os_compute_api:os-flavor-manage:delete": "rule:system_admin_api" failed scope check. The token used to make the request was project scoped but the policy requires ['system'] scope. This behavior may change in the future where using the intended scope is required
Feb 05 02:45:55.729762 n-d-826942-8 devstack@n-api.service[124141]: warnings.warn(msg)
Feb 05 02:45:55.767679 n-d-826942-8 devstack@n-api.service[124141]: INFO nova.api.openstack.requestlog [None req-9347e801-b5bb-403a-8460-f5d70a102bf0 tempest-FlavorsAccessNegativeTestJSON-945741904 tempest-FlavorsAccessNegativeTestJSON-945741904-project-admin] 10.222.0.36 "DELETE /compute/v2.1/flavors/1959801120" status: 202 len: 0 microversion: 2.1 time: 0.046716
Feb 05 02:45:55.768972 n-d-826942-8 devstack@n-api.service[124141]: [pid: 124141|app: 0|req: 168/374] 10.222.0.36 () {58 vars in 1160 bytes} [Sat Feb 5 02:45:55 2022] DELETE /compute/v2.1/flavors/1959801120 => generated 0 bytes in 49 msecs (HTTP/1.1 202) 9 headers in 361 bytes (1 switches on core 0)
Feb 05 02:45:55.781089 n-d-826942-8 devstack@n-api.service[124141]: DEBUG nova.api.openstack.wsgi [None req-238fcd41-5728-4185-97ab-cc680e8b6b28 tempest-FlavorsAccessNegativeTestJSON-945741904 tempest-FlavorsAccessNegativeTestJSON-945741904-project-admin] Calling method '>' {{(pid=124141) _process_stack /opt/stack/nova/nova/api/openstack/wsgi.py:513}}
Feb 05 02:45:55.820110 n-d-826942-8 devstack@n-api.service[124141]: INFO nova.api.openstack.requestlog [None req-238fcd41-5728-4185-97ab-cc680e8b6b28 tempest-FlavorsAccessNegativeTestJSON-945741904 tempest-FlavorsAccessNegativeTestJSON-945741904-project-admin] 10.222.0.36 "GET /compute/v2.1/flavors/detail" status: 200 len: 6222 microversion: 2.1 time: 0.046209
Feb 05 02:45:55.820920 n-d-826942-8 devstack@n-api.service[124141]: [pid: 124141|app: 0|req: 169/375] 10.222.0.36 () {58 vars in 1145 bytes} [Sat Feb 5 02:45:55 2022] GET /compute/v2.1/flavors/detail => generated 6222 bytes in 49 msecs (HTTP/1.1 200) 9 headers in 358 bytes (2 switches on core 0)
Feb 05 02:45:55.923227 n-d-826942-8 devstack@n-api.service[124141]: DEBUG nova.api.openstack.wsgi [None req-47841dd5-a1e6-4a47-a8ee-7bc8e94f0c74 tempest-ServerDiagnosticsNegativeTest-1197150507 tempest-ServerDiagnosticsNegativeTest-1197150507-project] Action: 'create', calling method: >, body: {"server": {"name": "tempest-ServerDiagnosticsNegativeTest-server-1216012143", "imageRef": "e1cc4d3e-f9b6-47c0-bf39-2e9125f0814e", "flavorRef": "452"}} {{(pid=124141) _process_stack /opt/stack/nova/nova/api/openstack/wsgi.py:511}}
Feb 05 02:45:55.971973 n-d-826942-8 devstack@n-api.service[124140]: DEBUG nova.api.openstack.wsgi [None req-0037c510-ddeb-4c17-8c0d-2b30df528b76 tempest-FlavorsExtraSpecsTestJSON-2122229181 tempest-FlavorsExtraSpecsTestJSON-2122229181-project] Calling method '>' {{(pid=124140) _process_stack /opt/stack/nova/nova/api/openstack/wsgi.py:513}}
Feb 05 02:45:55.994863 n-d-826942-8 devstack@n-api.service[124140]: INFO nova.api.openstack.requestlog [None req-0037c510-ddeb-4c17-8c0d-2b30df528b76 tempest-FlavorsExtraSpecsTestJSON-2122229181 tempest-FlavorsExtraSpecsTestJSON-2122229181-project] 10.222.0.36 "GET /compute/v2.1/flavors/1983257266/os-extra_specs" status: 200 len: 66 microversion: 2.1 time: 0.320245
Feb 05 02:45:55.998393 n-d-826942-8 devstack@n-api.service[124140]: [pid: 124140|app: 0|req: 207/376] 10.222.0.36 () {58 vars in 1202 bytes} [Sat Feb 5 02:45:55 2022] GET /compute/v2.1/flavors/1983257266/os-extra_specs => generated 66 bytes in 326 msecs (HTTP/1.1 200) 9 headers in 356 bytes (1 switches on core 0)
Feb 05 02:45:56.023656 n-d-826942-8 devstack@n-api.service[124141]: DEBUG nova.network.neutron [None req-47841dd5-a1e6-4a47-a8ee-7bc8e94f0c74 tempest-ServerDiagnosticsNegativeTest-1197150507 tempest-ServerDiagnosticsNegativeTest-1197150507-project] validate_networks() for None {{(pid=124141) validate_networks /opt/stack/nova/nova/network/neutron.py:2494}}
Feb 05 02:45:56.030821 n-d-826942-8 devstack@n-api.service[124140]: DEBUG nova.api.openstack.wsgi [None req-312c0bd5-2291-4c26-a22a-da7820619a99 tempest-FlavorsAccessNegativeTestJSON-945741904 tempest-FlavorsAccessNegativeTestJSON-945741904-project-admin] Action: 'create', calling method: >, body: {"flavor": {"ram": 512, "vcpus": 1, "disk": 10, "name": "tempest-FlavorsAccessNegativeTestJSON-flavor-1828826356", "id": 335900705, "os-flavor-access:is_public": "False"}} {{(pid=124140) _process_stack /opt/stack/nova/nova/api/openstack/wsgi.py:511}}
Feb 05 02:45:56.047976 n-d-826942-8 devstack@n-api.service[124140]: /usr/local/lib/python3.8/dist-packages/oslo_policy/policy.py:1119: UserWarning: Policy "os_compute_api:os-flavor-manage:create": "rule:system_admin_api" failed scope check. The token used to make the request was project scoped but the policy requires ['system'] scope. This behavior may change in the future where using the intended scope is required
Feb 05 02:45:56.047976 n-d-826942-8 devstack@n-api.service[124140]: warnings.warn(msg)
Feb 05 02:45:56.090999 n-d-826942-8 devstack@n-api.service[124140]: INFO nova.api.openstack.requestlog [None req-312c0bd5-2291-4c26-a22a-da7820619a99 tempest-FlavorsAccessNegativeTestJSON-945741904 tempest-FlavorsAccessNegativeTestJSON-945741904-project-admin] 10.222.0.36 "POST /compute/v2.1/flavors" status: 200 len: 436 microversion: 2.1 time: 0.089174
Feb 05 02:45:56.098242 n-d-826942-8 devstack@n-api.service[124140]: [pid: 124140|app: 0|req: 208/377] 10.222.0.36 () {60 vars in 1146 bytes} [Sat Feb 5 02:45:55 2022] POST /compute/v2.1/flavors => generated 436 bytes in 99 msecs (HTTP/1.1 200) 9 headers in 357 bytes (1 switches on core 0)
Feb 05 02:45:56.108479 n-d-826942-8 devstack@n-api.service[124140]: DEBUG nova.api.openstack.wsgi [None req-6c088f1c-0375-40e4-9f3d-a4aa151559af tempest-FlavorsExtraSpecsTestJSON-118540001 tempest-FlavorsExtraSpecsTestJSON-118540001-project-admin] Action: 'create', calling method: >, body: {"extra_specs": {"hw:numa_nodes": "1", "hw:cpu_policy": "shared"}} {{(pid=124140) _process_stack /opt/stack/nova/nova/api/openstack/wsgi.py:511}}
Feb 05 02:45:56.111957 n-d-826942-8 devstack@n-api.service[124140]: /usr/local/lib/python3.8/dist-packages/oslo_policy/policy.py:1119: UserWarning: Policy "os_compute_api:os-flavor-extra-specs:create": "rule:system_admin_api" failed scope check. The token used to make the request was project scoped but the policy requires ['system'] scope. This behavior may change in the future where using the intended scope is required
Feb 05 02:45:56.111957 n-d-826942-8 devstack@n-api.service[124140]: warnings.warn(msg)
Feb 05 02:45:56.158022 n-d-826942-8 devstack@n-api.service[124140]: INFO nova.api.openstack.requestlog [None req-6c088f1c-0375-40e4-9f3d-a4aa151559af tempest-FlavorsExtraSpecsTestJSON-118540001 tempest-FlavorsExtraSpecsTestJSON-118540001-project-admin] 10.222.0.36 "POST /compute/v2.1/flavors/1983257266/os-extra_specs" status: 200 len: 66 microversion: 2.1 time: 0.057343
Feb 05 02:45:56.161453 n-d-826942-8 devstack@n-api.service[124140]: [pid: 124140|app: 0|req: 209/378] 10.222.0.36 () {60 vars in 1223 bytes} [Sat Feb 5 02:45:56 2022] POST /compute/v2.1/flavors/1983257266/os-extra_specs => generated 66 bytes in 62 msecs (HTTP/1.1 200) 9 headers in 356 bytes (1 switches on core 0)
Feb 05 02:45:56.169220 n-d-826942-8 devstack@n-api.service[124140]: DEBUG nova.api.openstack.wsgi [None req-8a5875b3-a69f-4dac-8967-489efdcfed9c tempest-LiveMigrationTest-1051264423 tempest-LiveMigrationTest-1051264423-project] Calling method '>' {{(pid=124140) _process_stack /opt/stack/nova/nova/api/openstack/wsgi.py:513}}
Feb 05 02:45:56.172462 n-d-826942-8 devstack@n-api.service[124140]: DEBUG nova.compute.api [None req-8a5875b3-a69f-4dac-8967-489efdcfed9c tempest-LiveMigrationTest-1051264423 tempest-LiveMigrationTest-1051264423-project] [instance: 47ea8c18-edd9-4830-b281-e9bf61270fcc] Fetching instance by UUID {{(pid=124140) get /opt/stack/nova/nova/compute/api.py:2866}}
Feb 05 02:45:56.183965 n-d-826942-8 devstack@n-api.service[124140]: DEBUG oslo_concurrency.lockutils [None req-8a5875b3-a69f-4dac-8967-489efdcfed9c tempest-LiveMigrationTest-1051264423 tempest-LiveMigrationTest-1051264423-project] Lock "dc9d5859-1596-4256-b8b7-756f7ea33ea9" acquired by "nova.context.set_target_cell..get_or_set_cached_cell_and_set_connections" :: waited 0.000s {{(pid=124140) inner /usr/local/lib/python3.8/dist-packages/oslo_concurrency/lockutils.py:386}}
Feb 05 02:45:56.184471 n-d-826942-8 devstack@n-api.service[124140]: DEBUG oslo_concurrency.lockutils [None req-8a5875b3-a69f-4dac-8967-489efdcfed9c tempest-LiveMigrationTest-1051264423 tempest-LiveMigrationTest-1051264423-project] Lock "dc9d5859-1596-4256-b8b7-756f7ea33ea9" "released" by "nova.context.set_target_cell..get_or_set_cached_cell_and_set_connections" :: held 0.001s {{(pid=124140) inner /usr/local/lib/python3.8/dist-packages/oslo_concurrency/lockutils.py:400}}
Feb 05 02:45:56.187800 n-d-826942-8 devstack@n-api.service[124140]: DEBUG oslo_concurrency.lockutils [None req-8a5875b3-a69f-4dac-8967-489efdcfed9c tempest-LiveMigrationTest-1051264423 tempest-LiveMigrationTest-1051264423-project] Lock "dc9d5859-1596-4256-b8b7-756f7ea33ea9" acquired by "nova.context.set_target_cell..get_or_set_cached_cell_and_set_connections" :: waited 0.000s {{(pid=124140) inner /usr/local/lib/python3.8/dist-packages/oslo_concurrency/lockutils.py:386}}
Feb 05 02:45:56.190460 n-d-826942-8 devstack@n-api.service[124140]: DEBUG oslo_concurrency.lockutils [None req-8a5875b3-a69f-4dac-8967-489efdcfed9c tempest-LiveMigrationTest-1051264423 tempest-LiveMigrationTest-1051264423-project] Lock "dc9d5859-1596-4256-b8b7-756f7ea33ea9" "released" by "nova.context.set_target_cell..get_or_set_cached_cell_and_set_connections" :: held 0.000s {{(pid=124140) inner /usr/local/lib/python3.8/dist-packages/oslo_concurrency/lockutils.py:400}}
Feb 05 02:45:56.362223 n-d-826942-8 devstack@n-api.service[124141]: DEBUG nova.virt.hardware [None req-47841dd5-a1e6-4a47-a8ee-7bc8e94f0c74 tempest-ServerDiagnosticsNegativeTest-1197150507 tempest-ServerDiagnosticsNegativeTest-1197150507-project] Flavor limits 0:0:0 {{(pid=124141) get_cpu_topology_constraints /opt/stack/nova/nova/virt/hardware.py:343}}
Feb 05 02:45:56.363355 n-d-826942-8 devstack@n-api.service[124141]: DEBUG nova.virt.hardware [None req-47841dd5-a1e6-4a47-a8ee-7bc8e94f0c74 tempest-ServerDiagnosticsNegativeTest-1197150507 tempest-ServerDiagnosticsNegativeTest-1197150507-project] Image limits 0:0:0 {{(pid=124141) get_cpu_topology_constraints /opt/stack/nova/nova/virt/hardware.py:347}}
Feb 05 02:45:56.363940 n-d-826942-8 devstack@n-api.service[124141]: DEBUG nova.virt.hardware [None req-47841dd5-a1e6-4a47-a8ee-7bc8e94f0c74 tempest-ServerDiagnosticsNegativeTest-1197150507 tempest-ServerDiagnosticsNegativeTest-1197150507-project] Flavor pref 0:0:0 {{(pid=124141) get_cpu_topology_constraints /opt/stack/nova/nova/virt/hardware.py:383}}
Feb 05 02:45:56.364643 n-d-826942-8 devstack@n-api.service[124141]: DEBUG nova.virt.hardware [None req-47841dd5-a1e6-4a47-a8ee-7bc8e94f0c74 tempest-ServerDiagnosticsNegativeTest-1197150507 tempest-ServerDiagnosticsNegativeTest-1197150507-project] Image pref 0:0:0 {{(pid=124141) get_cpu_topology_constraints /opt/stack/nova/nova/virt/hardware.py:387}}
Feb 05 02:45:56.365372 n-d-826942-8 devstack@n-api.service[124141]: DEBUG nova.virt.hardware [None req-47841dd5-a1e6-4a47-a8ee-7bc8e94f0c74 tempest-ServerDiagnosticsNegativeTest-1197150507 tempest-ServerDiagnosticsNegativeTest-1197150507-project] Chose sockets=0, cores=0, threads=0; limits were sockets=65536, cores=65536, threads=65536 {{(pid=124141) get_cpu_topology_constraints /opt/stack/nova/nova/virt/hardware.py:425}}
Feb 05 02:45:56.382752 n-d-826942-8 devstack@n-api.service[124141]: DEBUG oslo_concurrency.lockutils [None req-47841dd5-a1e6-4a47-a8ee-7bc8e94f0c74 tempest-ServerDiagnosticsNegativeTest-1197150507 tempest-ServerDiagnosticsNegativeTest-1197150507-project] Lock "00000000-0000-0000-0000-000000000000" acquired by "nova.context.set_target_cell..get_or_set_cached_cell_and_set_connections" :: waited 0.000s {{(pid=124141) inner /usr/local/lib/python3.8/dist-packages/oslo_concurrency/lockutils.py:386}}
Feb 05 02:45:56.383424 n-d-826942-8 devstack@n-api.service[124141]: DEBUG oslo_concurrency.lockutils [None req-47841dd5-a1e6-4a47-a8ee-7bc8e94f0c74 tempest-ServerDiagnosticsNegativeTest-1197150507 tempest-ServerDiagnosticsNegativeTest-1197150507-project] Lock "00000000-0000-0000-0000-000000000000" "released" by "nova.context.set_target_cell..get_or_set_cached_cell_and_set_connections" :: held 0.001s {{(pid=124141) inner /usr/local/lib/python3.8/dist-packages/oslo_concurrency/lockutils.py:400}}
Feb 05 02:45:56.384771 n-d-826942-8 devstack@n-api.service[124141]: DEBUG oslo_concurrency.lockutils [None req-47841dd5-a1e6-4a47-a8ee-7bc8e94f0c74 tempest-ServerDiagnosticsNegativeTest-1197150507 tempest-ServerDiagnosticsNegativeTest-1197150507-project] Lock "dc9d5859-1596-4256-b8b7-756f7ea33ea9" acquired by "nova.context.set_target_cell..get_or_set_cached_cell_and_set_connections" :: waited 0.000s {{(pid=124141) inner /usr/local/lib/python3.8/dist-packages/oslo_concurrency/lockutils.py:386}}
Feb 05 02:45:56.385448 n-d-826942-8 devstack@n-api.service[124141]: DEBUG oslo_concurrency.lockutils [None req-47841dd5-a1e6-4a47-a8ee-7bc8e94f0c74 tempest-ServerDiagnosticsNegativeTest-1197150507 tempest-ServerDiagnosticsNegativeTest-1197150507-project] Lock "dc9d5859-1596-4256-b8b7-756f7ea33ea9" "released" by "nova.context.set_target_cell..get_or_set_cached_cell_and_set_connections" :: held 0.001s {{(pid=124141) inner /usr/local/lib/python3.8/dist-packages/oslo_concurrency/lockutils.py:400}}
Feb 05 02:45:56.408679 n-d-826942-8 devstack@n-api.service[124141]: DEBUG nova.quota [None req-47841dd5-a1e6-4a47-a8ee-7bc8e94f0c74 tempest-ServerDiagnosticsNegativeTest-1197150507 tempest-ServerDiagnosticsNegativeTest-1197150507-project] Getting quotas for project c0bd89f032774a55a4da8d8c44fcfd64. Resources: {'cores', 'ram', 'instances'} {{(pid=124141) _get_quotas /opt/stack/nova/nova/quota.py:387}}
Feb 05 02:45:56.416025 n-d-826942-8 devstack@n-api.service[124141]: DEBUG nova.quota [None req-47841dd5-a1e6-4a47-a8ee-7bc8e94f0c74 tempest-ServerDiagnosticsNegativeTest-1197150507 tempest-ServerDiagnosticsNegativeTest-1197150507-project] Getting quotas for user 0cfb4537bca445ecbc5100bcf1297c5e and project c0bd89f032774a55a4da8d8c44fcfd64. Resources: {'cores', 'ram', 'instances'} {{(pid=124141) _get_quotas /opt/stack/nova/nova/quota.py:377}}
Feb 05 02:45:56.431935 n-d-826942-8 devstack@n-api.service[124141]: DEBUG nova.compute.api [None req-47841dd5-a1e6-4a47-a8ee-7bc8e94f0c74 tempest-ServerDiagnosticsNegativeTest-1197150507 tempest-ServerDiagnosticsNegativeTest-1197150507-project] Going to run 1 instances... {{(pid=124141) _provision_instances /opt/stack/nova/nova/compute/api.py:1351}}
Feb 05 02:45:56.435354 n-d-826942-8 devstack@n-api.service[124141]: DEBUG nova.compute.api [None req-47841dd5-a1e6-4a47-a8ee-7bc8e94f0c74 tempest-ServerDiagnosticsNegativeTest-1197150507 tempest-ServerDiagnosticsNegativeTest-1197150507-project] [instance: 816ddf30-68f8-43dc-a71b-fa18d8f9e12e] block_device_mapping [BlockDeviceMapping(attachment_id=,boot_index=0,connection_info=None,created_at=,delete_on_termination=True,deleted=,deleted_at=,destination_type='local',device_name=None,device_type='disk',disk_bus=None,guest_format=None,id=,image_id='e1cc4d3e-f9b6-47c0-bf39-2e9125f0814e',instance=,instance_uuid=,no_device=False,snapshot_id=None,source_type='image',tag=None,updated_at=,uuid=,volume_id=None,volume_size=None,volume_type=None)] {{(pid=124141) _bdm_validate_set_size_and_instance /opt/stack/nova/nova/compute/api.py:1758}}
Feb 05 02:45:56.440416 n-d-826942-8 devstack@n-api.service[124140]: DEBUG nova.policy [None req-8a5875b3-a69f-4dac-8967-489efdcfed9c tempest-LiveMigrationTest-1051264423 tempest-LiveMigrationTest-1051264423-project] Policy check for os_compute_api:os-extended-server-attributes failed with credentials {'is_admin': False, 'user_id': '7a8e90ca8cc0442f8acaf6855e468231', 'user_domain_id': 'default', 'system_scope': None, 'domain_id': None, 'project_id': '046d701f8c1b4320bb7536b4bcbbc218', 'project_domain_id': 'default', 'roles': ['member', 'reader'], 'is_admin_project': True, 'service_user_id': None, 'service_user_domain_id': None, 'service_project_id': None, 'service_project_domain_id': None, 'service_roles': []} {{(pid=124140) authorize /opt/stack/nova/nova/policy.py:199}}
Feb 05 02:45:56.451888 n-d-826942-8 devstack@n-api.service[124140]: INFO nova.api.openstack.requestlog [None req-8a5875b3-a69f-4dac-8967-489efdcfed9c tempest-LiveMigrationTest-1051264423 tempest-LiveMigrationTest-1051264423-project] 10.222.0.36 "GET /compute/v2.1/servers/47ea8c18-edd9-4830-b281-e9bf61270fcc" status: 200 len: 1504 microversion: 2.1 time: 0.288845
Feb 05 02:45:56.453142 n-d-826942-8 devstack@n-api.service[124140]: [pid: 124140|app: 0|req: 210/379] 10.222.0.36 () {58 vars in 1235 bytes} [Sat Feb 5 02:45:56 2022] GET /compute/v2.1/servers/47ea8c18-edd9-4830-b281-e9bf61270fcc => generated 1504 bytes in 291 msecs (HTTP/1.1 200) 9 headers in 358 bytes (1 switches on core 0)
Feb 05 02:45:56.459100 n-d-826942-8 devstack@n-api.service[124140]: DEBUG nova.api.openstack.wsgi [None req-9cd7d973-bbf1-4ab3-8045-a3f6d3f043ed tempest-FlavorsAccessNegativeTestJSON-945741904 tempest-FlavorsAccessNegativeTestJSON-945741904-project-admin] Action: 'action', calling method: >, body: {"removeTenantAccess": {"tenant": "fdee92dab2dc46ad99b5d19f694da84d"}} {{(pid=124140) _process_stack /opt/stack/nova/nova/api/openstack/wsgi.py:511}}
Feb 05 02:45:56.460706 n-d-826942-8 devstack@n-api.service[124140]: /usr/local/lib/python3.8/dist-packages/oslo_policy/policy.py:1119: UserWarning: Policy "os_compute_api:os-flavor-access:remove_tenant_access": "rule:system_admin_api" failed scope check. The token used to make the request was project scoped but the policy requires ['system'] scope. This behavior may change in the future where using the intended scope is required
Feb 05 02:45:56.460706 n-d-826942-8 devstack@n-api.service[124140]: warnings.warn(msg)
Feb 05 02:45:56.488164 n-d-826942-8 devstack@n-api.service[124141]: INFO nova.api.openstack.requestlog [None req-47841dd5-a1e6-4a47-a8ee-7bc8e94f0c74 tempest-ServerDiagnosticsNegativeTest-1197150507 tempest-ServerDiagnosticsNegativeTest-1197150507-project] 10.222.0.36 "POST /compute/v2.1/servers" status: 202 len: 380 microversion: 2.1 time: 0.663935
Feb 05 02:45:56.489106 n-d-826942-8 devstack@n-api.service[124141]: [pid: 124141|app: 0|req: 170/380] 10.222.0.36 () {60 vars in 1146 bytes} [Sat Feb 5 02:45:55 2022] POST /compute/v2.1/servers => generated 380 bytes in 668 msecs (HTTP/1.1 202) 10 headers in 451 bytes (1 switches on core 0)
Feb 05 02:45:56.494457 n-d-826942-8 devstack@n-api.service[124141]: DEBUG nova.api.openstack.wsgi [None req-7d0fcce3-2643-41bd-beef-eea4762f6779 tempest-FlavorsExtraSpecsTestJSON-2122229181 tempest-FlavorsExtraSpecsTestJSON-2122229181-project] Calling method '>' {{(pid=124141) _process_stack /opt/stack/nova/nova/api/openstack/wsgi.py:513}}
Feb 05 02:45:56.507746 n-d-826942-8 devstack@n-api.service[124141]: INFO nova.api.openstack.requestlog [None req-7d0fcce3-2643-41bd-beef-eea4762f6779 tempest-FlavorsExtraSpecsTestJSON-2122229181 tempest-FlavorsExtraSpecsTestJSON-2122229181-project] 10.222.0.36 "GET /compute/v2.1/flavors/1983257266/os-extra_specs/hw:numa_nodes" status: 200 len: 22 microversion: 2.1 time: 0.016618
Feb 05 02:45:56.508628 n-d-826942-8 devstack@n-api.service[124141]: [pid: 124141|app: 0|req: 171/381] 10.222.0.36 () {58 vars in 1244 bytes} [Sat Feb 5 02:45:56 2022] GET /compute/v2.1/flavors/1983257266/os-extra_specs/hw:numa_nodes => generated 22 bytes in 19 msecs (HTTP/1.1 200) 9 headers in 356 bytes (1 switches on core 0)
Feb 05 02:45:56.522181 n-d-826942-8 devstack@n-api.service[124141]: DEBUG nova.api.openstack.wsgi [None req-13c110cb-fffb-4875-8988-7f27c82acf60 tempest-ServerDiagnosticsNegativeTest-1197150507 tempest-ServerDiagnosticsNegativeTest-1197150507-project] Calling method '>' {{(pid=124141) _process_stack /opt/stack/nova/nova/api/openstack/wsgi.py:513}}
Feb 05 02:45:56.523482 n-d-826942-8 devstack@n-api.service[124141]: DEBUG nova.compute.api [None req-13c110cb-fffb-4875-8988-7f27c82acf60 tempest-ServerDiagnosticsNegativeTest-1197150507 tempest-ServerDiagnosticsNegativeTest-1197150507-project] [instance: 816ddf30-68f8-43dc-a71b-fa18d8f9e12e] Fetching instance by UUID {{(pid=124141) get /opt/stack/nova/nova/compute/api.py:2866}}
Feb 05 02:45:56.534338 n-d-826942-8 devstack@n-api.service[124140]: INFO nova.api.openstack.wsgi [None req-9cd7d973-bbf1-4ab3-8045-a3f6d3f043ed tempest-FlavorsAccessNegativeTestJSON-945741904 tempest-FlavorsAccessNegativeTestJSON-945741904-project-admin] HTTP exception thrown: Flavor access not found for 39 / fdee92dab2dc46ad99b5d19f694da84d combination.
Feb 05 02:45:56.535116 n-d-826942-8 devstack@n-api.service[124140]: DEBUG nova.api.openstack.wsgi [None req-9cd7d973-bbf1-4ab3-8045-a3f6d3f043ed tempest-FlavorsAccessNegativeTestJSON-945741904 tempest-FlavorsAccessNegativeTestJSON-945741904-project-admin] Returning 404 to user: Flavor access not found for 39 / fdee92dab2dc46ad99b5d19f694da84d combination. {{(pid=124140) __call__ /opt/stack/nova/nova/api/openstack/wsgi.py:936}}
Feb 05 02:45:56.536070 n-d-826942-8 devstack@n-api.service[124140]: INFO nova.api.openstack.requestlog [None req-9cd7d973-bbf1-4ab3-8045-a3f6d3f043ed tempest-FlavorsAccessNegativeTestJSON-945741904 tempest-FlavorsAccessNegativeTestJSON-945741904-project-admin] 10.222.0.36 "POST /compute/v2.1/flavors/335900705/action" status: 404 len: 124 microversion: 2.1 time: 0.081789
Feb 05 02:45:56.539966 n-d-826942-8 devstack@n-api.service[124140]: [pid: 124140|app: 0|req: 211/382] 10.222.0.36 () {60 vars in 1196 bytes} [Sat Feb 5 02:45:56 2022] POST /compute/v2.1/flavors/335900705/action => generated 124 bytes in 83 msecs (HTTP/1.1 404) 9 headers in 379 bytes (1 switches on core 0)
Feb 05 02:45:56.542144 n-d-826942-8 devstack@n-api.service[124140]: DEBUG nova.api.openstack.wsgi [None req-1f97133e-8587-4fbe-bb4a-1b3ad36b9fde tempest-FlavorsExtraSpecsTestJSON-118540001 tempest-FlavorsExtraSpecsTestJSON-118540001-project-admin] Action: 'create', calling method: >, body: {"extra_specs": {"hw:numa_nodes": "1", "hw:cpu_policy": "shared"}} {{(pid=124140) _process_stack /opt/stack/nova/nova/api/openstack/wsgi.py:511}}
Feb 05 02:45:56.543589 n-d-826942-8 devstack@n-api.service[124140]: /usr/local/lib/python3.8/dist-packages/oslo_policy/policy.py:1119: UserWarning: Policy "os_compute_api:os-flavor-extra-specs:create": "rule:system_admin_api" failed scope check. The token used to make the request was project scoped but the policy requires ['system'] scope. This behavior may change in the future where using the intended scope is required
Feb 05 02:45:56.543589 n-d-826942-8 devstack@n-api.service[124140]: warnings.warn(msg)
Feb 05 02:45:56.568243 n-d-826942-8 devstack@n-api.service[124140]: INFO nova.api.openstack.requestlog [None req-1f97133e-8587-4fbe-bb4a-1b3ad36b9fde tempest-FlavorsExtraSpecsTestJSON-118540001 tempest-FlavorsExtraSpecsTestJSON-118540001-project-admin] 10.222.0.36 "POST /compute/v2.1/flavors/1983257266/os-extra_specs" status: 200 len: 66 microversion: 2.1 time: 0.030018
Feb 05 02:45:56.569378 n-d-826942-8 devstack@n-api.service[124140]: [pid: 124140|app: 0|req: 212/383] 10.222.0.36 () {60 vars in 1223 bytes} [Sat Feb 5 02:45:56 2022] POST /compute/v2.1/flavors/1983257266/os-extra_specs => generated 66 bytes in 32 msecs (HTTP/1.1 200) 9 headers in 356 bytes (1 switches on core 0)
Feb 05 02:45:56.575821 n-d-826942-8 devstack@n-api.service[124140]: DEBUG nova.api.openstack.wsgi [None req-90f5263e-d419-49ed-9e50-e0f902a10741 tempest-FlavorsAccessNegativeTestJSON-945741904 tempest-FlavorsAccessNegativeTestJSON-945741904-project-admin] Calling method '>' {{(pid=124140) _process_stack /opt/stack/nova/nova/api/openstack/wsgi.py:513}}
Feb 05 02:45:56.577635 n-d-826942-8 devstack@n-api.service[124140]: /usr/local/lib/python3.8/dist-packages/oslo_policy/policy.py:1119: UserWarning: Policy "os_compute_api:os-flavor-manage:delete": "rule:system_admin_api" failed scope check. The token used to make the request was project scoped but the policy requires ['system'] scope. This behavior may change in the future where using the intended scope is required
Feb 05 02:45:56.577635 n-d-826942-8 devstack@n-api.service[124140]: warnings.warn(msg)
Feb 05 02:45:56.605443 n-d-826942-8 devstack@n-api.service[124140]: INFO nova.api.openstack.requestlog [None req-90f5263e-d419-49ed-9e50-e0f902a10741 tempest-FlavorsAccessNegativeTestJSON-945741904 tempest-FlavorsAccessNegativeTestJSON-945741904-project-admin] 10.222.0.36 "DELETE /compute/v2.1/flavors/335900705" status: 202 len: 0 microversion: 2.1 time: 0.033578
Feb 05 02:45:56.607011 n-d-826942-8 devstack@n-api.service[124140]: [pid: 124140|app: 0|req: 213/384] 10.222.0.36 () {58 vars in 1157 bytes} [Sat Feb 5 02:45:56 2022] DELETE /compute/v2.1/flavors/335900705 => generated 0 bytes in 36 msecs (HTTP/1.1 202) 9 headers in 361 bytes (1 switches on core 0)
Feb 05 02:45:56.618629 n-d-826942-8 devstack@n-api.service[124140]: DEBUG nova.api.openstack.wsgi [None req-096fb262-e351-4df0-b3c3-56537daeb33f tempest-FlavorsExtraSpecsTestJSON-118540001 tempest-FlavorsExtraSpecsTestJSON-118540001-project-admin] Calling method '>' {{(pid=124140) _process_stack /opt/stack/nova/nova/api/openstack/wsgi.py:513}}
Feb 05 02:45:56.643426 n-d-826942-8 devstack@n-api.service[124140]: INFO nova.api.openstack.requestlog [None req-096fb262-e351-4df0-b3c3-56537daeb33f tempest-FlavorsExtraSpecsTestJSON-118540001 tempest-FlavorsExtraSpecsTestJSON-118540001-project-admin] 10.222.0.36 "GET /compute/v2.1/flavors/1983257266/os-extra_specs" status: 200 len: 66 microversion: 2.1 time: 0.034226
Feb 05 02:45:56.645402 n-d-826942-8 devstack@n-api.service[124140]: [pid: 124140|app: 0|req: 214/385] 10.222.0.36 () {58 vars in 1202 bytes} [Sat Feb 5 02:45:56 2022] GET /compute/v2.1/flavors/1983257266/os-extra_specs => generated 66 bytes in 38 msecs (HTTP/1.1 200) 9 headers in 356 bytes (1 switches on core 0)
Feb 05 02:45:56.653038 n-d-826942-8 devstack@n-api.service[124140]: DEBUG nova.api.openstack.wsgi [None req-9931c749-ae7e-42f7-8949-f2620a96dc5e tempest-FlavorsAccessNegativeTestJSON-945741904 tempest-FlavorsAccessNegativeTestJSON-945741904-project-admin] Calling method '>' {{(pid=124140) _process_stack /opt/stack/nova/nova/api/openstack/wsgi.py:513}}
Feb 05 02:45:56.661399 n-d-826942-8 devstack@n-api.service[124141]: DEBUG nova.policy [None req-13c110cb-fffb-4875-8988-7f27c82acf60 tempest-ServerDiagnosticsNegativeTest-1197150507 tempest-ServerDiagnosticsNegativeTest-1197150507-project] Policy check for os_compute_api:os-extended-server-attributes failed with credentials {'is_admin': False, 'user_id': '0cfb4537bca445ecbc5100bcf1297c5e', 'user_domain_id': 'default', 'system_scope': None, 'domain_id': None, 'project_id': 'c0bd89f032774a55a4da8d8c44fcfd64', 'project_domain_id': 'default', 'roles': ['member', 'reader'], 'is_admin_project': True, 'service_user_id': None, 'service_user_domain_id': None, 'service_project_id': None, 'service_project_domain_id': None, 'service_roles': []} {{(pid=124141) authorize /opt/stack/nova/nova/policy.py:199}}
Feb 05 02:45:56.668270 n-d-826942-8 devstack@n-api.service[124141]: INFO nova.api.openstack.requestlog [None req-13c110cb-fffb-4875-8988-7f27c82acf60 tempest-ServerDiagnosticsNegativeTest-1197150507 tempest-ServerDiagnosticsNegativeTest-1197150507-project] 10.222.0.36 "GET /compute/v2.1/servers/816ddf30-68f8-43dc-a71b-fa18d8f9e12e" status: 200 len: 1223 microversion: 2.1 time: 0.150179
Feb 05 02:45:56.671222 n-d-826942-8 devstack@n-api.service[124141]: [pid: 124141|app: 0|req: 172/386] 10.222.0.36 () {58 vars in 1235 bytes} [Sat Feb 5 02:45:56 2022] GET /compute/v2.1/servers/816ddf30-68f8-43dc-a71b-fa18d8f9e12e => generated 1223 bytes in 154 msecs (HTTP/1.1 200) 9 headers in 358 bytes (1 switches on core 0)
Feb 05 02:45:56.685590 n-d-826942-8 devstack@n-api.service[124141]: DEBUG nova.api.openstack.wsgi [None req-bd71c561-528c-413b-a8f1-9863ff514d28 tempest-FlavorsExtraSpecsTestJSON-118540001 tempest-FlavorsExtraSpecsTestJSON-118540001-project-admin] Action: 'update', calling method: >, body: {"hw:numa_nodes": "2"} {{(pid=124141) _process_stack /opt/stack/nova/nova/api/openstack/wsgi.py:511}}
Feb 05 02:45:56.687643 n-d-826942-8 devstack@n-api.service[124141]: /usr/local/lib/python3.8/dist-packages/oslo_policy/policy.py:1119: UserWarning: Policy "os_compute_api:os-flavor-extra-specs:update": "rule:system_admin_api" failed scope check. The token used to make the request was project scoped but the policy requires ['system'] scope. This behavior may change in the future where using the intended scope is required
Feb 05 02:45:56.687643 n-d-826942-8 devstack@n-api.service[124141]: warnings.warn(msg)
Feb 05 02:45:56.703585 n-d-826942-8 devstack@n-api.service[124140]: INFO nova.api.openstack.requestlog [None req-9931c749-ae7e-42f7-8949-f2620a96dc5e tempest-FlavorsAccessNegativeTestJSON-945741904 tempest-FlavorsAccessNegativeTestJSON-945741904-project-admin] 10.222.0.36 "GET /compute/v2.1/flavors/detail" status: 200 len: 6222 microversion: 2.1 time: 0.055252
Feb 05 02:45:56.705371 n-d-826942-8 devstack@n-api.service[124140]: [pid: 124140|app: 0|req: 215/387] 10.222.0.36 () {58 vars in 1145 bytes} [Sat Feb 5 02:45:56 2022] GET /compute/v2.1/flavors/detail => generated 6222 bytes in 58 msecs (HTTP/1.1 200) 9 headers in 358 bytes (1 switches on core 0)
Feb 05 02:45:56.712533 n-d-826942-8 devstack@n-api.service[124140]: DEBUG nova.api.openstack.wsgi [None req-f3d3700e-63ee-4389-a016-9fe9f264e05b tempest-ServersOnMultiNodesTest-1581511936 tempest-ServersOnMultiNodesTest-1581511936-project] Calling method '>' {{(pid=124140) _process_stack /opt/stack/nova/nova/api/openstack/wsgi.py:513}}
Feb 05 02:45:56.713746 n-d-826942-8 devstack@n-api.service[124140]: DEBUG nova.compute.api [None req-f3d3700e-63ee-4389-a016-9fe9f264e05b tempest-ServersOnMultiNodesTest-1581511936 tempest-ServersOnMultiNodesTest-1581511936-project] [instance: 44559059-c758-46e9-8d0a-57892ef50782] Fetching instance by UUID {{(pid=124140) get /opt/stack/nova/nova/compute/api.py:2866}}
Feb 05 02:45:56.736151 n-d-826942-8 devstack@n-api.service[124141]: INFO nova.api.openstack.requestlog [None req-bd71c561-528c-413b-a8f1-9863ff514d28 tempest-FlavorsExtraSpecsTestJSON-118540001 tempest-FlavorsExtraSpecsTestJSON-118540001-project-admin] 10.222.0.36 "PUT /compute/v2.1/flavors/1983257266/os-extra_specs/hw:numa_nodes" status: 200 len: 22 microversion: 2.1 time: 0.056577
Feb 05 02:45:56.737239 n-d-826942-8 devstack@n-api.service[124141]: [pid: 124141|app: 0|req: 173/388] 10.222.0.36 () {60 vars in 1264 bytes} [Sat Feb 5 02:45:56 2022] PUT /compute/v2.1/flavors/1983257266/os-extra_specs/hw:numa_nodes => generated 22 bytes in 65 msecs (HTTP/1.1 200) 9 headers in 356 bytes (1 switches on core 0)
Feb 05 02:45:56.747257 n-d-826942-8 devstack@n-api.service[124140]: DEBUG oslo_concurrency.lockutils [None req-f3d3700e-63ee-4389-a016-9fe9f264e05b tempest-ServersOnMultiNodesTest-1581511936 tempest-ServersOnMultiNodesTest-1581511936-project] Lock "dc9d5859-1596-4256-b8b7-756f7ea33ea9" acquired by "nova.context.set_target_cell..get_or_set_cached_cell_and_set_connections" :: waited 0.000s {{(pid=124140) inner /usr/local/lib/python3.8/dist-packages/oslo_concurrency/lockutils.py:386}}
Feb 05 02:45:56.749105 n-d-826942-8 devstack@n-api.service[124140]: DEBUG oslo_concurrency.lockutils [None req-f3d3700e-63ee-4389-a016-9fe9f264e05b tempest-ServersOnMultiNodesTest-1581511936 tempest-ServersOnMultiNodesTest-1581511936-project] Lock "dc9d5859-1596-4256-b8b7-756f7ea33ea9" "released" by "nova.context.set_target_cell..get_or_set_cached_cell_and_set_connections" :: held 0.003s {{(pid=124140) inner /usr/local/lib/python3.8/dist-packages/oslo_concurrency/lockutils.py:400}}
Feb 05 02:45:56.749886 n-d-826942-8 devstack@n-api.service[124141]: DEBUG nova.api.openstack.wsgi [None req-8a39fdd6-2545-4032-a064-9c77bc347879 tempest-FlavorsExtraSpecsTestJSON-118540001 tempest-FlavorsExtraSpecsTestJSON-118540001-project-admin] Calling method '>' {{(pid=124141) _process_stack /opt/stack/nova/nova/api/openstack/wsgi.py:513}}
Feb 05 02:45:56.751791 n-d-826942-8 devstack@n-api.service[124140]: DEBUG oslo_concurrency.lockutils [None req-f3d3700e-63ee-4389-a016-9fe9f264e05b tempest-ServersOnMultiNodesTest-1581511936 tempest-ServersOnMultiNodesTest-1581511936-project] Lock "dc9d5859-1596-4256-b8b7-756f7ea33ea9" acquired by "nova.context.set_target_cell..get_or_set_cached_cell_and_set_connections" :: waited 0.000s {{(pid=124140) inner /usr/local/lib/python3.8/dist-packages/oslo_concurrency/lockutils.py:386}}
Feb 05 02:45:56.754190 n-d-826942-8 devstack@n-api.service[124140]: DEBUG oslo_concurrency.lockutils [None req-f3d3700e-63ee-4389-a016-9fe9f264e05b tempest-ServersOnMultiNodesTest-1581511936 tempest-ServersOnMultiNodesTest-1581511936-project] Lock "dc9d5859-1596-4256-b8b7-756f7ea33ea9" "released" by "nova.context.set_target_cell..get_or_set_cached_cell_and_set_connections" :: held 0.004s {{(pid=124140) inner /usr/local/lib/python3.8/dist-packages/oslo_concurrency/lockutils.py:400}}
Feb 05 02:45:56.769467 n-d-826942-8 devstack@n-api.service[124141]: INFO nova.api.openstack.requestlog [None req-8a39fdd6-2545-4032-a064-9c77bc347879 tempest-FlavorsExtraSpecsTestJSON-118540001 tempest-FlavorsExtraSpecsTestJSON-118540001-project-admin] 10.222.0.36 "GET /compute/v2.1/flavors/1983257266/os-extra_specs" status: 200 len: 66 microversion: 2.1 time: 0.026676
Feb 05 02:45:56.770373 n-d-826942-8 devstack@n-api.service[124141]: [pid: 124141|app: 0|req: 174/389] 10.222.0.36 () {58 vars in 1202 bytes} [Sat Feb 5 02:45:56 2022] GET /compute/v2.1/flavors/1983257266/os-extra_specs => generated 66 bytes in 28 msecs (HTTP/1.1 200) 9 headers in 356 bytes (1 switches on core 0)
Feb 05 02:45:56.778556 n-d-826942-8 devstack@n-api.service[124141]: DEBUG nova.api.openstack.wsgi [None req-d59051b6-52f2-4ab8-8132-c0eacfb7efed tempest-FlavorsExtraSpecsTestJSON-118540001 tempest-FlavorsExtraSpecsTestJSON-118540001-project-admin] Calling method '>' {{(pid=124141) _process_stack /opt/stack/nova/nova/api/openstack/wsgi.py:513}}
Feb 05 02:45:56.783689 n-d-826942-8 devstack@n-api.service[124141]: /usr/local/lib/python3.8/dist-packages/oslo_policy/policy.py:1119: UserWarning: Policy "os_compute_api:os-flavor-extra-specs:delete": "rule:system_admin_api" failed scope check. The token used to make the request was project scoped but the policy requires ['system'] scope. This behavior may change in the future where using the intended scope is required
Feb 05 02:45:56.783689 n-d-826942-8 devstack@n-api.service[124141]: warnings.warn(msg)
Feb 05 02:45:56.855775 n-d-826942-8 devstack@n-api.service[124141]: INFO nova.api.openstack.requestlog [None req-d59051b6-52f2-4ab8-8132-c0eacfb7efed tempest-FlavorsExtraSpecsTestJSON-118540001 tempest-FlavorsExtraSpecsTestJSON-118540001-project-admin] 10.222.0.36 "DELETE /compute/v2.1/flavors/1983257266/os-extra_specs/hw:numa_nodes" status: 200 len: 0 microversion: 2.1 time: 0.080578
Feb 05 02:45:56.862106 n-d-826942-8 devstack@n-api.service[124141]: [pid: 124141|app: 0|req: 175/390] 10.222.0.36 () {58 vars in 1247 bytes} [Sat Feb 5 02:45:56 2022] DELETE /compute/v2.1/flavors/1983257266/os-extra_specs/hw:numa_nodes => generated 0 bytes in 88 msecs (HTTP/1.1 200) 9 headers in 355 bytes (1 switches on core 0)
Feb 05 02:45:56.869804 n-d-826942-8 devstack@n-api.service[124141]: DEBUG nova.api.openstack.wsgi [None req-942ab901-1ce0-4d8a-a81d-99884e50fa41 tempest-FlavorsExtraSpecsTestJSON-118540001 tempest-FlavorsExtraSpecsTestJSON-118540001-project-admin] Calling method '>' {{(pid=124141) _process_stack /opt/stack/nova/nova/api/openstack/wsgi.py:513}}
Feb 05 02:45:56.900742 n-d-826942-8 devstack@n-api.service[124140]: DEBUG nova.policy [None req-f3d3700e-63ee-4389-a016-9fe9f264e05b tempest-ServersOnMultiNodesTest-1581511936 tempest-ServersOnMultiNodesTest-1581511936-project] Policy check for os_compute_api:os-extended-server-attributes failed with credentials {'is_admin': False, 'user_id': '59fc811b0c0b4e90ab992998902cebcf', 'user_domain_id': 'default', 'system_scope': None, 'domain_id': None, 'project_id': '3a5378990daa49febaabcbe6e557bcbe', 'project_domain_id': 'default', 'roles': ['member', 'reader'], 'is_admin_project': True, 'service_user_id': None, 'service_user_domain_id': None, 'service_project_id': None, 'service_project_domain_id': None, 'service_roles': []} {{(pid=124140) authorize /opt/stack/nova/nova/policy.py:199}}
Feb 05 02:45:56.910091 n-d-826942-8 devstack@n-api.service[124140]: INFO nova.api.openstack.requestlog [None req-f3d3700e-63ee-4389-a016-9fe9f264e05b tempest-ServersOnMultiNodesTest-1581511936 tempest-ServersOnMultiNodesTest-1581511936-project] 10.222.0.36 "GET /compute/v2.1/servers/44559059-c758-46e9-8d0a-57892ef50782" status: 200 len: 1270 microversion: 2.1 time: 0.202500
Feb 05 02:45:56.914094 n-d-826942-8 devstack@n-api.service[124140]: [pid: 124140|app: 0|req: 216/391] 10.222.0.36 () {58 vars in 1235 bytes} [Sat Feb 5 02:45:56 2022] GET /compute/v2.1/servers/44559059-c758-46e9-8d0a-57892ef50782 => generated 1270 bytes in 208 msecs (HTTP/1.1 200) 9 headers in 358 bytes (1 switches on core 0)
Feb 05 02:45:56.930266 n-d-826942-8 devstack@n-api.service[124141]: INFO nova.api.openstack.requestlog [None req-942ab901-1ce0-4d8a-a81d-99884e50fa41 tempest-FlavorsExtraSpecsTestJSON-118540001 tempest-FlavorsExtraSpecsTestJSON-118540001-project-admin] 10.222.0.36 "DELETE /compute/v2.1/flavors/1983257266/os-extra_specs/hw:cpu_policy" status: 200 len: 0 microversion: 2.1 time: 0.063973
Feb 05 02:45:56.931163 n-d-826942-8 devstack@n-api.service[124141]: [pid: 124141|app: 0|req: 176/392] 10.222.0.36 () {58 vars in 1247 bytes} [Sat Feb 5 02:45:56 2022] DELETE /compute/v2.1/flavors/1983257266/os-extra_specs/hw:cpu_policy => generated 0 bytes in 66 msecs (HTTP/1.1 200) 9 headers in 355 bytes (2 switches on core 0)
Feb 05 02:45:56.941023 n-d-826942-8 devstack@n-api.service[124140]: DEBUG nova.api.openstack.wsgi [None req-a3c10924-be29-4523-9c67-73ea3f0eb04e tempest-FlavorsExtraSpecsTestJSON-118540001 tempest-FlavorsExtraSpecsTestJSON-118540001-project-admin] Calling method '>' {{(pid=124140) _process_stack /opt/stack/nova/nova/api/openstack/wsgi.py:513}}
Feb 05 02:45:56.977881 n-d-826942-8 devstack@n-api.service[124140]: INFO nova.api.openstack.requestlog [None req-a3c10924-be29-4523-9c67-73ea3f0eb04e tempest-FlavorsExtraSpecsTestJSON-118540001 tempest-FlavorsExtraSpecsTestJSON-118540001-project-admin] 10.222.0.36 "GET /compute/v2.1/flavors/1983257266/os-extra_specs" status: 200 len: 19 microversion: 2.1 time: 0.040244
Feb 05 02:45:56.978489 n-d-826942-8 devstack@n-api.service[124140]: [pid: 124140|app: 0|req: 217/393] 10.222.0.36 () {58 vars in 1202 bytes} [Sat Feb 5 02:45:56 2022] GET /compute/v2.1/flavors/1983257266/os-extra_specs => generated 19 bytes in 44 msecs (HTTP/1.1 200) 9 headers in 356 bytes (1 switches on core 0)
Feb 05 02:45:56.990449 n-d-826942-8 devstack@n-api.service[124141]: DEBUG nova.api.openstack.wsgi [None req-b8f372fc-ca2b-4321-9476-e176530b9ac5 tempest-FlavorsExtraSpecsTestJSON-118540001 tempest-FlavorsExtraSpecsTestJSON-118540001-project-admin] Calling method '>' {{(pid=124141) _process_stack /opt/stack/nova/nova/api/openstack/wsgi.py:513}}
Feb 05 02:45:56.991746 n-d-826942-8 devstack@n-api.service[124141]: /usr/local/lib/python3.8/dist-packages/oslo_policy/policy.py:1119: UserWarning: Policy "os_compute_api:os-flavor-manage:delete": "rule:system_admin_api" failed scope check. The token used to make the request was project scoped but the policy requires ['system'] scope. This behavior may change in the future where using the intended scope is required
Feb 05 02:45:56.991746 n-d-826942-8 devstack@n-api.service[124141]: warnings.warn(msg)
Feb 05 02:45:57.030930 n-d-826942-8 devstack@n-api.service[124141]: INFO nova.api.openstack.requestlog [None req-b8f372fc-ca2b-4321-9476-e176530b9ac5 tempest-FlavorsExtraSpecsTestJSON-118540001 tempest-FlavorsExtraSpecsTestJSON-118540001-project-admin] 10.222.0.36 "DELETE /compute/v2.1/flavors/1983257266" status: 202 len: 0 microversion: 2.1 time: 0.045299
Feb 05 02:45:57.042305 n-d-826942-8 devstack@n-api.service[124140]: DEBUG nova.api.openstack.wsgi [None req-27f8ffa4-037d-4c25-a7d6-0b73256ca239 tempest-FlavorsExtraSpecsTestJSON-118540001 tempest-FlavorsExtraSpecsTestJSON-118540001-project-admin] Calling method '>' {{(pid=124140) _process_stack /opt/stack/nova/nova/api/openstack/wsgi.py:513}}
Feb 05 02:45:57.048409 n-d-826942-8 devstack@n-api.service[124141]: [pid: 124141|app: 0|req: 177/394] 10.222.0.36 () {58 vars in 1160 bytes} [Sat Feb 5 02:45:56 2022] DELETE /compute/v2.1/flavors/1983257266 => generated 0 bytes in 62 msecs (HTTP/1.1 202) 9 headers in 361 bytes (1 switches on core 0)
Feb 05 02:45:57.073063 n-d-826942-8 devstack@n-api.service[124140]: INFO nova.api.openstack.requestlog [None req-27f8ffa4-037d-4c25-a7d6-0b73256ca239 tempest-FlavorsExtraSpecsTestJSON-118540001 tempest-FlavorsExtraSpecsTestJSON-118540001-project-admin] 10.222.0.36 "GET /compute/v2.1/flavors/detail" status: 200 len: 5817 microversion: 2.1 time: 0.035669
Feb 05 02:45:57.085940 n-d-826942-8 devstack@n-api.service[124140]: [pid: 124140|app: 0|req: 218/395] 10.222.0.36 () {58 vars in 1145 bytes} [Sat Feb 5 02:45:57 2022] GET /compute/v2.1/flavors/detail => generated 5817 bytes in 49 msecs (HTTP/1.1 200) 9 headers in 358 bytes (1 switches on core 0)
Feb 05 02:45:57.469814 n-d-826942-8 devstack@n-api.service[124141]: DEBUG nova.api.openstack.wsgi [None req-4f243b48-401d-4910-9c8a-b9a40163562c tempest-LiveMigrationTest-1051264423 tempest-LiveMigrationTest-1051264423-project] Calling method '>' {{(pid=124141) _process_stack /opt/stack/nova/nova/api/openstack/wsgi.py:513}}
