Feb 05 00:32:17.756992 n-d-826829-1 devstack@n-api.service[132479]: INFO nova.api.openstack.requestlog [None req-562343f5-f9a7-41a1-8188-0b24365da3a0 tempest-HypervisorAdminTestJSON-112871616 tempest-HypervisorAdminTestJSON-112871616-project-admin] 10.222.0.30 "GET /compute/v2.1/os-hypervisors/1" status: 200 len: 758 microversion: 2.1 time: 0.054099
Feb 05 00:32:17.758213 n-d-826829-1 devstack@n-api.service[132479]: [pid: 132479|app: 0|req: 73/126] 10.222.0.30 () {58 vars in 1151 bytes} [Sat Feb 5 00:32:17 2022] GET /compute/v2.1/os-hypervisors/1 => generated 758 bytes in 56 msecs (HTTP/1.1 200) 9 headers in 357 bytes (2 switches on core 0)
Feb 05 00:32:17.774121 n-d-826829-1 devstack@n-api.service[132479]: DEBUG nova.api.openstack.wsgi [None req-ea947a6d-0dc0-4a60-a87c-306c56b3eb2d tempest-HypervisorAdminTestJSON-112871616 tempest-HypervisorAdminTestJSON-112871616-project-admin] Calling method '.version_select at 0x7fb4c1d9bf70>' {{(pid=132479) _process_stack /opt/stack/nova/nova/api/openstack/wsgi.py:513}}
Feb 05 00:32:17.776467 n-d-826829-1 devstack@n-api.service[132479]: /usr/local/lib/python3.8/dist-packages/oslo_policy/policy.py:1119: UserWarning: Policy "os_compute_api:os-hypervisors:show": "rule:system_reader_api" failed scope check. The token used to make the request was project scoped but the policy requires ['system'] scope. This behavior may change in the future where using the intended scope is required
Feb 05 00:32:17.776467 n-d-826829-1 devstack@n-api.service[132479]: warnings.warn(msg)
Feb 05 00:32:17.779084 n-d-826829-1 devstack@n-api.service[132479]: DEBUG oslo_concurrency.lockutils [None req-ea947a6d-0dc0-4a60-a87c-306c56b3eb2d tempest-HypervisorAdminTestJSON-112871616 tempest-HypervisorAdminTestJSON-112871616-project-admin] Lock "8097b869-50b5-4f3e-a3b4-761157e28df2" acquired by "nova.context.set_target_cell..get_or_set_cached_cell_and_set_connections" :: waited 0.000s {{(pid=132479) inner /usr/local/lib/python3.8/dist-packages/oslo_concurrency/lockutils.py:386}}
Feb 05 00:32:17.779301 n-d-826829-1 devstack@n-api.service[132478]: INFO nova.api.openstack.requestlog [None req-8cd4ebac-96a0-4a2e-b3e1-7d4a4c4352eb tempest-FlavorsAccessNegativeTestJSON-1617211271 tempest-FlavorsAccessNegativeTestJSON-1617211271-project-admin] 10.222.0.30 "POST /compute/v2.1/flavors" status: 200 len: 438 microversion: 2.1 time: 0.095705
Feb 05 00:32:17.779891 n-d-826829-1 devstack@n-api.service[132479]: DEBUG oslo_concurrency.lockutils [None req-ea947a6d-0dc0-4a60-a87c-306c56b3eb2d tempest-HypervisorAdminTestJSON-112871616 tempest-HypervisorAdminTestJSON-112871616-project-admin] Lock "8097b869-50b5-4f3e-a3b4-761157e28df2" "released" by "nova.context.set_target_cell..get_or_set_cached_cell_and_set_connections" :: held 0.001s {{(pid=132479) inner /usr/local/lib/python3.8/dist-packages/oslo_concurrency/lockutils.py:400}}
Feb 05 00:32:17.780104 n-d-826829-1 devstack@n-api.service[132478]: [pid: 132478|app: 0|req: 54/127] 10.222.0.30 () {60 vars in 1146 bytes} [Sat Feb 5 00:32:17 2022] POST /compute/v2.1/flavors => generated 438 bytes in 97 msecs (HTTP/1.1 200) 9 headers in 357 bytes (1 switches on core 0)
Feb 05 00:32:17.795875 n-d-826829-1 devstack@n-api.service[132478]: DEBUG nova.api.openstack.wsgi [None req-b855725b-3bfb-4cb5-b8e2-301d7b6939a2 tempest-FlavorsAccessNegativeTestJSON-1617211271 tempest-FlavorsAccessNegativeTestJSON-1617211271-project-admin] Calling method '>' {{(pid=132478) _process_stack /opt/stack/nova/nova/api/openstack/wsgi.py:513}}
Feb 05 00:32:17.798008 n-d-826829-1 devstack@n-api.service[132478]: /usr/local/lib/python3.8/dist-packages/oslo_policy/policy.py:1119: UserWarning: Policy "os_compute_api:os-flavor-access": "rule:system_reader_api" failed scope check. The token used to make the request was project scoped but the policy requires ['system'] scope. This behavior may change in the future where using the intended scope is required
Feb 05 00:32:17.798008 n-d-826829-1 devstack@n-api.service[132478]: warnings.warn(msg)
Feb 05 00:32:17.798638 n-d-826829-1 devstack@n-api.service[132479]: DEBUG oslo_concurrency.lockutils [None req-ea947a6d-0dc0-4a60-a87c-306c56b3eb2d tempest-HypervisorAdminTestJSON-112871616 tempest-HypervisorAdminTestJSON-112871616-project-admin] Lock "8097b869-50b5-4f3e-a3b4-761157e28df2" acquired by "nova.context.set_target_cell..get_or_set_cached_cell_and_set_connections" :: waited 0.000s {{(pid=132479) inner /usr/local/lib/python3.8/dist-packages/oslo_concurrency/lockutils.py:386}}
Feb 05 00:32:17.799221 n-d-826829-1 devstack@n-api.service[132479]: DEBUG oslo_concurrency.lockutils [None req-ea947a6d-0dc0-4a60-a87c-306c56b3eb2d tempest-HypervisorAdminTestJSON-112871616 tempest-HypervisorAdminTestJSON-112871616-project-admin] Lock "8097b869-50b5-4f3e-a3b4-761157e28df2" "released" by "nova.context.set_target_cell..get_or_set_cached_cell_and_set_connections" :: held 0.001s {{(pid=132479) inner /usr/local/lib/python3.8/dist-packages/oslo_concurrency/lockutils.py:400}}
Feb 05 00:32:17.811868 n-d-826829-1 devstack@n-api.service[132479]: INFO nova.api.openstack.requestlog [None req-ea947a6d-0dc0-4a60-a87c-306c56b3eb2d tempest-HypervisorAdminTestJSON-112871616 tempest-HypervisorAdminTestJSON-112871616-project-admin] 10.222.0.30 "GET /compute/v2.1/os-hypervisors/2" status: 200 len: 757 microversion: 2.1 time: 0.045226
Feb 05 00:32:17.820839 n-d-826829-1 devstack@n-api.service[132479]: [pid: 132479|app: 0|req: 74/128] 10.222.0.30 () {58 vars in 1151 bytes} [Sat Feb 5 00:32:17 2022] GET /compute/v2.1/os-hypervisors/2 => generated 757 bytes in 55 msecs (HTTP/1.1 200) 9 headers in 357 bytes (2 switches on core 0)
Feb 05 00:32:17.827312 n-d-826829-1 devstack@n-api.service[132479]: DEBUG nova.api.openstack.wsgi [None req-d65f6c0c-c109-4b1f-902e-7dd9c64cf738 tempest-HypervisorAdminTestJSON-112871616 tempest-HypervisorAdminTestJSON-112871616-project-admin] Calling method '.version_select at 0x7fb4c1d9b310>' {{(pid=132479) _process_stack /opt/stack/nova/nova/api/openstack/wsgi.py:513}}
Feb 05 00:32:17.828183 n-d-826829-1 devstack@n-api.service[132479]: /usr/local/lib/python3.8/dist-packages/oslo_policy/policy.py:1119: UserWarning: Policy "os_compute_api:os-hypervisors:uptime": "rule:system_reader_api" failed scope check. The token used to make the request was project scoped but the policy requires ['system'] scope. This behavior may change in the future where using the intended scope is required
Feb 05 00:32:17.828183 n-d-826829-1 devstack@n-api.service[132479]: warnings.warn(msg)
Feb 05 00:32:17.828373 n-d-826829-1 devstack@n-api.service[132478]: INFO nova.api.openstack.wsgi [None req-b855725b-3bfb-4cb5-b8e2-301d7b6939a2 tempest-FlavorsAccessNegativeTestJSON-1617211271 tempest-FlavorsAccessNegativeTestJSON-1617211271-project-admin] HTTP exception thrown: Access list not available for public flavors.
Feb 05 00:32:17.828857 n-d-826829-1 devstack@n-api.service[132478]: DEBUG nova.api.openstack.wsgi [None req-b855725b-3bfb-4cb5-b8e2-301d7b6939a2 tempest-FlavorsAccessNegativeTestJSON-1617211271 tempest-FlavorsAccessNegativeTestJSON-1617211271-project-admin] Returning 404 to user: Access list not available for public flavors. {{(pid=132478) __call__ /opt/stack/nova/nova/api/openstack/wsgi.py:936}}
Feb 05 00:32:17.829697 n-d-826829-1 devstack@n-api.service[132478]: INFO nova.api.openstack.requestlog [None req-b855725b-3bfb-4cb5-b8e2-301d7b6939a2 tempest-FlavorsAccessNegativeTestJSON-1617211271 tempest-FlavorsAccessNegativeTestJSON-1617211271-project-admin] 10.222.0.30 "GET /compute/v2.1/flavors/1934535482/os-flavor-access" status: 404 len: 91 microversion: 2.1 time: 0.037863
Feb 05 00:32:17.829795 n-d-826829-1 devstack@n-api.service[132479]: DEBUG oslo_concurrency.lockutils [None req-d65f6c0c-c109-4b1f-902e-7dd9c64cf738 tempest-HypervisorAdminTestJSON-112871616 tempest-HypervisorAdminTestJSON-112871616-project-admin] Lock "8097b869-50b5-4f3e-a3b4-761157e28df2" acquired by "nova.context.set_target_cell..get_or_set_cached_cell_and_set_connections" :: waited 0.000s {{(pid=132479) inner /usr/local/lib/python3.8/dist-packages/oslo_concurrency/lockutils.py:386}}
Feb 05 00:32:17.830164 n-d-826829-1 devstack@n-api.service[132479]: DEBUG oslo_concurrency.lockutils [None req-d65f6c0c-c109-4b1f-902e-7dd9c64cf738 tempest-HypervisorAdminTestJSON-112871616 tempest-HypervisorAdminTestJSON-112871616-project-admin] Lock "8097b869-50b5-4f3e-a3b4-761157e28df2" "released" by "nova.context.set_target_cell..get_or_set_cached_cell_and_set_connections" :: held 0.000s {{(pid=132479) inner /usr/local/lib/python3.8/dist-packages/oslo_concurrency/lockutils.py:400}}
Feb 05 00:32:17.830268 n-d-826829-1 devstack@n-api.service[132478]: [pid: 132478|app: 0|req: 55/129] 10.222.0.30 () {58 vars in 1208 bytes} [Sat Feb 5 00:32:17 2022] GET /compute/v2.1/flavors/1934535482/os-flavor-access => generated 91 bytes in 42 msecs (HTTP/1.1 404) 9 headers in 378 bytes (1 switches on core 0)
Feb 05 00:32:17.841050 n-d-826829-1 devstack@n-api.service[132478]: DEBUG nova.api.openstack.wsgi [None req-2cbb7433-8feb-4452-8bbf-896db57529ac tempest-FlavorsAccessNegativeTestJSON-1617211271 tempest-FlavorsAccessNegativeTestJSON-1617211271-project-admin] Calling method '>' {{(pid=132478) _process_stack /opt/stack/nova/nova/api/openstack/wsgi.py:513}}
Feb 05 00:32:17.856987 n-d-826829-1 devstack@n-api.service[132479]: DEBUG oslo_concurrency.lockutils [None req-d65f6c0c-c109-4b1f-902e-7dd9c64cf738 tempest-HypervisorAdminTestJSON-112871616 tempest-HypervisorAdminTestJSON-112871616-project-admin] Lock "8097b869-50b5-4f3e-a3b4-761157e28df2" acquired by "nova.context.set_target_cell..get_or_set_cached_cell_and_set_connections" :: waited 0.000s {{(pid=132479) inner /usr/local/lib/python3.8/dist-packages/oslo_concurrency/lockutils.py:386}}
Feb 05 00:32:17.857467 n-d-826829-1 devstack@n-api.service[132479]: DEBUG oslo_concurrency.lockutils [None req-d65f6c0c-c109-4b1f-902e-7dd9c64cf738 tempest-HypervisorAdminTestJSON-112871616 tempest-HypervisorAdminTestJSON-112871616-project-admin] Lock "8097b869-50b5-4f3e-a3b4-761157e28df2" "released" by "nova.context.set_target_cell..get_or_set_cached_cell_and_set_connections" :: held 0.001s {{(pid=132479) inner /usr/local/lib/python3.8/dist-packages/oslo_concurrency/lockutils.py:400}}
Feb 05 00:32:17.873223 n-d-826829-1 devstack@n-api.service[132479]: DEBUG oslo_concurrency.lockutils [None req-d65f6c0c-c109-4b1f-902e-7dd9c64cf738 tempest-HypervisorAdminTestJSON-112871616 tempest-HypervisorAdminTestJSON-112871616-project-admin] Lock "8097b869-50b5-4f3e-a3b4-761157e28df2" acquired by "nova.context.set_target_cell..get_or_set_cached_cell_and_set_connections" :: waited 0.000s {{(pid=132479) inner /usr/local/lib/python3.8/dist-packages/oslo_concurrency/lockutils.py:386}}
Feb 05 00:32:17.876070 n-d-826829-1 devstack@n-api.service[132479]: DEBUG oslo_concurrency.lockutils [None req-d65f6c0c-c109-4b1f-902e-7dd9c64cf738 tempest-HypervisorAdminTestJSON-112871616 tempest-HypervisorAdminTestJSON-112871616-project-admin] Lock "8097b869-50b5-4f3e-a3b4-761157e28df2" "released" by "nova.context.set_target_cell..get_or_set_cached_cell_and_set_connections" :: held 0.001s {{(pid=132479) inner /usr/local/lib/python3.8/dist-packages/oslo_concurrency/lockutils.py:400}}
Feb 05 00:32:17.907439 n-d-826829-1 devstack@n-api.service[132479]: INFO nova.api.openstack.requestlog [None req-d65f6c0c-c109-4b1f-902e-7dd9c64cf738 tempest-HypervisorAdminTestJSON-112871616 tempest-HypervisorAdminTestJSON-112871616-project-admin] 10.222.0.30 "GET /compute/v2.1/os-hypervisors/1/uptime" status: 200 len: 175 microversion: 2.1 time: 0.084252
Feb 05 00:32:17.908070 n-d-826829-1 devstack@n-api.service[132479]: [pid: 132479|app: 0|req: 75/130] 10.222.0.30 () {58 vars in 1172 bytes} [Sat Feb 5 00:32:17 2022] GET /compute/v2.1/os-hypervisors/1/uptime => generated 175 bytes in 87 msecs (HTTP/1.1 200) 9 headers in 357 bytes (1 switches on core 0)
Feb 05 00:32:17.921579 n-d-826829-1 devstack@n-api.service[132479]: DEBUG nova.api.openstack.wsgi [None req-6df7f62f-9e56-4e59-9176-2e9ec4a518fc tempest-AggregatesAdminTestJSON-348156518 tempest-AggregatesAdminTestJSON-348156518-project] Calling method '>' {{(pid=132479) _process_stack /opt/stack/nova/nova/api/openstack/wsgi.py:513}}
Feb 05 00:32:17.925213 n-d-826829-1 devstack@n-api.service[132479]: DEBUG nova.compute.api [None req-6df7f62f-9e56-4e59-9176-2e9ec4a518fc tempest-AggregatesAdminTestJSON-348156518 tempest-AggregatesAdminTestJSON-348156518-project] [instance: c8a93722-b4cc-4378-8a88-932e2d2ec9c0] Fetching instance by UUID {{(pid=132479) get /opt/stack/nova/nova/compute/api.py:2866}}
Feb 05 00:32:17.944501 n-d-826829-1 devstack@n-api.service[132479]: DEBUG oslo_concurrency.lockutils [None req-6df7f62f-9e56-4e59-9176-2e9ec4a518fc tempest-AggregatesAdminTestJSON-348156518 tempest-AggregatesAdminTestJSON-348156518-project] Lock "8097b869-50b5-4f3e-a3b4-761157e28df2" acquired by "nova.context.set_target_cell..get_or_set_cached_cell_and_set_connections" :: waited 0.000s {{(pid=132479) inner /usr/local/lib/python3.8/dist-packages/oslo_concurrency/lockutils.py:386}}
Feb 05 00:32:17.944949 n-d-826829-1 devstack@n-api.service[132479]: DEBUG oslo_concurrency.lockutils [None req-6df7f62f-9e56-4e59-9176-2e9ec4a518fc tempest-AggregatesAdminTestJSON-348156518 tempest-AggregatesAdminTestJSON-348156518-project] Lock "8097b869-50b5-4f3e-a3b4-761157e28df2" "released" by "nova.context.set_target_cell..get_or_set_cached_cell_and_set_connections" :: held 0.001s {{(pid=132479) inner /usr/local/lib/python3.8/dist-packages/oslo_concurrency/lockutils.py:400}}
Feb 05 00:32:17.945812 n-d-826829-1 devstack@n-api.service[132479]: DEBUG oslo_concurrency.lockutils [None req-6df7f62f-9e56-4e59-9176-2e9ec4a518fc tempest-AggregatesAdminTestJSON-348156518 tempest-AggregatesAdminTestJSON-348156518-project] Lock "8097b869-50b5-4f3e-a3b4-761157e28df2" acquired by "nova.context.set_target_cell..get_or_set_cached_cell_and_set_connections" :: waited 0.000s {{(pid=132479) inner /usr/local/lib/python3.8/dist-packages/oslo_concurrency/lockutils.py:386}}
Feb 05 00:32:17.946412 n-d-826829-1 devstack@n-api.service[132479]: DEBUG oslo_concurrency.lockutils [None req-6df7f62f-9e56-4e59-9176-2e9ec4a518fc tempest-AggregatesAdminTestJSON-348156518 tempest-AggregatesAdminTestJSON-348156518-project] Lock "8097b869-50b5-4f3e-a3b4-761157e28df2" "released" by "nova.context.set_target_cell..get_or_set_cached_cell_and_set_connections" :: held 0.001s {{(pid=132479) inner /usr/local/lib/python3.8/dist-packages/oslo_concurrency/lockutils.py:400}}
Feb 05 00:32:17.959394 n-d-826829-1 devstack@n-api.service[132478]: INFO nova.api.openstack.requestlog [None req-2cbb7433-8feb-4452-8bbf-896db57529ac tempest-FlavorsAccessNegativeTestJSON-1617211271 tempest-FlavorsAccessNegativeTestJSON-1617211271-project-admin] 10.222.0.30 "DELETE /compute/v2.1/flavors/1934535482" status: 202 len: 0 microversion: 2.1 time: 0.123708
Feb 05 00:32:17.960252 n-d-826829-1 devstack@n-api.service[132478]: [pid: 132478|app: 0|req: 56/131] 10.222.0.30 () {58 vars in 1160 bytes} [Sat Feb 5 00:32:17 2022] DELETE /compute/v2.1/flavors/1934535482 => generated 0 bytes in 125 msecs (HTTP/1.1 202) 9 headers in 361 bytes (1 switches on core 0)
Feb 05 00:32:18.115300 n-d-826829-1 devstack@n-api.service[132478]: DEBUG nova.api.openstack.wsgi [None req-a74682b0-ca17-4a1a-8e46-cb566a0f5777 tempest-InstanceUsageAuditLogTestJSON-1941113792 tempest-InstanceUsageAuditLogTestJSON-1941113792-project-admin] Calling method '>' {{(pid=132478) _process_stack /opt/stack/nova/nova/api/openstack/wsgi.py:513}}
Feb 05 00:32:18.119549 n-d-826829-1 devstack@n-api.service[132478]: /usr/local/lib/python3.8/dist-packages/oslo_policy/policy.py:1119: UserWarning: Policy "os_compute_api:os-instance-usage-audit-log:show": "rule:system_reader_api" failed scope check. The token used to make the request was project scoped but the policy requires ['system'] scope. This behavior may change in the future where using the intended scope is required
Feb 05 00:32:18.119549 n-d-826829-1 devstack@n-api.service[132478]: warnings.warn(msg)
Feb 05 00:32:18.185974 n-d-826829-1 devstack@n-api.service[132478]: INFO nova.api.openstack.requestlog [None req-a74682b0-ca17-4a1a-8e46-cb566a0f5777 tempest-InstanceUsageAuditLogTestJSON-1941113792 tempest-InstanceUsageAuditLogTestJSON-1941113792-project-admin] 10.222.0.30 "GET /compute/v2.1/os-instance_usage_audit_log/2022-02-05 00:32:17" status: 200 len: 318 microversion: 2.1 time: 0.191932
Feb 05 00:32:18.185974 n-d-826829-1 devstack@n-api.service[132478]: [pid: 132478|app: 0|req: 57/132] 10.222.0.30 () {58 vars in 1250 bytes} [Sat Feb 5 00:32:17 2022] GET /compute/v2.1/os-instance_usage_audit_log/2022-02-05%2000%3A32%3A17 => generated 318 bytes in 193 msecs (HTTP/1.1 200) 9 headers in 357 bytes (1 switches on core 0)
Feb 05 00:32:18.185974 n-d-826829-1 devstack@n-api.service[132478]: DEBUG nova.api.openstack.wsgi [None req-19f74a12-a90f-47d7-aaa7-e9bd3a908ab1 tempest-FlavorsAccessNegativeTestJSON-1617211271 tempest-FlavorsAccessNegativeTestJSON-1617211271-project-admin] Calling method '>' {{(pid=132478) _process_stack /opt/stack/nova/nova/api/openstack/wsgi.py:513}}
Feb 05 00:32:18.189960 n-d-826829-1 devstack@n-api.service[132478]: INFO nova.api.openstack.requestlog [None req-19f74a12-a90f-47d7-aaa7-e9bd3a908ab1 tempest-FlavorsAccessNegativeTestJSON-1617211271 tempest-FlavorsAccessNegativeTestJSON-1617211271-project-admin] 10.222.0.30 "GET /compute/v2.1/flavors/detail" status: 200 len: 4991 microversion: 2.1 time: 0.034776
Feb 05 00:32:18.190917 n-d-826829-1 devstack@n-api.service[132478]: [pid: 132478|app: 0|req: 58/133] 10.222.0.30 () {58 vars in 1145 bytes} [Sat Feb 5 00:32:18 2022] GET /compute/v2.1/flavors/detail => generated 4991 bytes in 36 msecs (HTTP/1.1 200) 9 headers in 358 bytes (1 switches on core 0)
Feb 05 00:32:18.197931 n-d-826829-1 devstack@n-api.service[132478]: DEBUG nova.api.openstack.wsgi [None req-c443a63b-3a8a-4501-b7c3-0a0858636472 tempest-InstanceUsageAuditLogTestJSON-1941113792 tempest-InstanceUsageAuditLogTestJSON-1941113792-project-admin] Calling method '>' {{(pid=132478) _process_stack /opt/stack/nova/nova/api/openstack/wsgi.py:513}}
Feb 05 00:32:18.198872 n-d-826829-1 devstack@n-api.service[132478]: /usr/local/lib/python3.8/dist-packages/oslo_policy/policy.py:1119: UserWarning: Policy "os_compute_api:os-instance-usage-audit-log:list": "rule:system_reader_api" failed scope check. The token used to make the request was project scoped but the policy requires ['system'] scope. This behavior may change in the future where using the intended scope is required
Feb 05 00:32:18.198872 n-d-826829-1 devstack@n-api.service[132478]: warnings.warn(msg)
Feb 05 00:32:18.218518 n-d-826829-1 devstack@n-api.service[132478]: INFO nova.api.openstack.requestlog [None req-c443a63b-3a8a-4501-b7c3-0a0858636472 tempest-InstanceUsageAuditLogTestJSON-1941113792 tempest-InstanceUsageAuditLogTestJSON-1941113792-project-admin] 10.222.0.30 "GET /compute/v2.1/os-instance_usage_audit_log" status: 200 len: 319 microversion: 2.1 time: 0.025656
Feb 05 00:32:18.219508 n-d-826829-1 devstack@n-api.service[132478]: [pid: 132478|app: 0|req: 59/134] 10.222.0.30 () {58 vars in 1184 bytes} [Sat Feb 5 00:32:18 2022] GET /compute/v2.1/os-instance_usage_audit_log => generated 319 bytes in 28 msecs (HTTP/1.1 200) 9 headers in 357 bytes (1 switches on core 0)
Feb 05 00:32:18.232669 n-d-826829-1 devstack@n-api.service[132478]: DEBUG nova.api.openstack.wsgi [None req-5492bd63-c2a4-4c44-aecd-21ded7ecc295 tempest-FlavorsAccessNegativeTestJSON-1617211271 tempest-FlavorsAccessNegativeTestJSON-1617211271-project-admin] Action: 'create', calling method: >, body: {"flavor": {"ram": 512, "vcpus": 1, "disk": 10, "name": "tempest-FlavorsAccessNegativeTestJSON-flavor-910415762", "id": 1192629435, "os-flavor-access:is_public": "False"}} {{(pid=132478) _process_stack /opt/stack/nova/nova/api/openstack/wsgi.py:511}}
Feb 05 00:32:18.234322 n-d-826829-1 devstack@n-api.service[132478]: /usr/local/lib/python3.8/dist-packages/oslo_policy/policy.py:1119: UserWarning: Policy "os_compute_api:os-flavor-manage:create": "rule:system_admin_api" failed scope check. The token used to make the request was project scoped but the policy requires ['system'] scope. This behavior may change in the future where using the intended scope is required
Feb 05 00:32:18.234322 n-d-826829-1 devstack@n-api.service[132478]: warnings.warn(msg)
Feb 05 00:32:18.314166 n-d-826829-1 devstack@n-api.service[132478]: INFO nova.api.openstack.requestlog [None req-5492bd63-c2a4-4c44-aecd-21ded7ecc295 tempest-FlavorsAccessNegativeTestJSON-1617211271 tempest-FlavorsAccessNegativeTestJSON-1617211271-project-admin] 10.222.0.30 "POST /compute/v2.1/flavors" status: 200 len: 438 microversion: 2.1 time: 0.093295
Feb 05 00:32:18.315138 n-d-826829-1 devstack@n-api.service[132478]: [pid: 132478|app: 0|req: 60/135] 10.222.0.30 () {60 vars in 1146 bytes} [Sat Feb 5 00:32:18 2022] POST /compute/v2.1/flavors => generated 438 bytes in 95 msecs (HTTP/1.1 200) 9 headers in 357 bytes (1 switches on core 0)
Feb 05 00:32:18.593116 n-d-826829-1 devstack@n-api.service[132479]: DEBUG nova.policy [None req-6df7f62f-9e56-4e59-9176-2e9ec4a518fc tempest-AggregatesAdminTestJSON-348156518 tempest-AggregatesAdminTestJSON-348156518-project] Policy check for os_compute_api:os-extended-server-attributes failed with credentials {'is_admin': False, 'user_id': 'fca858ee6dc04097b0211f8d4dda22c3', 'user_domain_id': 'default', 'system_scope': None, 'domain_id': None, 'project_id': '2444d47d328d422899b09aa6197c26d8', 'project_domain_id': 'default', 'roles': ['reader', 'member'], 'is_admin_project': True, 'service_user_id': None, 'service_user_domain_id': None, 'service_project_id': None, 'service_project_domain_id': None, 'service_roles': []} {{(pid=132479) authorize /opt/stack/nova/nova/policy.py:199}}
Feb 05 00:32:18.603073 n-d-826829-1 devstack@n-api.service[132479]: INFO nova.api.openstack.requestlog [None req-6df7f62f-9e56-4e59-9176-2e9ec4a518fc tempest-AggregatesAdminTestJSON-348156518 tempest-AggregatesAdminTestJSON-348156518-project] 10.222.0.30 "GET /compute/v2.1/servers/c8a93722-b4cc-4378-8a88-932e2d2ec9c0" status: 200 len: 1336 microversion: 2.1 time: 0.688695
Feb 05 00:32:18.607067 n-d-826829-1 devstack@n-api.service[132479]: [pid: 132479|app: 0|req: 76/136] 10.222.0.30 () {58 vars in 1235 bytes} [Sat Feb 5 00:32:17 2022] GET /compute/v2.1/servers/c8a93722-b4cc-4378-8a88-932e2d2ec9c0 => generated 1336 bytes in 694 msecs (HTTP/1.1 200) 9 headers in 358 bytes (1 switches on core 0)
Feb 05 00:32:18.615582 n-d-826829-1 devstack@n-api.service[132479]: DEBUG nova.api.openstack.wsgi [None req-131a87c2-b34a-4db4-89be-77c57b0b2cb6 tempest-DeleteServersAdminTestJSON-308067185 tempest-DeleteServersAdminTestJSON-308067185-project] Calling method '>' {{(pid=132479) _process_stack /opt/stack/nova/nova/api/openstack/wsgi.py:513}}
Feb 05 00:32:18.616893 n-d-826829-1 devstack@n-api.service[132479]: DEBUG nova.compute.api [None req-131a87c2-b34a-4db4-89be-77c57b0b2cb6 tempest-DeleteServersAdminTestJSON-308067185 tempest-DeleteServersAdminTestJSON-308067185-project] [instance: 4b08ded9-595d-4dac-b277-edd3da9d5723] Fetching instance by UUID {{(pid=132479) get /opt/stack/nova/nova/compute/api.py:2866}}
Feb 05 00:32:18.624233 n-d-826829-1 devstack@n-api.service[132479]: DEBUG oslo_concurrency.lockutils [None req-131a87c2-b34a-4db4-89be-77c57b0b2cb6 tempest-DeleteServersAdminTestJSON-308067185 tempest-DeleteServersAdminTestJSON-308067185-project] Lock "8097b869-50b5-4f3e-a3b4-761157e28df2" acquired by "nova.context.set_target_cell..get_or_set_cached_cell_and_set_connections" :: waited 0.000s {{(pid=132479) inner /usr/local/lib/python3.8/dist-packages/oslo_concurrency/lockutils.py:386}}
Feb 05 00:32:18.624691 n-d-826829-1 devstack@n-api.service[132479]: DEBUG oslo_concurrency.lockutils [None req-131a87c2-b34a-4db4-89be-77c57b0b2cb6 tempest-DeleteServersAdminTestJSON-308067185 tempest-DeleteServersAdminTestJSON-308067185-project] Lock "8097b869-50b5-4f3e-a3b4-761157e28df2" "released" by "nova.context.set_target_cell..get_or_set_cached_cell_and_set_connections" :: held 0.001s {{(pid=132479) inner /usr/local/lib/python3.8/dist-packages/oslo_concurrency/lockutils.py:400}}
Feb 05 00:32:18.625495 n-d-826829-1 devstack@n-api.service[132479]: DEBUG oslo_concurrency.lockutils [None req-131a87c2-b34a-4db4-89be-77c57b0b2cb6 tempest-DeleteServersAdminTestJSON-308067185 tempest-DeleteServersAdminTestJSON-308067185-project] Lock "8097b869-50b5-4f3e-a3b4-761157e28df2" acquired by "nova.context.set_target_cell..get_or_set_cached_cell_and_set_connections" :: waited 0.000s {{(pid=132479) inner /usr/local/lib/python3.8/dist-packages/oslo_concurrency/lockutils.py:386}}
Feb 05 00:32:18.625932 n-d-826829-1 devstack@n-api.service[132479]: DEBUG oslo_concurrency.lockutils [None req-131a87c2-b34a-4db4-89be-77c57b0b2cb6 tempest-DeleteServersAdminTestJSON-308067185 tempest-DeleteServersAdminTestJSON-308067185-project] Lock "8097b869-50b5-4f3e-a3b4-761157e28df2" "released" by "nova.context.set_target_cell..get_or_set_cached_cell_and_set_connections" :: held 0.000s {{(pid=132479) inner /usr/local/lib/python3.8/dist-packages/oslo_concurrency/lockutils.py:400}}
Feb 05 00:32:18.725494 n-d-826829-1 devstack@n-api.service[132478]: DEBUG nova.api.openstack.wsgi [None req-3fa02c0f-a0aa-4221-8096-a4bb607d82c1 tempest-FlavorsAccessNegativeTestJSON-380277520 tempest-FlavorsAccessNegativeTestJSON-380277520-project] Action: 'action', calling method: >, body: {"addTenantAccess": {"tenant": "01bfbf3060b8490ba37e302c6136a4f6"}} {{(pid=132478) _process_stack /opt/stack/nova/nova/api/openstack/wsgi.py:511}}
Feb 05 00:32:18.729821 n-d-826829-1 devstack@n-api.service[132478]: /usr/local/lib/python3.8/dist-packages/oslo_policy/policy.py:1119: UserWarning: Policy "os_compute_api:os-flavor-access:add_tenant_access": "rule:system_admin_api" failed scope check. The token used to make the request was project scoped but the policy requires ['system'] scope. This behavior may change in the future where using the intended scope is required
Feb 05 00:32:18.729821 n-d-826829-1 devstack@n-api.service[132478]: warnings.warn(msg)
Feb 05 00:32:18.731565 n-d-826829-1 devstack@n-api.service[132478]: DEBUG nova.policy [None req-3fa02c0f-a0aa-4221-8096-a4bb607d82c1 tempest-FlavorsAccessNegativeTestJSON-380277520 tempest-FlavorsAccessNegativeTestJSON-380277520-project] Policy check for os_compute_api:os-flavor-access:add_tenant_access failed with credentials {'is_admin': False, 'user_id': 'f924ec54ff03413ba20e00704e6f1aec', 'user_domain_id': 'default', 'system_scope': None, 'domain_id': None, 'project_id': '01bfbf3060b8490ba37e302c6136a4f6', 'project_domain_id': 'default', 'roles': ['reader', 'member'], 'is_admin_project': True, 'service_user_id': None, 'service_user_domain_id': None, 'service_project_id': None, 'service_project_domain_id': None, 'service_roles': []} {{(pid=132478) authorize /opt/stack/nova/nova/policy.py:199}}
Feb 05 00:32:18.732599 n-d-826829-1 devstack@n-api.service[132478]: DEBUG nova.api.openstack.wsgi [None req-3fa02c0f-a0aa-4221-8096-a4bb607d82c1 tempest-FlavorsAccessNegativeTestJSON-380277520 tempest-FlavorsAccessNegativeTestJSON-380277520-project] Returning 403 to user: Policy doesn't allow os_compute_api:os-flavor-access:add_tenant_access to be performed. {{(pid=132478) __call__ /opt/stack/nova/nova/api/openstack/wsgi.py:936}}
Feb 05 00:32:18.734333 n-d-826829-1 devstack@n-api.service[132478]: INFO nova.api.openstack.requestlog [None req-3fa02c0f-a0aa-4221-8096-a4bb607d82c1 tempest-FlavorsAccessNegativeTestJSON-380277520 tempest-FlavorsAccessNegativeTestJSON-380277520-project] 10.222.0.30 "POST /compute/v2.1/flavors/1192629435/action" status: 403 len: 130 microversion: 2.1 time: 0.412271
Feb 05 00:32:18.735378 n-d-826829-1 devstack@n-api.service[132478]: [pid: 132478|app: 0|req: 61/137] 10.222.0.30 () {60 vars in 1199 bytes} [Sat Feb 5 00:32:18 2022] POST /compute/v2.1/flavors/1192629435/action => generated 130 bytes in 414 msecs (HTTP/1.1 403) 9 headers in 379 bytes (2 switches on core 0)
Feb 05 00:32:18.747072 n-d-826829-1 devstack@n-api.service[132478]: DEBUG nova.api.openstack.wsgi [None req-7c0946ce-42ed-4dcd-bf97-8686b6ea07d4 tempest-FlavorsAccessNegativeTestJSON-1617211271 tempest-FlavorsAccessNegativeTestJSON-1617211271-project-admin] Calling method '>' {{(pid=132478) _process_stack /opt/stack/nova/nova/api/openstack/wsgi.py:513}}
Feb 05 00:32:18.748128 n-d-826829-1 devstack@n-api.service[132478]: /usr/local/lib/python3.8/dist-packages/oslo_policy/policy.py:1119: UserWarning: Policy "os_compute_api:os-flavor-manage:delete": "rule:system_admin_api" failed scope check. The token used to make the request was project scoped but the policy requires ['system'] scope. This behavior may change in the future where using the intended scope is required
Feb 05 00:32:18.748128 n-d-826829-1 devstack@n-api.service[132478]: warnings.warn(msg)
Feb 05 00:32:18.828527 n-d-826829-1 devstack@n-api.service[132479]: DEBUG nova.policy [None req-131a87c2-b34a-4db4-89be-77c57b0b2cb6 tempest-DeleteServersAdminTestJSON-308067185 tempest-DeleteServersAdminTestJSON-308067185-project] Policy check for os_compute_api:os-extended-server-attributes failed with credentials {'is_admin': False, 'user_id': '03a6e43bf4a14e728c1a81d8fa5e05b6', 'user_domain_id': 'default', 'system_scope': None, 'domain_id': None, 'project_id': 'beac9b8bb1f84e90bf5cd60712f23a2a', 'project_domain_id': 'default', 'roles': ['reader', 'member'], 'is_admin_project': True, 'service_user_id': None, 'service_user_domain_id': None, 'service_project_id': None, 'service_project_domain_id': None, 'service_roles': []} {{(pid=132479) authorize /opt/stack/nova/nova/policy.py:199}}
Feb 05 00:32:18.836683 n-d-826829-1 devstack@n-api.service[132479]: INFO nova.api.openstack.requestlog [None req-131a87c2-b34a-4db4-89be-77c57b0b2cb6 tempest-DeleteServersAdminTestJSON-308067185 tempest-DeleteServersAdminTestJSON-308067185-project] 10.222.0.30 "GET /compute/v2.1/servers/4b08ded9-595d-4dac-b277-edd3da9d5723" status: 200 len: 1339 microversion: 2.1 time: 0.227706
Feb 05 00:32:18.846231 n-d-826829-1 devstack@n-api.service[132479]: [pid: 132479|app: 0|req: 77/138] 10.222.0.30 () {58 vars in 1235 bytes} [Sat Feb 5 00:32:18 2022] GET /compute/v2.1/servers/4b08ded9-595d-4dac-b277-edd3da9d5723 => generated 1339 bytes in 230 msecs (HTTP/1.1 200) 9 headers in 358 bytes (1 switches on core 0)
Feb 05 00:32:18.890574 n-d-826829-1 devstack@n-api.service[132478]: INFO nova.api.openstack.requestlog [None req-7c0946ce-42ed-4dcd-bf97-8686b6ea07d4 tempest-FlavorsAccessNegativeTestJSON-1617211271 tempest-FlavorsAccessNegativeTestJSON-1617211271-project-admin] 10.222.0.30 "DELETE /compute/v2.1/flavors/1192629435" status: 202 len: 0 microversion: 2.1 time: 0.150360
Feb 05 00:32:18.891426 n-d-826829-1 devstack@n-api.service[132478]: [pid: 132478|app: 0|req: 62/139] 10.222.0.30 () {58 vars in 1160 bytes} [Sat Feb 5 00:32:18 2022] DELETE /compute/v2.1/flavors/1192629435 => generated 0 bytes in 153 msecs (HTTP/1.1 202) 9 headers in 361 bytes (1 switches on core 0)
Feb 05 00:32:18.899129 n-d-826829-1 devstack@n-api.service[132479]: DEBUG nova.api.openstack.wsgi [None req-c5fa2663-7acb-4bdc-9ad0-166c03ae0d86 tempest-FlavorsAccessNegativeTestJSON-1617211271 tempest-FlavorsAccessNegativeTestJSON-1617211271-project-admin] Calling method '>' {{(pid=132479) _process_stack /opt/stack/nova/nova/api/openstack/wsgi.py:513}}
Feb 05 00:32:18.919510 n-d-826829-1 devstack@n-api.service[132479]: INFO nova.api.openstack.requestlog [None req-c5fa2663-7acb-4bdc-9ad0-166c03ae0d86 tempest-FlavorsAccessNegativeTestJSON-1617211271 tempest-FlavorsAccessNegativeTestJSON-1617211271-project-admin] 10.222.0.30 "GET /compute/v2.1/flavors/detail" status: 200 len: 4991 microversion: 2.1 time: 0.023811
Feb 05 00:32:18.920110 n-d-826829-1 devstack@n-api.service[132479]: [pid: 132479|app: 0|req: 78/140] 10.222.0.30 () {58 vars in 1145 bytes} [Sat Feb 5 00:32:18 2022] GET /compute/v2.1/flavors/detail => generated 4991 bytes in 25 msecs (HTTP/1.1 200) 9 headers in 358 bytes (1 switches on core 0)
Feb 05 00:32:18.938830 n-d-826829-1 devstack@n-api.service[132478]: DEBUG nova.api.openstack.wsgi [None req-ad8c1229-3c6b-48d7-a3b5-80cb0c2e7e50 tempest-FlavorsAccessNegativeTestJSON-1617211271 tempest-FlavorsAccessNegativeTestJSON-1617211271-project-admin] Action: 'create', calling method: >, body: {"flavor": {"ram": 512, "vcpus": 1, "disk": 10, "name": "tempest-FlavorsAccessNegativeTestJSON-flavor-451907958", "id": 29078138, "os-flavor-access:is_public": "False"}} {{(pid=132478) _process_stack /opt/stack/nova/nova/api/openstack/wsgi.py:511}}
Feb 05 00:32:19.022551 n-d-826829-1 devstack@n-api.service[132478]: INFO nova.api.openstack.requestlog [None req-ad8c1229-3c6b-48d7-a3b5-80cb0c2e7e50 tempest-FlavorsAccessNegativeTestJSON-1617211271 tempest-FlavorsAccessNegativeTestJSON-1617211271-project-admin] 10.222.0.30 "POST /compute/v2.1/flavors" status: 200 len: 432 microversion: 2.1 time: 0.088860
Feb 05 00:32:19.023810 n-d-826829-1 devstack@n-api.service[132478]: [pid: 132478|app: 0|req: 63/141] 10.222.0.30 () {60 vars in 1146 bytes} [Sat Feb 5 00:32:18 2022] POST /compute/v2.1/flavors => generated 432 bytes in 91 msecs (HTTP/1.1 200) 9 headers in 357 bytes (1 switches on core 0)
Feb 05 00:32:19.034707 n-d-826829-1 devstack@n-api.service[132479]: DEBUG nova.api.openstack.wsgi [None req-e5b878e4-e0ac-44b0-9197-5a06df981314 tempest-FlavorsAccessNegativeTestJSON-1617211271 tempest-FlavorsAccessNegativeTestJSON-1617211271-project-admin] Action: 'action', calling method: >, body: {"addTenantAccess": {"tenant": "01bfbf3060b8490ba37e302c6136a4f6"}} {{(pid=132479) _process_stack /opt/stack/nova/nova/api/openstack/wsgi.py:511}}
Feb 05 00:32:19.036056 n-d-826829-1 devstack@n-api.service[132479]: /usr/local/lib/python3.8/dist-packages/oslo_policy/policy.py:1119: UserWarning: Policy "os_compute_api:os-flavor-access:add_tenant_access": "rule:system_admin_api" failed scope check. The token used to make the request was project scoped but the policy requires ['system'] scope. This behavior may change in the future where using the intended scope is required
Feb 05 00:32:19.036056 n-d-826829-1 devstack@n-api.service[132479]: warnings.warn(msg)
Feb 05 00:32:19.625230 n-d-826829-1 devstack@n-api.service[132478]: DEBUG nova.api.openstack.wsgi [None req-e1119120-e170-4557-be71-5b62f2c31a32 tempest-AggregatesAdminTestJSON-348156518 tempest-AggregatesAdminTestJSON-348156518-project] Calling method '>' {{(pid=132478) _process_stack /opt/stack/nova/nova/api/openstack/wsgi.py:513}}
Feb 05 00:32:19.625782 n-d-826829-1 devstack@n-api.service[132478]: DEBUG nova.compute.api [None req-e1119120-e170-4557-be71-5b62f2c31a32 tempest-AggregatesAdminTestJSON-348156518 tempest-AggregatesAdminTestJSON-348156518-project] [instance: c8a93722-b4cc-4378-8a88-932e2d2ec9c0] Fetching instance by UUID {{(pid=132478) get /opt/stack/nova/nova/compute/api.py:2866}}
Feb 05 00:32:19.637126 n-d-826829-1 devstack@n-api.service[132478]: DEBUG oslo_concurrency.lockutils [None req-e1119120-e170-4557-be71-5b62f2c31a32 tempest-AggregatesAdminTestJSON-348156518 tempest-AggregatesAdminTestJSON-348156518-project] Lock "8097b869-50b5-4f3e-a3b4-761157e28df2" acquired by "nova.context.set_target_cell..get_or_set_cached_cell_and_set_connections" :: waited 0.000s {{(pid=132478) inner /usr/local/lib/python3.8/dist-packages/oslo_concurrency/lockutils.py:386}}
Feb 05 00:32:19.639963 n-d-826829-1 devstack@n-api.service[132478]: DEBUG oslo_concurrency.lockutils [None req-e1119120-e170-4557-be71-5b62f2c31a32 tempest-AggregatesAdminTestJSON-348156518 tempest-AggregatesAdminTestJSON-348156518-project] Lock "8097b869-50b5-4f3e-a3b4-761157e28df2" "released" by "nova.context.set_target_cell..get_or_set_cached_cell_and_set_connections" :: held 0.001s {{(pid=132478) inner /usr/local/lib/python3.8/dist-packages/oslo_concurrency/lockutils.py:400}}
Feb 05 00:32:19.645857 n-d-826829-1 devstack@n-api.service[132478]: DEBUG oslo_concurrency.lockutils [None req-e1119120-e170-4557-be71-5b62f2c31a32 tempest-AggregatesAdminTestJSON-348156518 tempest-AggregatesAdminTestJSON-348156518-project] Lock "8097b869-50b5-4f3e-a3b4-761157e28df2" acquired by "nova.context.set_target_cell..get_or_set_cached_cell_and_set_connections" :: waited 0.000s {{(pid=132478) inner /usr/local/lib/python3.8/dist-packages/oslo_concurrency/lockutils.py:386}}
Feb 05 00:32:19.646371 n-d-826829-1 devstack@n-api.service[132478]: DEBUG oslo_concurrency.lockutils [None req-e1119120-e170-4557-be71-5b62f2c31a32 tempest-AggregatesAdminTestJSON-348156518 tempest-AggregatesAdminTestJSON-348156518-project] Lock "8097b869-50b5-4f3e-a3b4-761157e28df2" "released" by "nova.context.set_target_cell..get_or_set_cached_cell_and_set_connections" :: held 0.001s {{(pid=132478) inner /usr/local/lib/python3.8/dist-packages/oslo_concurrency/lockutils.py:400}}
Feb 05 00:32:19.703596 n-d-826829-1 devstack@n-api.service[132479]: INFO nova.api.openstack.requestlog [None req-e5b878e4-e0ac-44b0-9197-5a06df981314 tempest-FlavorsAccessNegativeTestJSON-1617211271 tempest-FlavorsAccessNegativeTestJSON-1617211271-project-admin] 10.222.0.30 "POST /compute/v2.1/flavors/29078138/action" status: 200 len: 95 microversion: 2.1 time: 0.672027
Feb 05 00:32:19.706067 n-d-826829-1 devstack@n-api.service[132479]: [pid: 132479|app: 0|req: 79/142] 10.222.0.30 () {60 vars in 1193 bytes} [Sat Feb 5 00:32:19 2022] POST /compute/v2.1/flavors/29078138/action => generated 95 bytes in 675 msecs (HTTP/1.1 200) 9 headers in 356 bytes (1 switches on core 0)
Feb 05 00:32:19.735094 n-d-826829-1 devstack@n-api.service[132479]: DEBUG nova.api.openstack.wsgi [None req-aa91fdc3-bab7-4ce1-baec-76b01334f3cd tempest-FlavorsAccessNegativeTestJSON-380277520 tempest-FlavorsAccessNegativeTestJSON-380277520-project] Action: 'action', calling method: >, body: {"removeTenantAccess": {"tenant": "01bfbf3060b8490ba37e302c6136a4f6"}} {{(pid=132479) _process_stack /opt/stack/nova/nova/api/openstack/wsgi.py:511}}
Feb 05 00:32:19.735094 n-d-826829-1 devstack@n-api.service[132479]: /usr/local/lib/python3.8/dist-packages/oslo_policy/policy.py:1119: UserWarning: Policy "os_compute_api:os-flavor-access:remove_tenant_access": "rule:system_admin_api" failed scope check. The token used to make the request was project scoped but the policy requires ['system'] scope. This behavior may change in the future where using the intended scope is required
Feb 05 00:32:19.735094 n-d-826829-1 devstack@n-api.service[132479]: warnings.warn(msg)
Feb 05 00:32:19.735094 n-d-826829-1 devstack@n-api.service[132479]: DEBUG nova.policy [None req-aa91fdc3-bab7-4ce1-baec-76b01334f3cd tempest-FlavorsAccessNegativeTestJSON-380277520 tempest-FlavorsAccessNegativeTestJSON-380277520-project] Policy check for os_compute_api:os-flavor-access:remove_tenant_access failed with credentials {'is_admin': False, 'user_id': 'f924ec54ff03413ba20e00704e6f1aec', 'user_domain_id': 'default', 'system_scope': None, 'domain_id': None, 'project_id': '01bfbf3060b8490ba37e302c6136a4f6', 'project_domain_id': 'default', 'roles': ['reader', 'member'], 'is_admin_project': True, 'service_user_id': None, 'service_user_domain_id': None, 'service_project_id': None, 'service_project_domain_id': None, 'service_roles': []} {{(pid=132479) authorize /opt/stack/nova/nova/policy.py:199}}
Feb 05 00:32:19.735626 n-d-826829-1 devstack@n-api.service[132479]: DEBUG nova.api.openstack.wsgi [None req-aa91fdc3-bab7-4ce1-baec-76b01334f3cd tempest-FlavorsAccessNegativeTestJSON-380277520 tempest-FlavorsAccessNegativeTestJSON-380277520-project] Returning 403 to user: Policy doesn't allow os_compute_api:os-flavor-access:remove_tenant_access to be performed. {{(pid=132479) __call__ /opt/stack/nova/nova/api/openstack/wsgi.py:936}}
Feb 05 00:32:19.736179 n-d-826829-1 devstack@n-api.service[132479]: INFO nova.api.openstack.requestlog [None req-aa91fdc3-bab7-4ce1-baec-76b01334f3cd tempest-FlavorsAccessNegativeTestJSON-380277520 tempest-FlavorsAccessNegativeTestJSON-380277520-project] 10.222.0.30 "POST /compute/v2.1/flavors/29078138/action" status: 403 len: 133 microversion: 2.1 time: 0.021705
Feb 05 00:32:19.736973 n-d-826829-1 devstack@n-api.service[132479]: [pid: 132479|app: 0|req: 80/143] 10.222.0.30 () {60 vars in 1193 bytes} [Sat Feb 5 00:32:19 2022] POST /compute/v2.1/flavors/29078138/action => generated 133 bytes in 26 msecs (HTTP/1.1 403) 9 headers in 379 bytes (2 switches on core 0)
Feb 05 00:32:19.751140 n-d-826829-1 devstack@n-api.service[132479]: DEBUG nova.api.openstack.wsgi [None req-91fdd8c1-b4f4-44f4-bcfe-3cd17ee72441 tempest-FlavorsAccessNegativeTestJSON-1617211271 tempest-FlavorsAccessNegativeTestJSON-1617211271-project-admin] Action: 'action', calling method: >, body: {"removeTenantAccess": {"tenant": "01bfbf3060b8490ba37e302c6136a4f6"}} {{(pid=132479) _process_stack /opt/stack/nova/nova/api/openstack/wsgi.py:511}}
Feb 05 00:32:19.935756 n-d-826829-1 devstack@n-api.service[132478]: DEBUG nova.policy [None req-e1119120-e170-4557-be71-5b62f2c31a32 tempest-AggregatesAdminTestJSON-348156518 tempest-AggregatesAdminTestJSON-348156518-project] Policy check for os_compute_api:os-extended-server-attributes failed with credentials {'is_admin': False, 'user_id': 'fca858ee6dc04097b0211f8d4dda22c3', 'user_domain_id': 'default', 'system_scope': None, 'domain_id': None, 'project_id': '2444d47d328d422899b09aa6197c26d8', 'project_domain_id': 'default', 'roles': ['reader', 'member'], 'is_admin_project': True, 'service_user_id': None, 'service_user_domain_id': None, 'service_project_id': None, 'service_project_domain_id': None, 'service_roles': []} {{(pid=132478) authorize /opt/stack/nova/nova/policy.py:199}}
Feb 05 00:32:19.943109 n-d-826829-1 devstack@n-api.service[132478]: INFO nova.api.openstack.requestlog [None req-e1119120-e170-4557-be71-5b62f2c31a32 tempest-AggregatesAdminTestJSON-348156518 tempest-AggregatesAdminTestJSON-348156518-project] 10.222.0.30 "GET /compute/v2.1/servers/c8a93722-b4cc-4378-8a88-932e2d2ec9c0" status: 200 len: 1336 microversion: 2.1 time: 0.322966
Feb 05 00:32:19.943712 n-d-826829-1 devstack@n-api.service[132478]: [pid: 132478|app: 0|req: 64/144] 10.222.0.30 () {58 vars in 1235 bytes} [Sat Feb 5 00:32:19 2022] GET /compute/v2.1/servers/c8a93722-b4cc-4378-8a88-932e2d2ec9c0 => generated 1336 bytes in 325 msecs (HTTP/1.1 200) 9 headers in 358 bytes (2 switches on core 0)
Feb 05 00:32:19.951715 n-d-826829-1 devstack@n-api.service[132478]: DEBUG nova.api.openstack.wsgi [None req-0fcb0442-d850-4f85-890d-751db170137d tempest-DeleteServersAdminTestJSON-308067185 tempest-DeleteServersAdminTestJSON-308067185-project] Calling method '>' {{(pid=132478) _process_stack /opt/stack/nova/nova/api/openstack/wsgi.py:513}}
Feb 05 00:32:19.952539 n-d-826829-1 devstack@n-api.service[132478]: DEBUG nova.compute.api [None req-0fcb0442-d850-4f85-890d-751db170137d tempest-DeleteServersAdminTestJSON-308067185 tempest-DeleteServersAdminTestJSON-308067185-project] [instance: 4b08ded9-595d-4dac-b277-edd3da9d5723] Fetching instance by UUID {{(pid=132478) get /opt/stack/nova/nova/compute/api.py:2866}}
Feb 05 00:32:19.966025 n-d-826829-1 devstack@n-api.service[132478]: DEBUG oslo_concurrency.lockutils [None req-0fcb0442-d850-4f85-890d-751db170137d tempest-DeleteServersAdminTestJSON-308067185 tempest-DeleteServersAdminTestJSON-308067185-project] Lock "8097b869-50b5-4f3e-a3b4-761157e28df2" acquired by "nova.context.set_target_cell..get_or_set_cached_cell_and_set_connections" :: waited 0.000s {{(pid=132478) inner /usr/local/lib/python3.8/dist-packages/oslo_concurrency/lockutils.py:386}}
Feb 05 00:32:19.968889 n-d-826829-1 devstack@n-api.service[132478]: DEBUG oslo_concurrency.lockutils [None req-0fcb0442-d850-4f85-890d-751db170137d tempest-DeleteServersAdminTestJSON-308067185 tempest-DeleteServersAdminTestJSON-308067185-project] Lock "8097b869-50b5-4f3e-a3b4-761157e28df2" "released" by "nova.context.set_target_cell..get_or_set_cached_cell_and_set_connections" :: held 0.001s {{(pid=132478) inner /usr/local/lib/python3.8/dist-packages/oslo_concurrency/lockutils.py:400}}
Feb 05 00:32:19.968889 n-d-826829-1 devstack@n-api.service[132478]: DEBUG oslo_concurrency.lockutils [None req-0fcb0442-d850-4f85-890d-751db170137d tempest-DeleteServersAdminTestJSON-308067185 tempest-DeleteServersAdminTestJSON-308067185-project] Lock "8097b869-50b5-4f3e-a3b4-761157e28df2" acquired by "nova.context.set_target_cell..get_or_set_cached_cell_and_set_connections" :: waited 0.000s {{(pid=132478) inner /usr/local/lib/python3.8/dist-packages/oslo_concurrency/lockutils.py:386}}
Feb 05 00:32:19.969757 n-d-826829-1 devstack@n-api.service[132478]: DEBUG oslo_concurrency.lockutils [None req-0fcb0442-d850-4f85-890d-751db170137d tempest-DeleteServersAdminTestJSON-308067185 tempest-DeleteServersAdminTestJSON-308067185-project] Lock "8097b869-50b5-4f3e-a3b4-761157e28df2" "released" by "nova.context.set_target_cell..get_or_set_cached_cell_and_set_connections" :: held 0.001s {{(pid=132478) inner /usr/local/lib/python3.8/dist-packages/oslo_concurrency/lockutils.py:400}}
Feb 05 00:32:20.135765 n-d-826829-1 devstack@n-api.service[132478]: DEBUG nova.policy [None req-0fcb0442-d850-4f85-890d-751db170137d tempest-DeleteServersAdminTestJSON-308067185 tempest-DeleteServersAdminTestJSON-308067185-project] Policy check for os_compute_api:os-extended-server-attributes failed with credentials {'is_admin': False, 'user_id': '03a6e43bf4a14e728c1a81d8fa5e05b6', 'user_domain_id': 'default', 'system_scope': None, 'domain_id': None, 'project_id': 'beac9b8bb1f84e90bf5cd60712f23a2a', 'project_domain_id': 'default', 'roles': ['reader', 'member'], 'is_admin_project': True, 'service_user_id': None, 'service_user_domain_id': None, 'service_project_id': None, 'service_project_domain_id': None, 'service_roles': []} {{(pid=132478) authorize /opt/stack/nova/nova/policy.py:199}}
Feb 05 00:32:20.145165 n-d-826829-1 devstack@n-api.service[132478]: INFO nova.api.openstack.requestlog [None req-0fcb0442-d850-4f85-890d-751db170137d tempest-DeleteServersAdminTestJSON-308067185 tempest-DeleteServersAdminTestJSON-308067185-project] 10.222.0.30 "GET /compute/v2.1/servers/4b08ded9-595d-4dac-b277-edd3da9d5723" status: 200 len: 1339 microversion: 2.1 time: 0.196853
Feb 05 00:32:20.147628 n-d-826829-1 devstack@n-api.service[132478]: [pid: 132478|app: 0|req: 65/145] 10.222.0.30 () {58 vars in 1235 bytes} [Sat Feb 5 00:32:19 2022] GET /compute/v2.1/servers/4b08ded9-595d-4dac-b277-edd3da9d5723 => generated 1339 bytes in 201 msecs (HTTP/1.1 200) 9 headers in 358 bytes (1 switches on core 0)
Feb 05 00:32:20.926554 n-d-826829-1 devstack@n-api.service[132479]: INFO nova.api.openstack.requestlog [None req-91fdd8c1-b4f4-44f4-bcfe-3cd17ee72441 tempest-FlavorsAccessNegativeTestJSON-1617211271 tempest-FlavorsAccessNegativeTestJSON-1617211271-project-admin] 10.222.0.30 "POST /compute/v2.1/flavors/29078138/action" status: 200 len: 21 microversion: 2.1 time: 1.182033
Feb 05 00:32:20.926554 n-d-826829-1 devstack@n-api.service[132479]: [pid: 132479|app: 0|req: 81/146] 10.222.0.30 () {60 vars in 1193 bytes} [Sat Feb 5 00:32:19 2022] POST /compute/v2.1/flavors/29078138/action => generated 21 bytes in 1185 msecs (HTTP/1.1 200) 9 headers in 356 bytes (1 switches on core 0)
Feb 05 00:32:20.934404 n-d-826829-1 devstack@n-api.service[132478]: DEBUG nova.api.openstack.wsgi [None req-a6693256-55bb-4ccb-a826-defc6028765d tempest-FlavorsAccessNegativeTestJSON-1617211271 tempest-FlavorsAccessNegativeTestJSON-1617211271-project-admin] Calling method '>' {{(pid=132478) _process_stack /opt/stack/nova/nova/api/openstack/wsgi.py:513}}
Feb 05 00:32:20.935301 n-d-826829-1 devstack@n-api.service[132478]: /usr/local/lib/python3.8/dist-packages/oslo_policy/policy.py:1119: UserWarning: Policy "os_compute_api:os-flavor-manage:delete": "rule:system_admin_api" failed scope check. The token used to make the request was project scoped but the policy requires ['system'] scope. This behavior may change in the future where using the intended scope is required
Feb 05 00:32:20.935301 n-d-826829-1 devstack@n-api.service[132478]: warnings.warn(msg)
Feb 05 00:32:20.960040 n-d-826829-1 devstack@n-api.service[132479]: DEBUG nova.api.openstack.wsgi [None req-630fb93a-ea83-46ba-9a1b-6483e86a8aa0 tempest-AggregatesAdminTestJSON-348156518 tempest-AggregatesAdminTestJSON-348156518-project] Calling method '>' {{(pid=132479) _process_stack /opt/stack/nova/nova/api/openstack/wsgi.py:513}}
Feb 05 00:32:20.967213 n-d-826829-1 devstack@n-api.service[132479]: DEBUG nova.compute.api [None req-630fb93a-ea83-46ba-9a1b-6483e86a8aa0 tempest-AggregatesAdminTestJSON-348156518 tempest-AggregatesAdminTestJSON-348156518-project] [instance: c8a93722-b4cc-4378-8a88-932e2d2ec9c0] Fetching instance by UUID {{(pid=132479) get /opt/stack/nova/nova/compute/api.py:2866}}
Feb 05 00:32:20.968337 n-d-826829-1 devstack@n-api.service[132479]: DEBUG oslo_concurrency.lockutils [None req-630fb93a-ea83-46ba-9a1b-6483e86a8aa0 tempest-AggregatesAdminTestJSON-348156518 tempest-AggregatesAdminTestJSON-348156518-project] Lock "8097b869-50b5-4f3e-a3b4-761157e28df2" acquired by "nova.context.set_target_cell..get_or_set_cached_cell_and_set_connections" :: waited 0.000s {{(pid=132479) inner /usr/local/lib/python3.8/dist-packages/oslo_concurrency/lockutils.py:386}}
Feb 05 00:32:20.969147 n-d-826829-1 devstack@n-api.service[132479]: DEBUG oslo_concurrency.lockutils [None req-630fb93a-ea83-46ba-9a1b-6483e86a8aa0 tempest-AggregatesAdminTestJSON-348156518 tempest-AggregatesAdminTestJSON-348156518-project] Lock "8097b869-50b5-4f3e-a3b4-761157e28df2" "released" by "nova.context.set_target_cell..get_or_set_cached_cell_and_set_connections" :: held 0.002s {{(pid=132479) inner /usr/local/lib/python3.8/dist-packages/oslo_concurrency/lockutils.py:400}}
