Aug 03 04:08:58.113252 n-d-826756-5 devstack@keystone.service[80979]: DEBUG keystone.server.flask.request_processing.middleware.auth_context [None req-6a049129-97ae-4e73-aab5-3d4aaf3a537f admin admin] RBAC: auth_context: {'token': , 'domain_id': None, 'trust_id': None, 'trustor_id': None, 'trustee_id': None, 'domain_name': None, 'group_ids': [], 'user_id': 'bcbde3a4d08549f080095b61a2d33019', 'user_domain_id': 'default', 'system_scope': None, 'project_id': 'cf962ae0b057454f812182640c6a1be2', 'project_domain_id': 'default', 'roles': ['reader', 'admin', 'member'], 'is_admin_project': True, 'service_user_id': None, 'service_user_domain_id': None, 'service_project_id': None, 'service_project_domain_id': None, 'service_roles': []} {{(pid=80979) fill_context /opt/stack/keystone/keystone/server/flask/request_processing/middleware/auth_context.py:478}}
Aug 03 04:08:58.114456 n-d-826756-5 devstack@keystone.service[80979]: DEBUG keystone.server.flask.request_processing.req_logging [None req-6a049129-97ae-4e73-aab5-3d4aaf3a537f admin admin] REQUEST_METHOD: `GET` {{(pid=80979) log_request_info /opt/stack/keystone/keystone/server/flask/request_processing/req_logging.py:27}}
Aug 03 04:08:58.114786 n-d-826756-5 devstack@keystone.service[80979]: DEBUG keystone.server.flask.request_processing.req_logging [None req-6a049129-97ae-4e73-aab5-3d4aaf3a537f admin admin] SCRIPT_NAME: `/identity` {{(pid=80979) log_request_info /opt/stack/keystone/keystone/server/flask/request_processing/req_logging.py:28}}
Aug 03 04:08:58.115060 n-d-826756-5 devstack@keystone.service[80979]: DEBUG keystone.server.flask.request_processing.req_logging [None req-6a049129-97ae-4e73-aab5-3d4aaf3a537f admin admin] PATH_INFO: `/v3/auth/tokens` {{(pid=80979) log_request_info /opt/stack/keystone/keystone/server/flask/request_processing/req_logging.py:29}}
Aug 03 04:08:58.123165 n-d-826756-5 devstack@keystone.service[80979]: DEBUG keystone.common.rbac_enforcer.enforcer [None req-6a049129-97ae-4e73-aab5-3d4aaf3a537f admin admin] RBAC: Authorizing `identity:validate_token()` {{(pid=80979) enforce_call /opt/stack/keystone/keystone/common/rbac_enforcer/enforcer.py:449}}
Aug 03 04:08:58.175567 n-d-826756-5 devstack@keystone.service[80979]: WARNING keystone.common.rbac_enforcer.enforcer [None req-6a049129-97ae-4e73-aab5-3d4aaf3a537f admin admin] Deprecated policy rules found. Use oslopolicy-policy-generator and oslopolicy-policy-upgrade to detect and resolve deprecated policies in your configuration.
Aug 03 04:08:58.175913 n-d-826756-5 devstack@keystone.service[80979]: DEBUG keystone.common.rbac_enforcer.enforcer [None req-6a049129-97ae-4e73-aab5-3d4aaf3a537f admin admin] RBAC: Authorization granted {{(pid=80979) enforce_call /opt/stack/keystone/keystone/common/rbac_enforcer/enforcer.py:457}}
Aug 03 04:08:58.186096 n-d-826756-5 devstack@keystone.service[80979]: [pid: 80979|app: 0|req: 2/4] 10.222.0.72 () {58 vars in 1324 bytes} [Wed Aug 3 04:08:57 2022] GET /identity/v3/auth/tokens => generated 914 bytes in 294 msecs (HTTP/1.1 200) 6 headers in 379 bytes (2 switches on core 0)
Aug 03 04:08:58.192149 n-d-826756-5 devstack@keystone.service[80978]: DEBUG keystone.server.flask.request_processing.middleware.auth_context [None req-41f12af0-d92c-497b-b799-5c96913b40e0 None None] Authenticating user token {{(pid=80978) process_request /usr/local/lib/python3.8/dist-packages/keystonemiddleware/auth_token/__init__.py:407}}
Aug 03 04:08:58.206901 n-d-826756-5 devstack@keystone.service[80978]: DEBUG keystone.server.flask.request_processing.middleware.auth_context [None req-41f12af0-d92c-497b-b799-5c96913b40e0 None None] Validating token access rules against request {{(pid=80978) validate_allowed_request /usr/local/lib/python3.8/dist-packages/keystonemiddleware/auth_token/__init__.py:545}}
Aug 03 04:08:58.211793 n-d-826756-5 devstack@keystone.service[80978]: DEBUG keystone.server.flask.request_processing.middleware.auth_context [None req-144dbfa4-ef5b-4042-ac1a-79019c92bbd3 admin admin] RBAC: auth_context: {'token': , 'domain_id': None, 'trust_id': None, 'trustor_id': None, 'trustee_id': None, 'domain_name': None, 'group_ids': [], 'user_id': 'bcbde3a4d08549f080095b61a2d33019', 'user_domain_id': 'default', 'system_scope': None, 'project_id': 'cf962ae0b057454f812182640c6a1be2', 'project_domain_id': 'default', 'roles': ['reader', 'admin', 'member'], 'is_admin_project': True, 'service_user_id': None, 'service_user_domain_id': None, 'service_project_id': None, 'service_project_domain_id': None, 'service_roles': []} {{(pid=80978) fill_context /opt/stack/keystone/keystone/server/flask/request_processing/middleware/auth_context.py:478}}
Aug 03 04:08:58.213059 n-d-826756-5 devstack@keystone.service[80978]: DEBUG keystone.server.flask.request_processing.req_logging [None req-144dbfa4-ef5b-4042-ac1a-79019c92bbd3 admin admin] REQUEST_METHOD: `GET` {{(pid=80978) log_request_info /opt/stack/keystone/keystone/server/flask/request_processing/req_logging.py:27}}
Aug 03 04:08:58.213470 n-d-826756-5 devstack@keystone.service[80978]: DEBUG keystone.server.flask.request_processing.req_logging [None req-144dbfa4-ef5b-4042-ac1a-79019c92bbd3 admin admin] SCRIPT_NAME: `/identity` {{(pid=80978) log_request_info /opt/stack/keystone/keystone/server/flask/request_processing/req_logging.py:28}}
Aug 03 04:08:58.213846 n-d-826756-5 devstack@keystone.service[80978]: DEBUG keystone.server.flask.request_processing.req_logging [None req-144dbfa4-ef5b-4042-ac1a-79019c92bbd3 admin admin] PATH_INFO: `/v3/projects/cf962ae0b057454f812182640c6a1be2` {{(pid=80978) log_request_info /opt/stack/keystone/keystone/server/flask/request_processing/req_logging.py:29}}
Aug 03 04:08:58.215415 n-d-826756-5 devstack@keystone.service[80978]: DEBUG keystone.common.rbac_enforcer.enforcer [None req-144dbfa4-ef5b-4042-ac1a-79019c92bbd3 admin admin] RBAC: Authorizing `identity:get_project(project_id=cf962ae0b057454f812182640c6a1be2)` {{(pid=80978) enforce_call /opt/stack/keystone/keystone/common/rbac_enforcer/enforcer.py:449}}
Aug 03 04:08:58.266873 n-d-826756-5 devstack@keystone.service[80978]: WARNING keystone.common.rbac_enforcer.enforcer [None req-144dbfa4-ef5b-4042-ac1a-79019c92bbd3 admin admin] Deprecated policy rules found. Use oslopolicy-policy-generator and oslopolicy-policy-upgrade to detect and resolve deprecated policies in your configuration.
Aug 03 04:08:58.267230 n-d-826756-5 devstack@keystone.service[80978]: DEBUG keystone.common.rbac_enforcer.enforcer [None req-144dbfa4-ef5b-4042-ac1a-79019c92bbd3 admin admin] RBAC: Authorization granted {{(pid=80978) enforce_call /opt/stack/keystone/keystone/common/rbac_enforcer/enforcer.py:457}}
Aug 03 04:08:58.271904 n-d-826756-5 devstack@keystone.service[80978]: [pid: 80978|app: 0|req: 3/5] 10.222.0.72 () {56 vars in 1207 bytes} [Wed Aug 3 04:08:58 2022] GET /identity/v3/projects/cf962ae0b057454f812182640c6a1be2 => generated 344 bytes in 80 msecs (HTTP/1.1 200) 5 headers in 177 bytes (1 switches on core 0)
Aug 03 04:09:00.222720 n-d-826756-5 devstack@keystone.service[80979]: DEBUG keystone.server.flask.request_processing.req_logging [None req-b52d9400-a832-46c9-b856-9c8acfb9fee9 None None] REQUEST_METHOD: `GET` {{(pid=80979) log_request_info /opt/stack/keystone/keystone/server/flask/request_processing/req_logging.py:27}}
Aug 03 04:09:00.223763 n-d-826756-5 devstack@keystone.service[80979]: DEBUG keystone.server.flask.request_processing.req_logging [None req-b52d9400-a832-46c9-b856-9c8acfb9fee9 None None] SCRIPT_NAME: `/identity` {{(pid=80979) log_request_info /opt/stack/keystone/keystone/server/flask/request_processing/req_logging.py:28}}
Aug 03 04:09:00.223850 n-d-826756-5 devstack@keystone.service[80979]: DEBUG keystone.server.flask.request_processing.req_logging [None req-b52d9400-a832-46c9-b856-9c8acfb9fee9 None None] PATH_INFO: `/` {{(pid=80979) log_request_info /opt/stack/keystone/keystone/server/flask/request_processing/req_logging.py:29}}
Aug 03 04:09:00.227912 n-d-826756-5 devstack@keystone.service[80979]: [pid: 80979|app: 0|req: 3/6] 10.222.0.72 () {54 vars in 926 bytes} [Wed Aug 3 04:09:00 2022] GET /identity => generated 270 bytes in 7 msecs (HTTP/1.1 300) 6 headers in 234 bytes (2 switches on core 0)
Aug 03 04:09:00.233524 n-d-826756-5 devstack@keystone.service[80978]: DEBUG keystone.server.flask.request_processing.req_logging [None req-16b2263d-76b1-4d1e-be1a-74520ef58d3f None None] REQUEST_METHOD: `POST` {{(pid=80978) log_request_info /opt/stack/keystone/keystone/server/flask/request_processing/req_logging.py:27}}
Aug 03 04:09:00.233939 n-d-826756-5 devstack@keystone.service[80978]: DEBUG keystone.server.flask.request_processing.req_logging [None req-16b2263d-76b1-4d1e-be1a-74520ef58d3f None None] SCRIPT_NAME: `/identity` {{(pid=80978) log_request_info /opt/stack/keystone/keystone/server/flask/request_processing/req_logging.py:28}}
Aug 03 04:09:00.234080 n-d-826756-5 devstack@keystone.service[80978]: DEBUG keystone.server.flask.request_processing.req_logging [None req-16b2263d-76b1-4d1e-be1a-74520ef58d3f None None] PATH_INFO: `/v3/auth/tokens` {{(pid=80978) log_request_info /opt/stack/keystone/keystone/server/flask/request_processing/req_logging.py:29}}
Aug 03 04:09:00.253585 n-d-826756-5 devstack@keystone.service[80978]: DEBUG keystone.auth.core [None req-16b2263d-76b1-4d1e-be1a-74520ef58d3f None None] MFA Rules not processed for user `bcbde3a4d08549f080095b61a2d33019`. Rule list: `[]` (Enabled: `True`). {{(pid=80978) check_auth_methods_against_rules /opt/stack/keystone/keystone/auth/core.py:438}}
Aug 03 04:09:00.255133 n-d-826756-5 devstack@keystone.service[80978]: DEBUG keystone.common.fernet_utils [None req-16b2263d-76b1-4d1e-be1a-74520ef58d3f None None] Loaded 2 Fernet keys from /etc/keystone/fernet-keys/, but `[fernet_tokens] max_active_keys = 3`; perhaps there have not been enough key rotations to reach `max_active_keys` yet? {{(pid=80978) load_keys /opt/stack/keystone/keystone/common/fernet_utils.py:286}}
Aug 03 04:09:00.262948 n-d-826756-5 devstack@keystone.service[80978]: [pid: 80978|app: 0|req: 4/7] 10.222.0.72 () {58 vars in 1023 bytes} [Wed Aug 3 04:09:00 2022] POST /identity/v3/auth/tokens => generated 914 bytes in 31 msecs (HTTP/1.1 201) 6 headers in 384 bytes (1 switches on core 0)
Aug 03 04:09:00.284912 n-d-826756-5 devstack@keystone.service[80979]: DEBUG keystone.server.flask.request_processing.middleware.auth_context [None req-b52d9400-a832-46c9-b856-9c8acfb9fee9 None None] Authenticating user token {{(pid=80979) process_request /usr/local/lib/python3.8/dist-packages/keystonemiddleware/auth_token/__init__.py:407}}
Aug 03 04:09:00.297608 n-d-826756-5 devstack@keystone.service[80979]: DEBUG keystone.server.flask.request_processing.middleware.auth_context [None req-b52d9400-a832-46c9-b856-9c8acfb9fee9 None None] Validating token access rules against request {{(pid=80979) validate_allowed_request /usr/local/lib/python3.8/dist-packages/keystonemiddleware/auth_token/__init__.py:545}}
Aug 03 04:09:00.301954 n-d-826756-5 devstack@keystone.service[80979]: DEBUG keystone.server.flask.request_processing.middleware.auth_context [None req-399957f0-66ff-4f53-9f89-4626cd450c9d admin admin] RBAC: auth_context: {'token': , 'domain_id': None, 'trust_id': None, 'trustor_id': None, 'trustee_id': None, 'domain_name': None, 'group_ids': [], 'user_id': 'bcbde3a4d08549f080095b61a2d33019', 'user_domain_id': 'default', 'system_scope': None, 'project_id': 'cf962ae0b057454f812182640c6a1be2', 'project_domain_id': 'default', 'roles': ['reader', 'admin', 'member'], 'is_admin_project': True, 'service_user_id': None, 'service_user_domain_id': None, 'service_project_id': None, 'service_project_domain_id': None, 'service_roles': []} {{(pid=80979) fill_context /opt/stack/keystone/keystone/server/flask/request_processing/middleware/auth_context.py:478}}
Aug 03 04:09:00.302559 n-d-826756-5 devstack@keystone.service[80979]: DEBUG keystone.server.flask.request_processing.req_logging [None req-399957f0-66ff-4f53-9f89-4626cd450c9d admin admin] REQUEST_METHOD: `GET` {{(pid=80979) log_request_info /opt/stack/keystone/keystone/server/flask/request_processing/req_logging.py:27}}
Aug 03 04:09:00.302845 n-d-826756-5 devstack@keystone.service[80979]: DEBUG keystone.server.flask.request_processing.req_logging [None req-399957f0-66ff-4f53-9f89-4626cd450c9d admin admin] SCRIPT_NAME: `/identity` {{(pid=80979) log_request_info /opt/stack/keystone/keystone/server/flask/request_processing/req_logging.py:28}}
Aug 03 04:09:00.303123 n-d-826756-5 devstack@keystone.service[80979]: DEBUG keystone.server.flask.request_processing.req_logging [None req-399957f0-66ff-4f53-9f89-4626cd450c9d admin admin] PATH_INFO: `/v3/auth/tokens` {{(pid=80979) log_request_info /opt/stack/keystone/keystone/server/flask/request_processing/req_logging.py:29}}
Aug 03 04:09:00.310836 n-d-826756-5 devstack@keystone.service[80979]: DEBUG keystone.common.rbac_enforcer.enforcer [None req-399957f0-66ff-4f53-9f89-4626cd450c9d admin admin] RBAC: Authorizing `identity:validate_token()` {{(pid=80979) enforce_call /opt/stack/keystone/keystone/common/rbac_enforcer/enforcer.py:449}}
Aug 03 04:09:00.312642 n-d-826756-5 devstack@keystone.service[80979]: DEBUG keystone.common.rbac_enforcer.enforcer [None req-399957f0-66ff-4f53-9f89-4626cd450c9d admin admin] RBAC: Authorization granted {{(pid=80979) enforce_call /opt/stack/keystone/keystone/common/rbac_enforcer/enforcer.py:457}}
Aug 03 04:09:00.321438 n-d-826756-5 devstack@keystone.service[80979]: [pid: 80979|app: 0|req: 4/8] 10.222.0.72 () {58 vars in 1324 bytes} [Wed Aug 3 04:09:00 2022] GET /identity/v3/auth/tokens => generated 914 bytes in 37 msecs (HTTP/1.1 200) 6 headers in 379 bytes (1 switches on core 0)
Aug 03 04:09:00.326475 n-d-826756-5 devstack@keystone.service[80978]: DEBUG keystone.server.flask.request_processing.middleware.auth_context [None req-16b2263d-76b1-4d1e-be1a-74520ef58d3f None None] Authenticating user token {{(pid=80978) process_request /usr/local/lib/python3.8/dist-packages/keystonemiddleware/auth_token/__init__.py:407}}
Aug 03 04:09:00.335810 n-d-826756-5 devstack@keystone.service[80978]: DEBUG keystone.server.flask.request_processing.middleware.auth_context [None req-16b2263d-76b1-4d1e-be1a-74520ef58d3f None None] Validating token access rules against request {{(pid=80978) validate_allowed_request /usr/local/lib/python3.8/dist-packages/keystonemiddleware/auth_token/__init__.py:545}}
Aug 03 04:09:00.340123 n-d-826756-5 devstack@keystone.service[80978]: DEBUG keystone.server.flask.request_processing.middleware.auth_context [None req-43143931-2ed9-4afa-bfb4-d34435c877aa admin admin] RBAC: auth_context: {'token': , 'domain_id': None, 'trust_id': None, 'trustor_id': None, 'trustee_id': None, 'domain_name': None, 'group_ids': [], 'user_id': 'bcbde3a4d08549f080095b61a2d33019', 'user_domain_id': 'default', 'system_scope': None, 'project_id': 'cf962ae0b057454f812182640c6a1be2', 'project_domain_id': 'default', 'roles': ['reader', 'admin', 'member'], 'is_admin_project': True, 'service_user_id': None, 'service_user_domain_id': None, 'service_project_id': None, 'service_project_domain_id': None, 'service_roles': []} {{(pid=80978) fill_context /opt/stack/keystone/keystone/server/flask/request_processing/middleware/auth_context.py:478}}
Aug 03 04:09:00.340783 n-d-826756-5 devstack@keystone.service[80978]: DEBUG keystone.server.flask.request_processing.req_logging [None req-43143931-2ed9-4afa-bfb4-d34435c877aa admin admin] REQUEST_METHOD: `GET` {{(pid=80978) log_request_info /opt/stack/keystone/keystone/server/flask/request_processing/req_logging.py:27}}
Aug 03 04:09:00.341069 n-d-826756-5 devstack@keystone.service[80978]: DEBUG keystone.server.flask.request_processing.req_logging [None req-43143931-2ed9-4afa-bfb4-d34435c877aa admin admin] SCRIPT_NAME: `/identity` {{(pid=80978) log_request_info /opt/stack/keystone/keystone/server/flask/request_processing/req_logging.py:28}}
Aug 03 04:09:00.341349 n-d-826756-5 devstack@keystone.service[80978]: DEBUG keystone.server.flask.request_processing.req_logging [None req-43143931-2ed9-4afa-bfb4-d34435c877aa admin admin] PATH_INFO: `/v3/users/bcbde3a4d08549f080095b61a2d33019` {{(pid=80978) log_request_info /opt/stack/keystone/keystone/server/flask/request_processing/req_logging.py:29}}
Aug 03 04:09:00.342697 n-d-826756-5 devstack@keystone.service[80978]: DEBUG keystone.common.rbac_enforcer.enforcer [None req-43143931-2ed9-4afa-bfb4-d34435c877aa admin admin] RBAC: Authorizing `identity:get_user(user_id=bcbde3a4d08549f080095b61a2d33019)` {{(pid=80978) enforce_call /opt/stack/keystone/keystone/common/rbac_enforcer/enforcer.py:449}}
Aug 03 04:09:00.344532 n-d-826756-5 devstack@keystone.service[80978]: DEBUG keystone.common.rbac_enforcer.enforcer [None req-43143931-2ed9-4afa-bfb4-d34435c877aa admin admin] RBAC: Authorization granted {{(pid=80978) enforce_call /opt/stack/keystone/keystone/common/rbac_enforcer/enforcer.py:457}}
Aug 03 04:09:00.346039 n-d-826756-5 devstack@keystone.service[80978]: [pid: 80978|app: 0|req: 5/9] 10.222.0.72 () {56 vars in 1198 bytes} [Wed Aug 3 04:09:00 2022] GET /identity/v3/users/bcbde3a4d08549f080095b61a2d33019 => generated 247 bytes in 20 msecs (HTTP/1.1 200) 5 headers in 177 bytes (1 switches on core 0)
Aug 03 04:09:02.386118 n-d-826756-5 devstack@keystone.service[80979]: DEBUG keystone.server.flask.request_processing.req_logging [None req-0ff8c0d0-e254-4bd1-a937-fcd37a62df21 None None] REQUEST_METHOD: `GET` {{(pid=80979) log_request_info /opt/stack/keystone/keystone/server/flask/request_processing/req_logging.py:27}}
Aug 03 04:09:02.386629 n-d-826756-5 devstack@keystone.service[80979]: DEBUG keystone.server.flask.request_processing.req_logging [None req-0ff8c0d0-e254-4bd1-a937-fcd37a62df21 None None] SCRIPT_NAME: `/identity` {{(pid=80979) log_request_info /opt/stack/keystone/keystone/server/flask/request_processing/req_logging.py:28}}
Aug 03 04:09:02.386629 n-d-826756-5 devstack@keystone.service[80979]: DEBUG keystone.server.flask.request_processing.req_logging [None req-0ff8c0d0-e254-4bd1-a937-fcd37a62df21 None None] PATH_INFO: `/` {{(pid=80979) log_request_info /opt/stack/keystone/keystone/server/flask/request_processing/req_logging.py:29}}
Aug 03 04:09:02.387975 n-d-826756-5 devstack@keystone.service[80979]: [pid: 80979|app: 0|req: 5/10] 10.222.0.72 () {54 vars in 926 bytes} [Wed Aug 3 04:09:02 2022] GET /identity => generated 270 bytes in 3 msecs (HTTP/1.1 300) 6 headers in 234 bytes (2 switches on core 0)
Aug 03 04:09:02.392984 n-d-826756-5 devstack@keystone.service[80978]: DEBUG keystone.server.flask.request_processing.req_logging [None req-6612c404-7a89-43dc-87c1-3de8151bb3da None None] REQUEST_METHOD: `POST` {{(pid=80978) log_request_info /opt/stack/keystone/keystone/server/flask/request_processing/req_logging.py:27}}
Aug 03 04:09:02.393401 n-d-826756-5 devstack@keystone.service[80978]: DEBUG keystone.server.flask.request_processing.req_logging [None req-6612c404-7a89-43dc-87c1-3de8151bb3da None None] SCRIPT_NAME: `/identity` {{(pid=80978) log_request_info /opt/stack/keystone/keystone/server/flask/request_processing/req_logging.py:28}}
Aug 03 04:09:02.393708 n-d-826756-5 devstack@keystone.service[80978]: DEBUG keystone.server.flask.request_processing.req_logging [None req-6612c404-7a89-43dc-87c1-3de8151bb3da None None] PATH_INFO: `/v3/auth/tokens` {{(pid=80978) log_request_info /opt/stack/keystone/keystone/server/flask/request_processing/req_logging.py:29}}
Aug 03 04:09:02.413582 n-d-826756-5 devstack@keystone.service[80978]: DEBUG keystone.auth.core [None req-6612c404-7a89-43dc-87c1-3de8151bb3da None None] MFA Rules not processed for user `bcbde3a4d08549f080095b61a2d33019`. Rule list: `[]` (Enabled: `True`). {{(pid=80978) check_auth_methods_against_rules /opt/stack/keystone/keystone/auth/core.py:438}}
Aug 03 04:09:02.414749 n-d-826756-5 devstack@keystone.service[80978]: DEBUG keystone.common.fernet_utils [None req-6612c404-7a89-43dc-87c1-3de8151bb3da None None] Loaded 2 Fernet keys from /etc/keystone/fernet-keys/, but `[fernet_tokens] max_active_keys = 3`; perhaps there have not been enough key rotations to reach `max_active_keys` yet? {{(pid=80978) load_keys /opt/stack/keystone/keystone/common/fernet_utils.py:286}}
Aug 03 04:09:02.462626 n-d-826756-5 devstack@keystone.service[80979]: DEBUG keystone.server.flask.request_processing.req_logging [None req-2aa62f6b-0cbf-4e5b-8028-e89713d3c552 None None] REQUEST_METHOD: `GET` {{(pid=80979) log_request_info /opt/stack/keystone/keystone/server/flask/request_processing/req_logging.py:27}}
Aug 03 04:09:02.463007 n-d-826756-5 devstack@keystone.service[80979]: DEBUG keystone.server.flask.request_processing.req_logging [None req-2aa62f6b-0cbf-4e5b-8028-e89713d3c552 None None] SCRIPT_NAME: `/identity` {{(pid=80979) log_request_info /opt/stack/keystone/keystone/server/flask/request_processing/req_logging.py:28}}
Aug 03 04:09:02.463289 n-d-826756-5 devstack@keystone.service[80979]: DEBUG keystone.server.flask.request_processing.req_logging [None req-2aa62f6b-0cbf-4e5b-8028-e89713d3c552 None None] PATH_INFO: `/` {{(pid=80979) log_request_info /opt/stack/keystone/keystone/server/flask/request_processing/req_logging.py:29}}
Aug 03 04:09:02.464921 n-d-826756-5 devstack@keystone.service[80979]: [pid: 80979|app: 0|req: 6/11] 10.222.0.72 () {54 vars in 926 bytes} [Wed Aug 3 04:09:02 2022] GET /identity => generated 270 bytes in 3 msecs (HTTP/1.1 300) 6 headers in 234 bytes (2 switches on core 0)
Aug 03 04:09:02.469634 n-d-826756-5 devstack@keystone.service[80979]: DEBUG keystone.server.flask.request_processing.req_logging [None req-d122aec6-9f82-4567-b2a4-3ec23db3ffb9 None None] REQUEST_METHOD: `POST` {{(pid=80979) log_request_info /opt/stack/keystone/keystone/server/flask/request_processing/req_logging.py:27}}
Aug 03 04:09:02.469919 n-d-826756-5 devstack@keystone.service[80979]: DEBUG keystone.server.flask.request_processing.req_logging [None req-d122aec6-9f82-4567-b2a4-3ec23db3ffb9 None None] SCRIPT_NAME: `/identity` {{(pid=80979) log_request_info /opt/stack/keystone/keystone/server/flask/request_processing/req_logging.py:28}}
Aug 03 04:09:02.470191 n-d-826756-5 devstack@keystone.service[80979]: DEBUG keystone.server.flask.request_processing.req_logging [None req-d122aec6-9f82-4567-b2a4-3ec23db3ffb9 None None] PATH_INFO: `/v3/auth/tokens` {{(pid=80979) log_request_info /opt/stack/keystone/keystone/server/flask/request_processing/req_logging.py:29}}
Aug 03 04:09:02.494483 n-d-826756-5 devstack@keystone.service[80978]: [pid: 80978|app: 0|req: 6/12] 10.222.0.72 () {58 vars in 1023 bytes} [Wed Aug 3 04:09:02 2022] POST /identity/v3/auth/tokens => generated 799 bytes in 102 msecs (HTTP/1.1 201) 6 headers in 363 bytes (1 switches on core 0)
Aug 03 04:09:02.511873 n-d-826756-5 devstack@keystone.service[80979]: DEBUG passlib.handlers.bcrypt [None req-d122aec6-9f82-4567-b2a4-3ec23db3ffb9 None None] detected 'bcrypt' backend, version '3.2.2' {{(pid=80979) _load_backend_mixin /usr/local/lib/python3.8/dist-packages/passlib/handlers/bcrypt.py:625}}
Aug 03 04:09:02.512342 n-d-826756-5 devstack@keystone.service[80979]: DEBUG passlib.handlers.bcrypt [None req-d122aec6-9f82-4567-b2a4-3ec23db3ffb9 None None] 'bcrypt' backend lacks $2$ support, enabling workaround {{(pid=80979) _finalize_backend_mixin /usr/local/lib/python3.8/dist-packages/passlib/handlers/bcrypt.py:406}}
Aug 03 04:09:02.516696 n-d-826756-5 devstack@keystone.service[80978]: DEBUG keystone.server.flask.request_processing.middleware.auth_context [None req-6612c404-7a89-43dc-87c1-3de8151bb3da None None] Authenticating user token {{(pid=80978) process_request /usr/local/lib/python3.8/dist-packages/keystonemiddleware/auth_token/__init__.py:407}}
Aug 03 04:09:02.541494 n-d-826756-5 devstack@keystone.service[80978]: DEBUG dbcounter [-] [80978] Writing DB stats keystone:SELECT=100 {{(pid=80978) stat_writer /usr/local/lib/python3.8/dist-packages/dbcounter.py:114}}
Aug 03 04:09:02.558496 n-d-826756-5 devstack@keystone.service[80979]: DEBUG keystone.auth.core [None req-d122aec6-9f82-4567-b2a4-3ec23db3ffb9 None None] MFA Rules not processed for user `bcbde3a4d08549f080095b61a2d33019`. Rule list: `[]` (Enabled: `True`). {{(pid=80979) check_auth_methods_against_rules /opt/stack/keystone/keystone/auth/core.py:438}}
Aug 03 04:09:02.560089 n-d-826756-5 devstack@keystone.service[80979]: DEBUG keystone.common.fernet_utils [None req-d122aec6-9f82-4567-b2a4-3ec23db3ffb9 None None] Loaded 2 Fernet keys from /etc/keystone/fernet-keys/, but `[fernet_tokens] max_active_keys = 3`; perhaps there have not been enough key rotations to reach `max_active_keys` yet? {{(pid=80979) load_keys /opt/stack/keystone/keystone/common/fernet_utils.py:286}}
Aug 03 04:09:02.620104 n-d-826756-5 devstack@keystone.service[80978]: DEBUG keystone.server.flask.request_processing.middleware.auth_context [None req-6612c404-7a89-43dc-87c1-3de8151bb3da None None] Validating token access rules against request {{(pid=80978) validate_allowed_request /usr/local/lib/python3.8/dist-packages/keystonemiddleware/auth_token/__init__.py:545}}
Aug 03 04:09:02.653768 n-d-826756-5 devstack@keystone.service[80978]: DEBUG keystone.server.flask.request_processing.middleware.auth_context [None req-af0e2f48-5b79-4fea-bcc1-a3db48ef619c None admin] RBAC: auth_context: {'token': , 'domain_id': None, 'trust_id': None, 'trustor_id': None, 'trustee_id': None, 'domain_name': None, 'group_ids': [], 'user_id': 'bcbde3a4d08549f080095b61a2d33019', 'user_domain_id': 'default', 'system_scope': 'all', 'project_id': None, 'project_domain_id': None, 'roles': ['admin', 'member', 'reader'], 'is_admin_project': True, 'service_user_id': None, 'service_user_domain_id': None, 'service_project_id': None, 'service_project_domain_id': None, 'service_roles': []} {{(pid=80978) fill_context /opt/stack/keystone/keystone/server/flask/request_processing/middleware/auth_context.py:478}}
Aug 03 04:09:02.654425 n-d-826756-5 devstack@keystone.service[80978]: DEBUG keystone.server.flask.request_processing.req_logging [None req-af0e2f48-5b79-4fea-bcc1-a3db48ef619c None admin] REQUEST_METHOD: `GET` {{(pid=80978) log_request_info /opt/stack/keystone/keystone/server/flask/request_processing/req_logging.py:27}}
Aug 03 04:09:02.654707 n-d-826756-5 devstack@keystone.service[80978]: DEBUG keystone.server.flask.request_processing.req_logging [None req-af0e2f48-5b79-4fea-bcc1-a3db48ef619c None admin] SCRIPT_NAME: `/identity` {{(pid=80978) log_request_info /opt/stack/keystone/keystone/server/flask/request_processing/req_logging.py:28}}
Aug 03 04:09:02.654984 n-d-826756-5 devstack@keystone.service[80978]: DEBUG keystone.server.flask.request_processing.req_logging [None req-af0e2f48-5b79-4fea-bcc1-a3db48ef619c None admin] PATH_INFO: `/v3/roles/admin` {{(pid=80978) log_request_info /opt/stack/keystone/keystone/server/flask/request_processing/req_logging.py:29}}
Aug 03 04:09:02.661140 n-d-826756-5 devstack@keystone.service[80979]: [pid: 80979|app: 0|req: 7/13] 10.222.0.72 () {58 vars in 1023 bytes} [Wed Aug 3 04:09:02 2022] POST /identity/v3/auth/tokens => generated 799 bytes in 192 msecs (HTTP/1.1 201) 6 headers in 363 bytes (2 switches on core 0)
Aug 03 04:09:02.667579 n-d-826756-5 devstack@keystone.service[80978]: DEBUG keystone.common.rbac_enforcer.enforcer [None req-af0e2f48-5b79-4fea-bcc1-a3db48ef619c None admin] Extracting inferred target data resulted in "NOT FOUND (404)". {{(pid=80978) enforce_call /opt/stack/keystone/keystone/common/rbac_enforcer/enforcer.py:409}}
Aug 03 04:09:02.676086 n-d-826756-5 devstack@keystone.service[80978]: ERROR keystone.server.flask.application [None req-af0e2f48-5b79-4fea-bcc1-a3db48ef619c None admin] Could not find role: admin.: keystone.exception.RoleNotFound: Could not find role: admin.
Aug 03 04:09:02.676086 n-d-826756-5 devstack@keystone.service[80978]: ERROR keystone.server.flask.application
Traceback (most recent call last):
Aug 03 04:09:02.676086 n-d-826756-5 devstack@keystone.service[80978]: ERROR keystone.server.flask.application
File "/usr/local/lib/python3.8/dist-packages/flask/app.py", line 1517, in full_dispatch_request
Aug 03 04:09:02.676086 n-d-826756-5 devstack@keystone.service[80978]: ERROR keystone.server.flask.application rv = self.dispatch_request()
Aug 03 04:09:02.676086 n-d-826756-5 devstack@keystone.service[80978]: ERROR keystone.server.flask.application
File "/usr/local/lib/python3.8/dist-packages/flask/app.py", line 1503, in dispatch_request
Aug 03 04:09:02.676086 n-d-826756-5 devstack@keystone.service[80978]: ERROR keystone.server.flask.application return self.ensure_sync(self.view_functions[rule.endpoint])(**req.view_args)
Aug 03 04:09:02.676086 n-d-826756-5 devstack@keystone.service[80978]: ERROR keystone.server.flask.application
File "/usr/local/lib/python3.8/dist-packages/flask_restful/__init__.py", line 467, in wrapper
Aug 03 04:09:02.676086 n-d-826756-5 devstack@keystone.service[80978]: ERROR keystone.server.flask.application resp = resource(*args, **kwargs)
Aug 03 04:09:02.676086 n-d-826756-5 devstack@keystone.service[80978]: ERROR keystone.server.flask.application
File "/usr/local/lib/python3.8/dist-packages/flask/views.py", line 84, in view
Aug 03 04:09:02.676086 n-d-826756-5 devstack@keystone.service[80978]: ERROR keystone.server.flask.application return current_app.ensure_sync(self.dispatch_request)(*args, **kwargs)
Aug 03 04:09:02.676086 n-d-826756-5 devstack@keystone.service[80978]: ERROR keystone.server.flask.application
File "/usr/local/lib/python3.8/dist-packages/flask_restful/__init__.py", line 582, in dispatch_request
Aug 03 04:09:02.676086 n-d-826756-5 devstack@keystone.service[80978]: ERROR keystone.server.flask.application resp = meth(*args, **kwargs)
Aug 03 04:09:02.676086 n-d-826756-5 devstack@keystone.service[80978]: ERROR keystone.server.flask.application
File "/opt/stack/keystone/keystone/api/roles.py", line 50, in get
Aug 03 04:09:02.676086 n-d-826756-5 devstack@keystone.service[80978]: ERROR keystone.server.flask.application return self._get_role(role_id)
Aug 03 04:09:02.676086 n-d-826756-5 devstack@keystone.service[80978]: ERROR keystone.server.flask.application
File "/opt/stack/keystone/keystone/api/roles.py", line 70, in _get_role
Aug 03 04:09:02.676086 n-d-826756-5 devstack@keystone.service[80978]: ERROR keystone.server.flask.application ENFORCER.enforce_call(action='identity:get_role')
Aug 03 04:09:02.677395 n-d-826756-5 devstack@keystone.service[80978]: ERROR keystone.server.flask.application
File "/opt/stack/keystone/keystone/common/rbac_enforcer/enforcer.py", line 402, in enforce_call
Aug 03 04:09:02.677395 n-d-826756-5 devstack@keystone.service[80978]: ERROR keystone.server.flask.application policy_dict.update(cls._extract_member_target_data(
Aug 03 04:09:02.677395 n-d-826756-5 devstack@keystone.service[80978]: ERROR keystone.server.flask.application
File "/opt/stack/keystone/keystone/common/rbac_enforcer/enforcer.py", line 234, in _extract_member_target_data
Aug 03 04:09:02.677395 n-d-826756-5 devstack@keystone.service[80978]: ERROR keystone.server.flask.application member_name: func(flask.request.view_args[key])
Aug 03 04:09:02.677395 n-d-826756-5 devstack@keystone.service[80978]: ERROR keystone.server.flask.application
File "/opt/stack/keystone/keystone/common/manager.py", line 115, in wrapped
Aug 03 04:09:02.677395 n-d-826756-5 devstack@keystone.service[80978]: ERROR keystone.server.flask.application __ret_val = __f(*args, **kwargs)
Aug 03 04:09:02.677395 n-d-826756-5 devstack@keystone.service[80978]: ERROR keystone.server.flask.application
File "/usr/local/lib/python3.8/dist-packages/decorator.py", line 232, in fun
Aug 03 04:09:02.677395 n-d-826756-5 devstack@keystone.service[80978]: ERROR keystone.server.flask.application return caller(func, *(extras + args), **kw)
Aug 03 04:09:02.677395 n-d-826756-5 devstack@keystone.service[80978]: ERROR keystone.server.flask.application
File "/usr/local/lib/python3.8/dist-packages/dogpile/cache/region.py", line 1577, in get_or_create_for_user_func
Aug 03 04:09:02.677395 n-d-826756-5 devstack@keystone.service[80978]: ERROR keystone.server.flask.application return self.get_or_create(
Aug 03 04:09:02.677395 n-d-826756-5 devstack@keystone.service[80978]: ERROR keystone.server.flask.application
File "/usr/local/lib/python3.8/dist-packages/dogpile/cache/region.py", line 1042, in get_or_create
Aug 03 04:09:02.677395 n-d-826756-5 devstack@keystone.service[80978]: ERROR keystone.server.flask.application with Lock(
Aug 03 04:09:02.677395 n-d-826756-5 devstack@keystone.service[80978]: ERROR keystone.server.flask.application
File "/usr/local/lib/python3.8/dist-packages/dogpile/lock.py", line 185, in __enter__
Aug 03 04:09:02.677395 n-d-826756-5 devstack@keystone.service[80978]: ERROR keystone.server.flask.application return self._enter()
Aug 03 04:09:02.677395 n-d-826756-5 devstack@keystone.service[80978]: ERROR keystone.server.flask.application
File "/usr/local/lib/python3.8/dist-packages/dogpile/lock.py", line 94, in _enter
Aug 03 04:09:02.677395 n-d-826756-5 devstack@keystone.service[80978]: ERROR keystone.server.flask.application generated = self._enter_create(value, createdtime)
Aug 03 04:09:02.678390 n-d-826756-5 devstack@keystone.service[80978]: ERROR keystone.server.flask.application
File "/usr/local/lib/python3.8/dist-packages/dogpile/lock.py", line 178, in _enter_create
Aug 03 04:09:02.678390 n-d-826756-5 devstack@keystone.service[80978]: ERROR keystone.server.flask.application return self.creator()
Aug 03 04:09:02.678390 n-d-826756-5 devstack@keystone.service[80978]: ERROR keystone.server.flask.application
File "/usr/local/lib/python3.8/dist-packages/dogpile/cache/region.py", line 995, in gen_value
Aug 03 04:09:02.678390 n-d-826756-5 devstack@keystone.service[80978]: ERROR keystone.server.flask.application created_value = creator(
Aug 03 04:09:02.678390 n-d-826756-5 devstack@keystone.service[80978]: ERROR keystone.server.flask.application
File "/opt/stack/keystone/keystone/assignment/core.py", line 1276, in get_role
Aug 03 04:09:02.678390 n-d-826756-5 devstack@keystone.service[80978]: ERROR keystone.server.flask.application return self.driver.get_role(role_id)
Aug 03 04:09:02.678390 n-d-826756-5 devstack@keystone.service[80978]: ERROR keystone.server.flask.application
File "/opt/stack/keystone/keystone/assignment/role_backends/sql.py", line 70, in get_role
Aug 03 04:09:02.678390 n-d-826756-5 devstack@keystone.service[80978]: ERROR keystone.server.flask.application return self._get_role(session, role_id).to_dict()
Aug 03 04:09:02.678390 n-d-826756-5 devstack@keystone.service[80978]: ERROR keystone.server.flask.application
File "/opt/stack/keystone/keystone/assignment/role_backends/sql.py", line 65, in _get_role
Aug 03 04:09:02.678390 n-d-826756-5 devstack@keystone.service[80978]: ERROR keystone.server.flask.application raise exception.RoleNotFound(role_id=role_id)
Aug 03 04:09:02.678390 n-d-826756-5 devstack@keystone.service[80978]: ERROR keystone.server.flask.application keystone.exception.RoleNotFound: Could not find role: admin.
Aug 03 04:09:02.678390 n-d-826756-5 devstack@keystone.service[80978]: ERROR keystone.server.flask.application
Aug 03 04:09:02.678390 n-d-826756-5 devstack@keystone.service[80978]: [pid: 80978|app: 0|req: 7/14] 10.222.0.72 () {56 vars in 1096 bytes} [Wed Aug 3 04:09:02 2022] GET /identity/v3/roles/admin => generated 83 bytes in 161 msecs (HTTP/1.1 404) 5 headers in 183 bytes (2 switches on core 0)
Aug 03 04:09:02.682040 n-d-826756-5 devstack@keystone.service[80979]: DEBUG keystone.server.flask.request_processing.middleware.auth_context [None req-d122aec6-9f82-4567-b2a4-3ec23db3ffb9 None None] Authenticating user token {{(pid=80979) process_request /usr/local/lib/python3.8/dist-packages/keystonemiddleware/auth_token/__init__.py:407}}
Aug 03 04:09:02.684935 n-d-826756-5 devstack@keystone.service[80978]: DEBUG keystone.server.flask.request_processing.middleware.auth_context [None req-af0e2f48-5b79-4fea-bcc1-a3db48ef619c None admin] Authenticating user token {{(pid=80978) process_request /usr/local/lib/python3.8/dist-packages/keystonemiddleware/auth_token/__init__.py:407}}
Aug 03 04:09:02.768173 n-d-826756-5 devstack@keystone.service[80978]: DEBUG dbcounter [-] [80978] Writing DB stats keystone:SELECT=100 {{(pid=80978) stat_writer /usr/local/lib/python3.8/dist-packages/dbcounter.py:114}}
Aug 03 04:09:02.785330 n-d-826756-5 devstack@keystone.service[80979]: DEBUG keystone.server.flask.request_processing.middleware.auth_context [None req-d122aec6-9f82-4567-b2a4-3ec23db3ffb9 None None] Validating token access rules against request {{(pid=80979) validate_allowed_request /usr/local/lib/python3.8/dist-packages/keystonemiddleware/auth_token/__init__.py:545}}
Aug 03 04:09:02.786472 n-d-826756-5 devstack@keystone.service[80978]: DEBUG keystone.server.flask.request_processing.middleware.auth_context [None req-af0e2f48-5b79-4fea-bcc1-a3db48ef619c None admin] Validating token access rules against request {{(pid=80978) validate_allowed_request /usr/local/lib/python3.8/dist-packages/keystonemiddleware/auth_token/__init__.py:545}}
Aug 03 04:09:02.787622 n-d-826756-5 devstack@keystone.service[80979]: DEBUG dbcounter [-] [80979] Writing DB stats keystone:SELECT=100 {{(pid=80979) stat_writer /usr/local/lib/python3.8/dist-packages/dbcounter.py:114}}
Aug 03 04:09:02.820541 n-d-826756-5 devstack@keystone.service[80978]: DEBUG keystone.server.flask.request_processing.middleware.auth_context [None req-aec20ec3-9d9e-4c8e-953e-e757b300e31a None admin] RBAC: auth_context: {'token': , 'domain_id': None, 'trust_id': None, 'trustor_id': None, 'trustee_id': None, 'domain_name': None, 'group_ids': [], 'user_id': 'bcbde3a4d08549f080095b61a2d33019', 'user_domain_id': 'default', 'system_scope': 'all', 'project_id': None, 'project_domain_id': None, 'roles': ['admin', 'member', 'reader'], 'is_admin_project': True, 'service_user_id': None, 'service_user_domain_id': None, 'service_project_id': None, 'service_project_domain_id': None, 'service_roles': []} {{(pid=80978) fill_context /opt/stack/keystone/keystone/server/flask/request_processing/middleware/auth_context.py:478}}
Aug 03 04:09:02.821148 n-d-826756-5 devstack@keystone.service[80978]: DEBUG keystone.server.flask.request_processing.req_logging [None req-aec20ec3-9d9e-4c8e-953e-e757b300e31a None admin] REQUEST_METHOD: `GET` {{(pid=80978) log_request_info /opt/stack/keystone/keystone/server/flask/request_processing/req_logging.py:27}}
Aug 03 04:09:02.821429 n-d-826756-5 devstack@keystone.service[80978]: DEBUG keystone.server.flask.request_processing.req_logging [None req-aec20ec3-9d9e-4c8e-953e-e757b300e31a None admin] SCRIPT_NAME: `/identity` {{(pid=80978) log_request_info /opt/stack/keystone/keystone/server/flask/request_processing/req_logging.py:28}}
Aug 03 04:09:02.822364 n-d-826756-5 devstack@keystone.service[80978]: DEBUG keystone.server.flask.request_processing.req_logging [None req-aec20ec3-9d9e-4c8e-953e-e757b300e31a None admin] PATH_INFO: `/v3/roles` {{(pid=80978) log_request_info /opt/stack/keystone/keystone/server/flask/request_processing/req_logging.py:29}}
Aug 03 04:09:02.822364 n-d-826756-5 devstack@keystone.service[80978]: DEBUG keystone.common.rbac_enforcer.enforcer [None req-aec20ec3-9d9e-4c8e-953e-e757b300e31a None admin] RBAC: Adding query filter params (name=admin) {{(pid=80978) _extract_filter_values /opt/stack/keystone/keystone/common/rbac_enforcer/enforcer.py:167}}
Aug 03 04:09:02.822655 n-d-826756-5 devstack@keystone.service[80979]: DEBUG keystone.server.flask.request_processing.middleware.auth_context [None req-de5064c1-2dc3-4be5-a584-28b081cbda2d None admin] RBAC: auth_context: {'token': , 'domain_id': None, 'trust_id': None, 'trustor_id': None, 'trustee_id': None, 'domain_name': None, 'group_ids': [], 'user_id': 'bcbde3a4d08549f080095b61a2d33019', 'user_domain_id': 'default', 'system_scope': 'all', 'project_id': None, 'project_domain_id': None, 'roles': ['admin', 'member', 'reader'], 'is_admin_project': True, 'service_user_id': None, 'service_user_domain_id': None, 'service_project_id': None, 'service_project_domain_id': None, 'service_roles': []} {{(pid=80979) fill_context /opt/stack/keystone/keystone/server/flask/request_processing/middleware/auth_context.py:478}}
Aug 03 04:09:02.822768 n-d-826756-5 devstack@keystone.service[80978]: DEBUG keystone.common.rbac_enforcer.enforcer [None req-aec20ec3-9d9e-4c8e-953e-e757b300e31a None admin] RBAC: Authorizing `identity:list_roles()` {{(pid=80978) enforce_call /opt/stack/keystone/keystone/common/rbac_enforcer/enforcer.py:449}}
Aug 03 04:09:02.823525 n-d-826756-5 devstack@keystone.service[80979]: DEBUG keystone.server.flask.request_processing.req_logging [None req-de5064c1-2dc3-4be5-a584-28b081cbda2d None admin] REQUEST_METHOD: `GET` {{(pid=80979) log_request_info /opt/stack/keystone/keystone/server/flask/request_processing/req_logging.py:27}}
Aug 03 04:09:02.823812 n-d-826756-5 devstack@keystone.service[80979]: DEBUG keystone.server.flask.request_processing.req_logging [None req-de5064c1-2dc3-4be5-a584-28b081cbda2d None admin] SCRIPT_NAME: `/identity` {{(pid=80979) log_request_info /opt/stack/keystone/keystone/server/flask/request_processing/req_logging.py:28}}
Aug 03 04:09:02.824091 n-d-826756-5 devstack@keystone.service[80979]: DEBUG keystone.server.flask.request_processing.req_logging [None req-de5064c1-2dc3-4be5-a584-28b081cbda2d None admin] PATH_INFO: `/v3/auth/tokens` {{(pid=80979) log_request_info /opt/stack/keystone/keystone/server/flask/request_processing/req_logging.py:29}}
Aug 03 04:09:02.824186 n-d-826756-5 devstack@keystone.service[80978]: DEBUG keystone.common.rbac_enforcer.enforcer [None req-aec20ec3-9d9e-4c8e-953e-e757b300e31a None admin] RBAC: Authorization granted {{(pid=80978) enforce_call /opt/stack/keystone/keystone/common/rbac_enforcer/enforcer.py:457}}
Aug 03 04:09:02.836249 n-d-826756-5 devstack@keystone.service[80978]: [pid: 80978|app: 0|req: 8/15] 10.222.0.72 () {56 vars in 1099 bytes} [Wed Aug 3 04:09:02 2022] GET /identity/v3/roles?name=admin => generated 339 bytes in 152 msecs (HTTP/1.1 200) 5 headers in 177 bytes (2 switches on core 0)
Aug 03 04:09:02.841680 n-d-826756-5 devstack@keystone.service[80978]: DEBUG keystone.server.flask.request_processing.middleware.auth_context [None req-aec20ec3-9d9e-4c8e-953e-e757b300e31a None admin] Authenticating user token {{(pid=80978) process_request /usr/local/lib/python3.8/dist-packages/keystonemiddleware/auth_token/__init__.py:407}}
Aug 03 04:09:02.892590 n-d-826756-5 devstack@keystone.service[80979]: DEBUG keystone.common.rbac_enforcer.enforcer [None req-de5064c1-2dc3-4be5-a584-28b081cbda2d None admin] RBAC: Authorizing `identity:validate_token()` {{(pid=80979) enforce_call /opt/stack/keystone/keystone/common/rbac_enforcer/enforcer.py:449}}
Aug 03 04:09:02.894112 n-d-826756-5 devstack@keystone.service[80979]: DEBUG keystone.common.rbac_enforcer.enforcer [None req-de5064c1-2dc3-4be5-a584-28b081cbda2d None admin] RBAC: Authorization granted {{(pid=80979) enforce_call /opt/stack/keystone/keystone/common/rbac_enforcer/enforcer.py:457}}
Aug 03 04:09:02.937467 n-d-826756-5 devstack@keystone.service[80978]: DEBUG keystone.server.flask.request_processing.middleware.auth_context [None req-aec20ec3-9d9e-4c8e-953e-e757b300e31a None admin] Validating token access rules against request {{(pid=80978) validate_allowed_request /usr/local/lib/python3.8/dist-packages/keystonemiddleware/auth_token/__init__.py:545}}
Aug 03 04:09:02.972703 n-d-826756-5 devstack@keystone.service[80978]: DEBUG keystone.server.flask.request_processing.middleware.auth_context [None req-6c56b66e-50ab-41d2-974f-ee0af059f2c7 None admin] RBAC: auth_context: {'token': , 'domain_id': None, 'trust_id': None, 'trustor_id': None, 'trustee_id': None, 'domain_name': None, 'group_ids': [], 'user_id': 'bcbde3a4d08549f080095b61a2d33019', 'user_domain_id': 'default', 'system_scope': 'all', 'project_id': None, 'project_domain_id': None, 'roles': ['admin', 'member', 'reader'], 'is_admin_project': True, 'service_user_id': None, 'service_user_domain_id': None, 'service_project_id': None, 'service_project_domain_id': None, 'service_roles': []} {{(pid=80978) fill_context /opt/stack/keystone/keystone/server/flask/request_processing/middleware/auth_context.py:478}}
Aug 03 04:09:02.973473 n-d-826756-5 devstack@keystone.service[80978]: DEBUG keystone.server.flask.request_processing.req_logging [None req-6c56b66e-50ab-41d2-974f-ee0af059f2c7 None admin] REQUEST_METHOD: `GET` {{(pid=80978) log_request_info /opt/stack/keystone/keystone/server/flask/request_processing/req_logging.py:27}}
Aug 03 04:09:02.975678 n-d-826756-5 devstack@keystone.service[80978]: DEBUG keystone.server.flask.request_processing.req_logging [None req-6c56b66e-50ab-41d2-974f-ee0af059f2c7 None admin] SCRIPT_NAME: `/identity` {{(pid=80978) log_request_info /opt/stack/keystone/keystone/server/flask/request_processing/req_logging.py:28}}
Aug 03 04:09:02.976061 n-d-826756-5 devstack@keystone.service[80978]: DEBUG keystone.server.flask.request_processing.req_logging [None req-6c56b66e-50ab-41d2-974f-ee0af059f2c7 None admin] PATH_INFO: `/v3/users/bcbde3a4d08549f080095b61a2d33019` {{(pid=80978) log_request_info /opt/stack/keystone/keystone/server/flask/request_processing/req_logging.py:29}}
Aug 03 04:09:02.977519 n-d-826756-5 devstack@keystone.service[80978]: DEBUG keystone.common.rbac_enforcer.enforcer [None req-6c56b66e-50ab-41d2-974f-ee0af059f2c7 None admin] RBAC: Authorizing `identity:get_user(user_id=bcbde3a4d08549f080095b61a2d33019)` {{(pid=80978) enforce_call /opt/stack/keystone/keystone/common/rbac_enforcer/enforcer.py:449}}
Aug 03 04:09:02.978997 n-d-826756-5 devstack@keystone.service[80978]: DEBUG keystone.common.rbac_enforcer.enforcer [None req-6c56b66e-50ab-41d2-974f-ee0af059f2c7 None admin] RBAC: Authorization granted {{(pid=80978) enforce_call /opt/stack/keystone/keystone/common/rbac_enforcer/enforcer.py:457}}
Aug 03 04:09:02.980912 n-d-826756-5 devstack@keystone.service[80978]: [pid: 80978|app: 0|req: 9/16] 10.222.0.72 () {56 vars in 1177 bytes} [Wed Aug 3 04:09:02 2022] GET /identity/v3/users/bcbde3a4d08549f080095b61a2d33019 => generated 247 bytes in 140 msecs (HTTP/1.1 200) 5 headers in 177 bytes (2 switches on core 0)
Aug 03 04:09:02.986160 n-d-826756-5 devstack@keystone.service[80978]: DEBUG keystone.server.flask.request_processing.middleware.auth_context [None req-6c56b66e-50ab-41d2-974f-ee0af059f2c7 None admin] Authenticating user token {{(pid=80978) process_request /usr/local/lib/python3.8/dist-packages/keystonemiddleware/auth_token/__init__.py:407}}
Aug 03 04:09:02.995553 n-d-826756-5 devstack@keystone.service[80979]: [pid: 80979|app: 0|req: 8/17] 10.222.0.72 () {58 vars in 1282 bytes} [Wed Aug 3 04:09:02 2022] GET /identity/v3/auth/tokens => generated 799 bytes in 314 msecs (HTTP/1.1 200) 6 headers in 358 bytes (1 switches on core 0)
Aug 03 04:09:03.000988 n-d-826756-5 devstack@keystone.service[80978]: DEBUG dbcounter [-] [80978] Writing DB stats keystone:SELECT=100 {{(pid=80978) stat_writer /usr/local/lib/python3.8/dist-packages/dbcounter.py:114}}
Aug 03 04:09:03.001206 n-d-826756-5 devstack@keystone.service[80979]: DEBUG keystone.server.flask.request_processing.middleware.auth_context [None req-de5064c1-2dc3-4be5-a584-28b081cbda2d None admin] Authenticating user token {{(pid=80979) process_request /usr/local/lib/python3.8/dist-packages/keystonemiddleware/auth_token/__init__.py:407}}
Aug 03 04:09:03.004014 n-d-826756-5 devstack@keystone.service[80979]: DEBUG dbcounter [-] [80979] Writing DB stats keystone:SELECT=100 {{(pid=80979) stat_writer /usr/local/lib/python3.8/dist-packages/dbcounter.py:114}}
Aug 03 04:09:03.106314 n-d-826756-5 devstack@keystone.service[80979]: DEBUG keystone.server.flask.request_processing.middleware.auth_context [None req-de5064c1-2dc3-4be5-a584-28b081cbda2d None admin] Validating token access rules against request {{(pid=80979) validate_allowed_request /usr/local/lib/python3.8/dist-packages/keystonemiddleware/auth_token/__init__.py:545}}
Aug 03 04:09:03.144701 n-d-826756-5 devstack@keystone.service[80979]: DEBUG keystone.server.flask.request_processing.middleware.auth_context [None req-45062b33-26a9-4eb6-86bf-6ae953fc95af None admin] RBAC: auth_context: {'token': , 'domain_id': None, 'trust_id': None, 'trustor_id': None, 'trustee_id': None, 'domain_name': None, 'group_ids': [], 'user_id': 'bcbde3a4d08549f080095b61a2d33019', 'user_domain_id': 'default', 'system_scope': 'all', 'project_id': None, 'project_domain_id': None, 'roles': ['admin', 'member', 'reader'], 'is_admin_project': True, 'service_user_id': None, 'service_user_domain_id': None, 'service_project_id': None, 'service_project_domain_id': None, 'service_roles': []} {{(pid=80979) fill_context /opt/stack/keystone/keystone/server/flask/request_processing/middleware/auth_context.py:478}}
Aug 03 04:09:03.145752 n-d-826756-5 devstack@keystone.service[80979]: DEBUG keystone.server.flask.request_processing.req_logging [None req-45062b33-26a9-4eb6-86bf-6ae953fc95af None admin] REQUEST_METHOD: `GET` {{(pid=80979) log_request_info /opt/stack/keystone/keystone/server/flask/request_processing/req_logging.py:27}}
Aug 03 04:09:03.146041 n-d-826756-5 devstack@keystone.service[80979]: DEBUG keystone.server.flask.request_processing.req_logging [None req-45062b33-26a9-4eb6-86bf-6ae953fc95af None admin] SCRIPT_NAME: `/identity` {{(pid=80979) log_request_info /opt/stack/keystone/keystone/server/flask/request_processing/req_logging.py:28}}
Aug 03 04:09:03.146318 n-d-826756-5 devstack@keystone.service[80979]: DEBUG keystone.server.flask.request_processing.req_logging [None req-45062b33-26a9-4eb6-86bf-6ae953fc95af None admin] PATH_INFO: `/v3/domains/Default` {{(pid=80979) log_request_info /opt/stack/keystone/keystone/server/flask/request_processing/req_logging.py:29}}
