Feb 19 03:09:19.180327 n-d-826756-2 neutron-server[103616]: DEBUG neutron_lib.callbacks.manager [None req-a4137ec0-7b6e-424c-90e9-9a63c62c3116 admin admin] Publish callbacks ['neutron.plugins.ml2.ovo_rpc._ObjectChangeHandler.handle_event-4159101'] for security_group (80c23d43-a5fa-4d3c-82e3-543229c682ed), after_create {{(pid=103616) _notify_loop /usr/local/lib/python3.8/dist-packages/neutron_lib/callbacks/manager.py:176}}
Feb 19 03:09:19.197880 n-d-826756-2 neutron-server[103616]: DEBUG neutron.plugins.ml2.drivers.helpers [None req-a4137ec0-7b6e-424c-90e9-9a63c62c3116 admin admin] vlan segment allocate from pool success with {'physical_network': 'physnet1', 'vlan_id': 373} {{(pid=103616) allocate_partially_specified_segment /opt/stack/neutron/neutron/plugins/ml2/drivers/helpers.py:153}}
Feb 19 03:09:19.212757 n-d-826756-2 neutron-server[103616]: DEBUG neutron_lib.callbacks.manager [None req-a4137ec0-7b6e-424c-90e9-9a63c62c3116 admin admin] Publish callbacks ['neutron.plugins.ml2.plugin.Ml2Plugin._handle_segment_change-1196201'] for segment (144418fd-e27d-4200-bb1f-71d7caa2191f), precommit_create {{(pid=103616) _notify_loop /usr/local/lib/python3.8/dist-packages/neutron_lib/callbacks/manager.py:176}}
Feb 19 03:09:19.215845 n-d-826756-2 neutron-server[103616]: INFO neutron.db.segments_db [None req-a4137ec0-7b6e-424c-90e9-9a63c62c3116 admin admin] Added segment 144418fd-e27d-4200-bb1f-71d7caa2191f of type vlan for network 51aab0f8-9aca-4bc6-b3bd-604269a3cb89
Feb 19 03:09:19.247150 n-d-826756-2 neutron-server[103615]: DEBUG neutron.wsgi [-] (103615) accepted ('10.222.0.42', 54512) {{(pid=103615) server /usr/local/lib/python3.8/dist-packages/eventlet/wsgi.py:1004}}
Feb 19 03:09:19.296857 n-d-826756-2 neutron-server[103615]: DEBUG neutron.pecan_wsgi.hooks.policy_enforcement [req-65679188-f571-4a03-8798-4724e7e303f1 req-0ab83468-0071-482d-805f-fb14620bde25 service neutron] Attributes excluded by policy engine: ['standard_attr_id'] {{(pid=103615) _exclude_attributes_by_policy /opt/stack/neutron/neutron/pecan_wsgi/hooks/policy_enforcement.py:255}}
Feb 19 03:09:19.308071 n-d-826756-2 neutron-server[103615]: INFO neutron.wsgi [req-65679188-f571-4a03-8798-4724e7e303f1 req-0ab83468-0071-482d-805f-fb14620bde25 service neutron] 10.222.0.71 "GET /v2.0/ports?network_id=2c9411ea-247d-4a0d-a9d3-c63f88cb48a1&device_owner=network%3Adhcp HTTP/1.1" status: 200 len: 1203 time: 0.4429615
Feb 19 03:09:19.347472 n-d-826756-2 neutron-server[103616]: DEBUG neutron.api.rpc.handlers.resources_rpc [None req-a4137ec0-7b6e-424c-90e9-9a63c62c3116 admin admin] Pushing event updated for resources: {'SecurityGroup': ['ID=80c23d43-a5fa-4d3c-82e3-543229c682ed,revision_number=1']} {{(pid=103616) push /opt/stack/neutron/neutron/api/rpc/handlers/resources_rpc.py:237}}
Feb 19 03:09:19.360195 n-d-826756-2 neutron-server[103616]: DEBUG neutron_lib.callbacks.manager [None req-a4137ec0-7b6e-424c-90e9-9a63c62c3116 admin admin] Publish callbacks ['neutron.services.auto_allocate.db._ensure_external_network_default_value_callback-8791908917122'] for network (51aab0f8-9aca-4bc6-b3bd-604269a3cb89), precommit_create {{(pid=103616) _notify_loop /usr/local/lib/python3.8/dist-packages/neutron_lib/callbacks/manager.py:176}}
Feb 19 03:09:19.386820 n-d-826756-2 neutron-server[103615]: DEBUG neutron_lib.callbacks.manager [None req-c58b1fb0-fe74-43a8-be20-96171a58e0b4 admin admin] Publish callbacks [] for security_group (None), before_create {{(pid=103615) _notify_loop /usr/local/lib/python3.8/dist-packages/neutron_lib/callbacks/manager.py:176}}
Feb 19 03:09:19.395885 n-d-826756-2 neutron-server[103617]: DEBUG neutron.plugins.ml2.managers [None req-199d3142-8d08-4005-b483-d047c8bc0922 None None] Attempting to bind port ba5028f9-8dd6-4aec-9061-ced7c196949d on host n-d-826756-2 for vnic_type normal with profile {{(pid=103617) bind_port /opt/stack/neutron/neutron/plugins/ml2/managers.py:795}}
Feb 19 03:09:19.396334 n-d-826756-2 neutron-server[103617]: DEBUG neutron.plugins.ml2.managers [None req-199d3142-8d08-4005-b483-d047c8bc0922 None None] Attempting to bind port ba5028f9-8dd6-4aec-9061-ced7c196949d by drivers openvswitch,hyperv on host n-d-826756-2 at level 0 using segments [{'id': '7de258c7-4d8e-4728-89b4-f43ec6bca67d', 'network_type': 'vlan', 'physical_network': 'physnet1', 'segmentation_id': 357, 'network_id': '78ce3a2f-2af8-45e3-8723-720eca1bd14d'}] {{(pid=103617) _bind_port_level /opt/stack/neutron/neutron/plugins/ml2/managers.py:820}}
Feb 19 03:09:19.396674 n-d-826756-2 neutron-server[103617]: DEBUG neutron.plugins.ml2.drivers.mech_agent [None req-199d3142-8d08-4005-b483-d047c8bc0922 None None] Attempting to bind port ba5028f9-8dd6-4aec-9061-ced7c196949d on network 78ce3a2f-2af8-45e3-8723-720eca1bd14d {{(pid=103617) bind_port /opt/stack/neutron/neutron/plugins/ml2/drivers/mech_agent.py:91}}
Feb 19 03:09:19.413204 n-d-826756-2 neutron-server[103616]: DEBUG neutron_lib.callbacks.manager [None req-a4137ec0-7b6e-424c-90e9-9a63c62c3116 admin admin] Publish callbacks ['neutron.plugins.ml2.ovo_rpc._ObjectChangeHandler.handle_event-3704001', 'neutron.api.rpc.agentnotifiers.dhcp_rpc_agent_api.DhcpAgentNotifyAPI._native_event_send_dhcp_notification-3696387'] for network (51aab0f8-9aca-4bc6-b3bd-604269a3cb89), after_create {{(pid=103616) _notify_loop /usr/local/lib/python3.8/dist-packages/neutron_lib/callbacks/manager.py:176}}
Feb 19 03:09:19.414256 n-d-826756-2 neutron-server[103616]: DEBUG neutron.pecan_wsgi.hooks.policy_enforcement [None req-a4137ec0-7b6e-424c-90e9-9a63c62c3116 admin admin] Attributes excluded by policy engine: ['standard_attr_id', 'vlan_transparent'] {{(pid=103616) _exclude_attributes_by_policy /opt/stack/neutron/neutron/pecan_wsgi/hooks/policy_enforcement.py:255}}
Feb 19 03:09:19.415380 n-d-826756-2 neutron-server[103616]: DEBUG neutron_lib.callbacks.manager [None req-a4137ec0-7b6e-424c-90e9-9a63c62c3116 admin admin] Publish callbacks ['neutron.api.rpc.agentnotifiers.dhcp_rpc_agent_api.DhcpAgentNotifyAPI._send_dhcp_notification-3696429'] for network (None), before_response {{(pid=103616) _notify_loop /usr/local/lib/python3.8/dist-packages/neutron_lib/callbacks/manager.py:176}}
Feb 19 03:09:19.418039 n-d-826756-2 neutron-server[103617]: DEBUG neutron.plugins.ml2.drivers.mech_agent [None req-199d3142-8d08-4005-b483-d047c8bc0922 None None] Checking agent: {'id': 'e4f1053e-41ef-4ecf-b054-8b9045eb847b', 'agent_type': 'Open vSwitch agent', 'binary': 'neutron-openvswitch-agent', 'topic': 'N/A', 'host': 'n-d-826756-2', 'admin_state_up': True, 'created_at': datetime.datetime(2022, 2, 19, 2, 59, 14), 'started_at': datetime.datetime(2022, 2, 19, 2, 59, 44), 'heartbeat_timestamp': datetime.datetime(2022, 2, 19, 3, 9, 15), 'description': None, 'resources_synced': None, 'availability_zone': None, 'alive': True, 'configurations': {'arp_responder_enabled': False, 'baremetal_smartnic': False, 'bridge_mappings': {'physnet1': 'br-data'}, 'datapath_type': 'system', 'devices': 0, 'enable_distributed_routing': False, 'extensions': [], 'in_distributed_mode': False, 'integration_bridge': 'br-int', 'l2_population': False, 'log_agent_heartbeats': False, 'ovs_capabilities': {'datapath_types': ['netdev', 'system'], 'iface_types': ['erspan', 'geneve', 'gre', 'internal', 'ip6erspan', 'ip6gre', 'lisp', 'patch', 'stt', 'system', 'tap', 'vxlan']}, 'ovs_hybrid_plug': False, 'resource_provider_bandwidths': {}, 'resource_provider_hypervisors': {'br-data': 'n-d-826756-2'}, 'resource_provider_inventory_defaults': {'allocation_ratio': 1.0, 'min_unit': 1, 'step_size': 1, 'reserved': 0}, 'resource_provider_packet_processing_inventory_defaults': {'allocation_ratio': 1.0, 'min_unit': 1, 'step_size': 1, 'reserved': 0}, 'resource_provider_packet_processing_with_direction': {}, 'resource_provider_packet_processing_without_direction': {}, 'tunnel_types': [], 'tunneling_ip': None, 'vhostuser_socket_dir': '/var/run/openvswitch'}, 'resource_versions': {'AddressGroup': '1.2', 'ConntrackHelper': '1.0', 'LocalIPAssociation': '1.0', 'Log': '1.0', 'Network': '1.1', 'Port': '1.7', 'PortForwarding': '1.2', 'QosPolicy': '1.10', 'SecurityGroup': '1.5', 'SecurityGroupRule': '1.2', 'SubPort': '1.0', 'Subnet': '1.1', 'Trunk': '1.1'}} {{(pid=103617) bind_port /opt/stack/neutron/neutron/plugins/ml2/drivers/mech_agent.py:110}}
Feb 19 03:09:19.418426 n-d-826756-2 neutron-server[103617]: DEBUG neutron.plugins.ml2.drivers.mech_agent [None req-199d3142-8d08-4005-b483-d047c8bc0922 None None] Checking segment: {'id': '7de258c7-4d8e-4728-89b4-f43ec6bca67d', 'network_type': 'vlan', 'physical_network': 'physnet1', 'segmentation_id': 357, 'network_id': '78ce3a2f-2af8-45e3-8723-720eca1bd14d'} for mappings: {'physnet1': 'br-data'} with network types: ['local', 'flat', 'vlan'] {{(pid=103617) check_segment_for_agent /opt/stack/neutron/neutron/plugins/ml2/drivers/mech_agent.py:373}}
Feb 19 03:09:19.418841 n-d-826756-2 neutron-server[103617]: DEBUG neutron_lib.callbacks.manager [None req-199d3142-8d08-4005-b483-d047c8bc0922 None None] Publish callbacks [] for ovs_bridge_name (None), before_read {{(pid=103617) _notify_loop /usr/local/lib/python3.8/dist-packages/neutron_lib/callbacks/manager.py:176}}
Feb 19 03:09:19.419225 n-d-826756-2 neutron-server[103617]: DEBUG neutron.plugins.ml2.drivers.mech_agent [None req-199d3142-8d08-4005-b483-d047c8bc0922 None None] Bound using segment: {'id': '7de258c7-4d8e-4728-89b4-f43ec6bca67d', 'network_type': 'vlan', 'physical_network': 'physnet1', 'segmentation_id': 357, 'network_id': '78ce3a2f-2af8-45e3-8723-720eca1bd14d'} {{(pid=103617) bind_port /opt/stack/neutron/neutron/plugins/ml2/drivers/mech_agent.py:120}}
Feb 19 03:09:19.419697 n-d-826756-2 neutron-server[103617]: DEBUG neutron.plugins.ml2.managers [None req-199d3142-8d08-4005-b483-d047c8bc0922 None None] Bound port: ba5028f9-8dd6-4aec-9061-ced7c196949d, host: n-d-826756-2, vif_type: ovs, vif_details: {"connectivity": "l2", "port_filter": true, "ovs_hybrid_plug": false, "datapath_type": "system", "bridge_name": "br-int"}, binding_levels: [{'bound_driver': 'openvswitch', 'bound_segment': {'id': '7de258c7-4d8e-4728-89b4-f43ec6bca67d', 'network_type': 'vlan', 'physical_network': 'physnet1', 'segmentation_id': 357, 'network_id': '78ce3a2f-2af8-45e3-8723-720eca1bd14d'}}] {{(pid=103617) _bind_port_level /opt/stack/neutron/neutron/plugins/ml2/managers.py:932}}
Feb 19 03:09:19.420083 n-d-826756-2 neutron-server[103617]: DEBUG neutron_lib.callbacks.manager [None req-199d3142-8d08-4005-b483-d047c8bc0922 None None] Publish callbacks ['neutron.plugins.ml2.plugin.SecurityGroupDbMixin._ensure_default_security_group_handler-1358375'] for port (ba5028f9-8dd6-4aec-9061-ced7c196949d), before_update {{(pid=103617) _notify_loop /usr/local/lib/python3.8/dist-packages/neutron_lib/callbacks/manager.py:176}}
Feb 19 03:09:19.552583 n-d-826756-2 neutron-server[103616]: INFO neutron.wsgi [None req-a4137ec0-7b6e-424c-90e9-9a63c62c3116 admin admin] 10.222.0.42 "POST /v2.0/networks HTTP/1.1" status: 201 len: 897 time: 0.7765486
Feb 19 03:09:19.555813 n-d-826756-2 neutron-server[103616]: DEBUG neutron.wsgi [-] (103616) accepted ('10.222.0.42', 54514) {{(pid=103616) server /usr/local/lib/python3.8/dist-packages/eventlet/wsgi.py:1004}}
Feb 19 03:09:19.566299 n-d-826756-2 neutron-server[103616]: DEBUG neutron.api.v2.base [None req-b51d2d8f-8c55-4e2e-9dc0-95107d8a6bd9 admin admin] Request body: {'subnet': {'network_id': '51aab0f8-9aca-4bc6-b3bd-604269a3cb89', 'cidr': '172.20.0.0/28', 'name': 'tempest-ServersWithSpecificFlavorTestJSON-1986084510-subnet', 'tenant_id': '6203adba88b24a08b29847dbae667b17', 'enable_dhcp': True, 'ip_version': 4}} {{(pid=103616) prepare_request_body /opt/stack/neutron/neutron/api/v2/base.py:729}}
Feb 19 03:09:19.589103 n-d-826756-2 neutron-server[103616]: DEBUG neutron.api.rpc.handlers.resources_rpc [None req-a4137ec0-7b6e-424c-90e9-9a63c62c3116 admin admin] Pushing event updated for resources: {'Network': ['ID=51aab0f8-9aca-4bc6-b3bd-604269a3cb89,revision_number=1']} {{(pid=103616) push /opt/stack/neutron/neutron/api/rpc/handlers/resources_rpc.py:237}}
Feb 19 03:09:19.607852 n-d-826756-2 neutron-server[103616]: DEBUG neutron.pecan_wsgi.hooks.quota_enforcement [None req-b51d2d8f-8c55-4e2e-9dc0-95107d8a6bd9 admin admin] Made reservation on behalf of 6203adba88b24a08b29847dbae667b17 for: {'subnet': 1} {{(pid=103616) before /opt/stack/neutron/neutron/pecan_wsgi/hooks/quota_enforcement.py:53}}
Feb 19 03:09:19.610434 n-d-826756-2 neutron-server[103616]: DEBUG neutron_lib.callbacks.manager [None req-b51d2d8f-8c55-4e2e-9dc0-95107d8a6bd9 admin admin] Publish callbacks [] for subnet (None), before_create {{(pid=103616) _notify_loop /usr/local/lib/python3.8/dist-packages/neutron_lib/callbacks/manager.py:176}}
Feb 19 03:09:19.623482 n-d-826756-2 neutron-server[103617]: DEBUG neutron.plugins.ml2.rpc [None req-90d45bdd-dc2e-4ecd-83f5-28863b8fd3e0 None None] Network 51aab0f8-9aca-4bc6-b3bd-604269a3cb89 details requested by agent ovs-agent-n-d-826756-2 with host n-d-826756-2 {{(pid=103617) get_network_details /opt/stack/neutron/neutron/plugins/ml2/rpc.py:248}}
Feb 19 03:09:19.625320 n-d-826756-2 neutron-server[103616]: DEBUG neutron_lib.callbacks.manager [None req-fe9b2fdb-9d89-44ee-9fa9-b2a9490dc8dd admin admin] Publish callbacks [] for security_group (None), before_create {{(pid=103616) _notify_loop /usr/local/lib/python3.8/dist-packages/neutron_lib/callbacks/manager.py:176}}
Feb 19 03:09:19.812325 n-d-826756-2 neutron-server[103617]: DEBUG neutron.db.provisioning_blocks [None req-7df24d4b-ac4d-4887-a08b-0fc37d01f3a2 None None] Provisioning complete for port ba5028f9-8dd6-4aec-9061-ced7c196949d triggered by entity DHCP. {{(pid=103617) provisioning_complete /opt/stack/neutron/neutron/db/provisioning_blocks.py:139}}
Feb 19 03:09:19.812831 n-d-826756-2 neutron-server[103617]: DEBUG neutron_lib.callbacks.manager [None req-7df24d4b-ac4d-4887-a08b-0fc37d01f3a2 None None] Publish callbacks ['neutron.plugins.ml2.plugin.Ml2Plugin._port_provisioned-1124670'] for port (ba5028f9-8dd6-4aec-9061-ced7c196949d), provisioning_complete {{(pid=103617) _notify_loop /usr/local/lib/python3.8/dist-packages/neutron_lib/callbacks/manager.py:176}}
Feb 19 03:09:19.859871 n-d-826756-2 neutron-server[103617]: DEBUG neutron.plugins.ml2.db [None req-199d3142-8d08-4005-b483-d047c8bc0922 None None] For port ba5028f9-8dd6-4aec-9061-ced7c196949d, host n-d-826756-2, cleared binding levels {{(pid=103617) clear_binding_levels /opt/stack/neutron/neutron/plugins/ml2/db.py:87}}
Feb 19 03:09:19.888453 n-d-826756-2 neutron-server[103616]: DEBUG neutron_lib.callbacks.manager [None req-fe9b2fdb-9d89-44ee-9fa9-b2a9490dc8dd admin admin] Publish callbacks [] for security_group (325e30da-bd57-4213-a6e0-4f73498531b9), precommit_create {{(pid=103616) _notify_loop /usr/local/lib/python3.8/dist-packages/neutron_lib/callbacks/manager.py:176}}
Feb 19 03:09:19.899883 n-d-826756-2 neutron-server[103616]: DEBUG neutron_lib.callbacks.manager [None req-fe9b2fdb-9d89-44ee-9fa9-b2a9490dc8dd admin admin] Publish callbacks ['neutron.plugins.ml2.ovo_rpc._ObjectChangeHandler.handle_event-4159101'] for security_group (325e30da-bd57-4213-a6e0-4f73498531b9), after_create {{(pid=103616) _notify_loop /usr/local/lib/python3.8/dist-packages/neutron_lib/callbacks/manager.py:176}}
Feb 19 03:09:19.901281 n-d-826756-2 neutron-server[103617]: DEBUG neutron.plugins.ml2.db [None req-199d3142-8d08-4005-b483-d047c8bc0922 None None] For port ba5028f9-8dd6-4aec-9061-ced7c196949d, host n-d-826756-2, set binding levels [PortBindingLevel(driver='openvswitch',host='n-d-826756-2',level=0,port_id=ba5028f9-8dd6-4aec-9061-ced7c196949d,segment=NetworkSegment(7de258c7-4d8e-4728-89b4-f43ec6bca67d),segment_id=7de258c7-4d8e-4728-89b4-f43ec6bca67d)] {{(pid=103617) set_binding_levels /opt/stack/neutron/neutron/plugins/ml2/db.py:59}}
Feb 19 03:09:19.903276 n-d-826756-2 neutron-server[103617]: DEBUG neutron.plugins.ml2.plugin [None req-7df24d4b-ac4d-4887-a08b-0fc37d01f3a2 None None] Port ba5028f9-8dd6-4aec-9061-ced7c196949d cannot update to ACTIVE because it is not bound. {{(pid=103617) _port_provisioned /opt/stack/neutron/neutron/plugins/ml2/plugin.py:343}}
Feb 19 03:09:19.911444 n-d-826756-2 neutron-server[103617]: DEBUG neutron_lib.callbacks.manager [None req-199d3142-8d08-4005-b483-d047c8bc0922 None None] Publish callbacks ['neutron.plugins.ml2.plugin.SecurityGroupServerNotifierRpcMixin._notify_sg_on_port_change-1359082', 'neutron.plugins.ml2.ovo_rpc._ObjectChangeHandler.handle_event-137236', 'neutron.api.rpc.agentnotifiers.dhcp_rpc_agent_api.DhcpAgentNotifyAPI._native_event_send_dhcp_notification-3696387', 'neutron.db.l3_db.L3RpcNotifierMixin._notify_gateway_port_ip_changed-8791909489035', 'neutron.db.l3_dvrscheduler_db._notify_l3_agent_port_update-8791908932410', 'neutron.db.l3_hascheduler_db._notify_l3_agent_ha_port_update-8791908932428'] for port (ba5028f9-8dd6-4aec-9061-ced7c196949d), after_update {{(pid=103617) _notify_loop /usr/local/lib/python3.8/dist-packages/neutron_lib/callbacks/manager.py:176}}
Feb 19 03:09:19.931015 n-d-826756-2 neutron-server[103615]: DEBUG neutron_lib.callbacks.manager [None req-c58b1fb0-fe74-43a8-be20-96171a58e0b4 admin admin] Publish callbacks [] for security_group (dc05e645-adc0-4126-b07e-8692051990ee), precommit_create {{(pid=103615) _notify_loop /usr/local/lib/python3.8/dist-packages/neutron_lib/callbacks/manager.py:176}}
Feb 19 03:09:19.943264 n-d-826756-2 neutron-server[103615]: DEBUG novaclient.v2.client [-] REQ: curl -g -i --cacert "/opt/stack/data/ca-bundle.pem" -X POST http://10.222.0.42/compute/v2.1/os-server-external-events -H "Accept: application/json" -H "Content-Type: application/json" -H "User-Agent: python-novaclient" -H "X-Auth-Token: {SHA256}8da9a3fc746204d1681f25b1d97a239ea2aeb64daf4ace90b22c6cbd86d1d994" -H "X-OpenStack-Nova-API-Version: 2.1" -H "X-OpenStack-Request-ID: req-f55e1d0f-88ca-4f1b-b24b-2f1730a48fc5" -d '{"events": [{"name": "network-changed", "server_uuid": "7f579cb7-10a1-4f3d-92c1-ff25ded4f0df", "tag": "9254f342-bea9-4120-80e6-6f4fa64b3816"}]}' {{(pid=103615) _http_log_request /usr/local/lib/python3.8/dist-packages/keystoneauth1/session.py:519}}
Feb 19 03:09:19.950354 n-d-826756-2 neutron-server[103615]: DEBUG neutron_lib.callbacks.manager [None req-c58b1fb0-fe74-43a8-be20-96171a58e0b4 admin admin] Publish callbacks ['neutron.plugins.ml2.ovo_rpc._ObjectChangeHandler.handle_event-4159101'] for security_group (dc05e645-adc0-4126-b07e-8692051990ee), after_create {{(pid=103615) _notify_loop /usr/local/lib/python3.8/dist-packages/neutron_lib/callbacks/manager.py:176}}
Feb 19 03:09:20.012715 n-d-826756-2 neutron-server[103615]: DEBUG neutron.wsgi [-] (103615) accepted ('10.222.0.42', 54520) {{(pid=103615) server /usr/local/lib/python3.8/dist-packages/eventlet/wsgi.py:1004}}
Feb 19 03:09:20.019200 n-d-826756-2 neutron-server[103617]: DEBUG neutron.db.l3_dvrscheduler_db [None req-199d3142-8d08-4005-b483-d047c8bc0922 None None] Routers {'e0faa132-ecf9-449e-9cc9-5ab8fa229d96'} bound to L3 agent in host n-d-826756-2 {{(pid=103617) _get_router_ids_for_agent /opt/stack/neutron/neutron/db/l3_dvrscheduler_db.py:421}}
Feb 19 03:09:20.025364 n-d-826756-2 neutron-server[103617]: DEBUG neutron.db.l3_hamode_db [None req-199d3142-8d08-4005-b483-d047c8bc0922 None None] neutron.services.l3_router.l3_router_plugin.L3RouterPlugin method get_ha_sync_data_for_host called with arguments (, 'n-d-826756-2', Agent(admin_state_up=True,agent_type='L3 agent',availability_zone='nova',binary='neutron-l3-agent',configurations={"agent_mode": "legacy", "ex_gw_ports": 1, "extensions": [], "floating_ips": 0, "handle_internal_only_routers": true, "interface_driver": "openvswitch", "interfaces": 1, "log_agent_heartbeats": false, "routers": 1},created_at=2022-02-19T02:59:10Z,description=,heartbeat_timestamp=2022-02-19T03:09:10Z,host='n-d-826756-2',id=60d7d800-9291-4e0c-b312-457f465047ee,load=0,resource_versions=,resources_synced=,started_at=2022-02-19T02:59:10Z,topic='l3_agent')) {'router_ids': ['e0faa132-ecf9-449e-9cc9-5ab8fa229d96'], 'active': True} {{(pid=103617) wrapper /usr/local/lib/python3.8/dist-packages/oslo_log/helpers.py:65}}
Feb 19 03:09:20.076956 n-d-826756-2 neutron-server[103615]: INFO neutron.wsgi [None req-c58b1fb0-fe74-43a8-be20-96171a58e0b4 admin admin] 10.222.0.42 "GET /v2.0/security-groups?tenant_id=27166900f19240c38026b994d02ba5d7&name=default HTTP/1.1" status: 200 len: 2996 time: 0.8176489
Feb 19 03:09:20.080105 n-d-826756-2 neutron-server[103615]: DEBUG neutron.api.rpc.handlers.resources_rpc [None req-c58b1fb0-fe74-43a8-be20-96171a58e0b4 admin admin] Pushing event updated for resources: {'SecurityGroup': ['ID=dc05e645-adc0-4126-b07e-8692051990ee,revision_number=1']} {{(pid=103615) push /opt/stack/neutron/neutron/api/rpc/handlers/resources_rpc.py:237}}
Feb 19 03:09:20.097253 n-d-826756-2 neutron-server[103615]: DEBUG neutron.wsgi [-] (103615) accepted ('10.222.0.42', 54522) {{(pid=103615) server /usr/local/lib/python3.8/dist-packages/eventlet/wsgi.py:1004}}
Feb 19 03:09:20.098861 n-d-826756-2 neutron-server[103615]: DEBUG neutron_lib.callbacks.manager [None req-0459856d-c9e9-4d7a-a526-851a17f94bf9 admin admin] Publish callbacks [] for security_group (None), before_create {{(pid=103615) _notify_loop /usr/local/lib/python3.8/dist-packages/neutron_lib/callbacks/manager.py:176}}
Feb 19 03:09:20.153975 n-d-826756-2 neutron-server[103615]: INFO neutron.wsgi [req-65679188-f571-4a03-8798-4724e7e303f1 req-e6370a97-ed22-4df4-8189-144196d2f55d service neutron] 10.222.0.71 "GET /v2.0/networks/2c9411ea-247d-4a0d-a9d3-c63f88cb48a1?fields=segments HTTP/1.1" status: 200 len: 212 time: 0.8350999
Feb 19 03:09:20.492447 n-d-826756-2 neutron-server[103616]: INFO neutron.wsgi [None req-fe9b2fdb-9d89-44ee-9fa9-b2a9490dc8dd admin admin] 10.222.0.42 "GET /v2.0/security-groups?tenant_id=97690adcb5e443cd8eef44e37c58eeea&name=default HTTP/1.1" status: 200 len: 2996 time: 1.7759581
Feb 19 03:09:20.507910 n-d-826756-2 neutron-server[103615]: DEBUG neutron.wsgi [-] (103615) accepted ('10.222.0.42', 54530) {{(pid=103615) server /usr/local/lib/python3.8/dist-packages/eventlet/wsgi.py:1004}}
Feb 19 03:09:20.620044 n-d-826756-2 neutron-server[103617]: DEBUG neutron.api.rpc.handlers.resources_rpc [None req-332c60a1-2464-485b-9f83-ae0ecd2cb5df None None] Pushing event updated for resources: {'Port': ['ID=ba5028f9-8dd6-4aec-9061-ced7c196949d,revision_number=4']} {{(pid=103617) push /opt/stack/neutron/neutron/api/rpc/handlers/resources_rpc.py:237}}
Feb 19 03:09:20.629510 n-d-826756-2 neutron-server[103616]: DEBUG neutron.api.rpc.handlers.resources_rpc [None req-fe9b2fdb-9d89-44ee-9fa9-b2a9490dc8dd admin admin] Pushing event updated for resources: {'SecurityGroup': ['ID=325e30da-bd57-4213-a6e0-4f73498531b9,revision_number=1']} {{(pid=103616) push /opt/stack/neutron/neutron/api/rpc/handlers/resources_rpc.py:237}}
Feb 19 03:09:20.646552 n-d-826756-2 neutron-server[103616]: DEBUG neutron_lib.callbacks.manager [None req-b51d2d8f-8c55-4e2e-9dc0-95107d8a6bd9 admin admin] Publish callbacks ['neutron.plugins.ml2.ovo_rpc._ObjectChangeHandler.handle_event-114243', 'neutron.api.rpc.agentnotifiers.dhcp_rpc_agent_api.DhcpAgentNotifyAPI._native_event_send_dhcp_notification-3696387'] for subnet (0f1df739-be6b-4dd4-a773-c33ca6c76e8f), after_create {{(pid=103616) _notify_loop /usr/local/lib/python3.8/dist-packages/neutron_lib/callbacks/manager.py:176}}
Feb 19 03:09:20.720865 n-d-826756-2 neutron-server[103617]: DEBUG neutron.db.provisioning_blocks [None req-8b919f2e-3108-43cc-8110-0173184dc3f1 None None] Provisioning complete for port ba5028f9-8dd6-4aec-9061-ced7c196949d triggered by entity DHCP. {{(pid=103617) provisioning_complete /opt/stack/neutron/neutron/db/provisioning_blocks.py:139}}
Feb 19 03:09:20.720865 n-d-826756-2 neutron-server[103617]: DEBUG neutron_lib.callbacks.manager [None req-8b919f2e-3108-43cc-8110-0173184dc3f1 None None] Publish callbacks ['neutron.plugins.ml2.plugin.Ml2Plugin._port_provisioned-1124670'] for port (ba5028f9-8dd6-4aec-9061-ced7c196949d), provisioning_complete {{(pid=103617) _notify_loop /usr/local/lib/python3.8/dist-packages/neutron_lib/callbacks/manager.py:176}}
Feb 19 03:09:20.864064 n-d-826756-2 neutron-server[103616]: DEBUG neutron.api.rpc.handlers.resources_rpc [None req-b51d2d8f-8c55-4e2e-9dc0-95107d8a6bd9 admin admin] Pushing event updated for resources: {'Subnet': ['ID=0f1df739-be6b-4dd4-a773-c33ca6c76e8f,revision_number=0']} {{(pid=103616) push /opt/stack/neutron/neutron/api/rpc/handlers/resources_rpc.py:237}}
Feb 19 03:09:20.881029 n-d-826756-2 neutron-server[103616]: DEBUG neutron.plugins.ml2.drivers.mech_agent [None req-b51d2d8f-8c55-4e2e-9dc0-95107d8a6bd9 admin admin] Checking segment: {'id': '144418fd-e27d-4200-bb1f-71d7caa2191f', 'network_type': 'vlan', 'physical_network': 'physnet1', 'segmentation_id': 373, 'network_id': '51aab0f8-9aca-4bc6-b3bd-604269a3cb89'} for mappings: {'physnet1': 'br-data'} with network types: ['local', 'flat', 'vlan'] {{(pid=103616) check_segment_for_agent /opt/stack/neutron/neutron/plugins/ml2/drivers/mech_agent.py:373}}
Feb 19 03:09:20.881755 n-d-826756-2 neutron-server[103616]: DEBUG neutron.scheduler.dhcp_agent_scheduler [None req-b51d2d8f-8c55-4e2e-9dc0-95107d8a6bd9 admin admin] Network hostable DHCP agents. Network: 51aab0f8-9aca-4bc6-b3bd-604269a3cb89, hostable agents: ['fdd6132c-0496-46cc-9da1-3dec74cbb01b'], hosted agents: [] {{(pid=103616) _get_network_hostable_dhcp_agents /opt/stack/neutron/neutron/scheduler/dhcp_agent_scheduler.py:329}}
Feb 19 03:09:20.885873 n-d-826756-2 neutron-server[103615]: DEBUG neutron_lib.callbacks.manager [None req-b62cc942-af1f-451e-9dad-3d112a745806 admin admin] Publish callbacks [] for security_group (dc05e645-adc0-4126-b07e-8692051990ee), before_delete {{(pid=103615) _notify_loop /usr/local/lib/python3.8/dist-packages/neutron_lib/callbacks/manager.py:176}}
Feb 19 03:09:20.901873 n-d-826756-2 neutron-server[103617]: DEBUG neutron.db.l3_dvr_db [None req-199d3142-8d08-4005-b483-d047c8bc0922 None None] Set router e0faa132-ecf9-449e-9cc9-5ab8fa229d96 gateway port host: n-d-826756-2 {{(pid=103617) _build_routers_list /opt/stack/neutron/neutron/db/l3_dvr_db.py:906}}
Feb 19 03:09:20.913471 n-d-826756-2 neutron-server[103616]: DEBUG neutron.scheduler.dhcp_agent_scheduler [None req-b51d2d8f-8c55-4e2e-9dc0-95107d8a6bd9 admin admin] Network 51aab0f8-9aca-4bc6-b3bd-604269a3cb89 is scheduled to be hosted by DHCP agent fdd6132c-0496-46cc-9da1-3dec74cbb01b with binding_index 1 {{(pid=103616) bind /opt/stack/neutron/neutron/scheduler/dhcp_agent_scheduler.py:227}}
Feb 19 03:09:20.935656 n-d-826756-2 neutron-server[103616]: DEBUG neutron.scheduler.base_scheduler [None req-b51d2d8f-8c55-4e2e-9dc0-95107d8a6bd9 admin admin] Resources bound (agent type, host, resource id): (DHCP agent, n-d-826756-2, 51aab0f8-9aca-4bc6-b3bd-604269a3cb89) {{(pid=103616) schedule /opt/stack/neutron/neutron/scheduler/base_scheduler.py:57}}
Feb 19 03:09:20.946897 n-d-826756-2 neutron-server[103616]: DEBUG neutron.pecan_wsgi.hooks.policy_enforcement [None req-b51d2d8f-8c55-4e2e-9dc0-95107d8a6bd9 admin admin] Attributes excluded by policy engine: ['standard_attr_id', 'shared', 'network'] {{(pid=103616) _exclude_attributes_by_policy /opt/stack/neutron/neutron/pecan_wsgi/hooks/policy_enforcement.py:255}}
Feb 19 03:09:20.949162 n-d-826756-2 neutron-server[103616]: DEBUG neutron_lib.callbacks.manager [None req-b51d2d8f-8c55-4e2e-9dc0-95107d8a6bd9 admin admin] Publish callbacks ['neutron.api.rpc.agentnotifiers.dhcp_rpc_agent_api.DhcpAgentNotifyAPI._send_dhcp_notification-3696429'] for subnet (None), before_response {{(pid=103616) _notify_loop /usr/local/lib/python3.8/dist-packages/neutron_lib/callbacks/manager.py:176}}
Feb 19 03:09:21.004746 n-d-826756-2 neutron-server[103616]: INFO neutron.wsgi [None req-b51d2d8f-8c55-4e2e-9dc0-95107d8a6bd9 admin admin] 10.222.0.42 "POST /v2.0/subnets HTTP/1.1" status: 201 len: 860 time: 1.4474924
Feb 19 03:09:21.005230 n-d-826756-2 neutron-server[103616]: DEBUG neutron.wsgi [-] (103616) accepted ('10.222.0.42', 54544) {{(pid=103616) server /usr/local/lib/python3.8/dist-packages/eventlet/wsgi.py:1004}}
Feb 19 03:09:21.023083 n-d-826756-2 neutron-server[103616]: DEBUG neutron.api.v2.base [None req-2d2919ad-1c41-47b1-a69f-13c73574c962 admin admin] Request body: {'router': {'name': 'tempest-ServersWithSpecificFlavorTestJSON-1986084510-router', 'tenant_id': '6203adba88b24a08b29847dbae667b17', 'external_gateway_info': {'network_id': 'fc05c6a9-11ab-46fa-a1f9-02ae4b2d1db9'}}} {{(pid=103616) prepare_request_body /opt/stack/neutron/neutron/api/v2/base.py:729}}
Feb 19 03:09:21.033180 n-d-826756-2 neutron-server[103617]: DEBUG neutron.api.rpc.handlers.dhcp_rpc [None req-5d317eaa-b2d6-4473-80f6-6e0f5b3d3bab None None] Network 51aab0f8-9aca-4bc6-b3bd-604269a3cb89 requested from n-d-826756-2 {{(pid=103617) get_network_info /opt/stack/neutron/neutron/api/rpc/handlers/dhcp_rpc.py:191}}
Feb 19 03:09:21.083058 n-d-826756-2 neutron-server[103616]: DEBUG neutron_lib.callbacks.manager [None req-2d2919ad-1c41-47b1-a69f-13c73574c962 admin admin] Publish callbacks ['neutron.services.l3_router.l3_router_plugin.L3_HA_NAT_db_mixin._before_router_create_handler-3698879', 'neutron.services.l3_router.service_providers.driver_controller.DriverController._check_router_request-62295'] for router (3f7d4ff0-8a53-4b15-87af-9dbadf7d1999), before_create {{(pid=103616) _notify_loop /usr/local/lib/python3.8/dist-packages/neutron_lib/callbacks/manager.py:176}}
Feb 19 03:09:21.084143 n-d-826756-2 neutron-server[103616]: DEBUG neutron_lib.callbacks.manager [None req-2d2919ad-1c41-47b1-a69f-13c73574c962 admin admin] Publish callbacks ['neutron.services.l3_router.l3_router_plugin.L3_HA_NAT_db_mixin._precommit_router_create-3700271', 'neutron.services.l3_router.l3_router_plugin.DVRResourceOperationHandler._set_distributed_flag-3688574', 'neutron.services.l3_router.l3_router_plugin.RouterAvailabilityZoneMixin._process_az_request-4167649', 'neutron.services.l3_router.service_providers.driver_controller.DriverController._set_router_provider-62380'] for router (3f7d4ff0-8a53-4b15-87af-9dbadf7d1999), precommit_create {{(pid=103616) _notify_loop /usr/local/lib/python3.8/dist-packages/neutron_lib/callbacks/manager.py:176}}
Feb 19 03:09:21.120696 n-d-826756-2 neutron-server[103615]: INFO neutron.wsgi [req-65679188-f571-4a03-8798-4724e7e303f1 req-beb41757-9927-48d3-bd8b-99a674662f53 service neutron] 10.222.0.71 "GET /v2.0/networks/2c9411ea-247d-4a0d-a9d3-c63f88cb48a1?fields=provider%3Aphysical_network&fields=provider%3Anetwork_type HTTP/1.1" status: 200 len: 281 time: 0.9328632
Feb 19 03:09:21.192843 n-d-826756-2 neutron-server[103615]: DEBUG novaclient.v2.client [-] RESP: [200] Connection: close Content-Length: 179 Content-Type: application/json Date: Sat, 19 Feb 2022 03:09:19 GMT OpenStack-API-Version: compute 2.1 Server: Apache/2.4.41 (Ubuntu) Vary: OpenStack-API-Version,X-OpenStack-Nova-API-Version X-OpenStack-Nova-API-Version: 2.1 x-compute-request-id: req-a38af83d-e54a-4525-b4d6-d1f3f37a0421 x-openstack-request-id: req-a38af83d-e54a-4525-b4d6-d1f3f37a0421 {{(pid=103615) _http_log_response /usr/local/lib/python3.8/dist-packages/keystoneauth1/session.py:550}}
Feb 19 03:09:21.194716 n-d-826756-2 neutron-server[103615]: DEBUG novaclient.v2.client [-] RESP BODY: {"events": [{"name": "network-changed", "server_uuid": "7f579cb7-10a1-4f3d-92c1-ff25ded4f0df", "tag": "9254f342-bea9-4120-80e6-6f4fa64b3816", "status": "completed", "code": 200}]} {{(pid=103615) _http_log_response /usr/local/lib/python3.8/dist-packages/keystoneauth1/session.py:582}}
Feb 19 03:09:21.196085 n-d-826756-2 neutron-server[103615]: DEBUG novaclient.v2.client [-] POST call to compute for http://10.222.0.42/compute/v2.1/os-server-external-events used request id req-a38af83d-e54a-4525-b4d6-d1f3f37a0421 {{(pid=103615) request /usr/local/lib/python3.8/dist-packages/keystoneauth1/session.py:954}}
Feb 19 03:09:21.198517 n-d-826756-2 neutron-server[103615]: INFO neutron.notifiers.nova [-] Nova event response: {'name': 'network-changed', 'server_uuid': '7f579cb7-10a1-4f3d-92c1-ff25ded4f0df', 'tag': '9254f342-bea9-4120-80e6-6f4fa64b3816', 'status': 'completed', 'code': 200}
Feb 19 03:09:21.217949 n-d-826756-2 neutron-server[103615]: DEBUG neutron_lib.callbacks.manager [None req-b62cc942-af1f-451e-9dad-3d112a745806 admin admin] Publish callbacks [] for security_group (dc05e645-adc0-4126-b07e-8692051990ee), precommit_delete {{(pid=103615) _notify_loop /usr/local/lib/python3.8/dist-packages/neutron_lib/callbacks/manager.py:176}}
Feb 19 03:09:21.249421 n-d-826756-2 neutron-server[103615]: DEBUG neutron_lib.callbacks.manager [None req-a5775e15-3f83-45d0-9d04-6b1f92660644 admin admin] Publish callbacks [] for security_group (325e30da-bd57-4213-a6e0-4f73498531b9), before_delete {{(pid=103615) _notify_loop /usr/local/lib/python3.8/dist-packages/neutron_lib/callbacks/manager.py:176}}
Feb 19 03:09:21.270477 n-d-826756-2 neutron-server[103616]: DEBUG neutron_lib.callbacks.manager [None req-2d2919ad-1c41-47b1-a69f-13c73574c962 admin admin] Publish callbacks [] for router_controller (3f7d4ff0-8a53-4b15-87af-9dbadf7d1999), precommit_add_association {{(pid=103616) _notify_loop /usr/local/lib/python3.8/dist-packages/neutron_lib/callbacks/manager.py:176}}
Feb 19 03:09:21.310024 n-d-826756-2 neutron-server[103615]: DEBUG neutron_lib.callbacks.manager [None req-a5775e15-3f83-45d0-9d04-6b1f92660644 admin admin] Publish callbacks [] for security_group (325e30da-bd57-4213-a6e0-4f73498531b9), precommit_delete {{(pid=103615) _notify_loop /usr/local/lib/python3.8/dist-packages/neutron_lib/callbacks/manager.py:176}}
Feb 19 03:09:21.477236 n-d-826756-2 neutron-server[103617]: DEBUG neutron.plugins.ml2.plugin [None req-8b919f2e-3108-43cc-8110-0173184dc3f1 None None] Current status of the port ba5028f9-8dd6-4aec-9061-ced7c196949d is: DOWN; New status is: ACTIVE {{(pid=103617) _update_individual_port_db_status /opt/stack/neutron/neutron/plugins/ml2/plugin.py:2232}}
Feb 19 03:09:21.477886 n-d-826756-2 neutron-server[103617]: DEBUG neutron_lib.callbacks.manager [None req-8b919f2e-3108-43cc-8110-0173184dc3f1 None None] Publish callbacks ['neutron.plugins.ml2.plugin.SecurityGroupDbMixin._ensure_default_security_group_handler-1358375'] for port (ba5028f9-8dd6-4aec-9061-ced7c196949d), before_update {{(pid=103617) _notify_loop /usr/local/lib/python3.8/dist-packages/neutron_lib/callbacks/manager.py:176}}
Feb 19 03:09:21.495161 n-d-826756-2 neutron-server[103615]: DEBUG neutron.pecan_wsgi.hooks.policy_enforcement [req-474cb89b-7975-4300-a162-e7cefcf2da82 req-130bca33-4a6e-4b30-8f1d-b1fb64116c22 tempest-AggregatesAdminTestJSON-124164541 tempest-AggregatesAdminTestJSON-124164541-project] Attributes excluded by policy engine: ['standard_attr_id', 'binding:profile', 'binding:host_id', 'binding:vif_type', 'binding:vif_details'] {{(pid=103615) _exclude_attributes_by_policy /opt/stack/neutron/neutron/pecan_wsgi/hooks/policy_enforcement.py:255}}
Feb 19 03:09:21.503497 n-d-826756-2 neutron-server[103615]: INFO neutron.wsgi [req-474cb89b-7975-4300-a162-e7cefcf2da82 req-130bca33-4a6e-4b30-8f1d-b1fb64116c22 tempest-AggregatesAdminTestJSON-124164541 tempest-AggregatesAdminTestJSON-124164541-project] 10.222.0.42 "GET /v2.0/ports?device_id=7f579cb7-10a1-4f3d-92c1-ff25ded4f0df HTTP/1.1" status: 200 len: 970 time: 0.6734326
Feb 19 03:09:21.505819 n-d-826756-2 neutron-server[103615]: DEBUG neutron_lib.callbacks.manager [None req-a5775e15-3f83-45d0-9d04-6b1f92660644 admin admin] Publish callbacks ['neutron.plugins.ml2.ovo_rpc._ObjectChangeHandler.handle_event-4159101'] for security_group (325e30da-bd57-4213-a6e0-4f73498531b9), after_delete {{(pid=103615) _notify_loop /usr/local/lib/python3.8/dist-packages/neutron_lib/callbacks/manager.py:176}}
Feb 19 03:09:21.509368 n-d-826756-2 neutron-server[103615]: DEBUG neutron_lib.callbacks.manager [None req-a5775e15-3f83-45d0-9d04-6b1f92660644 admin admin] Publish callbacks [] for security_group (None), before_response {{(pid=103615) _notify_loop /usr/local/lib/python3.8/dist-packages/neutron_lib/callbacks/manager.py:176}}
Feb 19 03:09:21.514034 n-d-826756-2 neutron-server[103615]: INFO neutron.wsgi [None req-a5775e15-3f83-45d0-9d04-6b1f92660644 admin admin] 10.222.0.42 "DELETE /v2.0/security-groups/325e30da-bd57-4213-a6e0-4f73498531b9 HTTP/1.1" status: 204 len: 168 time: 1.0027230
Feb 19 03:09:21.527511 n-d-826756-2 neutron-server[103615]: DEBUG neutron_lib.callbacks.manager [None req-0459856d-c9e9-4d7a-a526-851a17f94bf9 admin admin] Publish callbacks [] for security_group (e912afbd-f174-47be-90e8-3d68943e5f25), precommit_create {{(pid=103615) _notify_loop /usr/local/lib/python3.8/dist-packages/neutron_lib/callbacks/manager.py:176}}
Feb 19 03:09:21.633440 n-d-826756-2 neutron-server[103615]: INFO neutron.wsgi [req-474cb89b-7975-4300-a162-e7cefcf2da82 req-ca137e2d-906a-4c71-83df-50c73af9a471 tempest-AggregatesAdminTestJSON-124164541 tempest-AggregatesAdminTestJSON-124164541-project] 10.222.0.42 "GET /v2.0/security-groups?id=072ccdf6-0e56-4945-a894-5c25d33a832b&fields=id&fields=name HTTP/1.1" status: 200 len: 286 time: 0.1257546
Feb 19 03:09:21.661322 n-d-826756-2 neutron-server[103615]: DEBUG neutron_lib.callbacks.manager [None req-0459856d-c9e9-4d7a-a526-851a17f94bf9 admin admin] Publish callbacks ['neutron.plugins.ml2.ovo_rpc._ObjectChangeHandler.handle_event-4159101'] for security_group (e912afbd-f174-47be-90e8-3d68943e5f25), after_create {{(pid=103615) _notify_loop /usr/local/lib/python3.8/dist-packages/neutron_lib/callbacks/manager.py:176}}
Feb 19 03:09:21.717327 n-d-826756-2 neutron-server[103615]: INFO neutron.wsgi [None req-0459856d-c9e9-4d7a-a526-851a17f94bf9 admin admin] 10.222.0.42 "GET /v2.0/security-groups?tenant_id=ff1b117376944cc8a14fe5b75a71cf9d&name=default HTTP/1.1" status: 200 len: 2996 time: 1.6867166
Feb 19 03:09:21.721549 n-d-826756-2 neutron-server[103615]: DEBUG neutron.api.rpc.handlers.resources_rpc [None req-a5775e15-3f83-45d0-9d04-6b1f92660644 admin admin] Pushing event deleted for resources: {'SecurityGroup': ['ID=325e30da-bd57-4213-a6e0-4f73498531b9,revision_number=None']} {{(pid=103615) push /opt/stack/neutron/neutron/api/rpc/handlers/resources_rpc.py:237}}
Feb 19 03:09:21.776231 n-d-826756-2 neutron-server[103616]: DEBUG neutron.wsgi [-] (103616) accepted ('10.222.0.42', 54562) {{(pid=103616) server /usr/local/lib/python3.8/dist-packages/eventlet/wsgi.py:1004}}
Feb 19 03:09:21.796164 n-d-826756-2 neutron-server[103616]: DEBUG neutron_lib.callbacks.manager [None req-2d2919ad-1c41-47b1-a69f-13c73574c962 admin admin] Publish callbacks [] for router_gateway (3f7d4ff0-8a53-4b15-87af-9dbadf7d1999), precommit_update {{(pid=103616) _notify_loop /usr/local/lib/python3.8/dist-packages/neutron_lib/callbacks/manager.py:176}}
Feb 19 03:09:21.853498 n-d-826756-2 neutron-server[103615]: DEBUG neutron.api.rpc.handlers.resources_rpc [None req-0459856d-c9e9-4d7a-a526-851a17f94bf9 admin admin] Pushing event updated for resources: {'SecurityGroup': ['ID=e912afbd-f174-47be-90e8-3d68943e5f25,revision_number=1']} {{(pid=103615) push /opt/stack/neutron/neutron/api/rpc/handlers/resources_rpc.py:237}}
Feb 19 03:09:21.903318 n-d-826756-2 neutron-server[103615]: DEBUG neutron.pecan_wsgi.hooks.policy_enforcement [req-f55e1d0f-88ca-4f1b-b24b-2f1730a48fc5 req-583bb76c-0bc9-4048-beca-429e22b76820 service neutron] Attributes excluded by policy engine: ['standard_attr_id'] {{(pid=103615) _exclude_attributes_by_policy /opt/stack/neutron/neutron/pecan_wsgi/hooks/policy_enforcement.py:255}}
Feb 19 03:09:21.917595 n-d-826756-2 neutron-server[103615]: INFO neutron.wsgi [req-f55e1d0f-88ca-4f1b-b24b-2f1730a48fc5 req-583bb76c-0bc9-4048-beca-429e22b76820 service neutron] 10.222.0.71 "GET /v2.0/ports?tenant_id=83a3c3a07b1d49c995f8a00222a68387&device_id=7f579cb7-10a1-4f3d-92c1-ff25ded4f0df HTTP/1.1" status: 200 len: 1152 time: 0.6929269
Feb 19 03:09:21.976158 n-d-826756-2 neutron-server[103617]: DEBUG neutron.api.rpc.handlers.dhcp_rpc [None req-67df6d2e-8edd-4be7-8175-2b8a86661bce None None] Create dhcp port {'port': {'name': '', 'admin_state_up': True, 'device_id': 'dhcp97c6305f-b9b4-5582-841c-baabaafdc56f-51aab0f8-9aca-4bc6-b3bd-604269a3cb89', 'network_id': '51aab0f8-9aca-4bc6-b3bd-604269a3cb89', 'project_id': '6203adba88b24a08b29847dbae667b17', 'fixed_ips': [{'subnet_id': '0f1df739-be6b-4dd4-a773-c33ca6c76e8f'}]}} from n-d-826756-2. {{(pid=103617) create_dhcp_port /opt/stack/neutron/neutron/api/rpc/handlers/dhcp_rpc.py:268}}
Feb 19 03:09:21.977417 n-d-826756-2 neutron-server[103617]: DEBUG neutron_lib.callbacks.manager [None req-67df6d2e-8edd-4be7-8175-2b8a86661bce None None] Publish callbacks ['neutron.plugins.ml2.plugin.SecurityGroupDbMixin._ensure_default_security_group_handler-1358375'] for port (None), before_create {{(pid=103617) _notify_loop /usr/local/lib/python3.8/dist-packages/neutron_lib/callbacks/manager.py:176}}
Feb 19 03:09:22.000901 n-d-826756-2 neutron-server[103617]: DEBUG neutron.plugins.ml2.db [None req-8b919f2e-3108-43cc-8110-0173184dc3f1 None None] For port ba5028f9-8dd6-4aec-9061-ced7c196949d, host n-d-826756-2, got binding levels [PortBindingLevel(driver='openvswitch',host='n-d-826756-2',level=0,port_id=ba5028f9-8dd6-4aec-9061-ced7c196949d,segment=NetworkSegment(7de258c7-4d8e-4728-89b4-f43ec6bca67d),segment_id=7de258c7-4d8e-4728-89b4-f43ec6bca67d)] {{(pid=103617) get_binding_level_objs /opt/stack/neutron/neutron/plugins/ml2/db.py:74}}
Feb 19 03:09:22.008716 n-d-826756-2 neutron-server[103615]: DEBUG neutron_lib.callbacks.manager [None req-b62cc942-af1f-451e-9dad-3d112a745806 admin admin] Publish callbacks ['neutron.plugins.ml2.ovo_rpc._ObjectChangeHandler.handle_event-4159101'] for security_group (dc05e645-adc0-4126-b07e-8692051990ee), after_delete {{(pid=103615) _notify_loop /usr/local/lib/python3.8/dist-packages/neutron_lib/callbacks/manager.py:176}}
Feb 19 03:09:22.021429 n-d-826756-2 neutron-server[103615]: DEBUG neutron_lib.callbacks.manager [None req-b62cc942-af1f-451e-9dad-3d112a745806 admin admin] Publish callbacks [] for security_group (None), before_response {{(pid=103615) _notify_loop /usr/local/lib/python3.8/dist-packages/neutron_lib/callbacks/manager.py:176}}
Feb 19 03:09:22.022641 n-d-826756-2 neutron-server[103615]: INFO neutron.wsgi [None req-b62cc942-af1f-451e-9dad-3d112a745806 admin admin] 10.222.0.42 "DELETE /v2.0/security-groups/dc05e645-adc0-4126-b07e-8692051990ee HTTP/1.1" status: 204 len: 168 time: 1.8712714
Feb 19 03:09:22.026621 n-d-826756-2 neutron-server[103617]: DEBUG neutron_lib.callbacks.manager [None req-8b919f2e-3108-43cc-8110-0173184dc3f1 None None] Publish callbacks ['neutron.plugins.ml2.plugin.SecurityGroupServerNotifierRpcMixin._notify_sg_on_port_change-1359082', 'neutron.plugins.ml2.ovo_rpc._ObjectChangeHandler.handle_event-137236', 'neutron.api.rpc.agentnotifiers.dhcp_rpc_agent_api.DhcpAgentNotifyAPI._native_event_send_dhcp_notification-3696387', 'neutron.db.l3_db.L3RpcNotifierMixin._notify_gateway_port_ip_changed-8791909489035', 'neutron.db.l3_dvrscheduler_db._notify_l3_agent_port_update-8791908932410', 'neutron.db.l3_hascheduler_db._notify_l3_agent_ha_port_update-8791908932428'] for port (ba5028f9-8dd6-4aec-9061-ced7c196949d), after_update {{(pid=103617) _notify_loop /usr/local/lib/python3.8/dist-packages/neutron_lib/callbacks/manager.py:176}}
Feb 19 03:09:22.165590 n-d-826756-2 neutron-server[103617]: DEBUG neutron_lib.callbacks.manager [None req-1f15244d-86bc-42b0-9ed2-36af1bb48b75 None None] Publish callbacks ['neutron.services.segments.db._update_segment_host_mapping_for_agent-8791909377320', 'neutron.plugins.ml2.plugin.Ml2Plugin._retry_binding_revived_agents-1119900'] for agent (e480086f-ca23-4945-86d5-6857858a863b), after_update {{(pid=103617) _notify_loop /usr/local/lib/python3.8/dist-packages/neutron_lib/callbacks/manager.py:176}}
Feb 19 03:09:22.182133 n-d-826756-2 neutron-server[103617]: DEBUG neutron.db.l3_hamode_db [None req-199d3142-8d08-4005-b483-d047c8bc0922 None None] neutron.services.l3_router.l3_router_plugin.L3RouterPlugin method _process_sync_ha_data called with arguments (, [{'id': 'e0faa132-ecf9-449e-9cc9-5ab8fa229d96', 'name': 'tempest-ServersWithSpecificFlavorTestJSON-1864847043-router', 'tenant_id': 'e9f85c6ecb8f4cfd97f4ba0310796263', 'admin_state_up': True, 'status': 'ACTIVE', 'external_gateway_info': {'network_id': 'fc05c6a9-11ab-46fa-a1f9-02ae4b2d1db9', 'external_fixed_ips': [{'subnet_id': 'ad8c1e48-b0d3-4517-aaeb-221c0ddf7681', 'ip_address': '172.25.4.66'}], 'enable_snat': True}, 'gw_port_id': '2eed97df-5885-4cf0-b5fb-74617ba021d6', 'description': '', 'availability_zones': ['nova'], 'distributed': False, 'ha': False, 'ha_vr_id': 0, 'availability_zone_hints': [], 'routes': [], 'flavor_id': None, 'tags': [], 'created_at': '2022-02-19T03:09:06Z', 'updated_at': '2022-02-19T03:09:12Z', 'revision_number': 4, 'project_id': 'e9f85c6ecb8f4cfd97f4ba0310796263', 'gw_port': {'id': '2eed97df-5885-4cf0-b5fb-74617ba021d6', 'name': '', 'network_id': 'fc05c6a9-11ab-46fa-a1f9-02ae4b2d1db9', 'tenant_id': '', 'mac_address': 'fa:16:3e:c5:26:48', 'admin_state_up': True, 'status': 'ACTIVE', 'device_id': 'e0faa132-ecf9-449e-9cc9-5ab8fa229d96', 'device_owner': 'network:router_gateway', 'standard_attr_id': 76, 'fixed_ips': [{'subnet_id': 'ad8c1e48-b0d3-4517-aaeb-221c0ddf7681', 'ip_address': '172.25.4.66', 'prefixlen': 24}], 'allowed_address_pairs': [], 'extra_dhcp_opts': [], 'security_groups': [], 'description': '', 'binding:vnic_type': 'normal', 'binding:profile': {}, 'binding:host_id': 'n-d-826756-2', 'binding:vif_type': 'ovs', 'binding:vif_details': {'connectivity': 'l2', 'port_filter': True, 'ovs_hybrid_plug': False, 'datapath_type': 'system', 'bridge_name': 'br-int', 'bound_drivers': {'0': 'openvswitch'}}, 'port_security_enabled': False, 'tags': [], 'created_at': '2022-02-19T03:09:07Z', 'updated_at': '2022-02-19T03:09:16Z', 'revision_number': 4, 'project_id': '', 'subnets': [{'id': 'ad8c1e48-b0d3-4517-aaeb-221c0ddf7681', 'cidr': '172.25.4.0/24', 'gateway_ip': '172.25.4.1', 'dns_nameservers': [], 'ipv6_ra_mode': None, 'subnetpool_id': None}], 'extra_subnets': [], 'address_scopes': {4: None, 6: None}, 'mtu': 1500}, 'enable_snat': True, 'gw_port_host': 'n-d-826756-2', '_interfaces': [{'id': 'ba5028f9-8dd6-4aec-9061-ced7c196949d', 'name': '', 'network_id': '78ce3a2f-2af8-45e3-8723-720eca1bd14d', 'tenant_id': 'e9f85c6ecb8f4cfd97f4ba0310796263', 'mac_address': 'fa:16:3e:4d:ba:a7', 'admin_state_up': True, 'status': 'DOWN', 'device_id': 'e0faa132-ecf9-449e-9cc9-5ab8fa229d96', 'device_owner': 'network:router_interface', 'standard_attr_id': 83, 'fixed_ips': [{'subnet_id': '9d97a81d-2e1a-438a-b310-2f3bca86ef7f', 'ip_address': '172.20.0.1', 'prefixlen': 28}], 'allowed_address_pairs': [], 'extra_dhcp_opts': [], 'security_groups': [], 'description': '', 'binding:vnic_type': 'normal', 'binding:profile': {}, 'binding:host_id': 'n-d-826756-2', 'binding:vif_type': 'ovs', 'binding:vif_details': {'connectivity': 'l2', 'port_filter': True, 'ovs_hybrid_plug': False, 'datapath_type': 'system', 'bridge_name': 'br-int', 'bound_drivers': {'0': 'openvswitch'}}, 'port_security_enabled': False, 'tags': [], 'created_at': '2022-02-19T03:09:10Z', 'updated_at': '2022-02-19T03:09:19Z', 'revision_number': 4, 'project_id': 'e9f85c6ecb8f4cfd97f4ba0310796263', 'subnets': [{'id': '9d97a81d-2e1a-438a-b310-2f3bca86ef7f', 'cidr': '172.20.0.0/28', 'gateway_ip': '172.20.0.1', 'dns_nameservers': [], 'ipv6_ra_mode': None, 'subnetpool_id': None}], 'extra_subnets': [], 'address_scopes': {4: None, 6: None}, 'mtu': 1500}]}], 'n-d-826756-2', False) {} {{(pid=103617) wrapper /usr/local/lib/python3.8/dist-packages/oslo_log/helpers.py:65}}
Feb 19 03:09:22.227513 n-d-826756-2 neutron-server[103616]: DEBUG neutron_lib.callbacks.manager [None req-8d4fe110-a03f-4667-ba78-a6d7ee79f24e admin admin] Publish callbacks [] for security_group (e912afbd-f174-47be-90e8-3d68943e5f25), before_delete {{(pid=103616) _notify_loop /usr/local/lib/python3.8/dist-packages/neutron_lib/callbacks/manager.py:176}}
