Jan 28 00:22:27.324144 n-d-826755-1 devstack@placement-api.service[103888]: [pid: 103888|app: 0|req: 250/497] 10.222.0.69 () {60 vars in 1355 bytes} [Fri Jan 28 00:22:27 2022] DELETE /placement/allocations/95bb0a70-16d8-411f-b5b9-2e7681dbd499 => generated 0 bytes in 83 msecs (HTTP/1.1 204) 5 headers in 198 bytes (1 switches on core 0)
Jan 28 00:22:28.373942 n-d-826755-1 devstack@placement-api.service[103887]: DEBUG placement.requestlog [req-6f6cd87b-a7b9-4fee-b8d2-6f0c5cd67fef req-0d46e758-b8f6-4b4d-91eb-a32908b6e539 None None] Starting request: 10.222.0.61 "DELETE /placement/allocations/70681e12-b8a8-49e7-bc02-2ef7df6685b1" {{(pid=103887) __call__ /opt/stack/placement/placement/requestlog.py:55}}
Jan 28 00:22:28.421393 n-d-826755-1 devstack@placement-api.service[103887]: DEBUG placement.handlers.allocation [req-6f6cd87b-a7b9-4fee-b8d2-6f0c5cd67fef req-0d46e758-b8f6-4b4d-91eb-a32908b6e539 service placement] Successfully deleted allocations [, , ] {{(pid=103887) delete_allocations /opt/stack/placement/placement/handlers/allocation.py:627}}
Jan 28 00:22:28.421986 n-d-826755-1 devstack@placement-api.service[103887]: INFO placement.requestlog [req-6f6cd87b-a7b9-4fee-b8d2-6f0c5cd67fef req-0d46e758-b8f6-4b4d-91eb-a32908b6e539 service placement] 10.222.0.61 "DELETE /placement/allocations/70681e12-b8a8-49e7-bc02-2ef7df6685b1" status: 204 len: 0 microversion: 1.0
Jan 28 00:22:28.422365 n-d-826755-1 devstack@placement-api.service[103887]: [pid: 103887|app: 0|req: 248/498] 10.222.0.61 () {60 vars in 1355 bytes} [Fri Jan 28 00:22:28 2022] DELETE /placement/allocations/70681e12-b8a8-49e7-bc02-2ef7df6685b1 => generated 0 bytes in 49 msecs (HTTP/1.1 204) 5 headers in 198 bytes (1 switches on core 0)
Jan 28 00:22:30.943232 n-d-826755-1 devstack@placement-api.service[103888]: DEBUG placement.requestlog [req-680ba53a-2f0e-405c-89f5-452fba7fffbe req-a046b668-7e23-4371-a12c-e2776b794f7d None None] Starting request: 10.222.0.48 "GET /placement/allocation_candidates?limit=1000&resources=DISK_GB%3A1%2CMEMORY_MB%3A1024%2CVCPU%3A1&root_required=%21COMPUTE_STATUS_DISABLED" {{(pid=103888) __call__ /opt/stack/placement/placement/requestlog.py:55}}
Jan 28 00:22:31.007291 n-d-826755-1 devstack@placement-api.service[103888]: DEBUG placement.objects.research_context [req-680ba53a-2f0e-405c-89f5-452fba7fffbe req-a046b668-7e23-4371-a12c-e2776b794f7d service placement] getting providers with 1 DISK_GB {{(pid=103888) __init__ /opt/stack/placement/placement/objects/research_context.py:126}}
Jan 28 00:22:31.013799 n-d-826755-1 devstack@placement-api.service[103888]: DEBUG placement.objects.research_context [req-680ba53a-2f0e-405c-89f5-452fba7fffbe req-a046b668-7e23-4371-a12c-e2776b794f7d service placement] getting providers with 1024 MEMORY_MB {{(pid=103888) __init__ /opt/stack/placement/placement/objects/research_context.py:126}}
Jan 28 00:22:31.021273 n-d-826755-1 devstack@placement-api.service[103888]: DEBUG placement.objects.research_context [req-680ba53a-2f0e-405c-89f5-452fba7fffbe req-a046b668-7e23-4371-a12c-e2776b794f7d service placement] getting providers with 1 VCPU {{(pid=103888) __init__ /opt/stack/placement/placement/objects/research_context.py:126}}
Jan 28 00:22:31.027911 n-d-826755-1 devstack@placement-api.service[103888]: DEBUG placement.objects.research_context [req-680ba53a-2f0e-405c-89f5-452fba7fffbe req-a046b668-7e23-4371-a12c-e2776b794f7d service placement] found 2 providers with available 1 DISK_GB {{(pid=103888) get_provider_ids_matching /opt/stack/placement/placement/objects/research_context.py:549}}
Jan 28 00:22:31.028297 n-d-826755-1 devstack@placement-api.service[103888]: DEBUG placement.objects.research_context [req-680ba53a-2f0e-405c-89f5-452fba7fffbe req-a046b668-7e23-4371-a12c-e2776b794f7d service placement] found 2 providers with available 1024 MEMORY_MB {{(pid=103888) get_provider_ids_matching /opt/stack/placement/placement/objects/research_context.py:549}}
Jan 28 00:22:31.028650 n-d-826755-1 devstack@placement-api.service[103888]: DEBUG placement.objects.research_context [req-680ba53a-2f0e-405c-89f5-452fba7fffbe req-a046b668-7e23-4371-a12c-e2776b794f7d service placement] found 2 providers after filtering by previous result {{(pid=103888) get_provider_ids_matching /opt/stack/placement/placement/objects/research_context.py:580}}
Jan 28 00:22:31.029023 n-d-826755-1 devstack@placement-api.service[103888]: DEBUG placement.objects.research_context [req-680ba53a-2f0e-405c-89f5-452fba7fffbe req-a046b668-7e23-4371-a12c-e2776b794f7d service placement] found 2 providers with available 1 VCPU {{(pid=103888) get_provider_ids_matching /opt/stack/placement/placement/objects/research_context.py:549}}
Jan 28 00:22:31.029349 n-d-826755-1 devstack@placement-api.service[103888]: DEBUG placement.objects.research_context [req-680ba53a-2f0e-405c-89f5-452fba7fffbe req-a046b668-7e23-4371-a12c-e2776b794f7d service placement] found 2 providers after filtering by previous result {{(pid=103888) get_provider_ids_matching /opt/stack/placement/placement/objects/research_context.py:580}}
Jan 28 00:22:31.044506 n-d-826755-1 devstack@placement-api.service[103888]: DEBUG placement.objects.allocation_candidate [req-680ba53a-2f0e-405c-89f5-452fba7fffbe req-a046b668-7e23-4371-a12c-e2776b794f7d service placement] RequestGroup(use_same_provider=False, resources={DISK_GB:1, MEMORY_MB:1024, VCPU:1}, traits=[], aggregates=[]) (suffix '') returned 2 matches {{(pid=103888) _get_by_requests /opt/stack/placement/placement/objects/allocation_candidate.py:145}}
Jan 28 00:22:31.045011 n-d-826755-1 devstack@placement-api.service[103888]: DEBUG placement.objects.allocation_candidate [req-680ba53a-2f0e-405c-89f5-452fba7fffbe req-a046b668-7e23-4371-a12c-e2776b794f7d service placement] Merging candidates yields 2 allocation requests and 2 provider summaries {{(pid=103888) _merge_candidates /opt/stack/placement/placement/objects/allocation_candidate.py:783}}
Jan 28 00:22:31.046782 n-d-826755-1 devstack@placement-api.service[103888]: INFO placement.requestlog [req-680ba53a-2f0e-405c-89f5-452fba7fffbe req-a046b668-7e23-4371-a12c-e2776b794f7d service placement] 10.222.0.48 "GET /placement/allocation_candidates?limit=1000&resources=DISK_GB%3A1%2CMEMORY_MB%3A1024%2CVCPU%3A1&root_required=%21COMPUTE_STATUS_DISABLED" status: 200 len: 1309 microversion: 1.36
Jan 28 00:22:31.047494 n-d-826755-1 devstack@placement-api.service[103888]: [pid: 103888|app: 0|req: 251/499] 10.222.0.48 () {60 vars in 1506 bytes} [Fri Jan 28 00:22:30 2022] GET /placement/allocation_candidates?limit=1000&resources=DISK_GB%3A1%2CMEMORY_MB%3A1024%2CVCPU%3A1&root_required=%21COMPUTE_STATUS_DISABLED => generated 1309 bytes in 105 msecs (HTTP/1.1 200) 8 headers in 297 bytes (2 switches on core 0)
Jan 28 00:22:31.119388 n-d-826755-1 devstack@placement-api.service[103887]: DEBUG placement.requestlog [req-680ba53a-2f0e-405c-89f5-452fba7fffbe req-92a6c72c-43c5-480e-91e8-34c864d9843a None None] Starting request: 10.222.0.48 "GET /placement/allocations/4a51d22c-9ddf-4433-8550-1320d58761ea" {{(pid=103887) __call__ /opt/stack/placement/placement/requestlog.py:55}}
Jan 28 00:22:31.134872 n-d-826755-1 devstack@placement-api.service[103887]: INFO placement.requestlog [req-680ba53a-2f0e-405c-89f5-452fba7fffbe req-92a6c72c-43c5-480e-91e8-34c864d9843a service placement] 10.222.0.48 "GET /placement/allocations/4a51d22c-9ddf-4433-8550-1320d58761ea" status: 200 len: 19 microversion: 1.28
Jan 28 00:22:31.144966 n-d-826755-1 devstack@placement-api.service[103888]: DEBUG placement.requestlog [req-680ba53a-2f0e-405c-89f5-452fba7fffbe req-5c79cb46-497d-4243-9559-1693f7f7367f None None] Starting request: 10.222.0.48 "PUT /placement/allocations/4a51d22c-9ddf-4433-8550-1320d58761ea" {{(pid=103888) __call__ /opt/stack/placement/placement/requestlog.py:55}}
Jan 28 00:22:31.146054 n-d-826755-1 devstack@placement-api.service[103887]: [pid: 103887|app: 0|req: 249/500] 10.222.0.48 () {60 vars in 1380 bytes} [Fri Jan 28 00:22:31 2022] GET /placement/allocations/4a51d22c-9ddf-4433-8550-1320d58761ea => generated 19 bytes in 24 msecs (HTTP/1.1 200) 8 headers in 295 bytes (1 switches on core 0)
Jan 28 00:22:31.263269 n-d-826755-1 devstack@placement-api.service[103888]: DEBUG placement.handlers.allocation [req-680ba53a-2f0e-405c-89f5-452fba7fffbe req-5c79cb46-497d-4243-9559-1693f7f7367f service placement] Successfully wrote allocations [, , ] {{(pid=103888) _update_consumers_and_create_allocations /opt/stack/placement/placement/handlers/allocation.py:462}}
Jan 28 00:22:31.273774 n-d-826755-1 devstack@placement-api.service[103888]: INFO placement.requestlog [req-680ba53a-2f0e-405c-89f5-452fba7fffbe req-5c79cb46-497d-4243-9559-1693f7f7367f service placement] 10.222.0.48 "PUT /placement/allocations/4a51d22c-9ddf-4433-8550-1320d58761ea" status: 204 len: 0 microversion: 1.36
Jan 28 00:22:31.292904 n-d-826755-1 devstack@placement-api.service[103888]: [pid: 103888|app: 0|req: 252/501] 10.222.0.48 () {64 vars in 1433 bytes} [Fri Jan 28 00:22:31 2022] PUT /placement/allocations/4a51d22c-9ddf-4433-8550-1320d58761ea => generated 0 bytes in 133 msecs (HTTP/1.1 204) 5 headers in 199 bytes (1 switches on core 0)
Jan 28 00:22:31.896651 n-d-826755-1 devstack@placement-api.service[103887]: DEBUG placement.requestlog [req-680ba53a-2f0e-405c-89f5-452fba7fffbe req-3be7fcb6-6a86-4b16-89ef-c5037d58a1ab None None] Starting request: 10.222.0.69 "GET /placement/allocations/4a51d22c-9ddf-4433-8550-1320d58761ea" {{(pid=103887) __call__ /opt/stack/placement/placement/requestlog.py:55}}
Jan 28 00:22:31.946713 n-d-826755-1 devstack@placement-api.service[103887]: INFO placement.requestlog [req-680ba53a-2f0e-405c-89f5-452fba7fffbe req-3be7fcb6-6a86-4b16-89ef-c5037d58a1ab service placement] 10.222.0.69 "GET /placement/allocations/4a51d22c-9ddf-4433-8550-1320d58761ea" status: 200 len: 259 microversion: 1.28
Jan 28 00:22:31.947772 n-d-826755-1 devstack@placement-api.service[103887]: [pid: 103887|app: 0|req: 250/502] 10.222.0.69 () {60 vars in 1377 bytes} [Fri Jan 28 00:22:31 2022] GET /placement/allocations/4a51d22c-9ddf-4433-8550-1320d58761ea => generated 259 bytes in 53 msecs (HTTP/1.1 200) 8 headers in 296 bytes (1 switches on core 0)
Jan 28 00:22:32.896849 n-d-826755-1 devstack@placement-api.service[103888]: DEBUG placement.requestlog [req-8a8f6a53-823d-456b-b59f-07873eb0b077 req-a6523917-4865-4d9f-994c-5ffce9524661 None None] Starting request: 10.222.0.69 "DELETE /placement/allocations/1eeb036f-72b6-4810-955e-42d042650230" {{(pid=103888) __call__ /opt/stack/placement/placement/requestlog.py:55}}
Jan 28 00:22:32.981531 n-d-826755-1 devstack@placement-api.service[103888]: DEBUG placement.handlers.allocation [req-8a8f6a53-823d-456b-b59f-07873eb0b077 req-a6523917-4865-4d9f-994c-5ffce9524661 service placement] Successfully deleted allocations [, , ] {{(pid=103888) delete_allocations /opt/stack/placement/placement/handlers/allocation.py:627}}
Jan 28 00:22:32.982097 n-d-826755-1 devstack@placement-api.service[103888]: INFO placement.requestlog [req-8a8f6a53-823d-456b-b59f-07873eb0b077 req-a6523917-4865-4d9f-994c-5ffce9524661 service placement] 10.222.0.69 "DELETE /placement/allocations/1eeb036f-72b6-4810-955e-42d042650230" status: 204 len: 0 microversion: 1.0
Jan 28 00:22:32.982705 n-d-826755-1 devstack@placement-api.service[103888]: [pid: 103888|app: 0|req: 253/503] 10.222.0.69 () {60 vars in 1355 bytes} [Fri Jan 28 00:22:32 2022] DELETE /placement/allocations/1eeb036f-72b6-4810-955e-42d042650230 => generated 0 bytes in 86 msecs (HTTP/1.1 204) 5 headers in 198 bytes (1 switches on core 0)
Jan 28 00:22:33.084678 n-d-826755-1 devstack@placement-api.service[103887]: DEBUG placement.requestlog [req-77e3fcb7-5cfe-4324-a207-e4a3101d2907 req-12e47092-bcbd-479e-a1fb-55e843e05a70 None None] Starting request: 10.222.0.61 "DELETE /placement/allocations/c9705327-6138-42e0-aa1a-5da8a102d5cb" {{(pid=103887) __call__ /opt/stack/placement/placement/requestlog.py:55}}
Jan 28 00:22:33.162870 n-d-826755-1 devstack@placement-api.service[103887]: DEBUG placement.handlers.allocation [req-77e3fcb7-5cfe-4324-a207-e4a3101d2907 req-12e47092-bcbd-479e-a1fb-55e843e05a70 service placement] Successfully deleted allocations [, , ] {{(pid=103887) delete_allocations /opt/stack/placement/placement/handlers/allocation.py:627}}
Jan 28 00:22:33.163929 n-d-826755-1 devstack@placement-api.service[103887]: INFO placement.requestlog [req-77e3fcb7-5cfe-4324-a207-e4a3101d2907 req-12e47092-bcbd-479e-a1fb-55e843e05a70 service placement] 10.222.0.61 "DELETE /placement/allocations/c9705327-6138-42e0-aa1a-5da8a102d5cb" status: 204 len: 0 microversion: 1.0
Jan 28 00:22:33.164891 n-d-826755-1 devstack@placement-api.service[103887]: [pid: 103887|app: 0|req: 251/504] 10.222.0.61 () {60 vars in 1355 bytes} [Fri Jan 28 00:22:33 2022] DELETE /placement/allocations/c9705327-6138-42e0-aa1a-5da8a102d5cb => generated 0 bytes in 83 msecs (HTTP/1.1 204) 5 headers in 198 bytes (1 switches on core 0)
Jan 28 00:22:34.573902 n-d-826755-1 devstack@placement-api.service[103888]: DEBUG placement.requestlog [req-7c95b9a9-a861-4d6d-ac54-6bc804a464ed req-c161d55a-9dd4-41fa-b9c6-f1b7dca0f8b6 None None] Starting request: 10.222.0.69 "DELETE /placement/allocations/f759f49a-7253-4701-a85e-d13e9b49c3d0" {{(pid=103888) __call__ /opt/stack/placement/placement/requestlog.py:55}}
Jan 28 00:22:34.642253 n-d-826755-1 devstack@placement-api.service[103888]: DEBUG placement.handlers.allocation [req-7c95b9a9-a861-4d6d-ac54-6bc804a464ed req-c161d55a-9dd4-41fa-b9c6-f1b7dca0f8b6 service placement] Successfully deleted allocations [, , ] {{(pid=103888) delete_allocations /opt/stack/placement/placement/handlers/allocation.py:627}}
Jan 28 00:22:34.644103 n-d-826755-1 devstack@placement-api.service[103888]: INFO placement.requestlog [req-7c95b9a9-a861-4d6d-ac54-6bc804a464ed req-c161d55a-9dd4-41fa-b9c6-f1b7dca0f8b6 service placement] 10.222.0.69 "DELETE /placement/allocations/f759f49a-7253-4701-a85e-d13e9b49c3d0" status: 204 len: 0 microversion: 1.0
Jan 28 00:22:34.646034 n-d-826755-1 devstack@placement-api.service[103888]: [pid: 103888|app: 0|req: 254/505] 10.222.0.69 () {60 vars in 1355 bytes} [Fri Jan 28 00:22:34 2022] DELETE /placement/allocations/f759f49a-7253-4701-a85e-d13e9b49c3d0 => generated 0 bytes in 73 msecs (HTTP/1.1 204) 5 headers in 198 bytes (1 switches on core 0)
Jan 28 00:22:39.467481 n-d-826755-1 devstack@placement-api.service[103887]: DEBUG placement.requestlog [req-8fbce4bc-2770-454d-9326-63c54f61e0f8 req-615367d9-239d-4cfd-b18e-8ff96ab2fcc1 None None] Starting request: 10.222.0.61 "GET /placement/resource_providers/8935122a-2b9d-4dac-b9a0-926c270f3148/allocations" {{(pid=103887) __call__ /opt/stack/placement/placement/requestlog.py:55}}
Jan 28 00:22:39.494198 n-d-826755-1 devstack@placement-api.service[103887]: INFO placement.requestlog [req-8fbce4bc-2770-454d-9326-63c54f61e0f8 req-615367d9-239d-4cfd-b18e-8ff96ab2fcc1 service placement] 10.222.0.61 "GET /placement/resource_providers/8935122a-2b9d-4dac-b9a0-926c270f3148/allocations" status: 200 len: 746 microversion: 1.0
Jan 28 00:22:39.495167 n-d-826755-1 devstack@placement-api.service[103887]: [pid: 103887|app: 0|req: 252/506] 10.222.0.61 () {58 vars in 1390 bytes} [Fri Jan 28 00:22:39 2022] GET /placement/resource_providers/8935122a-2b9d-4dac-b9a0-926c270f3148/allocations => generated 746 bytes in 28 msecs (HTTP/1.1 200) 6 headers in 224 bytes (1 switches on core 0)
Jan 28 00:22:41.833414 n-d-826755-1 devstack@placement-api.service[103888]: DEBUG placement.requestlog [req-8559f3a2-2745-4a8c-980e-ec6b89fcd137 req-094f03c3-44ae-4a49-8b17-885d86c634ed None None] Starting request: 10.222.0.69 "GET /placement/resource_providers/ee05e449-1ec6-4775-a8db-392e822c8e0a/allocations" {{(pid=103888) __call__ /opt/stack/placement/placement/requestlog.py:55}}
Jan 28 00:22:41.872964 n-d-826755-1 devstack@placement-api.service[103887]: DEBUG placement.requestlog [req-fc600fd3-dfbf-4df9-8c72-ce9654cfac44 req-c14fb113-14b3-4d74-a13c-7c53403e9449 None None] Starting request: 10.222.0.61 "DELETE /placement/allocations/c5de4f07-2ff1-4304-9c4c-13b146294e9d" {{(pid=103887) __call__ /opt/stack/placement/placement/requestlog.py:55}}
Jan 28 00:22:41.897952 n-d-826755-1 devstack@placement-api.service[103888]: INFO placement.requestlog [req-8559f3a2-2745-4a8c-980e-ec6b89fcd137 req-094f03c3-44ae-4a49-8b17-885d86c634ed service placement] 10.222.0.69 "GET /placement/resource_providers/ee05e449-1ec6-4775-a8db-392e822c8e0a/allocations" status: 200 len: 457 microversion: 1.0
Jan 28 00:22:41.901443 n-d-826755-1 devstack@placement-api.service[103888]: [pid: 103888|app: 0|req: 255/507] 10.222.0.69 () {58 vars in 1390 bytes} [Fri Jan 28 00:22:41 2022] GET /placement/resource_providers/ee05e449-1ec6-4775-a8db-392e822c8e0a/allocations => generated 457 bytes in 68 msecs (HTTP/1.1 200) 6 headers in 224 bytes (1 switches on core 0)
Jan 28 00:22:41.934767 n-d-826755-1 devstack@placement-api.service[103887]: DEBUG placement.handlers.allocation [req-fc600fd3-dfbf-4df9-8c72-ce9654cfac44 req-c14fb113-14b3-4d74-a13c-7c53403e9449 service placement] Successfully deleted allocations [, , ] {{(pid=103887) delete_allocations /opt/stack/placement/placement/handlers/allocation.py:627}}
Jan 28 00:22:41.935300 n-d-826755-1 devstack@placement-api.service[103887]: INFO placement.requestlog [req-fc600fd3-dfbf-4df9-8c72-ce9654cfac44 req-c14fb113-14b3-4d74-a13c-7c53403e9449 service placement] 10.222.0.61 "DELETE /placement/allocations/c5de4f07-2ff1-4304-9c4c-13b146294e9d" status: 204 len: 0 microversion: 1.0
Jan 28 00:22:41.936004 n-d-826755-1 devstack@placement-api.service[103887]: [pid: 103887|app: 0|req: 253/508] 10.222.0.61 () {60 vars in 1355 bytes} [Fri Jan 28 00:22:41 2022] DELETE /placement/allocations/c5de4f07-2ff1-4304-9c4c-13b146294e9d => generated 0 bytes in 63 msecs (HTTP/1.1 204) 5 headers in 198 bytes (1 switches on core 0)
Jan 28 00:22:43.105756 n-d-826755-1 devstack@placement-api.service[103888]: DEBUG placement.requestlog [req-5b0a0e51-1476-45a5-972e-19e1e327535a req-b55c1b93-4955-4fc5-83c1-aa5803081f3a None None] Starting request: 10.222.0.61 "DELETE /placement/allocations/374765de-f527-45d4-bc99-350d9db474d0" {{(pid=103888) __call__ /opt/stack/placement/placement/requestlog.py:55}}
Jan 28 00:22:43.197839 n-d-826755-1 devstack@placement-api.service[103888]: DEBUG placement.handlers.allocation [req-5b0a0e51-1476-45a5-972e-19e1e327535a req-b55c1b93-4955-4fc5-83c1-aa5803081f3a service placement] Successfully deleted allocations [, , ] {{(pid=103888) delete_allocations /opt/stack/placement/placement/handlers/allocation.py:627}}
Jan 28 00:22:43.199112 n-d-826755-1 devstack@placement-api.service[103888]: INFO placement.requestlog [req-5b0a0e51-1476-45a5-972e-19e1e327535a req-b55c1b93-4955-4fc5-83c1-aa5803081f3a service placement] 10.222.0.61 "DELETE /placement/allocations/374765de-f527-45d4-bc99-350d9db474d0" status: 204 len: 0 microversion: 1.0
Jan 28 00:22:43.206164 n-d-826755-1 devstack@placement-api.service[103888]: [pid: 103888|app: 0|req: 256/509] 10.222.0.61 () {60 vars in 1355 bytes} [Fri Jan 28 00:22:43 2022] DELETE /placement/allocations/374765de-f527-45d4-bc99-350d9db474d0 => generated 0 bytes in 101 msecs (HTTP/1.1 204) 5 headers in 198 bytes (1 switches on core 0)
Jan 28 00:22:44.042420 n-d-826755-1 devstack@placement-api.service[103887]: DEBUG placement.requestlog [req-d71469c5-40e0-4e91-95dd-8e9e1f137f4f req-4b3db74a-2020-46cb-a075-1774fd2d405f None None] Starting request: 10.222.0.48 "GET /placement/allocation_candidates?limit=1000&resources=DISK_GB%3A1%2CMEMORY_MB%3A1024%2CVCPU%3A1&root_required=%21COMPUTE_STATUS_DISABLED" {{(pid=103887) __call__ /opt/stack/placement/placement/requestlog.py:55}}
Jan 28 00:22:44.156672 n-d-826755-1 devstack@placement-api.service[103887]: DEBUG placement.objects.research_context [req-d71469c5-40e0-4e91-95dd-8e9e1f137f4f req-4b3db74a-2020-46cb-a075-1774fd2d405f service placement] getting providers with 1 DISK_GB {{(pid=103887) __init__ /opt/stack/placement/placement/objects/research_context.py:126}}
Jan 28 00:22:44.176365 n-d-826755-1 devstack@placement-api.service[103887]: DEBUG placement.objects.research_context [req-d71469c5-40e0-4e91-95dd-8e9e1f137f4f req-4b3db74a-2020-46cb-a075-1774fd2d405f service placement] getting providers with 1024 MEMORY_MB {{(pid=103887) __init__ /opt/stack/placement/placement/objects/research_context.py:126}}
Jan 28 00:22:44.192322 n-d-826755-1 devstack@placement-api.service[103887]: DEBUG placement.objects.research_context [req-d71469c5-40e0-4e91-95dd-8e9e1f137f4f req-4b3db74a-2020-46cb-a075-1774fd2d405f service placement] getting providers with 1 VCPU {{(pid=103887) __init__ /opt/stack/placement/placement/objects/research_context.py:126}}
Jan 28 00:22:44.203195 n-d-826755-1 devstack@placement-api.service[103887]: DEBUG placement.objects.research_context [req-d71469c5-40e0-4e91-95dd-8e9e1f137f4f req-4b3db74a-2020-46cb-a075-1774fd2d405f service placement] found 2 providers with available 1 DISK_GB {{(pid=103887) get_provider_ids_matching /opt/stack/placement/placement/objects/research_context.py:549}}
Jan 28 00:22:44.203533 n-d-826755-1 devstack@placement-api.service[103887]: DEBUG placement.objects.research_context [req-d71469c5-40e0-4e91-95dd-8e9e1f137f4f req-4b3db74a-2020-46cb-a075-1774fd2d405f service placement] found 2 providers with available 1024 MEMORY_MB {{(pid=103887) get_provider_ids_matching /opt/stack/placement/placement/objects/research_context.py:549}}
Jan 28 00:22:44.203704 n-d-826755-1 devstack@placement-api.service[103887]: DEBUG placement.objects.research_context [req-d71469c5-40e0-4e91-95dd-8e9e1f137f4f req-4b3db74a-2020-46cb-a075-1774fd2d405f service placement] found 2 providers after filtering by previous result {{(pid=103887) get_provider_ids_matching /opt/stack/placement/placement/objects/research_context.py:580}}
Jan 28 00:22:44.203955 n-d-826755-1 devstack@placement-api.service[103887]: DEBUG placement.objects.research_context [req-d71469c5-40e0-4e91-95dd-8e9e1f137f4f req-4b3db74a-2020-46cb-a075-1774fd2d405f service placement] found 2 providers with available 1 VCPU {{(pid=103887) get_provider_ids_matching /opt/stack/placement/placement/objects/research_context.py:549}}
Jan 28 00:22:44.204578 n-d-826755-1 devstack@placement-api.service[103887]: DEBUG placement.objects.research_context [req-d71469c5-40e0-4e91-95dd-8e9e1f137f4f req-4b3db74a-2020-46cb-a075-1774fd2d405f service placement] found 2 providers after filtering by previous result {{(pid=103887) get_provider_ids_matching /opt/stack/placement/placement/objects/research_context.py:580}}
Jan 28 00:22:44.239740 n-d-826755-1 devstack@placement-api.service[103887]: DEBUG placement.objects.allocation_candidate [req-d71469c5-40e0-4e91-95dd-8e9e1f137f4f req-4b3db74a-2020-46cb-a075-1774fd2d405f service placement] RequestGroup(use_same_provider=False, resources={DISK_GB:1, MEMORY_MB:1024, VCPU:1}, traits=[], aggregates=[]) (suffix '') returned 2 matches {{(pid=103887) _get_by_requests /opt/stack/placement/placement/objects/allocation_candidate.py:145}}
Jan 28 00:22:44.240538 n-d-826755-1 devstack@placement-api.service[103887]: DEBUG placement.objects.allocation_candidate [req-d71469c5-40e0-4e91-95dd-8e9e1f137f4f req-4b3db74a-2020-46cb-a075-1774fd2d405f service placement] Merging candidates yields 2 allocation requests and 2 provider summaries {{(pid=103887) _merge_candidates /opt/stack/placement/placement/objects/allocation_candidate.py:783}}
Jan 28 00:22:44.243149 n-d-826755-1 devstack@placement-api.service[103887]: INFO placement.requestlog [req-d71469c5-40e0-4e91-95dd-8e9e1f137f4f req-4b3db74a-2020-46cb-a075-1774fd2d405f service placement] 10.222.0.48 "GET /placement/allocation_candidates?limit=1000&resources=DISK_GB%3A1%2CMEMORY_MB%3A1024%2CVCPU%3A1&root_required=%21COMPUTE_STATUS_DISABLED" status: 200 len: 1309 microversion: 1.36
Jan 28 00:22:44.244173 n-d-826755-1 devstack@placement-api.service[103887]: [pid: 103887|app: 0|req: 254/510] 10.222.0.48 () {60 vars in 1506 bytes} [Fri Jan 28 00:22:44 2022] GET /placement/allocation_candidates?limit=1000&resources=DISK_GB%3A1%2CMEMORY_MB%3A1024%2CVCPU%3A1&root_required=%21COMPUTE_STATUS_DISABLED => generated 1309 bytes in 203 msecs (HTTP/1.1 200) 8 headers in 297 bytes (1 switches on core 0)
Jan 28 00:22:44.317580 n-d-826755-1 devstack@placement-api.service[103888]: DEBUG placement.requestlog [req-d71469c5-40e0-4e91-95dd-8e9e1f137f4f req-9cf85cc5-0637-48fb-9ea6-236dd81d50bf None None] Starting request: 10.222.0.48 "GET /placement/allocations/4f43bddb-73b5-4696-af3b-23e7baa897ea" {{(pid=103888) __call__ /opt/stack/placement/placement/requestlog.py:55}}
Jan 28 00:22:44.328812 n-d-826755-1 devstack@placement-api.service[103888]: INFO placement.requestlog [req-d71469c5-40e0-4e91-95dd-8e9e1f137f4f req-9cf85cc5-0637-48fb-9ea6-236dd81d50bf service placement] 10.222.0.48 "GET /placement/allocations/4f43bddb-73b5-4696-af3b-23e7baa897ea" status: 200 len: 19 microversion: 1.28
Jan 28 00:22:44.336502 n-d-826755-1 devstack@placement-api.service[103888]: [pid: 103888|app: 0|req: 257/511] 10.222.0.48 () {60 vars in 1380 bytes} [Fri Jan 28 00:22:44 2022] GET /placement/allocations/4f43bddb-73b5-4696-af3b-23e7baa897ea => generated 19 bytes in 19 msecs (HTTP/1.1 200) 8 headers in 295 bytes (1 switches on core 0)
Jan 28 00:22:44.338241 n-d-826755-1 devstack@placement-api.service[103887]: DEBUG placement.requestlog [req-d71469c5-40e0-4e91-95dd-8e9e1f137f4f req-764f2a28-e262-40e5-9ade-86ca5f83000e None None] Starting request: 10.222.0.48 "PUT /placement/allocations/4f43bddb-73b5-4696-af3b-23e7baa897ea" {{(pid=103887) __call__ /opt/stack/placement/placement/requestlog.py:55}}
Jan 28 00:22:44.419283 n-d-826755-1 devstack@placement-api.service[103887]: DEBUG placement.handlers.allocation [req-d71469c5-40e0-4e91-95dd-8e9e1f137f4f req-764f2a28-e262-40e5-9ade-86ca5f83000e service placement] Successfully wrote allocations [, , ] {{(pid=103887) _update_consumers_and_create_allocations /opt/stack/placement/placement/handlers/allocation.py:462}}
Jan 28 00:22:44.427962 n-d-826755-1 devstack@placement-api.service[103887]: INFO placement.requestlog [req-d71469c5-40e0-4e91-95dd-8e9e1f137f4f req-764f2a28-e262-40e5-9ade-86ca5f83000e service placement] 10.222.0.48 "PUT /placement/allocations/4f43bddb-73b5-4696-af3b-23e7baa897ea" status: 204 len: 0 microversion: 1.36
Jan 28 00:22:44.431114 n-d-826755-1 devstack@placement-api.service[103887]: [pid: 103887|app: 0|req: 255/512] 10.222.0.48 () {64 vars in 1433 bytes} [Fri Jan 28 00:22:44 2022] PUT /placement/allocations/4f43bddb-73b5-4696-af3b-23e7baa897ea => generated 0 bytes in 92 msecs (HTTP/1.1 204) 5 headers in 199 bytes (2 switches on core 0)
Jan 28 00:22:44.764107 n-d-826755-1 devstack@placement-api.service[103888]: DEBUG placement.requestlog [req-99547b59-85ba-44d4-a44f-ebe29a51e926 req-7fc84ce3-f3cb-45e7-90b3-283b4e8ea07f None None] Starting request: 10.222.0.61 "DELETE /placement/allocations/6e285e2e-cb08-403a-af62-31afe2df7ddb" {{(pid=103888) __call__ /opt/stack/placement/placement/requestlog.py:55}}
Jan 28 00:22:44.877345 n-d-826755-1 devstack@placement-api.service[103888]: DEBUG placement.handlers.allocation [req-99547b59-85ba-44d4-a44f-ebe29a51e926 req-7fc84ce3-f3cb-45e7-90b3-283b4e8ea07f service placement] Successfully deleted allocations [, , ] {{(pid=103888) delete_allocations /opt/stack/placement/placement/handlers/allocation.py:627}}
Jan 28 00:22:44.878510 n-d-826755-1 devstack@placement-api.service[103888]: INFO placement.requestlog [req-99547b59-85ba-44d4-a44f-ebe29a51e926 req-7fc84ce3-f3cb-45e7-90b3-283b4e8ea07f service placement] 10.222.0.61 "DELETE /placement/allocations/6e285e2e-cb08-403a-af62-31afe2df7ddb" status: 204 len: 0 microversion: 1.0
Jan 28 00:22:44.881506 n-d-826755-1 devstack@placement-api.service[103888]: [pid: 103888|app: 0|req: 258/513] 10.222.0.61 () {60 vars in 1355 bytes} [Fri Jan 28 00:22:44 2022] DELETE /placement/allocations/6e285e2e-cb08-403a-af62-31afe2df7ddb => generated 0 bytes in 119 msecs (HTTP/1.1 204) 5 headers in 198 bytes (1 switches on core 0)
Jan 28 00:22:44.973010 n-d-826755-1 devstack@placement-api.service[103887]: DEBUG placement.requestlog [req-d71469c5-40e0-4e91-95dd-8e9e1f137f4f req-53d4e7df-232a-4509-a1f7-100e76df9fb7 None None] Starting request: 10.222.0.61 "GET /placement/allocations/4f43bddb-73b5-4696-af3b-23e7baa897ea" {{(pid=103887) __call__ /opt/stack/placement/placement/requestlog.py:55}}
Jan 28 00:22:45.043021 n-d-826755-1 devstack@placement-api.service[103887]: INFO placement.requestlog [req-d71469c5-40e0-4e91-95dd-8e9e1f137f4f req-53d4e7df-232a-4509-a1f7-100e76df9fb7 service placement] 10.222.0.61 "GET /placement/allocations/4f43bddb-73b5-4696-af3b-23e7baa897ea" status: 200 len: 259 microversion: 1.28
Jan 28 00:22:45.049956 n-d-826755-1 devstack@placement-api.service[103887]: [pid: 103887|app: 0|req: 256/514] 10.222.0.61 () {60 vars in 1377 bytes} [Fri Jan 28 00:22:44 2022] GET /placement/allocations/4f43bddb-73b5-4696-af3b-23e7baa897ea => generated 259 bytes in 79 msecs (HTTP/1.1 200) 8 headers in 296 bytes (2 switches on core 0)
Jan 28 00:22:46.626962 n-d-826755-1 devstack@placement-api.service[103888]: DEBUG placement.requestlog [req-a08516e3-a9af-4801-8a0d-c3cc363a0d72 req-4882e441-e877-4753-99b0-d356bf01d89c None None] Starting request: 10.222.0.61 "DELETE /placement/allocations/099e3c2d-1b7a-422d-9db3-1a9370bbd051" {{(pid=103888) __call__ /opt/stack/placement/placement/requestlog.py:55}}
Jan 28 00:22:46.742294 n-d-826755-1 devstack@placement-api.service[103888]: DEBUG placement.handlers.allocation [req-a08516e3-a9af-4801-8a0d-c3cc363a0d72 req-4882e441-e877-4753-99b0-d356bf01d89c service placement] Successfully deleted allocations [, , ] {{(pid=103888) delete_allocations /opt/stack/placement/placement/handlers/allocation.py:627}}
Jan 28 00:22:46.743258 n-d-826755-1 devstack@placement-api.service[103888]: INFO placement.requestlog [req-a08516e3-a9af-4801-8a0d-c3cc363a0d72 req-4882e441-e877-4753-99b0-d356bf01d89c service placement] 10.222.0.61 "DELETE /placement/allocations/099e3c2d-1b7a-422d-9db3-1a9370bbd051" status: 204 len: 0 microversion: 1.0
Jan 28 00:22:46.746291 n-d-826755-1 devstack@placement-api.service[103888]: [pid: 103888|app: 0|req: 259/515] 10.222.0.61 () {60 vars in 1355 bytes} [Fri Jan 28 00:22:46 2022] DELETE /placement/allocations/099e3c2d-1b7a-422d-9db3-1a9370bbd051 => generated 0 bytes in 120 msecs (HTTP/1.1 204) 5 headers in 198 bytes (1 switches on core 0)
Jan 28 00:22:49.230649 n-d-826755-1 devstack@placement-api.service[103887]: DEBUG placement.requestlog [req-f4d864aa-0d46-4890-a764-a0f07fce1e3e req-7ecf7691-7d79-4abc-809e-33ca36f268f1 None None] Starting request: 10.222.0.61 "DELETE /placement/allocations/36555976-2dd1-4d97-8ceb-4dd38f09c897" {{(pid=103887) __call__ /opt/stack/placement/placement/requestlog.py:55}}
Jan 28 00:22:49.293564 n-d-826755-1 devstack@placement-api.service[103887]: DEBUG placement.handlers.allocation [req-f4d864aa-0d46-4890-a764-a0f07fce1e3e req-7ecf7691-7d79-4abc-809e-33ca36f268f1 service placement] Successfully deleted allocations [, , ] {{(pid=103887) delete_allocations /opt/stack/placement/placement/handlers/allocation.py:627}}
Jan 28 00:22:49.295023 n-d-826755-1 devstack@placement-api.service[103887]: INFO placement.requestlog [req-f4d864aa-0d46-4890-a764-a0f07fce1e3e req-7ecf7691-7d79-4abc-809e-33ca36f268f1 service placement] 10.222.0.61 "DELETE /placement/allocations/36555976-2dd1-4d97-8ceb-4dd38f09c897" status: 204 len: 0 microversion: 1.0
Jan 28 00:22:49.297019 n-d-826755-1 devstack@placement-api.service[103887]: [pid: 103887|app: 0|req: 257/516] 10.222.0.61 () {60 vars in 1355 bytes} [Fri Jan 28 00:22:49 2022] DELETE /placement/allocations/36555976-2dd1-4d97-8ceb-4dd38f09c897 => generated 0 bytes in 65 msecs (HTTP/1.1 204) 5 headers in 198 bytes (1 switches on core 0)
Jan 28 00:22:50.332905 n-d-826755-1 devstack@placement-api.service[103888]: DEBUG placement.requestlog [req-2a1a1b58-6b8e-49ba-b50a-63810f2ae534 req-f16c4523-dc77-49d6-908d-72f23dfe0aca None None] Starting request: 10.222.0.69 "GET /placement/allocations/a6762bb0-0120-438c-9f55-07cdb8340220" {{(pid=103888) __call__ /opt/stack/placement/placement/requestlog.py:55}}
Jan 28 00:22:50.383051 n-d-826755-1 devstack@placement-api.service[103888]: INFO placement.requestlog [req-2a1a1b58-6b8e-49ba-b50a-63810f2ae534 req-f16c4523-dc77-49d6-908d-72f23dfe0aca service placement] 10.222.0.69 "GET /placement/allocations/a6762bb0-0120-438c-9f55-07cdb8340220" status: 200 len: 259 microversion: 1.28
Jan 28 00:22:50.384074 n-d-826755-1 devstack@placement-api.service[103888]: [pid: 103888|app: 0|req: 260/517] 10.222.0.69 () {60 vars in 1377 bytes} [Fri Jan 28 00:22:50 2022] GET /placement/allocations/a6762bb0-0120-438c-9f55-07cdb8340220 => generated 259 bytes in 52 msecs (HTTP/1.1 200) 8 headers in 296 bytes (2 switches on core 0)
Jan 28 00:22:51.635554 n-d-826755-1 devstack@placement-api.service[103887]: DEBUG placement.requestlog [req-6a17aa5d-9099-4f0c-98a0-89489625f571 req-300de27f-978f-4a5d-958d-7202350c1ccb None None] Starting request: 10.222.0.48 "GET /placement/allocation_candidates?limit=1000&resources=DISK_GB%3A1%2CMEMORY_MB%3A1024%2CVCPU%3A1&root_required=%21COMPUTE_STATUS_DISABLED" {{(pid=103887) __call__ /opt/stack/placement/placement/requestlog.py:55}}
Jan 28 00:22:51.719836 n-d-826755-1 devstack@placement-api.service[103887]: DEBUG placement.objects.research_context [req-6a17aa5d-9099-4f0c-98a0-89489625f571 req-300de27f-978f-4a5d-958d-7202350c1ccb service placement] getting providers with 1 DISK_GB {{(pid=103887) __init__ /opt/stack/placement/placement/objects/research_context.py:126}}
Jan 28 00:22:51.728067 n-d-826755-1 devstack@placement-api.service[103887]: DEBUG placement.objects.research_context [req-6a17aa5d-9099-4f0c-98a0-89489625f571 req-300de27f-978f-4a5d-958d-7202350c1ccb service placement] getting providers with 1024 MEMORY_MB {{(pid=103887) __init__ /opt/stack/placement/placement/objects/research_context.py:126}}
Jan 28 00:22:51.734935 n-d-826755-1 devstack@placement-api.service[103887]: DEBUG placement.objects.research_context [req-6a17aa5d-9099-4f0c-98a0-89489625f571 req-300de27f-978f-4a5d-958d-7202350c1ccb service placement] getting providers with 1 VCPU {{(pid=103887) __init__ /opt/stack/placement/placement/objects/research_context.py:126}}
Jan 28 00:22:51.742718 n-d-826755-1 devstack@placement-api.service[103887]: DEBUG placement.objects.research_context [req-6a17aa5d-9099-4f0c-98a0-89489625f571 req-300de27f-978f-4a5d-958d-7202350c1ccb service placement] found 2 providers with available 1 DISK_GB {{(pid=103887) get_provider_ids_matching /opt/stack/placement/placement/objects/research_context.py:549}}
Jan 28 00:22:51.743198 n-d-826755-1 devstack@placement-api.service[103887]: DEBUG placement.objects.research_context [req-6a17aa5d-9099-4f0c-98a0-89489625f571 req-300de27f-978f-4a5d-958d-7202350c1ccb service placement] found 2 providers with available 1024 MEMORY_MB {{(pid=103887) get_provider_ids_matching /opt/stack/placement/placement/objects/research_context.py:549}}
Jan 28 00:22:51.743542 n-d-826755-1 devstack@placement-api.service[103887]: DEBUG placement.objects.research_context [req-6a17aa5d-9099-4f0c-98a0-89489625f571 req-300de27f-978f-4a5d-958d-7202350c1ccb service placement] found 2 providers after filtering by previous result {{(pid=103887) get_provider_ids_matching /opt/stack/placement/placement/objects/research_context.py:580}}
Jan 28 00:22:51.743896 n-d-826755-1 devstack@placement-api.service[103887]: DEBUG placement.objects.research_context [req-6a17aa5d-9099-4f0c-98a0-89489625f571 req-300de27f-978f-4a5d-958d-7202350c1ccb service placement] found 2 providers with available 1 VCPU {{(pid=103887) get_provider_ids_matching /opt/stack/placement/placement/objects/research_context.py:549}}
Jan 28 00:22:51.744407 n-d-826755-1 devstack@placement-api.service[103887]: DEBUG placement.objects.research_context [req-6a17aa5d-9099-4f0c-98a0-89489625f571 req-300de27f-978f-4a5d-958d-7202350c1ccb service placement] found 2 providers after filtering by previous result {{(pid=103887) get_provider_ids_matching /opt/stack/placement/placement/objects/research_context.py:580}}
Jan 28 00:22:51.761596 n-d-826755-1 devstack@placement-api.service[103887]: DEBUG placement.objects.allocation_candidate [req-6a17aa5d-9099-4f0c-98a0-89489625f571 req-300de27f-978f-4a5d-958d-7202350c1ccb service placement] RequestGroup(use_same_provider=False, resources={DISK_GB:1, MEMORY_MB:1024, VCPU:1}, traits=[], aggregates=[]) (suffix '') returned 2 matches {{(pid=103887) _get_by_requests /opt/stack/placement/placement/objects/allocation_candidate.py:145}}
Jan 28 00:22:51.762472 n-d-826755-1 devstack@placement-api.service[103887]: DEBUG placement.objects.allocation_candidate [req-6a17aa5d-9099-4f0c-98a0-89489625f571 req-300de27f-978f-4a5d-958d-7202350c1ccb service placement] Merging candidates yields 2 allocation requests and 2 provider summaries {{(pid=103887) _merge_candidates /opt/stack/placement/placement/objects/allocation_candidate.py:783}}
Jan 28 00:22:51.766801 n-d-826755-1 devstack@placement-api.service[103887]: INFO placement.requestlog [req-6a17aa5d-9099-4f0c-98a0-89489625f571 req-300de27f-978f-4a5d-958d-7202350c1ccb service placement] 10.222.0.48 "GET /placement/allocation_candidates?limit=1000&resources=DISK_GB%3A1%2CMEMORY_MB%3A1024%2CVCPU%3A1&root_required=%21COMPUTE_STATUS_DISABLED" status: 200 len: 1309 microversion: 1.36
Jan 28 00:22:51.772877 n-d-826755-1 devstack@placement-api.service[103887]: [pid: 103887|app: 0|req: 258/518] 10.222.0.48 () {60 vars in 1506 bytes} [Fri Jan 28 00:22:51 2022] GET /placement/allocation_candidates?limit=1000&resources=DISK_GB%3A1%2CMEMORY_MB%3A1024%2CVCPU%3A1&root_required=%21COMPUTE_STATUS_DISABLED => generated 1309 bytes in 137 msecs (HTTP/1.1 200) 8 headers in 297 bytes (1 switches on core 0)
Jan 28 00:22:51.850942 n-d-826755-1 devstack@placement-api.service[103888]: DEBUG placement.requestlog [req-6a17aa5d-9099-4f0c-98a0-89489625f571 req-15020072-d6fe-4137-8cf7-2de4b70cbb40 None None] Starting request: 10.222.0.48 "GET /placement/allocations/635dce47-afc8-406f-81b9-fcfffb5045ad" {{(pid=103888) __call__ /opt/stack/placement/placement/requestlog.py:55}}
Jan 28 00:22:51.870150 n-d-826755-1 devstack@placement-api.service[103888]: INFO placement.requestlog [req-6a17aa5d-9099-4f0c-98a0-89489625f571 req-15020072-d6fe-4137-8cf7-2de4b70cbb40 service placement] 10.222.0.48 "GET /placement/allocations/635dce47-afc8-406f-81b9-fcfffb5045ad" status: 200 len: 19 microversion: 1.28
Jan 28 00:22:51.871099 n-d-826755-1 devstack@placement-api.service[103888]: [pid: 103888|app: 0|req: 261/519] 10.222.0.48 () {60 vars in 1380 bytes} [Fri Jan 28 00:22:51 2022] GET /placement/allocations/635dce47-afc8-406f-81b9-fcfffb5045ad => generated 19 bytes in 22 msecs (HTTP/1.1 200) 8 headers in 295 bytes (1 switches on core 0)
Jan 28 00:22:51.880608 n-d-826755-1 devstack@placement-api.service[103887]: DEBUG placement.requestlog [req-6a17aa5d-9099-4f0c-98a0-89489625f571 req-74bd6774-0b38-4016-b47a-6f1e4547bc73 None None] Starting request: 10.222.0.48 "PUT /placement/allocations/635dce47-afc8-406f-81b9-fcfffb5045ad" {{(pid=103887) __call__ /opt/stack/placement/placement/requestlog.py:55}}
Jan 28 00:22:51.976400 n-d-826755-1 devstack@placement-api.service[103887]: DEBUG placement.handlers.allocation [req-6a17aa5d-9099-4f0c-98a0-89489625f571 req-74bd6774-0b38-4016-b47a-6f1e4547bc73 service placement] Successfully wrote allocations [, , ] {{(pid=103887) _update_consumers_and_create_allocations /opt/stack/placement/placement/handlers/allocation.py:462}}
Jan 28 00:22:51.983566 n-d-826755-1 devstack@placement-api.service[103887]: INFO placement.requestlog [req-6a17aa5d-9099-4f0c-98a0-89489625f571 req-74bd6774-0b38-4016-b47a-6f1e4547bc73 service placement] 10.222.0.48 "PUT /placement/allocations/635dce47-afc8-406f-81b9-fcfffb5045ad" status: 204 len: 0 microversion: 1.36
Jan 28 00:22:51.984444 n-d-826755-1 devstack@placement-api.service[103887]: [pid: 103887|app: 0|req: 259/520] 10.222.0.48 () {64 vars in 1433 bytes} [Fri Jan 28 00:22:51 2022] PUT /placement/allocations/635dce47-afc8-406f-81b9-fcfffb5045ad => generated 0 bytes in 104 msecs (HTTP/1.1 204) 5 headers in 199 bytes (2 switches on core 0)
Jan 28 00:22:52.494840 n-d-826755-1 devstack@placement-api.service[103888]: DEBUG placement.requestlog [req-6a17aa5d-9099-4f0c-98a0-89489625f571 req-1ad8ec2b-1c3f-43b0-a408-b4222b2a1095 None None] Starting request: 10.222.0.61 "GET /placement/allocations/635dce47-afc8-406f-81b9-fcfffb5045ad" {{(pid=103888) __call__ /opt/stack/placement/placement/requestlog.py:55}}
Jan 28 00:22:52.521963 n-d-826755-1 devstack@placement-api.service[103888]: INFO placement.requestlog [req-6a17aa5d-9099-4f0c-98a0-89489625f571 req-1ad8ec2b-1c3f-43b0-a408-b4222b2a1095 service placement] 10.222.0.61 "GET /placement/allocations/635dce47-afc8-406f-81b9-fcfffb5045ad" status: 200 len: 259 microversion: 1.28
Jan 28 00:22:52.523433 n-d-826755-1 devstack@placement-api.service[103888]: [pid: 103888|app: 0|req: 262/521] 10.222.0.61 () {60 vars in 1377 bytes} [Fri Jan 28 00:22:52 2022] GET /placement/allocations/635dce47-afc8-406f-81b9-fcfffb5045ad => generated 259 bytes in 28 msecs (HTTP/1.1 200) 8 headers in 296 bytes (1 switches on core 0)
Jan 28 00:22:53.663222 n-d-826755-1 devstack@placement-api.service[103887]: DEBUG placement.requestlog [req-c7699b55-81b6-4deb-90f1-dcb28827ca0e req-d5dd2124-3d12-4546-b849-4888cf92b43a None None] Starting request: 10.222.0.48 "GET /placement/allocation_candidates?limit=1000&resources=DISK_GB%3A1%2CMEMORY_MB%3A1024%2CVCPU%3A1&root_required=%21COMPUTE_STATUS_DISABLED" {{(pid=103887) __call__ /opt/stack/placement/placement/requestlog.py:55}}
Jan 28 00:22:53.786723 n-d-826755-1 devstack@placement-api.service[103887]: DEBUG placement.objects.research_context [req-c7699b55-81b6-4deb-90f1-dcb28827ca0e req-d5dd2124-3d12-4546-b849-4888cf92b43a service placement] getting providers with 1 DISK_GB {{(pid=103887) __init__ /opt/stack/placement/placement/objects/research_context.py:126}}
Jan 28 00:22:53.816723 n-d-826755-1 devstack@placement-api.service[103887]: DEBUG placement.objects.research_context [req-c7699b55-81b6-4deb-90f1-dcb28827ca0e req-d5dd2124-3d12-4546-b849-4888cf92b43a service placement] getting providers with 1024 MEMORY_MB {{(pid=103887) __init__ /opt/stack/placement/placement/objects/research_context.py:126}}
Jan 28 00:22:53.846238 n-d-826755-1 devstack@placement-api.service[103887]: DEBUG placement.objects.research_context [req-c7699b55-81b6-4deb-90f1-dcb28827ca0e req-d5dd2124-3d12-4546-b849-4888cf92b43a service placement] getting providers with 1 VCPU {{(pid=103887) __init__ /opt/stack/placement/placement/objects/research_context.py:126}}
Jan 28 00:22:53.853922 n-d-826755-1 devstack@placement-api.service[103887]: DEBUG placement.objects.research_context [req-c7699b55-81b6-4deb-90f1-dcb28827ca0e req-d5dd2124-3d12-4546-b849-4888cf92b43a service placement] found 2 providers with available 1 DISK_GB {{(pid=103887) get_provider_ids_matching /opt/stack/placement/placement/objects/research_context.py:549}}
Jan 28 00:22:53.854664 n-d-826755-1 devstack@placement-api.service[103887]: DEBUG placement.objects.research_context [req-c7699b55-81b6-4deb-90f1-dcb28827ca0e req-d5dd2124-3d12-4546-b849-4888cf92b43a service placement] found 2 providers with available 1024 MEMORY_MB {{(pid=103887) get_provider_ids_matching /opt/stack/placement/placement/objects/research_context.py:549}}
Jan 28 00:22:53.855142 n-d-826755-1 devstack@placement-api.service[103887]: DEBUG placement.objects.research_context [req-c7699b55-81b6-4deb-90f1-dcb28827ca0e req-d5dd2124-3d12-4546-b849-4888cf92b43a service placement] found 2 providers after filtering by previous result {{(pid=103887) get_provider_ids_matching /opt/stack/placement/placement/objects/research_context.py:580}}
Jan 28 00:22:53.855638 n-d-826755-1 devstack@placement-api.service[103887]: DEBUG placement.objects.research_context [req-c7699b55-81b6-4deb-90f1-dcb28827ca0e req-d5dd2124-3d12-4546-b849-4888cf92b43a service placement] found 2 providers with available 1 VCPU {{(pid=103887) get_provider_ids_matching /opt/stack/placement/placement/objects/research_context.py:549}}
Jan 28 00:22:53.856386 n-d-826755-1 devstack@placement-api.service[103887]: DEBUG placement.objects.research_context [req-c7699b55-81b6-4deb-90f1-dcb28827ca0e req-d5dd2124-3d12-4546-b849-4888cf92b43a service placement] found 2 providers after filtering by previous result {{(pid=103887) get_provider_ids_matching /opt/stack/placement/placement/objects/research_context.py:580}}
Jan 28 00:22:53.871275 n-d-826755-1 devstack@placement-api.service[103887]: DEBUG placement.objects.allocation_candidate [req-c7699b55-81b6-4deb-90f1-dcb28827ca0e req-d5dd2124-3d12-4546-b849-4888cf92b43a service placement] RequestGroup(use_same_provider=False, resources={DISK_GB:1, MEMORY_MB:1024, VCPU:1}, traits=[], aggregates=[]) (suffix '') returned 2 matches {{(pid=103887) _get_by_requests /opt/stack/placement/placement/objects/allocation_candidate.py:145}}
Jan 28 00:22:53.871999 n-d-826755-1 devstack@placement-api.service[103887]: DEBUG placement.objects.allocation_candidate [req-c7699b55-81b6-4deb-90f1-dcb28827ca0e req-d5dd2124-3d12-4546-b849-4888cf92b43a service placement] Merging candidates yields 2 allocation requests and 2 provider summaries {{(pid=103887) _merge_candidates /opt/stack/placement/placement/objects/allocation_candidate.py:783}}
Jan 28 00:22:53.874538 n-d-826755-1 devstack@placement-api.service[103887]: INFO placement.requestlog [req-c7699b55-81b6-4deb-90f1-dcb28827ca0e req-d5dd2124-3d12-4546-b849-4888cf92b43a service placement] 10.222.0.48 "GET /placement/allocation_candidates?limit=1000&resources=DISK_GB%3A1%2CMEMORY_MB%3A1024%2CVCPU%3A1&root_required=%21COMPUTE_STATUS_DISABLED" status: 200 len: 1309 microversion: 1.36
Jan 28 00:22:53.887031 n-d-826755-1 devstack@placement-api.service[103887]: [pid: 103887|app: 0|req: 260/522] 10.222.0.48 () {60 vars in 1506 bytes} [Fri Jan 28 00:22:53 2022] GET /placement/allocation_candidates?limit=1000&resources=DISK_GB%3A1%2CMEMORY_MB%3A1024%2CVCPU%3A1&root_required=%21COMPUTE_STATUS_DISABLED => generated 1309 bytes in 223 msecs (HTTP/1.1 200) 8 headers in 297 bytes (1 switches on core 0)
Jan 28 00:22:53.942502 n-d-826755-1 devstack@placement-api.service[103888]: DEBUG placement.requestlog [req-c7699b55-81b6-4deb-90f1-dcb28827ca0e req-9d5124aa-e97f-40c4-aef3-911c192200bb None None] Starting request: 10.222.0.48 "GET /placement/allocations/2ed6f23e-077a-414d-b93d-db9f21e0c7b2" {{(pid=103888) __call__ /opt/stack/placement/placement/requestlog.py:55}}
Jan 28 00:22:53.963602 n-d-826755-1 devstack@placement-api.service[103888]: INFO placement.requestlog [req-c7699b55-81b6-4deb-90f1-dcb28827ca0e req-9d5124aa-e97f-40c4-aef3-911c192200bb service placement] 10.222.0.48 "GET /placement/allocations/2ed6f23e-077a-414d-b93d-db9f21e0c7b2" status: 200 len: 19 microversion: 1.28
Jan 28 00:22:53.964639 n-d-826755-1 devstack@placement-api.service[103888]: [pid: 103888|app: 0|req: 263/523] 10.222.0.48 () {60 vars in 1380 bytes} [Fri Jan 28 00:22:53 2022] GET /placement/allocations/2ed6f23e-077a-414d-b93d-db9f21e0c7b2 => generated 19 bytes in 23 msecs (HTTP/1.1 200) 8 headers in 295 bytes (1 switches on core 0)
Jan 28 00:22:53.975891 n-d-826755-1 devstack@placement-api.service[103887]: DEBUG placement.requestlog [req-c7699b55-81b6-4deb-90f1-dcb28827ca0e req-befbddb9-bbea-4b36-aced-c97b9b6701fb None None] Starting request: 10.222.0.48 "PUT /placement/allocations/2ed6f23e-077a-414d-b93d-db9f21e0c7b2" {{(pid=103887) __call__ /opt/stack/placement/placement/requestlog.py:55}}
Jan 28 00:22:54.147390 n-d-826755-1 devstack@placement-api.service[103887]: DEBUG placement.handlers.allocation [req-c7699b55-81b6-4deb-90f1-dcb28827ca0e req-befbddb9-bbea-4b36-aced-c97b9b6701fb service placement] Successfully wrote allocations [, , ] {{(pid=103887) _update_consumers_and_create_allocations /opt/stack/placement/placement/handlers/allocation.py:462}}
Jan 28 00:22:54.157744 n-d-826755-1 devstack@placement-api.service[103887]: INFO placement.requestlog [req-c7699b55-81b6-4deb-90f1-dcb28827ca0e req-befbddb9-bbea-4b36-aced-c97b9b6701fb service placement] 10.222.0.48 "PUT /placement/allocations/2ed6f23e-077a-414d-b93d-db9f21e0c7b2" status: 204 len: 0 microversion: 1.36
Jan 28 00:22:54.169824 n-d-826755-1 devstack@placement-api.service[103887]: [pid: 103887|app: 0|req: 261/524] 10.222.0.48 () {64 vars in 1433 bytes} [Fri Jan 28 00:22:53 2022] PUT /placement/allocations/2ed6f23e-077a-414d-b93d-db9f21e0c7b2 => generated 0 bytes in 194 msecs (HTTP/1.1 204) 5 headers in 199 bytes (1 switches on core 0)
Jan 28 00:22:55.039091 n-d-826755-1 devstack@placement-api.service[103888]: DEBUG placement.requestlog [req-c7699b55-81b6-4deb-90f1-dcb28827ca0e req-75683deb-bae9-4c21-973b-4e1165b3f4e9 None None] Starting request: 10.222.0.69 "GET /placement/allocations/2ed6f23e-077a-414d-b93d-db9f21e0c7b2" {{(pid=103888) __call__ /opt/stack/placement/placement/requestlog.py:55}}
Jan 28 00:22:55.058079 n-d-826755-1 devstack@placement-api.service[103888]: INFO placement.requestlog [req-c7699b55-81b6-4deb-90f1-dcb28827ca0e req-75683deb-bae9-4c21-973b-4e1165b3f4e9 service placement] 10.222.0.69 "GET /placement/allocations/2ed6f23e-077a-414d-b93d-db9f21e0c7b2" status: 200 len: 259 microversion: 1.28
Jan 28 00:22:55.058853 n-d-826755-1 devstack@placement-api.service[103888]: [pid: 103888|app: 0|req: 264/525] 10.222.0.69 () {60 vars in 1377 bytes} [Fri Jan 28 00:22:55 2022] GET /placement/allocations/2ed6f23e-077a-414d-b93d-db9f21e0c7b2 => generated 259 bytes in 20 msecs (HTTP/1.1 200) 8 headers in 296 bytes (1 switches on core 0)
