Jan 28 00:39:31.598164 n-d-826755-1 devstack@placement-api.service[103888]: DEBUG placement.requestlog [req-b59c69de-3557-4fc7-aea4-8a6a68cbf751 req-f6f1b088-8305-4842-8833-3a5b7b9b6a2b None None] Starting request: 10.222.0.48 "PUT /placement/allocations/6b8855ce-eb0c-4da6-8022-a49a0bb45255" {{(pid=103888) __call__ /opt/stack/placement/placement/requestlog.py:55}}
Jan 28 00:39:31.626881 n-d-826755-1 devstack@placement-api.service[103887]: INFO placement.requestlog [req-96ac25e0-38f2-48b6-839e-86d33708db26 req-a1100958-d8f8-4aad-a1f3-1134ac36b6ed service placement] 10.222.0.69 "GET /placement/resource_providers/ee05e449-1ec6-4775-a8db-392e822c8e0a/inventories" status: 200 len: 398 microversion: 1.0
Jan 28 00:39:31.628051 n-d-826755-1 devstack@placement-api.service[103887]: [pid: 103887|app: 0|req: 393/788] 10.222.0.69 () {58 vars in 1390 bytes} [Fri Jan 28 00:39:31 2022] GET /placement/resource_providers/ee05e449-1ec6-4775-a8db-392e822c8e0a/inventories => generated 398 bytes in 66 msecs (HTTP/1.1 200) 6 headers in 224 bytes (1 switches on core 0)
Jan 28 00:39:31.647436 n-d-826755-1 devstack@placement-api.service[103887]: DEBUG placement.requestlog [req-96ac25e0-38f2-48b6-839e-86d33708db26 req-3a3ef769-7ba0-4ba9-9839-d69063df9763 None None] Starting request: 10.222.0.69 "GET /placement/resource_providers/ee05e449-1ec6-4775-a8db-392e822c8e0a/aggregates" {{(pid=103887) __call__ /opt/stack/placement/placement/requestlog.py:55}}
Jan 28 00:39:31.708363 n-d-826755-1 devstack@placement-api.service[103887]: INFO placement.requestlog [req-96ac25e0-38f2-48b6-839e-86d33708db26 req-3a3ef769-7ba0-4ba9-9839-d69063df9763 service placement] 10.222.0.69 "GET /placement/resource_providers/ee05e449-1ec6-4775-a8db-392e822c8e0a/aggregates" status: 200 len: 54 microversion: 1.19
Jan 28 00:39:31.710386 n-d-826755-1 devstack@placement-api.service[103887]: [pid: 103887|app: 0|req: 394/789] 10.222.0.69 () {60 vars in 1431 bytes} [Fri Jan 28 00:39:31 2022] GET /placement/resource_providers/ee05e449-1ec6-4775-a8db-392e822c8e0a/aggregates => generated 54 bytes in 62 msecs (HTTP/1.1 200) 8 headers in 295 bytes (2 switches on core 0)
Jan 28 00:39:31.722142 n-d-826755-1 devstack@placement-api.service[103887]: DEBUG placement.requestlog [req-96ac25e0-38f2-48b6-839e-86d33708db26 req-1dd3f808-3e99-4e7d-aeb3-bb788469cfd6 None None] Starting request: 10.222.0.69 "GET /placement/resource_providers/ee05e449-1ec6-4775-a8db-392e822c8e0a/traits" {{(pid=103887) __call__ /opt/stack/placement/placement/requestlog.py:55}}
Jan 28 00:39:31.829931 n-d-826755-1 devstack@placement-api.service[103888]: DEBUG placement.handlers.allocation [req-b59c69de-3557-4fc7-aea4-8a6a68cbf751 req-f6f1b088-8305-4842-8833-3a5b7b9b6a2b service placement] Successfully wrote allocations [, , ] {{(pid=103888) _update_consumers_and_create_allocations /opt/stack/placement/placement/handlers/allocation.py:462}}
Jan 28 00:39:31.839556 n-d-826755-1 devstack@placement-api.service[103888]: INFO placement.requestlog [req-b59c69de-3557-4fc7-aea4-8a6a68cbf751 req-f6f1b088-8305-4842-8833-3a5b7b9b6a2b service placement] 10.222.0.48 "PUT /placement/allocations/6b8855ce-eb0c-4da6-8022-a49a0bb45255" status: 204 len: 0 microversion: 1.36
Jan 28 00:39:31.840222 n-d-826755-1 devstack@placement-api.service[103888]: [pid: 103888|app: 0|req: 396/790] 10.222.0.48 () {64 vars in 1433 bytes} [Fri Jan 28 00:39:31 2022] PUT /placement/allocations/6b8855ce-eb0c-4da6-8022-a49a0bb45255 => generated 0 bytes in 242 msecs (HTTP/1.1 204) 5 headers in 199 bytes (1 switches on core 0)
Jan 28 00:39:31.841773 n-d-826755-1 devstack@placement-api.service[103887]: INFO placement.requestlog [req-96ac25e0-38f2-48b6-839e-86d33708db26 req-1dd3f808-3e99-4e7d-aeb3-bb788469cfd6 service placement] 10.222.0.69 "GET /placement/resource_providers/ee05e449-1ec6-4775-a8db-392e822c8e0a/traits" status: 200 len: 212 microversion: 1.6
Jan 28 00:39:31.845389 n-d-826755-1 devstack@placement-api.service[103887]: [pid: 103887|app: 0|req: 395/791] 10.222.0.69 () {60 vars in 1418 bytes} [Fri Jan 28 00:39:31 2022] GET /placement/resource_providers/ee05e449-1ec6-4775-a8db-392e822c8e0a/traits => generated 212 bytes in 122 msecs (HTTP/1.1 200) 6 headers in 224 bytes (1 switches on core 0)
Jan 28 00:39:32.452457 n-d-826755-1 devstack@placement-api.service[103888]: DEBUG placement.requestlog [None req-84629864-eab9-4cba-8a05-94a123c98b85 None None] Starting request: 10.222.0.48 "GET /placement/" {{(pid=103888) __call__ /opt/stack/placement/placement/requestlog.py:55}}
Jan 28 00:39:32.455871 n-d-826755-1 devstack@placement-api.service[103888]: INFO placement.requestlog [None req-84629864-eab9-4cba-8a05-94a123c98b85 None None] 10.222.0.48 "GET /placement/" status: 200 len: 136 microversion: 1.0
Jan 28 00:39:32.456653 n-d-826755-1 devstack@placement-api.service[103888]: [pid: 103888|app: 0|req: 397/792] 10.222.0.48 () {54 vars in 907 bytes} [Fri Jan 28 00:39:32 2022] GET /placement => generated 136 bytes in 5 msecs (HTTP/1.1 200) 6 headers in 224 bytes (1 switches on core 0)
Jan 28 00:39:32.526419 n-d-826755-1 devstack@placement-api.service[103887]: DEBUG placement.requestlog [req-84461ce6-1798-49e1-8c28-c000c5d5e3ee req-3cd1ce9e-2236-4e86-a901-2bfa171c7e72 None None] Starting request: 10.222.0.48 "DELETE /placement/allocations/d4bb6758-2fad-44ea-b3f4-1fb0c6071986" {{(pid=103887) __call__ /opt/stack/placement/placement/requestlog.py:55}}
Jan 28 00:39:32.685797 n-d-826755-1 devstack@placement-api.service[103888]: DEBUG placement.requestlog [req-b59c69de-3557-4fc7-aea4-8a6a68cbf751 req-f75ed2f7-b30a-4c96-8129-c5dad1c95658 None None] Starting request: 10.222.0.69 "GET /placement/allocations/6b8855ce-eb0c-4da6-8022-a49a0bb45255" {{(pid=103888) __call__ /opt/stack/placement/placement/requestlog.py:55}}
Jan 28 00:39:32.764706 n-d-826755-1 devstack@placement-api.service[103888]: INFO placement.requestlog [req-b59c69de-3557-4fc7-aea4-8a6a68cbf751 req-f75ed2f7-b30a-4c96-8129-c5dad1c95658 service placement] 10.222.0.69 "GET /placement/allocations/6b8855ce-eb0c-4da6-8022-a49a0bb45255" status: 200 len: 259 microversion: 1.28
Jan 28 00:39:32.765386 n-d-826755-1 devstack@placement-api.service[103888]: [pid: 103888|app: 0|req: 398/793] 10.222.0.69 () {60 vars in 1377 bytes} [Fri Jan 28 00:39:32 2022] GET /placement/allocations/6b8855ce-eb0c-4da6-8022-a49a0bb45255 => generated 259 bytes in 81 msecs (HTTP/1.1 200) 8 headers in 296 bytes (1 switches on core 0)
Jan 28 00:39:32.768228 n-d-826755-1 devstack@placement-api.service[103887]: DEBUG placement.handlers.allocation [req-84461ce6-1798-49e1-8c28-c000c5d5e3ee req-3cd1ce9e-2236-4e86-a901-2bfa171c7e72 service placement] Successfully deleted allocations [, , ] {{(pid=103887) delete_allocations /opt/stack/placement/placement/handlers/allocation.py:627}}
Jan 28 00:39:32.769146 n-d-826755-1 devstack@placement-api.service[103887]: INFO placement.requestlog [req-84461ce6-1798-49e1-8c28-c000c5d5e3ee req-3cd1ce9e-2236-4e86-a901-2bfa171c7e72 service placement] 10.222.0.48 "DELETE /placement/allocations/d4bb6758-2fad-44ea-b3f4-1fb0c6071986" status: 204 len: 0 microversion: 1.0
Jan 28 00:39:32.769975 n-d-826755-1 devstack@placement-api.service[103887]: [pid: 103887|app: 0|req: 396/794] 10.222.0.48 () {60 vars in 1349 bytes} [Fri Jan 28 00:39:32 2022] DELETE /placement/allocations/d4bb6758-2fad-44ea-b3f4-1fb0c6071986 => generated 0 bytes in 244 msecs (HTTP/1.1 204) 5 headers in 198 bytes (1 switches on core 0)
Jan 28 00:39:33.333896 n-d-826755-1 devstack@placement-api.service[103888]: DEBUG placement.requestlog [req-239d80b3-d136-4d8b-91f7-bb8a9227ab18 req-07132bca-33fe-4594-9f0a-0bd8d6dcdaff None None] Starting request: 10.222.0.48 "GET /placement/allocation_candidates?limit=1000&resources=DISK_GB%3A1%2CMEMORY_MB%3A1024%2CVCPU%3A1&root_required=%21COMPUTE_STATUS_DISABLED" {{(pid=103888) __call__ /opt/stack/placement/placement/requestlog.py:55}}
Jan 28 00:39:33.560219 n-d-826755-1 devstack@placement-api.service[103888]: DEBUG placement.objects.research_context [req-239d80b3-d136-4d8b-91f7-bb8a9227ab18 req-07132bca-33fe-4594-9f0a-0bd8d6dcdaff service placement] getting providers with 1 DISK_GB {{(pid=103888) __init__ /opt/stack/placement/placement/objects/research_context.py:126}}
Jan 28 00:39:33.601336 n-d-826755-1 devstack@placement-api.service[103888]: DEBUG placement.objects.research_context [req-239d80b3-d136-4d8b-91f7-bb8a9227ab18 req-07132bca-33fe-4594-9f0a-0bd8d6dcdaff service placement] getting providers with 1024 MEMORY_MB {{(pid=103888) __init__ /opt/stack/placement/placement/objects/research_context.py:126}}
Jan 28 00:39:33.659069 n-d-826755-1 devstack@placement-api.service[103888]: DEBUG placement.objects.research_context [req-239d80b3-d136-4d8b-91f7-bb8a9227ab18 req-07132bca-33fe-4594-9f0a-0bd8d6dcdaff service placement] getting providers with 1 VCPU {{(pid=103888) __init__ /opt/stack/placement/placement/objects/research_context.py:126}}
Jan 28 00:39:33.687072 n-d-826755-1 devstack@placement-api.service[103888]: DEBUG placement.objects.research_context [req-239d80b3-d136-4d8b-91f7-bb8a9227ab18 req-07132bca-33fe-4594-9f0a-0bd8d6dcdaff service placement] found 2 providers with available 1 DISK_GB {{(pid=103888) get_provider_ids_matching /opt/stack/placement/placement/objects/research_context.py:549}}
Jan 28 00:39:33.687762 n-d-826755-1 devstack@placement-api.service[103888]: DEBUG placement.objects.research_context [req-239d80b3-d136-4d8b-91f7-bb8a9227ab18 req-07132bca-33fe-4594-9f0a-0bd8d6dcdaff service placement] found 2 providers with available 1024 MEMORY_MB {{(pid=103888) get_provider_ids_matching /opt/stack/placement/placement/objects/research_context.py:549}}
Jan 28 00:39:33.689684 n-d-826755-1 devstack@placement-api.service[103888]: DEBUG placement.objects.research_context [req-239d80b3-d136-4d8b-91f7-bb8a9227ab18 req-07132bca-33fe-4594-9f0a-0bd8d6dcdaff service placement] found 2 providers after filtering by previous result {{(pid=103888) get_provider_ids_matching /opt/stack/placement/placement/objects/research_context.py:580}}
Jan 28 00:39:33.690384 n-d-826755-1 devstack@placement-api.service[103888]: DEBUG placement.objects.research_context [req-239d80b3-d136-4d8b-91f7-bb8a9227ab18 req-07132bca-33fe-4594-9f0a-0bd8d6dcdaff service placement] found 2 providers with available 1 VCPU {{(pid=103888) get_provider_ids_matching /opt/stack/placement/placement/objects/research_context.py:549}}
Jan 28 00:39:33.692289 n-d-826755-1 devstack@placement-api.service[103888]: DEBUG placement.objects.research_context [req-239d80b3-d136-4d8b-91f7-bb8a9227ab18 req-07132bca-33fe-4594-9f0a-0bd8d6dcdaff service placement] found 2 providers after filtering by previous result {{(pid=103888) get_provider_ids_matching /opt/stack/placement/placement/objects/research_context.py:580}}
Jan 28 00:39:33.748837 n-d-826755-1 devstack@placement-api.service[103888]: DEBUG placement.objects.allocation_candidate [req-239d80b3-d136-4d8b-91f7-bb8a9227ab18 req-07132bca-33fe-4594-9f0a-0bd8d6dcdaff service placement] RequestGroup(use_same_provider=False, resources={DISK_GB:1, MEMORY_MB:1024, VCPU:1}, traits=[], aggregates=[]) (suffix '') returned 2 matches {{(pid=103888) _get_by_requests /opt/stack/placement/placement/objects/allocation_candidate.py:145}}
Jan 28 00:39:33.748837 n-d-826755-1 devstack@placement-api.service[103888]: DEBUG placement.objects.allocation_candidate [req-239d80b3-d136-4d8b-91f7-bb8a9227ab18 req-07132bca-33fe-4594-9f0a-0bd8d6dcdaff service placement] Merging candidates yields 2 allocation requests and 2 provider summaries {{(pid=103888) _merge_candidates /opt/stack/placement/placement/objects/allocation_candidate.py:783}}
Jan 28 00:39:33.756229 n-d-826755-1 devstack@placement-api.service[103888]: INFO placement.requestlog [req-239d80b3-d136-4d8b-91f7-bb8a9227ab18 req-07132bca-33fe-4594-9f0a-0bd8d6dcdaff service placement] 10.222.0.48 "GET /placement/allocation_candidates?limit=1000&resources=DISK_GB%3A1%2CMEMORY_MB%3A1024%2CVCPU%3A1&root_required=%21COMPUTE_STATUS_DISABLED" status: 200 len: 1309 microversion: 1.36
Jan 28 00:39:33.765240 n-d-826755-1 devstack@placement-api.service[103888]: [pid: 103888|app: 0|req: 399/795] 10.222.0.48 () {60 vars in 1506 bytes} [Fri Jan 28 00:39:33 2022] GET /placement/allocation_candidates?limit=1000&resources=DISK_GB%3A1%2CMEMORY_MB%3A1024%2CVCPU%3A1&root_required=%21COMPUTE_STATUS_DISABLED => generated 1309 bytes in 432 msecs (HTTP/1.1 200) 8 headers in 297 bytes (1 switches on core 0)
Jan 28 00:39:33.868363 n-d-826755-1 devstack@placement-api.service[103887]: DEBUG placement.requestlog [req-239d80b3-d136-4d8b-91f7-bb8a9227ab18 req-d312c595-9132-4b3f-9dbd-28c4c4b0685e None None] Starting request: 10.222.0.48 "GET /placement/allocations/5f203d3f-35f2-4493-9953-1e70b5f158a3" {{(pid=103887) __call__ /opt/stack/placement/placement/requestlog.py:55}}
Jan 28 00:39:33.887174 n-d-826755-1 devstack@placement-api.service[103887]: INFO placement.requestlog [req-239d80b3-d136-4d8b-91f7-bb8a9227ab18 req-d312c595-9132-4b3f-9dbd-28c4c4b0685e service placement] 10.222.0.48 "GET /placement/allocations/5f203d3f-35f2-4493-9953-1e70b5f158a3" status: 200 len: 19 microversion: 1.28
Jan 28 00:39:33.887832 n-d-826755-1 devstack@placement-api.service[103887]: [pid: 103887|app: 0|req: 397/796] 10.222.0.48 () {60 vars in 1380 bytes} [Fri Jan 28 00:39:33 2022] GET /placement/allocations/5f203d3f-35f2-4493-9953-1e70b5f158a3 => generated 19 bytes in 20 msecs (HTTP/1.1 200) 8 headers in 295 bytes (1 switches on core 0)
Jan 28 00:39:33.895361 n-d-826755-1 devstack@placement-api.service[103888]: DEBUG placement.requestlog [req-239d80b3-d136-4d8b-91f7-bb8a9227ab18 req-302a26ea-7c42-48bf-b395-d8dbefd7f3cf None None] Starting request: 10.222.0.48 "PUT /placement/allocations/5f203d3f-35f2-4493-9953-1e70b5f158a3" {{(pid=103888) __call__ /opt/stack/placement/placement/requestlog.py:55}}
Jan 28 00:39:34.049278 n-d-826755-1 devstack@placement-api.service[103888]: DEBUG placement.handlers.allocation [req-239d80b3-d136-4d8b-91f7-bb8a9227ab18 req-302a26ea-7c42-48bf-b395-d8dbefd7f3cf service placement] Successfully wrote allocations [, , ] {{(pid=103888) _update_consumers_and_create_allocations /opt/stack/placement/placement/handlers/allocation.py:462}}
Jan 28 00:39:34.067485 n-d-826755-1 devstack@placement-api.service[103888]: INFO placement.requestlog [req-239d80b3-d136-4d8b-91f7-bb8a9227ab18 req-302a26ea-7c42-48bf-b395-d8dbefd7f3cf service placement] 10.222.0.48 "PUT /placement/allocations/5f203d3f-35f2-4493-9953-1e70b5f158a3" status: 204 len: 0 microversion: 1.36
Jan 28 00:39:34.076374 n-d-826755-1 devstack@placement-api.service[103888]: [pid: 103888|app: 0|req: 400/797] 10.222.0.48 () {64 vars in 1433 bytes} [Fri Jan 28 00:39:33 2022] PUT /placement/allocations/5f203d3f-35f2-4493-9953-1e70b5f158a3 => generated 0 bytes in 173 msecs (HTTP/1.1 204) 5 headers in 199 bytes (2 switches on core 0)
Jan 28 00:39:35.028610 n-d-826755-1 devstack@placement-api.service[103887]: DEBUG placement.requestlog [req-239d80b3-d136-4d8b-91f7-bb8a9227ab18 req-1d3803af-0482-43df-8caa-9fc33f45b0f9 None None] Starting request: 10.222.0.61 "GET /placement/allocations/5f203d3f-35f2-4493-9953-1e70b5f158a3" {{(pid=103887) __call__ /opt/stack/placement/placement/requestlog.py:55}}
Jan 28 00:39:35.385551 n-d-826755-1 devstack@placement-api.service[103887]: INFO placement.requestlog [req-239d80b3-d136-4d8b-91f7-bb8a9227ab18 req-1d3803af-0482-43df-8caa-9fc33f45b0f9 service placement] 10.222.0.61 "GET /placement/allocations/5f203d3f-35f2-4493-9953-1e70b5f158a3" status: 200 len: 259 microversion: 1.28
Jan 28 00:39:35.389491 n-d-826755-1 devstack@placement-api.service[103887]: [pid: 103887|app: 0|req: 398/798] 10.222.0.61 () {60 vars in 1377 bytes} [Fri Jan 28 00:39:35 2022] GET /placement/allocations/5f203d3f-35f2-4493-9953-1e70b5f158a3 => generated 259 bytes in 361 msecs (HTTP/1.1 200) 8 headers in 296 bytes (1 switches on core 0)
Jan 28 00:39:35.706415 n-d-826755-1 devstack@placement-api.service[103888]: DEBUG placement.requestlog [req-239d80b3-d136-4d8b-91f7-bb8a9227ab18 req-d0ba86c9-66f1-4c86-b796-c3c432968d7c None None] Starting request: 10.222.0.61 "GET /placement/resource_providers?in_tree=8935122a-2b9d-4dac-b9a0-926c270f3148" {{(pid=103888) __call__ /opt/stack/placement/placement/requestlog.py:55}}
Jan 28 00:39:35.761629 n-d-826755-1 devstack@placement-api.service[103887]: DEBUG placement.requestlog [req-96ac25e0-38f2-48b6-839e-86d33708db26 req-2a7905d9-0847-49d6-8022-97d5ae504c75 None None] Starting request: 10.222.0.69 "DELETE /placement/allocations/d4bb6758-2fad-44ea-b3f4-1fb0c6071986" {{(pid=103887) __call__ /opt/stack/placement/placement/requestlog.py:55}}
Jan 28 00:39:35.762813 n-d-826755-1 devstack@placement-api.service[103888]: INFO placement.requestlog [req-239d80b3-d136-4d8b-91f7-bb8a9227ab18 req-d0ba86c9-66f1-4c86-b796-c3c432968d7c service placement] 10.222.0.61 "GET /placement/resource_providers?in_tree=8935122a-2b9d-4dac-b9a0-926c270f3148" status: 200 len: 863 microversion: 1.14
Jan 28 00:39:35.764560 n-d-826755-1 devstack@placement-api.service[103888]: [pid: 103888|app: 0|req: 401/799] 10.222.0.61 () {60 vars in 1376 bytes} [Fri Jan 28 00:39:35 2022] GET /placement/resource_providers?in_tree=8935122a-2b9d-4dac-b9a0-926c270f3148 => generated 863 bytes in 60 msecs (HTTP/1.1 200) 6 headers in 225 bytes (1 switches on core 0)
Jan 28 00:39:35.777981 n-d-826755-1 devstack@placement-api.service[103888]: DEBUG placement.requestlog [req-239d80b3-d136-4d8b-91f7-bb8a9227ab18 req-73e99a59-cfc2-4236-8751-d316a580b901 None None] Starting request: 10.222.0.61 "GET /placement/resource_providers/8935122a-2b9d-4dac-b9a0-926c270f3148/inventories" {{(pid=103888) __call__ /opt/stack/placement/placement/requestlog.py:55}}
Jan 28 00:39:35.781554 n-d-826755-1 devstack@placement-api.service[103887]: DEBUG placement.wsgi_wrapper [req-96ac25e0-38f2-48b6-839e-86d33708db26 req-2a7905d9-0847-49d6-8022-97d5ae504c75 service placement] Placement API returning an error response: No allocations for consumer 'd4bb6758-2fad-44ea-b3f4-1fb0c6071986' {{(pid=103887) call_func /opt/stack/placement/placement/wsgi_wrapper.py:31}}
Jan 28 00:39:35.782776 n-d-826755-1 devstack@placement-api.service[103887]: INFO placement.requestlog [req-96ac25e0-38f2-48b6-839e-86d33708db26 req-2a7905d9-0847-49d6-8022-97d5ae504c75 service placement] 10.222.0.69 "DELETE /placement/allocations/d4bb6758-2fad-44ea-b3f4-1fb0c6071986" status: 404 len: 228 microversion: 1.0
Jan 28 00:39:35.783145 n-d-826755-1 devstack@placement-api.service[103887]: [pid: 103887|app: 0|req: 399/800] 10.222.0.69 () {60 vars in 1355 bytes} [Fri Jan 28 00:39:35 2022] DELETE /placement/allocations/d4bb6758-2fad-44ea-b3f4-1fb0c6071986 => generated 228 bytes in 22 msecs (HTTP/1.1 404) 6 headers in 231 bytes (1 switches on core 0)
Jan 28 00:39:35.846125 n-d-826755-1 devstack@placement-api.service[103888]: INFO placement.requestlog [req-239d80b3-d136-4d8b-91f7-bb8a9227ab18 req-73e99a59-cfc2-4236-8751-d316a580b901 service placement] 10.222.0.61 "GET /placement/resource_providers/8935122a-2b9d-4dac-b9a0-926c270f3148/inventories" status: 200 len: 398 microversion: 1.0
Jan 28 00:39:35.847214 n-d-826755-1 devstack@placement-api.service[103888]: [pid: 103888|app: 0|req: 402/801] 10.222.0.61 () {58 vars in 1390 bytes} [Fri Jan 28 00:39:35 2022] GET /placement/resource_providers/8935122a-2b9d-4dac-b9a0-926c270f3148/inventories => generated 398 bytes in 70 msecs (HTTP/1.1 200) 6 headers in 224 bytes (2 switches on core 0)
Jan 28 00:39:35.873756 n-d-826755-1 devstack@placement-api.service[103887]: DEBUG placement.requestlog [req-239d80b3-d136-4d8b-91f7-bb8a9227ab18 req-cb7b15e1-4edf-4032-9d01-39abb6f30159 None None] Starting request: 10.222.0.61 "GET /placement/resource_providers/8935122a-2b9d-4dac-b9a0-926c270f3148/aggregates" {{(pid=103887) __call__ /opt/stack/placement/placement/requestlog.py:55}}
Jan 28 00:39:35.898736 n-d-826755-1 devstack@placement-api.service[103887]: INFO placement.requestlog [req-239d80b3-d136-4d8b-91f7-bb8a9227ab18 req-cb7b15e1-4edf-4032-9d01-39abb6f30159 service placement] 10.222.0.61 "GET /placement/resource_providers/8935122a-2b9d-4dac-b9a0-926c270f3148/aggregates" status: 200 len: 54 microversion: 1.19
Jan 28 00:39:35.898736 n-d-826755-1 devstack@placement-api.service[103887]: [pid: 103887|app: 0|req: 400/802] 10.222.0.61 () {60 vars in 1431 bytes} [Fri Jan 28 00:39:35 2022] GET /placement/resource_providers/8935122a-2b9d-4dac-b9a0-926c270f3148/aggregates => generated 54 bytes in 24 msecs (HTTP/1.1 200) 8 headers in 295 bytes (1 switches on core 0)
Jan 28 00:39:35.912035 n-d-826755-1 devstack@placement-api.service[103888]: DEBUG placement.requestlog [req-239d80b3-d136-4d8b-91f7-bb8a9227ab18 req-56a5755e-c90f-4c3a-b3ce-736c7ae2a895 None None] Starting request: 10.222.0.61 "GET /placement/resource_providers/8935122a-2b9d-4dac-b9a0-926c270f3148/traits" {{(pid=103888) __call__ /opt/stack/placement/placement/requestlog.py:55}}
Jan 28 00:39:35.989939 n-d-826755-1 devstack@placement-api.service[103888]: INFO placement.requestlog [req-239d80b3-d136-4d8b-91f7-bb8a9227ab18 req-56a5755e-c90f-4c3a-b3ce-736c7ae2a895 service placement] 10.222.0.61 "GET /placement/resource_providers/8935122a-2b9d-4dac-b9a0-926c270f3148/traits" status: 200 len: 212 microversion: 1.6
Jan 28 00:39:35.999002 n-d-826755-1 devstack@placement-api.service[103888]: [pid: 103888|app: 0|req: 403/803] 10.222.0.61 () {60 vars in 1418 bytes} [Fri Jan 28 00:39:35 2022] GET /placement/resource_providers/8935122a-2b9d-4dac-b9a0-926c270f3148/traits => generated 212 bytes in 88 msecs (HTTP/1.1 200) 6 headers in 224 bytes (1 switches on core 0)
Jan 28 00:39:37.133248 n-d-826755-1 devstack@placement-api.service[103887]: DEBUG placement.requestlog [req-54a9be41-dee4-455c-baf5-deeed9235821 req-5177dc58-c787-4dc7-81e4-aa094237ba83 None None] Starting request: 10.222.0.48 "GET /placement/allocation_candidates?limit=1000&resources=DISK_GB%3A1%2CMEMORY_MB%3A1024%2CVCPU%3A1&root_required=%21COMPUTE_STATUS_DISABLED" {{(pid=103887) __call__ /opt/stack/placement/placement/requestlog.py:55}}
Jan 28 00:39:37.349018 n-d-826755-1 devstack@placement-api.service[103887]: DEBUG placement.objects.research_context [req-54a9be41-dee4-455c-baf5-deeed9235821 req-5177dc58-c787-4dc7-81e4-aa094237ba83 service placement] getting providers with 1 DISK_GB {{(pid=103887) __init__ /opt/stack/placement/placement/objects/research_context.py:126}}
Jan 28 00:39:37.366167 n-d-826755-1 devstack@placement-api.service[103887]: DEBUG placement.objects.research_context [req-54a9be41-dee4-455c-baf5-deeed9235821 req-5177dc58-c787-4dc7-81e4-aa094237ba83 service placement] getting providers with 1024 MEMORY_MB {{(pid=103887) __init__ /opt/stack/placement/placement/objects/research_context.py:126}}
Jan 28 00:39:37.381808 n-d-826755-1 devstack@placement-api.service[103887]: DEBUG placement.objects.research_context [req-54a9be41-dee4-455c-baf5-deeed9235821 req-5177dc58-c787-4dc7-81e4-aa094237ba83 service placement] getting providers with 1 VCPU {{(pid=103887) __init__ /opt/stack/placement/placement/objects/research_context.py:126}}
Jan 28 00:39:37.398253 n-d-826755-1 devstack@placement-api.service[103887]: DEBUG placement.objects.research_context [req-54a9be41-dee4-455c-baf5-deeed9235821 req-5177dc58-c787-4dc7-81e4-aa094237ba83 service placement] found 2 providers with available 1 DISK_GB {{(pid=103887) get_provider_ids_matching /opt/stack/placement/placement/objects/research_context.py:549}}
Jan 28 00:39:37.398746 n-d-826755-1 devstack@placement-api.service[103887]: DEBUG placement.objects.research_context [req-54a9be41-dee4-455c-baf5-deeed9235821 req-5177dc58-c787-4dc7-81e4-aa094237ba83 service placement] found 2 providers with available 1024 MEMORY_MB {{(pid=103887) get_provider_ids_matching /opt/stack/placement/placement/objects/research_context.py:549}}
Jan 28 00:39:37.399241 n-d-826755-1 devstack@placement-api.service[103887]: DEBUG placement.objects.research_context [req-54a9be41-dee4-455c-baf5-deeed9235821 req-5177dc58-c787-4dc7-81e4-aa094237ba83 service placement] found 2 providers after filtering by previous result {{(pid=103887) get_provider_ids_matching /opt/stack/placement/placement/objects/research_context.py:580}}
Jan 28 00:39:37.399705 n-d-826755-1 devstack@placement-api.service[103887]: DEBUG placement.objects.research_context [req-54a9be41-dee4-455c-baf5-deeed9235821 req-5177dc58-c787-4dc7-81e4-aa094237ba83 service placement] found 2 providers with available 1 VCPU {{(pid=103887) get_provider_ids_matching /opt/stack/placement/placement/objects/research_context.py:549}}
Jan 28 00:39:37.400182 n-d-826755-1 devstack@placement-api.service[103887]: DEBUG placement.objects.research_context [req-54a9be41-dee4-455c-baf5-deeed9235821 req-5177dc58-c787-4dc7-81e4-aa094237ba83 service placement] found 2 providers after filtering by previous result {{(pid=103887) get_provider_ids_matching /opt/stack/placement/placement/objects/research_context.py:580}}
Jan 28 00:39:37.427225 n-d-826755-1 devstack@placement-api.service[103887]: DEBUG placement.objects.allocation_candidate [req-54a9be41-dee4-455c-baf5-deeed9235821 req-5177dc58-c787-4dc7-81e4-aa094237ba83 service placement] RequestGroup(use_same_provider=False, resources={DISK_GB:1, MEMORY_MB:1024, VCPU:1}, traits=[], aggregates=[]) (suffix '') returned 2 matches {{(pid=103887) _get_by_requests /opt/stack/placement/placement/objects/allocation_candidate.py:145}}
Jan 28 00:39:37.427851 n-d-826755-1 devstack@placement-api.service[103887]: DEBUG placement.objects.allocation_candidate [req-54a9be41-dee4-455c-baf5-deeed9235821 req-5177dc58-c787-4dc7-81e4-aa094237ba83 service placement] Merging candidates yields 2 allocation requests and 2 provider summaries {{(pid=103887) _merge_candidates /opt/stack/placement/placement/objects/allocation_candidate.py:783}}
Jan 28 00:39:37.430690 n-d-826755-1 devstack@placement-api.service[103887]: INFO placement.requestlog [req-54a9be41-dee4-455c-baf5-deeed9235821 req-5177dc58-c787-4dc7-81e4-aa094237ba83 service placement] 10.222.0.48 "GET /placement/allocation_candidates?limit=1000&resources=DISK_GB%3A1%2CMEMORY_MB%3A1024%2CVCPU%3A1&root_required=%21COMPUTE_STATUS_DISABLED" status: 200 len: 1309 microversion: 1.36
Jan 28 00:39:37.432622 n-d-826755-1 devstack@placement-api.service[103887]: [pid: 103887|app: 0|req: 401/804] 10.222.0.48 () {60 vars in 1506 bytes} [Fri Jan 28 00:39:37 2022] GET /placement/allocation_candidates?limit=1000&resources=DISK_GB%3A1%2CMEMORY_MB%3A1024%2CVCPU%3A1&root_required=%21COMPUTE_STATUS_DISABLED => generated 1309 bytes in 300 msecs (HTTP/1.1 200) 8 headers in 297 bytes (1 switches on core 0)
Jan 28 00:39:37.545932 n-d-826755-1 devstack@placement-api.service[103888]: DEBUG placement.requestlog [req-54a9be41-dee4-455c-baf5-deeed9235821 req-d537a910-75a6-4009-b985-52bb9afd2770 None None] Starting request: 10.222.0.48 "GET /placement/allocations/0ff5e004-b373-435c-86eb-b446fd4412a9" {{(pid=103888) __call__ /opt/stack/placement/placement/requestlog.py:55}}
Jan 28 00:39:37.560741 n-d-826755-1 devstack@placement-api.service[103888]: INFO placement.requestlog [req-54a9be41-dee4-455c-baf5-deeed9235821 req-d537a910-75a6-4009-b985-52bb9afd2770 service placement] 10.222.0.48 "GET /placement/allocations/0ff5e004-b373-435c-86eb-b446fd4412a9" status: 200 len: 19 microversion: 1.28
Jan 28 00:39:37.565286 n-d-826755-1 devstack@placement-api.service[103888]: [pid: 103888|app: 0|req: 404/805] 10.222.0.48 () {60 vars in 1380 bytes} [Fri Jan 28 00:39:37 2022] GET /placement/allocations/0ff5e004-b373-435c-86eb-b446fd4412a9 => generated 19 bytes in 19 msecs (HTTP/1.1 200) 8 headers in 295 bytes (2 switches on core 0)
Jan 28 00:39:37.572044 n-d-826755-1 devstack@placement-api.service[103887]: DEBUG placement.requestlog [req-54a9be41-dee4-455c-baf5-deeed9235821 req-07a2c237-4684-4af8-b2c9-d3e844900051 None None] Starting request: 10.222.0.48 "PUT /placement/allocations/0ff5e004-b373-435c-86eb-b446fd4412a9" {{(pid=103887) __call__ /opt/stack/placement/placement/requestlog.py:55}}
Jan 28 00:39:37.751954 n-d-826755-1 devstack@placement-api.service[103887]: DEBUG placement.handlers.allocation [req-54a9be41-dee4-455c-baf5-deeed9235821 req-07a2c237-4684-4af8-b2c9-d3e844900051 service placement] Successfully wrote allocations [, , ] {{(pid=103887) _update_consumers_and_create_allocations /opt/stack/placement/placement/handlers/allocation.py:462}}
Jan 28 00:39:37.765712 n-d-826755-1 devstack@placement-api.service[103887]: INFO placement.requestlog [req-54a9be41-dee4-455c-baf5-deeed9235821 req-07a2c237-4684-4af8-b2c9-d3e844900051 service placement] 10.222.0.48 "PUT /placement/allocations/0ff5e004-b373-435c-86eb-b446fd4412a9" status: 204 len: 0 microversion: 1.36
Jan 28 00:39:37.766541 n-d-826755-1 devstack@placement-api.service[103887]: [pid: 103887|app: 0|req: 402/806] 10.222.0.48 () {64 vars in 1433 bytes} [Fri Jan 28 00:39:37 2022] PUT /placement/allocations/0ff5e004-b373-435c-86eb-b446fd4412a9 => generated 0 bytes in 195 msecs (HTTP/1.1 204) 5 headers in 199 bytes (1 switches on core 0)
Jan 28 00:39:38.800711 n-d-826755-1 devstack@placement-api.service[103888]: DEBUG placement.requestlog [req-54a9be41-dee4-455c-baf5-deeed9235821 req-c2c67602-e0f2-4b49-a019-af31afb55bf1 None None] Starting request: 10.222.0.69 "GET /placement/allocations/0ff5e004-b373-435c-86eb-b446fd4412a9" {{(pid=103888) __call__ /opt/stack/placement/placement/requestlog.py:55}}
Jan 28 00:39:38.870071 n-d-826755-1 devstack@placement-api.service[103888]: INFO placement.requestlog [req-54a9be41-dee4-455c-baf5-deeed9235821 req-c2c67602-e0f2-4b49-a019-af31afb55bf1 service placement] 10.222.0.69 "GET /placement/allocations/0ff5e004-b373-435c-86eb-b446fd4412a9" status: 200 len: 259 microversion: 1.28
Jan 28 00:39:38.871545 n-d-826755-1 devstack@placement-api.service[103888]: [pid: 103888|app: 0|req: 405/807] 10.222.0.69 () {60 vars in 1377 bytes} [Fri Jan 28 00:39:38 2022] GET /placement/allocations/0ff5e004-b373-435c-86eb-b446fd4412a9 => generated 259 bytes in 72 msecs (HTTP/1.1 200) 8 headers in 296 bytes (1 switches on core 0)
Jan 28 00:39:53.446968 n-d-826755-1 devstack@placement-api.service[103887]: DEBUG placement.requestlog [req-b59c69de-3557-4fc7-aea4-8a6a68cbf751 req-525033b7-3a34-45e3-aec7-74ac0311ae75 None None] Starting request: 10.222.0.69 "DELETE /placement/allocations/6b8855ce-eb0c-4da6-8022-a49a0bb45255" {{(pid=103887) __call__ /opt/stack/placement/placement/requestlog.py:55}}
Jan 28 00:39:53.453877 n-d-826755-1 devstack@placement-api.service[103888]: DEBUG placement.requestlog [req-89d8b1ea-b66e-4578-9f89-789989da2fa7 req-79e6fed3-9484-402d-b484-4bb470d54829 None None] Starting request: 10.222.0.61 "GET /placement/resource_providers/8935122a-2b9d-4dac-b9a0-926c270f3148/allocations" {{(pid=103888) __call__ /opt/stack/placement/placement/requestlog.py:55}}
Jan 28 00:39:53.546826 n-d-826755-1 devstack@placement-api.service[103888]: INFO placement.requestlog [req-89d8b1ea-b66e-4578-9f89-789989da2fa7 req-79e6fed3-9484-402d-b484-4bb470d54829 service placement] 10.222.0.61 "GET /placement/resource_providers/8935122a-2b9d-4dac-b9a0-926c270f3148/allocations" status: 200 len: 255 microversion: 1.0
Jan 28 00:39:53.549890 n-d-826755-1 devstack@placement-api.service[103888]: [pid: 103888|app: 0|req: 406/808] 10.222.0.61 () {58 vars in 1390 bytes} [Fri Jan 28 00:39:53 2022] GET /placement/resource_providers/8935122a-2b9d-4dac-b9a0-926c270f3148/allocations => generated 255 bytes in 96 msecs (HTTP/1.1 200) 6 headers in 224 bytes (1 switches on core 0)
Jan 28 00:39:53.554822 n-d-826755-1 devstack@placement-api.service[103887]: DEBUG placement.handlers.allocation [req-b59c69de-3557-4fc7-aea4-8a6a68cbf751 req-525033b7-3a34-45e3-aec7-74ac0311ae75 service placement] Successfully deleted allocations [, , ] {{(pid=103887) delete_allocations /opt/stack/placement/placement/handlers/allocation.py:627}}
Jan 28 00:39:53.555467 n-d-826755-1 devstack@placement-api.service[103887]: INFO placement.requestlog [req-b59c69de-3557-4fc7-aea4-8a6a68cbf751 req-525033b7-3a34-45e3-aec7-74ac0311ae75 service placement] 10.222.0.69 "DELETE /placement/allocations/6b8855ce-eb0c-4da6-8022-a49a0bb45255" status: 204 len: 0 microversion: 1.0
Jan 28 00:39:53.556284 n-d-826755-1 devstack@placement-api.service[103887]: [pid: 103887|app: 0|req: 403/809] 10.222.0.69 () {60 vars in 1355 bytes} [Fri Jan 28 00:39:53 2022] DELETE /placement/allocations/6b8855ce-eb0c-4da6-8022-a49a0bb45255 => generated 0 bytes in 109 msecs (HTTP/1.1 204) 5 headers in 198 bytes (2 switches on core 0)
Jan 28 00:39:56.358494 n-d-826755-1 devstack@placement-api.service[103888]: DEBUG placement.requestlog [req-3a239b71-f227-40e0-8f91-cafc8e5b5fc9 req-adfd3040-c145-4971-81ce-4fa8191f00d3 None None] Starting request: 10.222.0.69 "DELETE /placement/allocations/6b8855ce-eb0c-4da6-8022-a49a0bb45255" {{(pid=103888) __call__ /opt/stack/placement/placement/requestlog.py:55}}
Jan 28 00:39:56.376347 n-d-826755-1 devstack@placement-api.service[103888]: DEBUG placement.wsgi_wrapper [req-3a239b71-f227-40e0-8f91-cafc8e5b5fc9 req-adfd3040-c145-4971-81ce-4fa8191f00d3 service placement] Placement API returning an error response: No allocations for consumer '6b8855ce-eb0c-4da6-8022-a49a0bb45255' {{(pid=103888) call_func /opt/stack/placement/placement/wsgi_wrapper.py:31}}
Jan 28 00:39:56.377422 n-d-826755-1 devstack@placement-api.service[103888]: INFO placement.requestlog [req-3a239b71-f227-40e0-8f91-cafc8e5b5fc9 req-adfd3040-c145-4971-81ce-4fa8191f00d3 service placement] 10.222.0.69 "DELETE /placement/allocations/6b8855ce-eb0c-4da6-8022-a49a0bb45255" status: 404 len: 228 microversion: 1.0
Jan 28 00:39:56.378390 n-d-826755-1 devstack@placement-api.service[103888]: [pid: 103888|app: 0|req: 407/810] 10.222.0.69 () {60 vars in 1355 bytes} [Fri Jan 28 00:39:56 2022] DELETE /placement/allocations/6b8855ce-eb0c-4da6-8022-a49a0bb45255 => generated 228 bytes in 20 msecs (HTTP/1.1 404) 6 headers in 231 bytes (1 switches on core 0)
Jan 28 00:39:59.895439 n-d-826755-1 devstack@placement-api.service[103887]: DEBUG placement.requestlog [req-98f1a7c2-6d68-4a30-b86e-c4404acfad6d req-5a36d67f-680b-45a5-beeb-846ca5c5afbe None None] Starting request: 10.222.0.69 "GET /placement/resource_providers/ee05e449-1ec6-4775-a8db-392e822c8e0a/allocations" {{(pid=103887) __call__ /opt/stack/placement/placement/requestlog.py:55}}
Jan 28 00:39:59.968275 n-d-826755-1 devstack@placement-api.service[103887]: INFO placement.requestlog [req-98f1a7c2-6d68-4a30-b86e-c4404acfad6d req-5a36d67f-680b-45a5-beeb-846ca5c5afbe service placement] 10.222.0.69 "GET /placement/resource_providers/ee05e449-1ec6-4775-a8db-392e822c8e0a/allocations" status: 200 len: 154 microversion: 1.0
Jan 28 00:39:59.970384 n-d-826755-1 devstack@placement-api.service[103887]: [pid: 103887|app: 0|req: 404/811] 10.222.0.69 () {58 vars in 1390 bytes} [Fri Jan 28 00:39:59 2022] GET /placement/resource_providers/ee05e449-1ec6-4775-a8db-392e822c8e0a/allocations => generated 154 bytes in 75 msecs (HTTP/1.1 200) 6 headers in 224 bytes (1 switches on core 0)
Jan 28 00:40:00.983937 n-d-826755-1 devstack@placement-api.service[103888]: DEBUG placement.requestlog [req-59534225-fded-430e-9f94-5986b79d1303 req-5598305b-9b8b-411b-8923-70b3c0baa317 None None] Starting request: 10.222.0.48 "GET /placement/allocation_candidates?limit=1000&resources=DISK_GB%3A1%2CMEMORY_MB%3A1024%2CVCPU%3A1&root_required=%21COMPUTE_STATUS_DISABLED" {{(pid=103888) __call__ /opt/stack/placement/placement/requestlog.py:55}}
Jan 28 00:40:01.033098 n-d-826755-1 devstack@placement-api.service[103888]: DEBUG placement.objects.research_context [req-59534225-fded-430e-9f94-5986b79d1303 req-5598305b-9b8b-411b-8923-70b3c0baa317 service placement] getting providers with 1 DISK_GB {{(pid=103888) __init__ /opt/stack/placement/placement/objects/research_context.py:126}}
Jan 28 00:40:01.042593 n-d-826755-1 devstack@placement-api.service[103888]: DEBUG placement.objects.research_context [req-59534225-fded-430e-9f94-5986b79d1303 req-5598305b-9b8b-411b-8923-70b3c0baa317 service placement] getting providers with 1024 MEMORY_MB {{(pid=103888) __init__ /opt/stack/placement/placement/objects/research_context.py:126}}
Jan 28 00:40:01.052314 n-d-826755-1 devstack@placement-api.service[103888]: DEBUG placement.objects.research_context [req-59534225-fded-430e-9f94-5986b79d1303 req-5598305b-9b8b-411b-8923-70b3c0baa317 service placement] getting providers with 1 VCPU {{(pid=103888) __init__ /opt/stack/placement/placement/objects/research_context.py:126}}
Jan 28 00:40:01.060169 n-d-826755-1 devstack@placement-api.service[103888]: DEBUG placement.objects.research_context [req-59534225-fded-430e-9f94-5986b79d1303 req-5598305b-9b8b-411b-8923-70b3c0baa317 service placement] found 2 providers with available 1 DISK_GB {{(pid=103888) get_provider_ids_matching /opt/stack/placement/placement/objects/research_context.py:549}}
Jan 28 00:40:01.060801 n-d-826755-1 devstack@placement-api.service[103888]: DEBUG placement.objects.research_context [req-59534225-fded-430e-9f94-5986b79d1303 req-5598305b-9b8b-411b-8923-70b3c0baa317 service placement] found 2 providers with available 1024 MEMORY_MB {{(pid=103888) get_provider_ids_matching /opt/stack/placement/placement/objects/research_context.py:549}}
Jan 28 00:40:01.061246 n-d-826755-1 devstack@placement-api.service[103888]: DEBUG placement.objects.research_context [req-59534225-fded-430e-9f94-5986b79d1303 req-5598305b-9b8b-411b-8923-70b3c0baa317 service placement] found 2 providers after filtering by previous result {{(pid=103888) get_provider_ids_matching /opt/stack/placement/placement/objects/research_context.py:580}}
Jan 28 00:40:01.061645 n-d-826755-1 devstack@placement-api.service[103888]: DEBUG placement.objects.research_context [req-59534225-fded-430e-9f94-5986b79d1303 req-5598305b-9b8b-411b-8923-70b3c0baa317 service placement] found 2 providers with available 1 VCPU {{(pid=103888) get_provider_ids_matching /opt/stack/placement/placement/objects/research_context.py:549}}
Jan 28 00:40:01.062053 n-d-826755-1 devstack@placement-api.service[103888]: DEBUG placement.objects.research_context [req-59534225-fded-430e-9f94-5986b79d1303 req-5598305b-9b8b-411b-8923-70b3c0baa317 service placement] found 2 providers after filtering by previous result {{(pid=103888) get_provider_ids_matching /opt/stack/placement/placement/objects/research_context.py:580}}
Jan 28 00:40:01.108025 n-d-826755-1 devstack@placement-api.service[103888]: DEBUG placement.objects.allocation_candidate [req-59534225-fded-430e-9f94-5986b79d1303 req-5598305b-9b8b-411b-8923-70b3c0baa317 service placement] RequestGroup(use_same_provider=False, resources={DISK_GB:1, MEMORY_MB:1024, VCPU:1}, traits=[], aggregates=[]) (suffix '') returned 2 matches {{(pid=103888) _get_by_requests /opt/stack/placement/placement/objects/allocation_candidate.py:145}}
Jan 28 00:40:01.108663 n-d-826755-1 devstack@placement-api.service[103888]: DEBUG placement.objects.allocation_candidate [req-59534225-fded-430e-9f94-5986b79d1303 req-5598305b-9b8b-411b-8923-70b3c0baa317 service placement] Merging candidates yields 2 allocation requests and 2 provider summaries {{(pid=103888) _merge_candidates /opt/stack/placement/placement/objects/allocation_candidate.py:783}}
Jan 28 00:40:01.126084 n-d-826755-1 devstack@placement-api.service[103888]: INFO placement.requestlog [req-59534225-fded-430e-9f94-5986b79d1303 req-5598305b-9b8b-411b-8923-70b3c0baa317 service placement] 10.222.0.48 "GET /placement/allocation_candidates?limit=1000&resources=DISK_GB%3A1%2CMEMORY_MB%3A1024%2CVCPU%3A1&root_required=%21COMPUTE_STATUS_DISABLED" status: 200 len: 1309 microversion: 1.36
Jan 28 00:40:01.127083 n-d-826755-1 devstack@placement-api.service[103888]: [pid: 103888|app: 0|req: 408/812] 10.222.0.48 () {60 vars in 1506 bytes} [Fri Jan 28 00:40:00 2022] GET /placement/allocation_candidates?limit=1000&resources=DISK_GB%3A1%2CMEMORY_MB%3A1024%2CVCPU%3A1&root_required=%21COMPUTE_STATUS_DISABLED => generated 1309 bytes in 143 msecs (HTTP/1.1 200) 8 headers in 297 bytes (1 switches on core 0)
Jan 28 00:40:01.264614 n-d-826755-1 devstack@placement-api.service[103887]: DEBUG placement.requestlog [req-59534225-fded-430e-9f94-5986b79d1303 req-61439b22-b1a2-4e4c-a696-4d8647bfd6a6 None None] Starting request: 10.222.0.48 "GET /placement/allocations/2caa91b5-cb06-4f44-9718-7bfae29cd7cd" {{(pid=103887) __call__ /opt/stack/placement/placement/requestlog.py:55}}
Jan 28 00:40:01.285453 n-d-826755-1 devstack@placement-api.service[103887]: INFO placement.requestlog [req-59534225-fded-430e-9f94-5986b79d1303 req-61439b22-b1a2-4e4c-a696-4d8647bfd6a6 service placement] 10.222.0.48 "GET /placement/allocations/2caa91b5-cb06-4f44-9718-7bfae29cd7cd" status: 200 len: 19 microversion: 1.28
Jan 28 00:40:01.286205 n-d-826755-1 devstack@placement-api.service[103887]: [pid: 103887|app: 0|req: 405/813] 10.222.0.48 () {60 vars in 1380 bytes} [Fri Jan 28 00:40:01 2022] GET /placement/allocations/2caa91b5-cb06-4f44-9718-7bfae29cd7cd => generated 19 bytes in 22 msecs (HTTP/1.1 200) 8 headers in 295 bytes (1 switches on core 0)
Jan 28 00:40:01.292610 n-d-826755-1 devstack@placement-api.service[103888]: DEBUG placement.requestlog [req-59534225-fded-430e-9f94-5986b79d1303 req-903156eb-cc67-4a4a-8bca-65d68aaccbc4 None None] Starting request: 10.222.0.48 "PUT /placement/allocations/2caa91b5-cb06-4f44-9718-7bfae29cd7cd" {{(pid=103888) __call__ /opt/stack/placement/placement/requestlog.py:55}}
Jan 28 00:40:01.432175 n-d-826755-1 devstack@placement-api.service[103888]: DEBUG placement.handlers.allocation [req-59534225-fded-430e-9f94-5986b79d1303 req-903156eb-cc67-4a4a-8bca-65d68aaccbc4 service placement] Successfully wrote allocations [, , ] {{(pid=103888) _update_consumers_and_create_allocations /opt/stack/placement/placement/handlers/allocation.py:462}}
Jan 28 00:40:01.443152 n-d-826755-1 devstack@placement-api.service[103888]: INFO placement.requestlog [req-59534225-fded-430e-9f94-5986b79d1303 req-903156eb-cc67-4a4a-8bca-65d68aaccbc4 service placement] 10.222.0.48 "PUT /placement/allocations/2caa91b5-cb06-4f44-9718-7bfae29cd7cd" status: 204 len: 0 microversion: 1.36
Jan 28 00:40:01.444277 n-d-826755-1 devstack@placement-api.service[103888]: [pid: 103888|app: 0|req: 409/814] 10.222.0.48 () {64 vars in 1433 bytes} [Fri Jan 28 00:40:01 2022] PUT /placement/allocations/2caa91b5-cb06-4f44-9718-7bfae29cd7cd => generated 0 bytes in 152 msecs (HTTP/1.1 204) 5 headers in 199 bytes (2 switches on core 0)
Jan 28 00:40:02.009537 n-d-826755-1 devstack@placement-api.service[103887]: DEBUG placement.requestlog [req-59534225-fded-430e-9f94-5986b79d1303 req-39c40366-4660-4adf-b222-d57e35c827a4 None None] Starting request: 10.222.0.69 "GET /placement/allocations/2caa91b5-cb06-4f44-9718-7bfae29cd7cd" {{(pid=103887) __call__ /opt/stack/placement/placement/requestlog.py:55}}
Jan 28 00:40:02.038502 n-d-826755-1 devstack@placement-api.service[103887]: INFO placement.requestlog [req-59534225-fded-430e-9f94-5986b79d1303 req-39c40366-4660-4adf-b222-d57e35c827a4 service placement] 10.222.0.69 "GET /placement/allocations/2caa91b5-cb06-4f44-9718-7bfae29cd7cd" status: 200 len: 259 microversion: 1.28
Jan 28 00:40:02.040639 n-d-826755-1 devstack@placement-api.service[103887]: [pid: 103887|app: 0|req: 406/815] 10.222.0.69 () {60 vars in 1377 bytes} [Fri Jan 28 00:40:02 2022] GET /placement/allocations/2caa91b5-cb06-4f44-9718-7bfae29cd7cd => generated 259 bytes in 31 msecs (HTTP/1.1 200) 8 headers in 296 bytes (1 switches on core 0)
Jan 28 00:40:10.283771 n-d-826755-1 devstack@placement-api.service[103888]: DEBUG placement.requestlog [req-d1dece19-fa8b-41e0-8605-f841dfd8a510 req-72534529-dd6b-45fa-b3f9-1692ecba4bfd None None] Starting request: 10.222.0.69 "DELETE /placement/allocations/0ff5e004-b373-435c-86eb-b446fd4412a9" {{(pid=103888) __call__ /opt/stack/placement/placement/requestlog.py:55}}
Jan 28 00:40:10.391976 n-d-826755-1 devstack@placement-api.service[103888]: DEBUG placement.handlers.allocation [req-d1dece19-fa8b-41e0-8605-f841dfd8a510 req-72534529-dd6b-45fa-b3f9-1692ecba4bfd service placement] Successfully deleted allocations [, , ] {{(pid=103888) delete_allocations /opt/stack/placement/placement/handlers/allocation.py:627}}
Jan 28 00:40:10.392852 n-d-826755-1 devstack@placement-api.service[103888]: INFO placement.requestlog [req-d1dece19-fa8b-41e0-8605-f841dfd8a510 req-72534529-dd6b-45fa-b3f9-1692ecba4bfd service placement] 10.222.0.69 "DELETE /placement/allocations/0ff5e004-b373-435c-86eb-b446fd4412a9" status: 204 len: 0 microversion: 1.0
Jan 28 00:40:10.393403 n-d-826755-1 devstack@placement-api.service[103888]: [pid: 103888|app: 0|req: 410/816] 10.222.0.69 () {60 vars in 1355 bytes} [Fri Jan 28 00:40:10 2022] DELETE /placement/allocations/0ff5e004-b373-435c-86eb-b446fd4412a9 => generated 0 bytes in 111 msecs (HTTP/1.1 204) 5 headers in 198 bytes (1 switches on core 0)
Jan 28 00:40:13.616980 n-d-826755-1 devstack@placement-api.service[103887]: DEBUG placement.requestlog [req-99101672-41de-48d4-8bbd-45809b656d0c req-f01a4595-f36e-4259-b3f0-9e184b6418ea None None] Starting request: 10.222.0.48 "GET /placement/allocation_candidates?limit=1000&resources=DISK_GB%3A1%2CMEMORY_MB%3A1024%2CVCPU%3A1&root_required=%21COMPUTE_STATUS_DISABLED" {{(pid=103887) __call__ /opt/stack/placement/placement/requestlog.py:55}}
Jan 28 00:40:13.726018 n-d-826755-1 devstack@placement-api.service[103887]: DEBUG placement.objects.research_context [req-99101672-41de-48d4-8bbd-45809b656d0c req-f01a4595-f36e-4259-b3f0-9e184b6418ea service placement] getting providers with 1 DISK_GB {{(pid=103887) __init__ /opt/stack/placement/placement/objects/research_context.py:126}}
Jan 28 00:40:13.743160 n-d-826755-1 devstack@placement-api.service[103887]: DEBUG placement.objects.research_context [req-99101672-41de-48d4-8bbd-45809b656d0c req-f01a4595-f36e-4259-b3f0-9e184b6418ea service placement] getting providers with 1024 MEMORY_MB {{(pid=103887) __init__ /opt/stack/placement/placement/objects/research_context.py:126}}
Jan 28 00:40:13.750851 n-d-826755-1 devstack@placement-api.service[103887]: DEBUG placement.objects.research_context [req-99101672-41de-48d4-8bbd-45809b656d0c req-f01a4595-f36e-4259-b3f0-9e184b6418ea service placement] getting providers with 1 VCPU {{(pid=103887) __init__ /opt/stack/placement/placement/objects/research_context.py:126}}
Jan 28 00:40:13.758717 n-d-826755-1 devstack@placement-api.service[103887]: DEBUG placement.objects.research_context [req-99101672-41de-48d4-8bbd-45809b656d0c req-f01a4595-f36e-4259-b3f0-9e184b6418ea service placement] found 2 providers with available 1 DISK_GB {{(pid=103887) get_provider_ids_matching /opt/stack/placement/placement/objects/research_context.py:549}}
Jan 28 00:40:13.759306 n-d-826755-1 devstack@placement-api.service[103887]: DEBUG placement.objects.research_context [req-99101672-41de-48d4-8bbd-45809b656d0c req-f01a4595-f36e-4259-b3f0-9e184b6418ea service placement] found 2 providers with available 1024 MEMORY_MB {{(pid=103887) get_provider_ids_matching /opt/stack/placement/placement/objects/research_context.py:549}}
Jan 28 00:40:13.759754 n-d-826755-1 devstack@placement-api.service[103887]: DEBUG placement.objects.research_context [req-99101672-41de-48d4-8bbd-45809b656d0c req-f01a4595-f36e-4259-b3f0-9e184b6418ea service placement] found 2 providers after filtering by previous result {{(pid=103887) get_provider_ids_matching /opt/stack/placement/placement/objects/research_context.py:580}}
Jan 28 00:40:13.760260 n-d-826755-1 devstack@placement-api.service[103887]: DEBUG placement.objects.research_context [req-99101672-41de-48d4-8bbd-45809b656d0c req-f01a4595-f36e-4259-b3f0-9e184b6418ea service placement] found 2 providers with available 1 VCPU {{(pid=103887) get_provider_ids_matching /opt/stack/placement/placement/objects/research_context.py:549}}
Jan 28 00:40:13.760702 n-d-826755-1 devstack@placement-api.service[103887]: DEBUG placement.objects.research_context [req-99101672-41de-48d4-8bbd-45809b656d0c req-f01a4595-f36e-4259-b3f0-9e184b6418ea service placement] found 2 providers after filtering by previous result {{(pid=103887) get_provider_ids_matching /opt/stack/placement/placement/objects/research_context.py:580}}
Jan 28 00:40:13.794332 n-d-826755-1 devstack@placement-api.service[103887]: DEBUG placement.objects.allocation_candidate [req-99101672-41de-48d4-8bbd-45809b656d0c req-f01a4595-f36e-4259-b3f0-9e184b6418ea service placement] RequestGroup(use_same_provider=False, resources={DISK_GB:1, MEMORY_MB:1024, VCPU:1}, traits=[], aggregates=[]) (suffix '') returned 2 matches {{(pid=103887) _get_by_requests /opt/stack/placement/placement/objects/allocation_candidate.py:145}}
Jan 28 00:40:13.795003 n-d-826755-1 devstack@placement-api.service[103887]: DEBUG placement.objects.allocation_candidate [req-99101672-41de-48d4-8bbd-45809b656d0c req-f01a4595-f36e-4259-b3f0-9e184b6418ea service placement] Merging candidates yields 2 allocation requests and 2 provider summaries {{(pid=103887) _merge_candidates /opt/stack/placement/placement/objects/allocation_candidate.py:783}}
Jan 28 00:40:13.797029 n-d-826755-1 devstack@placement-api.service[103887]: INFO placement.requestlog [req-99101672-41de-48d4-8bbd-45809b656d0c req-f01a4595-f36e-4259-b3f0-9e184b6418ea service placement] 10.222.0.48 "GET /placement/allocation_candidates?limit=1000&resources=DISK_GB%3A1%2CMEMORY_MB%3A1024%2CVCPU%3A1&root_required=%21COMPUTE_STATUS_DISABLED" status: 200 len: 1309 microversion: 1.36
Jan 28 00:40:13.800500 n-d-826755-1 devstack@placement-api.service[103887]: [pid: 103887|app: 0|req: 407/817] 10.222.0.48 () {60 vars in 1506 bytes} [Fri Jan 28 00:40:13 2022] GET /placement/allocation_candidates?limit=1000&resources=DISK_GB%3A1%2CMEMORY_MB%3A1024%2CVCPU%3A1&root_required=%21COMPUTE_STATUS_DISABLED => generated 1309 bytes in 184 msecs (HTTP/1.1 200) 8 headers in 297 bytes (1 switches on core 0)
