Jan 28 00:35:53.715892 n-d-826755-1 devstack@placement-api.service[103887]: DEBUG placement.handlers.allocation [req-abc47664-d32e-4c96-a97a-ec0c6ff98dbb req-7a92ff95-47b7-47d8-8e51-6af53ce19f19 service placement] Successfully wrote allocations [, , ] {{(pid=103887) _update_consumers_and_create_allocations /opt/stack/placement/placement/handlers/allocation.py:462}}
Jan 28 00:35:53.729907 n-d-826755-1 devstack@placement-api.service[103887]: INFO placement.requestlog [req-abc47664-d32e-4c96-a97a-ec0c6ff98dbb req-7a92ff95-47b7-47d8-8e51-6af53ce19f19 service placement] 10.222.0.48 "PUT /placement/allocations/47798e19-73bf-4701-b31a-2356cc13df8c" status: 204 len: 0 microversion: 1.36
Jan 28 00:35:53.730835 n-d-826755-1 devstack@placement-api.service[103887]: [pid: 103887|app: 0|req: 364/730] 10.222.0.48 () {64 vars in 1433 bytes} [Fri Jan 28 00:35:53 2022] PUT /placement/allocations/47798e19-73bf-4701-b31a-2356cc13df8c => generated 0 bytes in 133 msecs (HTTP/1.1 204) 5 headers in 199 bytes (2 switches on core 0)
Jan 28 00:35:53.948350 n-d-826755-1 devstack@placement-api.service[103888]: DEBUG placement.requestlog [req-93b22ace-999c-4b74-9399-bb009276fdfa req-bc751539-238b-4323-b51b-4ee68f2591e1 None None] Starting request: 10.222.0.69 "GET /placement/resource_providers/ee05e449-1ec6-4775-a8db-392e822c8e0a/allocations" {{(pid=103888) __call__ /opt/stack/placement/placement/requestlog.py:55}}
Jan 28 00:35:54.064191 n-d-826755-1 devstack@placement-api.service[103888]: INFO placement.requestlog [req-93b22ace-999c-4b74-9399-bb009276fdfa req-bc751539-238b-4323-b51b-4ee68f2591e1 service placement] 10.222.0.69 "GET /placement/resource_providers/ee05e449-1ec6-4775-a8db-392e822c8e0a/allocations" status: 200 len: 255 microversion: 1.0
Jan 28 00:35:54.068140 n-d-826755-1 devstack@placement-api.service[103888]: [pid: 103888|app: 0|req: 367/731] 10.222.0.69 () {58 vars in 1390 bytes} [Fri Jan 28 00:35:53 2022] GET /placement/resource_providers/ee05e449-1ec6-4775-a8db-392e822c8e0a/allocations => generated 255 bytes in 121 msecs (HTTP/1.1 200) 6 headers in 224 bytes (1 switches on core 0)
Jan 28 00:35:54.534314 n-d-826755-1 devstack@placement-api.service[103887]: DEBUG placement.requestlog [req-abc47664-d32e-4c96-a97a-ec0c6ff98dbb req-8013d4f5-c7fc-4074-b8a6-2bda040dcf75 None None] Starting request: 10.222.0.69 "GET /placement/allocations/47798e19-73bf-4701-b31a-2356cc13df8c" {{(pid=103887) __call__ /opt/stack/placement/placement/requestlog.py:55}}
Jan 28 00:35:54.567293 n-d-826755-1 devstack@placement-api.service[103887]: INFO placement.requestlog [req-abc47664-d32e-4c96-a97a-ec0c6ff98dbb req-8013d4f5-c7fc-4074-b8a6-2bda040dcf75 service placement] 10.222.0.69 "GET /placement/allocations/47798e19-73bf-4701-b31a-2356cc13df8c" status: 200 len: 259 microversion: 1.28
Jan 28 00:35:54.568248 n-d-826755-1 devstack@placement-api.service[103887]: [pid: 103887|app: 0|req: 365/732] 10.222.0.69 () {60 vars in 1377 bytes} [Fri Jan 28 00:35:54 2022] GET /placement/allocations/47798e19-73bf-4701-b31a-2356cc13df8c => generated 259 bytes in 34 msecs (HTTP/1.1 200) 8 headers in 296 bytes (1 switches on core 0)
Jan 28 00:36:05.808855 n-d-826755-1 devstack@placement-api.service[103888]: DEBUG placement.requestlog [req-cf1cc5fc-aa11-4d15-94f0-0083fb894db9 req-2834d742-4cac-4c77-9953-b00ffe162ff5 None None] Starting request: 10.222.0.61 "DELETE /placement/allocations/97f5899a-c553-4ca2-8d36-facd4127d521" {{(pid=103888) __call__ /opt/stack/placement/placement/requestlog.py:55}}
Jan 28 00:36:05.937304 n-d-826755-1 devstack@placement-api.service[103888]: DEBUG placement.handlers.allocation [req-cf1cc5fc-aa11-4d15-94f0-0083fb894db9 req-2834d742-4cac-4c77-9953-b00ffe162ff5 service placement] Successfully deleted allocations [, , ] {{(pid=103888) delete_allocations /opt/stack/placement/placement/handlers/allocation.py:627}}
Jan 28 00:36:05.938018 n-d-826755-1 devstack@placement-api.service[103888]: INFO placement.requestlog [req-cf1cc5fc-aa11-4d15-94f0-0083fb894db9 req-2834d742-4cac-4c77-9953-b00ffe162ff5 service placement] 10.222.0.61 "DELETE /placement/allocations/97f5899a-c553-4ca2-8d36-facd4127d521" status: 204 len: 0 microversion: 1.0
Jan 28 00:36:05.938602 n-d-826755-1 devstack@placement-api.service[103888]: [pid: 103888|app: 0|req: 368/733] 10.222.0.61 () {60 vars in 1355 bytes} [Fri Jan 28 00:36:05 2022] DELETE /placement/allocations/97f5899a-c553-4ca2-8d36-facd4127d521 => generated 0 bytes in 131 msecs (HTTP/1.1 204) 5 headers in 198 bytes (1 switches on core 0)
Jan 28 00:36:12.654147 n-d-826755-1 devstack@placement-api.service[103887]: DEBUG placement.requestlog [req-6b55a085-8aaa-4a24-b951-3b08882f0b53 req-0cd7680a-eac3-44b2-a2a0-121bf2a578ad None None] Starting request: 10.222.0.69 "DELETE /placement/allocations/53a68b65-5234-46e4-ac12-421992b014d9" {{(pid=103887) __call__ /opt/stack/placement/placement/requestlog.py:55}}
Jan 28 00:36:12.739046 n-d-826755-1 devstack@placement-api.service[103887]: DEBUG placement.handlers.allocation [req-6b55a085-8aaa-4a24-b951-3b08882f0b53 req-0cd7680a-eac3-44b2-a2a0-121bf2a578ad service placement] Successfully deleted allocations [, , ] {{(pid=103887) delete_allocations /opt/stack/placement/placement/handlers/allocation.py:627}}
Jan 28 00:36:12.739744 n-d-826755-1 devstack@placement-api.service[103887]: INFO placement.requestlog [req-6b55a085-8aaa-4a24-b951-3b08882f0b53 req-0cd7680a-eac3-44b2-a2a0-121bf2a578ad service placement] 10.222.0.69 "DELETE /placement/allocations/53a68b65-5234-46e4-ac12-421992b014d9" status: 204 len: 0 microversion: 1.0
Jan 28 00:36:12.746491 n-d-826755-1 devstack@placement-api.service[103887]: [pid: 103887|app: 0|req: 366/734] 10.222.0.69 () {60 vars in 1355 bytes} [Fri Jan 28 00:36:12 2022] DELETE /placement/allocations/53a68b65-5234-46e4-ac12-421992b014d9 => generated 0 bytes in 92 msecs (HTTP/1.1 204) 5 headers in 198 bytes (1 switches on core 0)
Jan 28 00:36:35.073674 n-d-826755-1 devstack@placement-api.service[103888]: DEBUG placement.requestlog [req-2a18c1e5-f122-4fc9-a234-e3aca50b1109 req-0c2c2d4b-31b9-4df9-bc12-0205888248dc None None] Starting request: 10.222.0.48 "GET /placement/allocation_candidates?limit=1000&resources=DISK_GB%3A1%2CMEMORY_MB%3A1024%2CVCPU%3A1&root_required=%21COMPUTE_STATUS_DISABLED" {{(pid=103888) __call__ /opt/stack/placement/placement/requestlog.py:55}}
Jan 28 00:36:35.170442 n-d-826755-1 devstack@placement-api.service[103887]: DEBUG placement.requestlog [req-a35801f1-5cee-4661-895b-28c6802f24b9 req-5caaf1e5-ee25-4611-b6c9-97a316b69f14 None None] Starting request: 10.222.0.48 "GET /placement/allocation_candidates?limit=1000&resources=DISK_GB%3A1%2CMEMORY_MB%3A1024%2CVCPU%3A1&root_required=%21COMPUTE_STATUS_DISABLED" {{(pid=103887) __call__ /opt/stack/placement/placement/requestlog.py:55}}
Jan 28 00:36:35.173809 n-d-826755-1 devstack@placement-api.service[103888]: DEBUG placement.objects.research_context [req-2a18c1e5-f122-4fc9-a234-e3aca50b1109 req-0c2c2d4b-31b9-4df9-bc12-0205888248dc service placement] getting providers with 1 DISK_GB {{(pid=103888) __init__ /opt/stack/placement/placement/objects/research_context.py:126}}
Jan 28 00:36:35.197462 n-d-826755-1 devstack@placement-api.service[103888]: DEBUG placement.objects.research_context [req-2a18c1e5-f122-4fc9-a234-e3aca50b1109 req-0c2c2d4b-31b9-4df9-bc12-0205888248dc service placement] getting providers with 1024 MEMORY_MB {{(pid=103888) __init__ /opt/stack/placement/placement/objects/research_context.py:126}}
Jan 28 00:36:35.216743 n-d-826755-1 devstack@placement-api.service[103888]: DEBUG placement.objects.research_context [req-2a18c1e5-f122-4fc9-a234-e3aca50b1109 req-0c2c2d4b-31b9-4df9-bc12-0205888248dc service placement] getting providers with 1 VCPU {{(pid=103888) __init__ /opt/stack/placement/placement/objects/research_context.py:126}}
Jan 28 00:36:35.239526 n-d-826755-1 devstack@placement-api.service[103888]: DEBUG placement.objects.research_context [req-2a18c1e5-f122-4fc9-a234-e3aca50b1109 req-0c2c2d4b-31b9-4df9-bc12-0205888248dc service placement] found 2 providers with available 1 DISK_GB {{(pid=103888) get_provider_ids_matching /opt/stack/placement/placement/objects/research_context.py:549}}
Jan 28 00:36:35.241637 n-d-826755-1 devstack@placement-api.service[103888]: DEBUG placement.objects.research_context [req-2a18c1e5-f122-4fc9-a234-e3aca50b1109 req-0c2c2d4b-31b9-4df9-bc12-0205888248dc service placement] found 2 providers with available 1024 MEMORY_MB {{(pid=103888) get_provider_ids_matching /opt/stack/placement/placement/objects/research_context.py:549}}
Jan 28 00:36:35.242306 n-d-826755-1 devstack@placement-api.service[103888]: DEBUG placement.objects.research_context [req-2a18c1e5-f122-4fc9-a234-e3aca50b1109 req-0c2c2d4b-31b9-4df9-bc12-0205888248dc service placement] found 2 providers after filtering by previous result {{(pid=103888) get_provider_ids_matching /opt/stack/placement/placement/objects/research_context.py:580}}
Jan 28 00:36:35.244737 n-d-826755-1 devstack@placement-api.service[103888]: DEBUG placement.objects.research_context [req-2a18c1e5-f122-4fc9-a234-e3aca50b1109 req-0c2c2d4b-31b9-4df9-bc12-0205888248dc service placement] found 2 providers with available 1 VCPU {{(pid=103888) get_provider_ids_matching /opt/stack/placement/placement/objects/research_context.py:549}}
Jan 28 00:36:35.245628 n-d-826755-1 devstack@placement-api.service[103888]: DEBUG placement.objects.research_context [req-2a18c1e5-f122-4fc9-a234-e3aca50b1109 req-0c2c2d4b-31b9-4df9-bc12-0205888248dc service placement] found 2 providers after filtering by previous result {{(pid=103888) get_provider_ids_matching /opt/stack/placement/placement/objects/research_context.py:580}}
Jan 28 00:36:35.268466 n-d-826755-1 devstack@placement-api.service[103887]: DEBUG placement.objects.research_context [req-a35801f1-5cee-4661-895b-28c6802f24b9 req-5caaf1e5-ee25-4611-b6c9-97a316b69f14 service placement] getting providers with 1 DISK_GB {{(pid=103887) __init__ /opt/stack/placement/placement/objects/research_context.py:126}}
Jan 28 00:36:35.284197 n-d-826755-1 devstack@placement-api.service[103887]: DEBUG placement.objects.research_context [req-a35801f1-5cee-4661-895b-28c6802f24b9 req-5caaf1e5-ee25-4611-b6c9-97a316b69f14 service placement] getting providers with 1024 MEMORY_MB {{(pid=103887) __init__ /opt/stack/placement/placement/objects/research_context.py:126}}
Jan 28 00:36:35.304474 n-d-826755-1 devstack@placement-api.service[103887]: DEBUG placement.objects.research_context [req-a35801f1-5cee-4661-895b-28c6802f24b9 req-5caaf1e5-ee25-4611-b6c9-97a316b69f14 service placement] getting providers with 1 VCPU {{(pid=103887) __init__ /opt/stack/placement/placement/objects/research_context.py:126}}
Jan 28 00:36:35.314971 n-d-826755-1 devstack@placement-api.service[103888]: DEBUG placement.objects.allocation_candidate [req-2a18c1e5-f122-4fc9-a234-e3aca50b1109 req-0c2c2d4b-31b9-4df9-bc12-0205888248dc service placement] RequestGroup(use_same_provider=False, resources={DISK_GB:1, MEMORY_MB:1024, VCPU:1}, traits=[], aggregates=[]) (suffix '') returned 2 matches {{(pid=103888) _get_by_requests /opt/stack/placement/placement/objects/allocation_candidate.py:145}}
Jan 28 00:36:35.322479 n-d-826755-1 devstack@placement-api.service[103887]: DEBUG placement.objects.research_context [req-a35801f1-5cee-4661-895b-28c6802f24b9 req-5caaf1e5-ee25-4611-b6c9-97a316b69f14 service placement] found 2 providers with available 1 DISK_GB {{(pid=103887) get_provider_ids_matching /opt/stack/placement/placement/objects/research_context.py:549}}
Jan 28 00:36:35.323431 n-d-826755-1 devstack@placement-api.service[103888]: DEBUG placement.objects.allocation_candidate [req-2a18c1e5-f122-4fc9-a234-e3aca50b1109 req-0c2c2d4b-31b9-4df9-bc12-0205888248dc service placement] Merging candidates yields 2 allocation requests and 2 provider summaries {{(pid=103888) _merge_candidates /opt/stack/placement/placement/objects/allocation_candidate.py:783}}
Jan 28 00:36:35.325648 n-d-826755-1 devstack@placement-api.service[103887]: DEBUG placement.objects.research_context [req-a35801f1-5cee-4661-895b-28c6802f24b9 req-5caaf1e5-ee25-4611-b6c9-97a316b69f14 service placement] found 2 providers with available 1024 MEMORY_MB {{(pid=103887) get_provider_ids_matching /opt/stack/placement/placement/objects/research_context.py:549}}
Jan 28 00:36:35.325949 n-d-826755-1 devstack@placement-api.service[103887]: DEBUG placement.objects.research_context [req-a35801f1-5cee-4661-895b-28c6802f24b9 req-5caaf1e5-ee25-4611-b6c9-97a316b69f14 service placement] found 2 providers after filtering by previous result {{(pid=103887) get_provider_ids_matching /opt/stack/placement/placement/objects/research_context.py:580}}
Jan 28 00:36:35.326227 n-d-826755-1 devstack@placement-api.service[103887]: DEBUG placement.objects.research_context [req-a35801f1-5cee-4661-895b-28c6802f24b9 req-5caaf1e5-ee25-4611-b6c9-97a316b69f14 service placement] found 2 providers with available 1 VCPU {{(pid=103887) get_provider_ids_matching /opt/stack/placement/placement/objects/research_context.py:549}}
Jan 28 00:36:35.328170 n-d-826755-1 devstack@placement-api.service[103887]: DEBUG placement.objects.research_context [req-a35801f1-5cee-4661-895b-28c6802f24b9 req-5caaf1e5-ee25-4611-b6c9-97a316b69f14 service placement] found 2 providers after filtering by previous result {{(pid=103887) get_provider_ids_matching /opt/stack/placement/placement/objects/research_context.py:580}}
Jan 28 00:36:35.330501 n-d-826755-1 devstack@placement-api.service[103888]: INFO placement.requestlog [req-2a18c1e5-f122-4fc9-a234-e3aca50b1109 req-0c2c2d4b-31b9-4df9-bc12-0205888248dc service placement] 10.222.0.48 "GET /placement/allocation_candidates?limit=1000&resources=DISK_GB%3A1%2CMEMORY_MB%3A1024%2CVCPU%3A1&root_required=%21COMPUTE_STATUS_DISABLED" status: 200 len: 1309 microversion: 1.36
Jan 28 00:36:35.334076 n-d-826755-1 devstack@placement-api.service[103888]: [pid: 103888|app: 0|req: 369/735] 10.222.0.48 () {60 vars in 1506 bytes} [Fri Jan 28 00:36:35 2022] GET /placement/allocation_candidates?limit=1000&resources=DISK_GB%3A1%2CMEMORY_MB%3A1024%2CVCPU%3A1&root_required=%21COMPUTE_STATUS_DISABLED => generated 1309 bytes in 261 msecs (HTTP/1.1 200) 8 headers in 297 bytes (2 switches on core 0)
Jan 28 00:36:35.373061 n-d-826755-1 devstack@placement-api.service[103887]: DEBUG placement.objects.allocation_candidate [req-a35801f1-5cee-4661-895b-28c6802f24b9 req-5caaf1e5-ee25-4611-b6c9-97a316b69f14 service placement] RequestGroup(use_same_provider=False, resources={DISK_GB:1, MEMORY_MB:1024, VCPU:1}, traits=[], aggregates=[]) (suffix '') returned 2 matches {{(pid=103887) _get_by_requests /opt/stack/placement/placement/objects/allocation_candidate.py:145}}
Jan 28 00:36:35.373466 n-d-826755-1 devstack@placement-api.service[103887]: DEBUG placement.objects.allocation_candidate [req-a35801f1-5cee-4661-895b-28c6802f24b9 req-5caaf1e5-ee25-4611-b6c9-97a316b69f14 service placement] Merging candidates yields 2 allocation requests and 2 provider summaries {{(pid=103887) _merge_candidates /opt/stack/placement/placement/objects/allocation_candidate.py:783}}
Jan 28 00:36:35.375220 n-d-826755-1 devstack@placement-api.service[103887]: INFO placement.requestlog [req-a35801f1-5cee-4661-895b-28c6802f24b9 req-5caaf1e5-ee25-4611-b6c9-97a316b69f14 service placement] 10.222.0.48 "GET /placement/allocation_candidates?limit=1000&resources=DISK_GB%3A1%2CMEMORY_MB%3A1024%2CVCPU%3A1&root_required=%21COMPUTE_STATUS_DISABLED" status: 200 len: 1309 microversion: 1.36
Jan 28 00:36:35.394687 n-d-826755-1 devstack@placement-api.service[103887]: [pid: 103887|app: 0|req: 367/736] 10.222.0.48 () {60 vars in 1506 bytes} [Fri Jan 28 00:36:35 2022] GET /placement/allocation_candidates?limit=1000&resources=DISK_GB%3A1%2CMEMORY_MB%3A1024%2CVCPU%3A1&root_required=%21COMPUTE_STATUS_DISABLED => generated 1309 bytes in 224 msecs (HTTP/1.1 200) 8 headers in 297 bytes (2 switches on core 0)
Jan 28 00:36:35.531298 n-d-826755-1 devstack@placement-api.service[103888]: DEBUG placement.requestlog [req-2a18c1e5-f122-4fc9-a234-e3aca50b1109 req-fed18823-b57f-4e79-80c9-b1f90d88d620 None None] Starting request: 10.222.0.48 "GET /placement/allocations/4155c718-bfe2-4f5d-96aa-b3ecc2e9bec3" {{(pid=103888) __call__ /opt/stack/placement/placement/requestlog.py:55}}
Jan 28 00:36:35.539524 n-d-826755-1 devstack@placement-api.service[103887]: DEBUG placement.requestlog [req-a35801f1-5cee-4661-895b-28c6802f24b9 req-521af056-7605-4e68-836d-694c32b1a925 None None] Starting request: 10.222.0.48 "GET /placement/allocations/7f507214-51b8-474c-9acd-edc3ef6d1114" {{(pid=103887) __call__ /opt/stack/placement/placement/requestlog.py:55}}
Jan 28 00:36:35.557026 n-d-826755-1 devstack@placement-api.service[103887]: INFO placement.requestlog [req-a35801f1-5cee-4661-895b-28c6802f24b9 req-521af056-7605-4e68-836d-694c32b1a925 service placement] 10.222.0.48 "GET /placement/allocations/7f507214-51b8-474c-9acd-edc3ef6d1114" status: 200 len: 19 microversion: 1.28
Jan 28 00:36:35.559318 n-d-826755-1 devstack@placement-api.service[103887]: [pid: 103887|app: 0|req: 368/737] 10.222.0.48 () {60 vars in 1380 bytes} [Fri Jan 28 00:36:35 2022] GET /placement/allocations/7f507214-51b8-474c-9acd-edc3ef6d1114 => generated 19 bytes in 19 msecs (HTTP/1.1 200) 8 headers in 295 bytes (2 switches on core 0)
Jan 28 00:36:35.572912 n-d-826755-1 devstack@placement-api.service[103887]: DEBUG placement.requestlog [req-a35801f1-5cee-4661-895b-28c6802f24b9 req-d40dae4a-835d-42b7-8fc1-bf38a56c4ba7 None None] Starting request: 10.222.0.48 "PUT /placement/allocations/7f507214-51b8-474c-9acd-edc3ef6d1114" {{(pid=103887) __call__ /opt/stack/placement/placement/requestlog.py:55}}
Jan 28 00:36:35.587616 n-d-826755-1 devstack@placement-api.service[103888]: INFO placement.requestlog [req-2a18c1e5-f122-4fc9-a234-e3aca50b1109 req-fed18823-b57f-4e79-80c9-b1f90d88d620 service placement] 10.222.0.48 "GET /placement/allocations/4155c718-bfe2-4f5d-96aa-b3ecc2e9bec3" status: 200 len: 19 microversion: 1.28
Jan 28 00:36:35.593003 n-d-826755-1 devstack@placement-api.service[103888]: [pid: 103888|app: 0|req: 370/738] 10.222.0.48 () {60 vars in 1380 bytes} [Fri Jan 28 00:36:35 2022] GET /placement/allocations/4155c718-bfe2-4f5d-96aa-b3ecc2e9bec3 => generated 19 bytes in 62 msecs (HTTP/1.1 200) 8 headers in 295 bytes (1 switches on core 0)
Jan 28 00:36:35.605191 n-d-826755-1 devstack@placement-api.service[103888]: DEBUG placement.requestlog [req-2a18c1e5-f122-4fc9-a234-e3aca50b1109 req-f87a7ef4-c7b6-4418-bfda-e6f58c057aad None None] Starting request: 10.222.0.48 "PUT /placement/allocations/4155c718-bfe2-4f5d-96aa-b3ecc2e9bec3" {{(pid=103888) __call__ /opt/stack/placement/placement/requestlog.py:55}}
Jan 28 00:36:35.773388 n-d-826755-1 devstack@placement-api.service[103887]: DEBUG placement.handlers.allocation [req-a35801f1-5cee-4661-895b-28c6802f24b9 req-d40dae4a-835d-42b7-8fc1-bf38a56c4ba7 service placement] Successfully wrote allocations [, , ] {{(pid=103887) _update_consumers_and_create_allocations /opt/stack/placement/placement/handlers/allocation.py:462}}
Jan 28 00:36:35.788410 n-d-826755-1 devstack@placement-api.service[103887]: INFO placement.requestlog [req-a35801f1-5cee-4661-895b-28c6802f24b9 req-d40dae4a-835d-42b7-8fc1-bf38a56c4ba7 service placement] 10.222.0.48 "PUT /placement/allocations/7f507214-51b8-474c-9acd-edc3ef6d1114" status: 204 len: 0 microversion: 1.36
Jan 28 00:36:35.789258 n-d-826755-1 devstack@placement-api.service[103887]: [pid: 103887|app: 0|req: 369/739] 10.222.0.48 () {64 vars in 1433 bytes} [Fri Jan 28 00:36:35 2022] PUT /placement/allocations/7f507214-51b8-474c-9acd-edc3ef6d1114 => generated 0 bytes in 217 msecs (HTTP/1.1 204) 5 headers in 199 bytes (1 switches on core 0)
Jan 28 00:36:35.852009 n-d-826755-1 devstack@placement-api.service[103888]: DEBUG placement.objects.allocation [req-2a18c1e5-f122-4fc9-a234-e3aca50b1109 req-f87a7ef4-c7b6-4418-bfda-e6f58c057aad service placement] Retrying allocations write on resource provider generation conflict {{(pid=103888) replace_all /opt/stack/placement/placement/objects/allocation.py:507}}
Jan 28 00:36:35.922727 n-d-826755-1 devstack@placement-api.service[103888]: DEBUG placement.handlers.allocation [req-2a18c1e5-f122-4fc9-a234-e3aca50b1109 req-f87a7ef4-c7b6-4418-bfda-e6f58c057aad service placement] Successfully wrote allocations [, , ] {{(pid=103888) _update_consumers_and_create_allocations /opt/stack/placement/placement/handlers/allocation.py:462}}
Jan 28 00:36:35.933793 n-d-826755-1 devstack@placement-api.service[103888]: INFO placement.requestlog [req-2a18c1e5-f122-4fc9-a234-e3aca50b1109 req-f87a7ef4-c7b6-4418-bfda-e6f58c057aad service placement] 10.222.0.48 "PUT /placement/allocations/4155c718-bfe2-4f5d-96aa-b3ecc2e9bec3" status: 204 len: 0 microversion: 1.36
Jan 28 00:36:35.937165 n-d-826755-1 devstack@placement-api.service[103888]: [pid: 103888|app: 0|req: 371/740] 10.222.0.48 () {64 vars in 1433 bytes} [Fri Jan 28 00:36:35 2022] PUT /placement/allocations/4155c718-bfe2-4f5d-96aa-b3ecc2e9bec3 => generated 0 bytes in 333 msecs (HTTP/1.1 204) 5 headers in 199 bytes (1 switches on core 0)
Jan 28 00:36:35.970256 n-d-826755-1 devstack@placement-api.service[103887]: DEBUG placement.requestlog [req-2a18c1e5-f122-4fc9-a234-e3aca50b1109 req-07de9551-73bc-498e-a906-e7e8290e464b None None] Starting request: 10.222.0.48 "GET /placement/allocations/3fcb6f01-2569-4b4d-9a79-bd70d5957930" {{(pid=103887) __call__ /opt/stack/placement/placement/requestlog.py:55}}
Jan 28 00:36:35.990341 n-d-826755-1 devstack@placement-api.service[103887]: INFO placement.requestlog [req-2a18c1e5-f122-4fc9-a234-e3aca50b1109 req-07de9551-73bc-498e-a906-e7e8290e464b service placement] 10.222.0.48 "GET /placement/allocations/3fcb6f01-2569-4b4d-9a79-bd70d5957930" status: 200 len: 19 microversion: 1.28
Jan 28 00:36:35.993548 n-d-826755-1 devstack@placement-api.service[103887]: [pid: 103887|app: 0|req: 370/741] 10.222.0.48 () {60 vars in 1380 bytes} [Fri Jan 28 00:36:35 2022] GET /placement/allocations/3fcb6f01-2569-4b4d-9a79-bd70d5957930 => generated 19 bytes in 24 msecs (HTTP/1.1 200) 8 headers in 295 bytes (1 switches on core 0)
Jan 28 00:36:36.013594 n-d-826755-1 devstack@placement-api.service[103888]: DEBUG placement.requestlog [req-2a18c1e5-f122-4fc9-a234-e3aca50b1109 req-1248ce62-2ebe-4c5c-a8ee-97a119165622 None None] Starting request: 10.222.0.48 "PUT /placement/allocations/3fcb6f01-2569-4b4d-9a79-bd70d5957930" {{(pid=103888) __call__ /opt/stack/placement/placement/requestlog.py:55}}
Jan 28 00:36:36.156639 n-d-826755-1 devstack@placement-api.service[103888]: DEBUG placement.handlers.allocation [req-2a18c1e5-f122-4fc9-a234-e3aca50b1109 req-1248ce62-2ebe-4c5c-a8ee-97a119165622 service placement] Successfully wrote allocations [, , ] {{(pid=103888) _update_consumers_and_create_allocations /opt/stack/placement/placement/handlers/allocation.py:462}}
Jan 28 00:36:36.165508 n-d-826755-1 devstack@placement-api.service[103888]: INFO placement.requestlog [req-2a18c1e5-f122-4fc9-a234-e3aca50b1109 req-1248ce62-2ebe-4c5c-a8ee-97a119165622 service placement] 10.222.0.48 "PUT /placement/allocations/3fcb6f01-2569-4b4d-9a79-bd70d5957930" status: 204 len: 0 microversion: 1.36
Jan 28 00:36:36.166790 n-d-826755-1 devstack@placement-api.service[103888]: [pid: 103888|app: 0|req: 372/742] 10.222.0.48 () {64 vars in 1433 bytes} [Fri Jan 28 00:36:36 2022] PUT /placement/allocations/3fcb6f01-2569-4b4d-9a79-bd70d5957930 => generated 0 bytes in 154 msecs (HTTP/1.1 204) 5 headers in 199 bytes (2 switches on core 0)
Jan 28 00:36:36.219064 n-d-826755-1 devstack@placement-api.service[103887]: DEBUG placement.requestlog [req-2a18c1e5-f122-4fc9-a234-e3aca50b1109 req-29359002-547b-48b2-89ef-52480aeda254 None None] Starting request: 10.222.0.48 "GET /placement/allocations/6d898a8c-f79c-4190-afd0-0fa74270d878" {{(pid=103887) __call__ /opt/stack/placement/placement/requestlog.py:55}}
Jan 28 00:36:36.251800 n-d-826755-1 devstack@placement-api.service[103887]: INFO placement.requestlog [req-2a18c1e5-f122-4fc9-a234-e3aca50b1109 req-29359002-547b-48b2-89ef-52480aeda254 service placement] 10.222.0.48 "GET /placement/allocations/6d898a8c-f79c-4190-afd0-0fa74270d878" status: 200 len: 19 microversion: 1.28
Jan 28 00:36:36.252750 n-d-826755-1 devstack@placement-api.service[103887]: [pid: 103887|app: 0|req: 371/743] 10.222.0.48 () {60 vars in 1380 bytes} [Fri Jan 28 00:36:36 2022] GET /placement/allocations/6d898a8c-f79c-4190-afd0-0fa74270d878 => generated 19 bytes in 34 msecs (HTTP/1.1 200) 8 headers in 295 bytes (1 switches on core 0)
Jan 28 00:36:36.270810 n-d-826755-1 devstack@placement-api.service[103888]: DEBUG placement.requestlog [req-2a18c1e5-f122-4fc9-a234-e3aca50b1109 req-f62cf370-e389-4d88-a987-5004a52a01dd None None] Starting request: 10.222.0.48 "PUT /placement/allocations/6d898a8c-f79c-4190-afd0-0fa74270d878" {{(pid=103888) __call__ /opt/stack/placement/placement/requestlog.py:55}}
Jan 28 00:36:36.444766 n-d-826755-1 devstack@placement-api.service[103888]: DEBUG placement.handlers.allocation [req-2a18c1e5-f122-4fc9-a234-e3aca50b1109 req-f62cf370-e389-4d88-a987-5004a52a01dd service placement] Successfully wrote allocations [, , ] {{(pid=103888) _update_consumers_and_create_allocations /opt/stack/placement/placement/handlers/allocation.py:462}}
Jan 28 00:36:36.459797 n-d-826755-1 devstack@placement-api.service[103888]: INFO placement.requestlog [req-2a18c1e5-f122-4fc9-a234-e3aca50b1109 req-f62cf370-e389-4d88-a987-5004a52a01dd service placement] 10.222.0.48 "PUT /placement/allocations/6d898a8c-f79c-4190-afd0-0fa74270d878" status: 204 len: 0 microversion: 1.36
Jan 28 00:36:36.463712 n-d-826755-1 devstack@placement-api.service[103888]: [pid: 103888|app: 0|req: 373/744] 10.222.0.48 () {64 vars in 1433 bytes} [Fri Jan 28 00:36:36 2022] PUT /placement/allocations/6d898a8c-f79c-4190-afd0-0fa74270d878 => generated 0 bytes in 193 msecs (HTTP/1.1 204) 5 headers in 199 bytes (2 switches on core 0)
Jan 28 00:36:36.705057 n-d-826755-1 devstack@placement-api.service[103887]: DEBUG placement.requestlog [req-a35801f1-5cee-4661-895b-28c6802f24b9 req-59273958-094e-4d03-8497-c15e2789e2a8 None None] Starting request: 10.222.0.61 "GET /placement/allocations/7f507214-51b8-474c-9acd-edc3ef6d1114" {{(pid=103887) __call__ /opt/stack/placement/placement/requestlog.py:55}}
Jan 28 00:36:36.774644 n-d-826755-1 devstack@placement-api.service[103887]: INFO placement.requestlog [req-a35801f1-5cee-4661-895b-28c6802f24b9 req-59273958-094e-4d03-8497-c15e2789e2a8 service placement] 10.222.0.61 "GET /placement/allocations/7f507214-51b8-474c-9acd-edc3ef6d1114" status: 200 len: 259 microversion: 1.28
Jan 28 00:36:36.780266 n-d-826755-1 devstack@placement-api.service[103887]: [pid: 103887|app: 0|req: 372/745] 10.222.0.61 () {60 vars in 1377 bytes} [Fri Jan 28 00:36:36 2022] GET /placement/allocations/7f507214-51b8-474c-9acd-edc3ef6d1114 => generated 259 bytes in 76 msecs (HTTP/1.1 200) 8 headers in 296 bytes (2 switches on core 0)
Jan 28 00:36:37.868824 n-d-826755-1 devstack@placement-api.service[103888]: DEBUG placement.requestlog [req-2a18c1e5-f122-4fc9-a234-e3aca50b1109 req-9bc1fdb1-7c1c-4298-a523-263f5a841505 None None] Starting request: 10.222.0.69 "GET /placement/allocations/3fcb6f01-2569-4b4d-9a79-bd70d5957930" {{(pid=103888) __call__ /opt/stack/placement/placement/requestlog.py:55}}
Jan 28 00:36:37.886653 n-d-826755-1 devstack@placement-api.service[103887]: DEBUG placement.requestlog [req-2a18c1e5-f122-4fc9-a234-e3aca50b1109 req-edbf8936-ab18-4365-8c74-7ea509540744 None None] Starting request: 10.222.0.61 "GET /placement/allocations/4155c718-bfe2-4f5d-96aa-b3ecc2e9bec3" {{(pid=103887) __call__ /opt/stack/placement/placement/requestlog.py:55}}
Jan 28 00:36:37.926436 n-d-826755-1 devstack@placement-api.service[103887]: INFO placement.requestlog [req-2a18c1e5-f122-4fc9-a234-e3aca50b1109 req-edbf8936-ab18-4365-8c74-7ea509540744 service placement] 10.222.0.61 "GET /placement/allocations/4155c718-bfe2-4f5d-96aa-b3ecc2e9bec3" status: 200 len: 259 microversion: 1.28
Jan 28 00:36:37.932536 n-d-826755-1 devstack@placement-api.service[103887]: [pid: 103887|app: 0|req: 373/746] 10.222.0.61 () {60 vars in 1377 bytes} [Fri Jan 28 00:36:37 2022] GET /placement/allocations/4155c718-bfe2-4f5d-96aa-b3ecc2e9bec3 => generated 259 bytes in 47 msecs (HTTP/1.1 200) 8 headers in 296 bytes (2 switches on core 0)
Jan 28 00:36:37.950252 n-d-826755-1 devstack@placement-api.service[103888]: INFO placement.requestlog [req-2a18c1e5-f122-4fc9-a234-e3aca50b1109 req-9bc1fdb1-7c1c-4298-a523-263f5a841505 service placement] 10.222.0.69 "GET /placement/allocations/3fcb6f01-2569-4b4d-9a79-bd70d5957930" status: 200 len: 259 microversion: 1.28
Jan 28 00:36:37.954542 n-d-826755-1 devstack@placement-api.service[103888]: [pid: 103888|app: 0|req: 374/747] 10.222.0.69 () {60 vars in 1377 bytes} [Fri Jan 28 00:36:37 2022] GET /placement/allocations/3fcb6f01-2569-4b4d-9a79-bd70d5957930 => generated 259 bytes in 86 msecs (HTTP/1.1 200) 8 headers in 296 bytes (1 switches on core 0)
Jan 28 00:36:38.470611 n-d-826755-1 devstack@placement-api.service[103887]: DEBUG placement.requestlog [req-2a18c1e5-f122-4fc9-a234-e3aca50b1109 req-4c49cbeb-18cd-4807-8e63-025e59e21f69 None None] Starting request: 10.222.0.61 "GET /placement/allocations/6d898a8c-f79c-4190-afd0-0fa74270d878" {{(pid=103887) __call__ /opt/stack/placement/placement/requestlog.py:55}}
Jan 28 00:36:38.505593 n-d-826755-1 devstack@placement-api.service[103887]: INFO placement.requestlog [req-2a18c1e5-f122-4fc9-a234-e3aca50b1109 req-4c49cbeb-18cd-4807-8e63-025e59e21f69 service placement] 10.222.0.61 "GET /placement/allocations/6d898a8c-f79c-4190-afd0-0fa74270d878" status: 200 len: 259 microversion: 1.28
Jan 28 00:36:38.506394 n-d-826755-1 devstack@placement-api.service[103887]: [pid: 103887|app: 0|req: 374/748] 10.222.0.61 () {60 vars in 1377 bytes} [Fri Jan 28 00:36:38 2022] GET /placement/allocations/6d898a8c-f79c-4190-afd0-0fa74270d878 => generated 259 bytes in 36 msecs (HTTP/1.1 200) 8 headers in 296 bytes (1 switches on core 0)
Jan 28 00:36:50.581089 n-d-826755-1 devstack@placement-api.service[103888]: DEBUG placement.requestlog [req-6609c8dd-5fe5-48f1-857f-5946589eafb9 req-cc82cf49-27f2-413f-86d0-36a0365ae115 None None] Starting request: 10.222.0.61 "GET /placement/resource_providers/8935122a-2b9d-4dac-b9a0-926c270f3148/allocations" {{(pid=103888) __call__ /opt/stack/placement/placement/requestlog.py:55}}
Jan 28 00:36:50.711740 n-d-826755-1 devstack@placement-api.service[103888]: INFO placement.requestlog [req-6609c8dd-5fe5-48f1-857f-5946589eafb9 req-cc82cf49-27f2-413f-86d0-36a0365ae115 service placement] 10.222.0.61 "GET /placement/resource_providers/8935122a-2b9d-4dac-b9a0-926c270f3148/allocations" status: 200 len: 457 microversion: 1.0
Jan 28 00:36:50.713735 n-d-826755-1 devstack@placement-api.service[103888]: [pid: 103888|app: 0|req: 375/749] 10.222.0.61 () {58 vars in 1390 bytes} [Fri Jan 28 00:36:50 2022] GET /placement/resource_providers/8935122a-2b9d-4dac-b9a0-926c270f3148/allocations => generated 457 bytes in 135 msecs (HTTP/1.1 200) 6 headers in 224 bytes (1 switches on core 0)
Jan 28 00:36:54.957599 n-d-826755-1 devstack@placement-api.service[103887]: DEBUG placement.requestlog [req-d36dac78-8174-41e1-8181-b98ecae9b9da req-6fcedbeb-6632-40fb-9819-7fb3c95a89a9 None None] Starting request: 10.222.0.69 "GET /placement/resource_providers/ee05e449-1ec6-4775-a8db-392e822c8e0a/allocations" {{(pid=103887) __call__ /opt/stack/placement/placement/requestlog.py:55}}
Jan 28 00:36:55.017382 n-d-826755-1 devstack@placement-api.service[103887]: INFO placement.requestlog [req-d36dac78-8174-41e1-8181-b98ecae9b9da req-6fcedbeb-6632-40fb-9819-7fb3c95a89a9 service placement] 10.222.0.69 "GET /placement/resource_providers/ee05e449-1ec6-4775-a8db-392e822c8e0a/allocations" status: 200 len: 255 microversion: 1.0
Jan 28 00:36:55.018179 n-d-826755-1 devstack@placement-api.service[103887]: [pid: 103887|app: 0|req: 375/750] 10.222.0.69 () {58 vars in 1390 bytes} [Fri Jan 28 00:36:54 2022] GET /placement/resource_providers/ee05e449-1ec6-4775-a8db-392e822c8e0a/allocations => generated 255 bytes in 61 msecs (HTTP/1.1 200) 6 headers in 224 bytes (1 switches on core 0)
Jan 28 00:37:15.378184 n-d-826755-1 devstack@placement-api.service[103888]: DEBUG placement.requestlog [req-cd8fed13-7b44-4ca8-a7a8-1431193827d5 req-5e094b21-1454-4137-9bdf-12bdfb646b04 None None] Starting request: 10.222.0.61 "DELETE /placement/allocations/7f507214-51b8-474c-9acd-edc3ef6d1114" {{(pid=103888) __call__ /opt/stack/placement/placement/requestlog.py:55}}
Jan 28 00:37:15.530502 n-d-826755-1 devstack@placement-api.service[103888]: DEBUG placement.handlers.allocation [req-cd8fed13-7b44-4ca8-a7a8-1431193827d5 req-5e094b21-1454-4137-9bdf-12bdfb646b04 service placement] Successfully deleted allocations [, , ] {{(pid=103888) delete_allocations /opt/stack/placement/placement/handlers/allocation.py:627}}
Jan 28 00:37:15.532011 n-d-826755-1 devstack@placement-api.service[103888]: INFO placement.requestlog [req-cd8fed13-7b44-4ca8-a7a8-1431193827d5 req-5e094b21-1454-4137-9bdf-12bdfb646b04 service placement] 10.222.0.61 "DELETE /placement/allocations/7f507214-51b8-474c-9acd-edc3ef6d1114" status: 204 len: 0 microversion: 1.0
Jan 28 00:37:15.533637 n-d-826755-1 devstack@placement-api.service[103888]: [pid: 103888|app: 0|req: 376/751] 10.222.0.61 () {60 vars in 1355 bytes} [Fri Jan 28 00:37:15 2022] DELETE /placement/allocations/7f507214-51b8-474c-9acd-edc3ef6d1114 => generated 0 bytes in 156 msecs (HTTP/1.1 204) 5 headers in 198 bytes (1 switches on core 0)
Jan 28 00:37:20.243514 n-d-826755-1 devstack@placement-api.service[103887]: DEBUG placement.requestlog [req-3145d426-be76-49ca-a7cf-4e62a9b13f93 req-77f82331-5108-43b2-b3bc-efee557968d7 None None] Starting request: 10.222.0.48 "GET /placement/allocation_candidates?limit=1000&resources=DISK_GB%3A1%2CMEMORY_MB%3A1024%2CVCPU%3A1&root_required=%21COMPUTE_STATUS_DISABLED" {{(pid=103887) __call__ /opt/stack/placement/placement/requestlog.py:55}}
Jan 28 00:37:20.347327 n-d-826755-1 devstack@placement-api.service[103887]: DEBUG placement.objects.research_context [req-3145d426-be76-49ca-a7cf-4e62a9b13f93 req-77f82331-5108-43b2-b3bc-efee557968d7 service placement] getting providers with 1 DISK_GB {{(pid=103887) __init__ /opt/stack/placement/placement/objects/research_context.py:126}}
Jan 28 00:37:20.357061 n-d-826755-1 devstack@placement-api.service[103887]: DEBUG placement.objects.research_context [req-3145d426-be76-49ca-a7cf-4e62a9b13f93 req-77f82331-5108-43b2-b3bc-efee557968d7 service placement] getting providers with 1024 MEMORY_MB {{(pid=103887) __init__ /opt/stack/placement/placement/objects/research_context.py:126}}
Jan 28 00:37:20.374407 n-d-826755-1 devstack@placement-api.service[103887]: DEBUG placement.objects.research_context [req-3145d426-be76-49ca-a7cf-4e62a9b13f93 req-77f82331-5108-43b2-b3bc-efee557968d7 service placement] getting providers with 1 VCPU {{(pid=103887) __init__ /opt/stack/placement/placement/objects/research_context.py:126}}
Jan 28 00:37:20.392238 n-d-826755-1 devstack@placement-api.service[103887]: DEBUG placement.objects.research_context [req-3145d426-be76-49ca-a7cf-4e62a9b13f93 req-77f82331-5108-43b2-b3bc-efee557968d7 service placement] found 2 providers with available 1 DISK_GB {{(pid=103887) get_provider_ids_matching /opt/stack/placement/placement/objects/research_context.py:549}}
Jan 28 00:37:20.398714 n-d-826755-1 devstack@placement-api.service[103887]: DEBUG placement.objects.research_context [req-3145d426-be76-49ca-a7cf-4e62a9b13f93 req-77f82331-5108-43b2-b3bc-efee557968d7 service placement] found 2 providers with available 1024 MEMORY_MB {{(pid=103887) get_provider_ids_matching /opt/stack/placement/placement/objects/research_context.py:549}}
Jan 28 00:37:20.399577 n-d-826755-1 devstack@placement-api.service[103887]: DEBUG placement.objects.research_context [req-3145d426-be76-49ca-a7cf-4e62a9b13f93 req-77f82331-5108-43b2-b3bc-efee557968d7 service placement] found 2 providers after filtering by previous result {{(pid=103887) get_provider_ids_matching /opt/stack/placement/placement/objects/research_context.py:580}}
Jan 28 00:37:20.400617 n-d-826755-1 devstack@placement-api.service[103887]: DEBUG placement.objects.research_context [req-3145d426-be76-49ca-a7cf-4e62a9b13f93 req-77f82331-5108-43b2-b3bc-efee557968d7 service placement] found 2 providers with available 1 VCPU {{(pid=103887) get_provider_ids_matching /opt/stack/placement/placement/objects/research_context.py:549}}
Jan 28 00:37:20.425156 n-d-826755-1 devstack@placement-api.service[103887]: DEBUG placement.objects.research_context [req-3145d426-be76-49ca-a7cf-4e62a9b13f93 req-77f82331-5108-43b2-b3bc-efee557968d7 service placement] found 2 providers after filtering by previous result {{(pid=103887) get_provider_ids_matching /opt/stack/placement/placement/objects/research_context.py:580}}
Jan 28 00:37:20.504394 n-d-826755-1 devstack@placement-api.service[103887]: DEBUG placement.objects.allocation_candidate [req-3145d426-be76-49ca-a7cf-4e62a9b13f93 req-77f82331-5108-43b2-b3bc-efee557968d7 service placement] RequestGroup(use_same_provider=False, resources={DISK_GB:1, MEMORY_MB:1024, VCPU:1}, traits=[], aggregates=[]) (suffix '') returned 2 matches {{(pid=103887) _get_by_requests /opt/stack/placement/placement/objects/allocation_candidate.py:145}}
Jan 28 00:37:20.510703 n-d-826755-1 devstack@placement-api.service[103887]: DEBUG placement.objects.allocation_candidate [req-3145d426-be76-49ca-a7cf-4e62a9b13f93 req-77f82331-5108-43b2-b3bc-efee557968d7 service placement] Merging candidates yields 2 allocation requests and 2 provider summaries {{(pid=103887) _merge_candidates /opt/stack/placement/placement/objects/allocation_candidate.py:783}}
Jan 28 00:37:20.516400 n-d-826755-1 devstack@placement-api.service[103887]: INFO placement.requestlog [req-3145d426-be76-49ca-a7cf-4e62a9b13f93 req-77f82331-5108-43b2-b3bc-efee557968d7 service placement] 10.222.0.48 "GET /placement/allocation_candidates?limit=1000&resources=DISK_GB%3A1%2CMEMORY_MB%3A1024%2CVCPU%3A1&root_required=%21COMPUTE_STATUS_DISABLED" status: 200 len: 1309 microversion: 1.36
Jan 28 00:37:20.525298 n-d-826755-1 devstack@placement-api.service[103887]: [pid: 103887|app: 0|req: 376/752] 10.222.0.48 () {60 vars in 1506 bytes} [Fri Jan 28 00:37:20 2022] GET /placement/allocation_candidates?limit=1000&resources=DISK_GB%3A1%2CMEMORY_MB%3A1024%2CVCPU%3A1&root_required=%21COMPUTE_STATUS_DISABLED => generated 1309 bytes in 282 msecs (HTTP/1.1 200) 8 headers in 297 bytes (2 switches on core 0)
Jan 28 00:37:20.659583 n-d-826755-1 devstack@placement-api.service[103888]: DEBUG placement.requestlog [req-3145d426-be76-49ca-a7cf-4e62a9b13f93 req-dc109a35-fe90-4921-b7f1-c6453c1fb4b7 None None] Starting request: 10.222.0.48 "GET /placement/allocations/f949aaae-b6cf-4c25-9526-ffcf930b275e" {{(pid=103888) __call__ /opt/stack/placement/placement/requestlog.py:55}}
Jan 28 00:37:20.775105 n-d-826755-1 devstack@placement-api.service[103888]: INFO placement.requestlog [req-3145d426-be76-49ca-a7cf-4e62a9b13f93 req-dc109a35-fe90-4921-b7f1-c6453c1fb4b7 service placement] 10.222.0.48 "GET /placement/allocations/f949aaae-b6cf-4c25-9526-ffcf930b275e" status: 200 len: 19 microversion: 1.28
Jan 28 00:37:20.775800 n-d-826755-1 devstack@placement-api.service[103888]: [pid: 103888|app: 0|req: 377/753] 10.222.0.48 () {60 vars in 1380 bytes} [Fri Jan 28 00:37:20 2022] GET /placement/allocations/f949aaae-b6cf-4c25-9526-ffcf930b275e => generated 19 bytes in 117 msecs (HTTP/1.1 200) 8 headers in 295 bytes (1 switches on core 0)
Jan 28 00:37:20.785391 n-d-826755-1 devstack@placement-api.service[103887]: DEBUG placement.requestlog [req-3145d426-be76-49ca-a7cf-4e62a9b13f93 req-c32dc71d-e6c5-4749-ae03-a7cf880fad4b None None] Starting request: 10.222.0.48 "PUT /placement/allocations/f949aaae-b6cf-4c25-9526-ffcf930b275e" {{(pid=103887) __call__ /opt/stack/placement/placement/requestlog.py:55}}
Jan 28 00:37:21.274808 n-d-826755-1 devstack@placement-api.service[103887]: DEBUG placement.handlers.allocation [req-3145d426-be76-49ca-a7cf-4e62a9b13f93 req-c32dc71d-e6c5-4749-ae03-a7cf880fad4b service placement] Successfully wrote allocations [, , ] {{(pid=103887) _update_consumers_and_create_allocations /opt/stack/placement/placement/handlers/allocation.py:462}}
Jan 28 00:37:21.283135 n-d-826755-1 devstack@placement-api.service[103887]: INFO placement.requestlog [req-3145d426-be76-49ca-a7cf-4e62a9b13f93 req-c32dc71d-e6c5-4749-ae03-a7cf880fad4b service placement] 10.222.0.48 "PUT /placement/allocations/f949aaae-b6cf-4c25-9526-ffcf930b275e" status: 204 len: 0 microversion: 1.36
Jan 28 00:37:21.284205 n-d-826755-1 devstack@placement-api.service[103887]: [pid: 103887|app: 0|req: 377/754] 10.222.0.48 () {64 vars in 1433 bytes} [Fri Jan 28 00:37:20 2022] PUT /placement/allocations/f949aaae-b6cf-4c25-9526-ffcf930b275e => generated 0 bytes in 499 msecs (HTTP/1.1 204) 5 headers in 199 bytes (1 switches on core 0)
Jan 28 00:37:22.677980 n-d-826755-1 devstack@placement-api.service[103888]: DEBUG placement.requestlog [req-3145d426-be76-49ca-a7cf-4e62a9b13f93 req-5c883c87-aae7-4952-a9fc-51141d191a81 None None] Starting request: 10.222.0.69 "GET /placement/allocations/f949aaae-b6cf-4c25-9526-ffcf930b275e" {{(pid=103888) __call__ /opt/stack/placement/placement/requestlog.py:55}}
Jan 28 00:37:22.760939 n-d-826755-1 devstack@placement-api.service[103888]: INFO placement.requestlog [req-3145d426-be76-49ca-a7cf-4e62a9b13f93 req-5c883c87-aae7-4952-a9fc-51141d191a81 service placement] 10.222.0.69 "GET /placement/allocations/f949aaae-b6cf-4c25-9526-ffcf930b275e" status: 200 len: 259 microversion: 1.28
Jan 28 00:37:22.764319 n-d-826755-1 devstack@placement-api.service[103888]: [pid: 103888|app: 0|req: 378/755] 10.222.0.69 () {60 vars in 1377 bytes} [Fri Jan 28 00:37:22 2022] GET /placement/allocations/f949aaae-b6cf-4c25-9526-ffcf930b275e => generated 259 bytes in 88 msecs (HTTP/1.1 200) 8 headers in 296 bytes (1 switches on core 0)
Jan 28 00:37:30.318793 n-d-826755-1 devstack@placement-api.service[103887]: DEBUG placement.requestlog [req-a66b1d07-4f78-435a-a53c-63cc5daa01d2 req-c2e50a94-801a-4510-80dc-719f45a8f3db None None] Starting request: 10.222.0.61 "DELETE /placement/allocations/0530c4dd-4250-445a-84fb-e29fcd01436f" {{(pid=103887) __call__ /opt/stack/placement/placement/requestlog.py:55}}
Jan 28 00:37:30.397251 n-d-826755-1 devstack@placement-api.service[103887]: DEBUG placement.handlers.allocation [req-a66b1d07-4f78-435a-a53c-63cc5daa01d2 req-c2e50a94-801a-4510-80dc-719f45a8f3db service placement] Successfully deleted allocations [, , ] {{(pid=103887) delete_allocations /opt/stack/placement/placement/handlers/allocation.py:627}}
Jan 28 00:37:30.398943 n-d-826755-1 devstack@placement-api.service[103887]: INFO placement.requestlog [req-a66b1d07-4f78-435a-a53c-63cc5daa01d2 req-c2e50a94-801a-4510-80dc-719f45a8f3db service placement] 10.222.0.61 "DELETE /placement/allocations/0530c4dd-4250-445a-84fb-e29fcd01436f" status: 204 len: 0 microversion: 1.0
Jan 28 00:37:30.402649 n-d-826755-1 devstack@placement-api.service[103887]: [pid: 103887|app: 0|req: 378/756] 10.222.0.61 () {60 vars in 1355 bytes} [Fri Jan 28 00:37:30 2022] DELETE /placement/allocations/0530c4dd-4250-445a-84fb-e29fcd01436f => generated 0 bytes in 84 msecs (HTTP/1.1 204) 5 headers in 198 bytes (1 switches on core 0)
Jan 28 00:37:32.366576 n-d-826755-1 devstack@placement-api.service[103888]: DEBUG placement.requestlog [req-82f79d72-4261-45f5-8165-c5bff943d218 req-e61cd446-f2f4-45bb-8ebe-72a787a810a5 None None] Starting request: 10.222.0.61 "DELETE /placement/allocations/4155c718-bfe2-4f5d-96aa-b3ecc2e9bec3" {{(pid=103888) __call__ /opt/stack/placement/placement/requestlog.py:55}}
Jan 28 00:37:32.448561 n-d-826755-1 devstack@placement-api.service[103888]: DEBUG placement.handlers.allocation [req-82f79d72-4261-45f5-8165-c5bff943d218 req-e61cd446-f2f4-45bb-8ebe-72a787a810a5 service placement] Successfully deleted allocations [, , ] {{(pid=103888) delete_allocations /opt/stack/placement/placement/handlers/allocation.py:627}}
Jan 28 00:37:32.449824 n-d-826755-1 devstack@placement-api.service[103888]: INFO placement.requestlog [req-82f79d72-4261-45f5-8165-c5bff943d218 req-e61cd446-f2f4-45bb-8ebe-72a787a810a5 service placement] 10.222.0.61 "DELETE /placement/allocations/4155c718-bfe2-4f5d-96aa-b3ecc2e9bec3" status: 204 len: 0 microversion: 1.0
Jan 28 00:37:32.450682 n-d-826755-1 devstack@placement-api.service[103888]: [pid: 103888|app: 0|req: 379/757] 10.222.0.61 () {60 vars in 1355 bytes} [Fri Jan 28 00:37:32 2022] DELETE /placement/allocations/4155c718-bfe2-4f5d-96aa-b3ecc2e9bec3 => generated 0 bytes in 85 msecs (HTTP/1.1 204) 5 headers in 198 bytes (1 switches on core 0)
Jan 28 00:37:40.646193 n-d-826755-1 devstack@placement-api.service[103887]: DEBUG placement.requestlog [req-141882d8-911d-421b-a5b7-5e098477b3d8 req-9b1c76c4-4445-461e-b152-588921f11a35 None None] Starting request: 10.222.0.69 "DELETE /placement/allocations/3fcb6f01-2569-4b4d-9a79-bd70d5957930" {{(pid=103887) __call__ /opt/stack/placement/placement/requestlog.py:55}}
Jan 28 00:37:40.726426 n-d-826755-1 devstack@placement-api.service[103887]: DEBUG placement.handlers.allocation [req-141882d8-911d-421b-a5b7-5e098477b3d8 req-9b1c76c4-4445-461e-b152-588921f11a35 service placement] Successfully deleted allocations [, , ] {{(pid=103887) delete_allocations /opt/stack/placement/placement/handlers/allocation.py:627}}
Jan 28 00:37:40.727085 n-d-826755-1 devstack@placement-api.service[103887]: INFO placement.requestlog [req-141882d8-911d-421b-a5b7-5e098477b3d8 req-9b1c76c4-4445-461e-b152-588921f11a35 service placement] 10.222.0.69 "DELETE /placement/allocations/3fcb6f01-2569-4b4d-9a79-bd70d5957930" status: 204 len: 0 microversion: 1.0
Jan 28 00:37:40.728919 n-d-826755-1 devstack@placement-api.service[103887]: [pid: 103887|app: 0|req: 379/758] 10.222.0.69 () {60 vars in 1355 bytes} [Fri Jan 28 00:37:40 2022] DELETE /placement/allocations/3fcb6f01-2569-4b4d-9a79-bd70d5957930 => generated 0 bytes in 84 msecs (HTTP/1.1 204) 5 headers in 198 bytes (1 switches on core 0)
Jan 28 00:37:42.671662 n-d-826755-1 devstack@placement-api.service[103888]: DEBUG placement.requestlog [req-b035305f-156c-4c59-b9f0-a5162b0d53fc req-74d7d1dd-fd52-44ed-9df3-a4a5142ff0b3 None None] Starting request: 10.222.0.61 "DELETE /placement/allocations/6d898a8c-f79c-4190-afd0-0fa74270d878" {{(pid=103888) __call__ /opt/stack/placement/placement/requestlog.py:55}}
Jan 28 00:37:42.795940 n-d-826755-1 devstack@placement-api.service[103888]: DEBUG placement.handlers.allocation [req-b035305f-156c-4c59-b9f0-a5162b0d53fc req-74d7d1dd-fd52-44ed-9df3-a4a5142ff0b3 service placement] Successfully deleted allocations [, , ] {{(pid=103888) delete_allocations /opt/stack/placement/placement/handlers/allocation.py:627}}
Jan 28 00:37:42.796748 n-d-826755-1 devstack@placement-api.service[103888]: INFO placement.requestlog [req-b035305f-156c-4c59-b9f0-a5162b0d53fc req-74d7d1dd-fd52-44ed-9df3-a4a5142ff0b3 service placement] 10.222.0.61 "DELETE /placement/allocations/6d898a8c-f79c-4190-afd0-0fa74270d878" status: 204 len: 0 microversion: 1.0
Jan 28 00:37:42.797743 n-d-826755-1 devstack@placement-api.service[103888]: [pid: 103888|app: 0|req: 380/759] 10.222.0.61 () {60 vars in 1355 bytes} [Fri Jan 28 00:37:42 2022] DELETE /placement/allocations/6d898a8c-f79c-4190-afd0-0fa74270d878 => generated 0 bytes in 127 msecs (HTTP/1.1 204) 5 headers in 198 bytes (1 switches on core 0)
Jan 28 00:37:50.380944 n-d-826755-1 devstack@placement-api.service[103887]: DEBUG placement.requestlog [req-d7c306b0-169c-454d-977d-6ccd7c465027 req-e8811043-fcfb-4501-8530-9d02630e088d None None] Starting request: 10.222.0.61 "GET /placement/resource_providers/8935122a-2b9d-4dac-b9a0-926c270f3148/allocations" {{(pid=103887) __call__ /opt/stack/placement/placement/requestlog.py:55}}
Jan 28 00:37:50.433661 n-d-826755-1 devstack@placement-api.service[103887]: INFO placement.requestlog [req-d7c306b0-169c-454d-977d-6ccd7c465027 req-e8811043-fcfb-4501-8530-9d02630e088d service placement] 10.222.0.61 "GET /placement/resource_providers/8935122a-2b9d-4dac-b9a0-926c270f3148/allocations" status: 200 len: 55 microversion: 1.0
Jan 28 00:37:50.435518 n-d-826755-1 devstack@placement-api.service[103887]: [pid: 103887|app: 0|req: 380/760] 10.222.0.61 () {58 vars in 1390 bytes} [Fri Jan 28 00:37:50 2022] GET /placement/resource_providers/8935122a-2b9d-4dac-b9a0-926c270f3148/allocations => generated 55 bytes in 55 msecs (HTTP/1.1 200) 6 headers in 223 bytes (2 switches on core 0)
Jan 28 00:37:54.337105 n-d-826755-1 devstack@placement-api.service[103888]: DEBUG placement.requestlog [req-3eedd45f-6acf-4752-a27d-94001c215a1a req-06fd05f6-4d17-41e8-9b43-cd27120060a8 None None] Starting request: 10.222.0.48 "GET /placement/allocation_candidates?limit=1000&resources=DISK_GB%3A1%2CMEMORY_MB%3A1024%2CVCPU%3A1&root_required=%21COMPUTE_STATUS_DISABLED" {{(pid=103888) __call__ /opt/stack/placement/placement/requestlog.py:55}}
Jan 28 00:37:54.468746 n-d-826755-1 devstack@placement-api.service[103888]: DEBUG placement.objects.research_context [req-3eedd45f-6acf-4752-a27d-94001c215a1a req-06fd05f6-4d17-41e8-9b43-cd27120060a8 service placement] getting providers with 1 DISK_GB {{(pid=103888) __init__ /opt/stack/placement/placement/objects/research_context.py:126}}
Jan 28 00:37:54.497414 n-d-826755-1 devstack@placement-api.service[103888]: DEBUG placement.objects.research_context [req-3eedd45f-6acf-4752-a27d-94001c215a1a req-06fd05f6-4d17-41e8-9b43-cd27120060a8 service placement] getting providers with 1024 MEMORY_MB {{(pid=103888) __init__ /opt/stack/placement/placement/objects/research_context.py:126}}
