Aug 03 03:59:48.267373 n-d-826753-6 devstack@keystone.service[81121]: DEBUG keystone.server.flask.request_processing.req_logging [None req-0555848a-b4f1-4543-bf68-8a814cc2885d None admin] SCRIPT_NAME: `/identity` {{(pid=81121) log_request_info /opt/stack/keystone/keystone/server/flask/request_processing/req_logging.py:28}}
Aug 03 03:59:48.267373 n-d-826753-6 devstack@keystone.service[81121]: DEBUG keystone.server.flask.request_processing.req_logging [None req-0555848a-b4f1-4543-bf68-8a814cc2885d None admin] PATH_INFO: `/v3/roles` {{(pid=81121) log_request_info /opt/stack/keystone/keystone/server/flask/request_processing/req_logging.py:29}}
Aug 03 03:59:48.267532 n-d-826753-6 devstack@keystone.service[81122]: ERROR keystone.server.flask.application [None req-a80ec065-646d-4b69-be6c-b521bd3614d8 None admin] Could not find role: anotherrole.: keystone.exception.RoleNotFound: Could not find role: anotherrole.
Aug 03 03:59:48.267532 n-d-826753-6 devstack@keystone.service[81122]: ERROR keystone.server.flask.application
Traceback (most recent call last):
Aug 03 03:59:48.267532 n-d-826753-6 devstack@keystone.service[81122]: ERROR keystone.server.flask.application
File "/usr/local/lib/python3.8/dist-packages/flask/app.py", line 1517, in full_dispatch_request
Aug 03 03:59:48.267532 n-d-826753-6 devstack@keystone.service[81122]: ERROR keystone.server.flask.application rv = self.dispatch_request()
Aug 03 03:59:48.267532 n-d-826753-6 devstack@keystone.service[81122]: ERROR keystone.server.flask.application
File "/usr/local/lib/python3.8/dist-packages/flask/app.py", line 1503, in dispatch_request
Aug 03 03:59:48.267532 n-d-826753-6 devstack@keystone.service[81122]: ERROR keystone.server.flask.application return self.ensure_sync(self.view_functions[rule.endpoint])(**req.view_args)
Aug 03 03:59:48.267532 n-d-826753-6 devstack@keystone.service[81122]: ERROR keystone.server.flask.application
File "/usr/local/lib/python3.8/dist-packages/flask_restful/__init__.py", line 467, in wrapper
Aug 03 03:59:48.267532 n-d-826753-6 devstack@keystone.service[81122]: ERROR keystone.server.flask.application resp = resource(*args, **kwargs)
Aug 03 03:59:48.267532 n-d-826753-6 devstack@keystone.service[81122]: ERROR keystone.server.flask.application
File "/usr/local/lib/python3.8/dist-packages/flask/views.py", line 84, in view
Aug 03 03:59:48.267532 n-d-826753-6 devstack@keystone.service[81122]: ERROR keystone.server.flask.application return current_app.ensure_sync(self.dispatch_request)(*args, **kwargs)
Aug 03 03:59:48.267532 n-d-826753-6 devstack@keystone.service[81122]: ERROR keystone.server.flask.application
File "/usr/local/lib/python3.8/dist-packages/flask_restful/__init__.py", line 582, in dispatch_request
Aug 03 03:59:48.267532 n-d-826753-6 devstack@keystone.service[81122]: ERROR keystone.server.flask.application resp = meth(*args, **kwargs)
Aug 03 03:59:48.267532 n-d-826753-6 devstack@keystone.service[81122]: ERROR keystone.server.flask.application
File "/opt/stack/keystone/keystone/api/roles.py", line 50, in get
Aug 03 03:59:48.267532 n-d-826753-6 devstack@keystone.service[81122]: ERROR keystone.server.flask.application return self._get_role(role_id)
Aug 03 03:59:48.267532 n-d-826753-6 devstack@keystone.service[81122]: ERROR keystone.server.flask.application
File "/opt/stack/keystone/keystone/api/roles.py", line 70, in _get_role
Aug 03 03:59:48.267532 n-d-826753-6 devstack@keystone.service[81122]: ERROR keystone.server.flask.application ENFORCER.enforce_call(action='identity:get_role')
Aug 03 03:59:48.268322 n-d-826753-6 devstack@keystone.service[81122]: ERROR keystone.server.flask.application
File "/opt/stack/keystone/keystone/common/rbac_enforcer/enforcer.py", line 402, in enforce_call
Aug 03 03:59:48.268322 n-d-826753-6 devstack@keystone.service[81122]: ERROR keystone.server.flask.application policy_dict.update(cls._extract_member_target_data(
Aug 03 03:59:48.268322 n-d-826753-6 devstack@keystone.service[81122]: ERROR keystone.server.flask.application
File "/opt/stack/keystone/keystone/common/rbac_enforcer/enforcer.py", line 234, in _extract_member_target_data
Aug 03 03:59:48.268322 n-d-826753-6 devstack@keystone.service[81122]: ERROR keystone.server.flask.application member_name: func(flask.request.view_args[key])
Aug 03 03:59:48.268322 n-d-826753-6 devstack@keystone.service[81122]: ERROR keystone.server.flask.application
File "/opt/stack/keystone/keystone/common/manager.py", line 115, in wrapped
Aug 03 03:59:48.268322 n-d-826753-6 devstack@keystone.service[81122]: ERROR keystone.server.flask.application __ret_val = __f(*args, **kwargs)
Aug 03 03:59:48.268322 n-d-826753-6 devstack@keystone.service[81122]: ERROR keystone.server.flask.application
File "/usr/local/lib/python3.8/dist-packages/decorator.py", line 232, in fun
Aug 03 03:59:48.268322 n-d-826753-6 devstack@keystone.service[81122]: ERROR keystone.server.flask.application return caller(func, *(extras + args), **kw)
Aug 03 03:59:48.268322 n-d-826753-6 devstack@keystone.service[81122]: ERROR keystone.server.flask.application
File "/usr/local/lib/python3.8/dist-packages/dogpile/cache/region.py", line 1577, in get_or_create_for_user_func
Aug 03 03:59:48.268322 n-d-826753-6 devstack@keystone.service[81122]: ERROR keystone.server.flask.application return self.get_or_create(
Aug 03 03:59:48.268322 n-d-826753-6 devstack@keystone.service[81122]: ERROR keystone.server.flask.application
File "/usr/local/lib/python3.8/dist-packages/dogpile/cache/region.py", line 1042, in get_or_create
Aug 03 03:59:48.268322 n-d-826753-6 devstack@keystone.service[81122]: ERROR keystone.server.flask.application with Lock(
Aug 03 03:59:48.268322 n-d-826753-6 devstack@keystone.service[81122]: ERROR keystone.server.flask.application
File "/usr/local/lib/python3.8/dist-packages/dogpile/lock.py", line 185, in __enter__
Aug 03 03:59:48.268322 n-d-826753-6 devstack@keystone.service[81122]: ERROR keystone.server.flask.application return self._enter()
Aug 03 03:59:48.268322 n-d-826753-6 devstack@keystone.service[81122]: ERROR keystone.server.flask.application
File "/usr/local/lib/python3.8/dist-packages/dogpile/lock.py", line 94, in _enter
Aug 03 03:59:48.268322 n-d-826753-6 devstack@keystone.service[81122]: ERROR keystone.server.flask.application generated = self._enter_create(value, createdtime)
Aug 03 03:59:48.274291 n-d-826753-6 devstack@keystone.service[81122]: ERROR keystone.server.flask.application
File "/usr/local/lib/python3.8/dist-packages/dogpile/lock.py", line 178, in _enter_create
Aug 03 03:59:48.274291 n-d-826753-6 devstack@keystone.service[81122]: ERROR keystone.server.flask.application return self.creator()
Aug 03 03:59:48.274291 n-d-826753-6 devstack@keystone.service[81122]: ERROR keystone.server.flask.application
File "/usr/local/lib/python3.8/dist-packages/dogpile/cache/region.py", line 995, in gen_value
Aug 03 03:59:48.274291 n-d-826753-6 devstack@keystone.service[81122]: ERROR keystone.server.flask.application created_value = creator(
Aug 03 03:59:48.274291 n-d-826753-6 devstack@keystone.service[81122]: ERROR keystone.server.flask.application
File "/opt/stack/keystone/keystone/assignment/core.py", line 1276, in get_role
Aug 03 03:59:48.274291 n-d-826753-6 devstack@keystone.service[81122]: ERROR keystone.server.flask.application return self.driver.get_role(role_id)
Aug 03 03:59:48.274291 n-d-826753-6 devstack@keystone.service[81122]: ERROR keystone.server.flask.application
File "/opt/stack/keystone/keystone/assignment/role_backends/sql.py", line 70, in get_role
Aug 03 03:59:48.274291 n-d-826753-6 devstack@keystone.service[81122]: ERROR keystone.server.flask.application return self._get_role(session, role_id).to_dict()
Aug 03 03:59:48.274291 n-d-826753-6 devstack@keystone.service[81122]: ERROR keystone.server.flask.application
File "/opt/stack/keystone/keystone/assignment/role_backends/sql.py", line 65, in _get_role
Aug 03 03:59:48.274291 n-d-826753-6 devstack@keystone.service[81122]: ERROR keystone.server.flask.application raise exception.RoleNotFound(role_id=role_id)
Aug 03 03:59:48.274291 n-d-826753-6 devstack@keystone.service[81122]: ERROR keystone.server.flask.application keystone.exception.RoleNotFound: Could not find role: anotherrole.
Aug 03 03:59:48.274291 n-d-826753-6 devstack@keystone.service[81122]: ERROR keystone.server.flask.application
Aug 03 03:59:48.275474 n-d-826753-6 devstack@keystone.service[81121]: DEBUG keystone.common.rbac_enforcer.enforcer [None req-0555848a-b4f1-4543-bf68-8a814cc2885d None admin] RBAC: Adding query filter params (name=member) {{(pid=81121) _extract_filter_values /opt/stack/keystone/keystone/common/rbac_enforcer/enforcer.py:167}}
Aug 03 03:59:48.275474 n-d-826753-6 devstack@keystone.service[81121]: DEBUG keystone.common.rbac_enforcer.enforcer [None req-0555848a-b4f1-4543-bf68-8a814cc2885d None admin] RBAC: Authorizing `identity:list_roles()` {{(pid=81121) enforce_call /opt/stack/keystone/keystone/common/rbac_enforcer/enforcer.py:449}}
Aug 03 03:59:48.275605 n-d-826753-6 devstack@keystone.service[81122]: [pid: 81122|app: 0|req: 114/224] 10.222.0.49 () {56 vars in 1114 bytes} [Wed Aug 3 03:59:48 2022] GET /identity/v3/roles/anotherrole => generated 89 bytes in 177 msecs (HTTP/1.1 404) 5 headers in 183 bytes (1 switches on core 0)
Aug 03 03:59:48.275605 n-d-826753-6 devstack@keystone.service[81122]: DEBUG keystone.server.flask.request_processing.middleware.auth_context [None req-a80ec065-646d-4b69-be6c-b521bd3614d8 None admin] Authenticating user token {{(pid=81122) process_request /usr/local/lib/python3.8/dist-packages/keystonemiddleware/auth_token/__init__.py:407}}
Aug 03 03:59:48.275735 n-d-826753-6 devstack@keystone.service[81121]: DEBUG keystone.common.rbac_enforcer.enforcer [None req-0555848a-b4f1-4543-bf68-8a814cc2885d None admin] RBAC: Authorization granted {{(pid=81121) enforce_call /opt/stack/keystone/keystone/common/rbac_enforcer/enforcer.py:457}}
Aug 03 03:59:48.285035 n-d-826753-6 devstack@keystone.service[81121]: [pid: 81121|app: 0|req: 111/225] 10.222.0.49 () {56 vars in 1101 bytes} [Wed Aug 3 03:59:48 2022] GET /identity/v3/roles?name=member => generated 341 bytes in 175 msecs (HTTP/1.1 200) 5 headers in 177 bytes (1 switches on core 0)
Aug 03 03:59:48.286071 n-d-826753-6 devstack@keystone.service[81121]: DEBUG keystone.server.flask.request_processing.middleware.auth_context [None req-0555848a-b4f1-4543-bf68-8a814cc2885d None admin] Authenticating user token {{(pid=81121) process_request /usr/local/lib/python3.8/dist-packages/keystonemiddleware/auth_token/__init__.py:407}}
Aug 03 03:59:48.339745 n-d-826753-6 devstack@keystone.service[81122]: DEBUG dbcounter [-] [81122] Writing DB stats keystone:SELECT=100 {{(pid=81122) stat_writer /usr/local/lib/python3.8/dist-packages/dbcounter.py:114}}
Aug 03 03:59:48.356207 n-d-826753-6 devstack@keystone.service[81121]: DEBUG dbcounter [-] [81121] Writing DB stats keystone:SELECT=100 {{(pid=81121) stat_writer /usr/local/lib/python3.8/dist-packages/dbcounter.py:114}}
Aug 03 03:59:48.408281 n-d-826753-6 devstack@keystone.service[81122]: DEBUG keystone.server.flask.request_processing.middleware.auth_context [None req-a80ec065-646d-4b69-be6c-b521bd3614d8 None admin] Validating token access rules against request {{(pid=81122) validate_allowed_request /usr/local/lib/python3.8/dist-packages/keystonemiddleware/auth_token/__init__.py:545}}
Aug 03 03:59:48.413076 n-d-826753-6 devstack@keystone.service[81121]: DEBUG keystone.server.flask.request_processing.middleware.auth_context [None req-0555848a-b4f1-4543-bf68-8a814cc2885d None admin] Validating token access rules against request {{(pid=81121) validate_allowed_request /usr/local/lib/python3.8/dist-packages/keystonemiddleware/auth_token/__init__.py:545}}
Aug 03 03:59:48.455242 n-d-826753-6 devstack@keystone.service[81121]: DEBUG keystone.server.flask.request_processing.middleware.auth_context [None req-fa162593-ca6b-4daa-b2c5-53694bbf9303 None admin] RBAC: auth_context: {'token': , 'domain_id': None, 'trust_id': None, 'trustor_id': None, 'trustee_id': None, 'domain_name': None, 'group_ids': [], 'user_id': 'babd88681d4d493680c9b8118f763bed', 'user_domain_id': 'default', 'system_scope': 'all', 'project_id': None, 'project_domain_id': None, 'roles': ['admin', 'member', 'reader'], 'is_admin_project': True, 'service_user_id': None, 'service_user_domain_id': None, 'service_project_id': None, 'service_project_domain_id': None, 'service_roles': []} {{(pid=81121) fill_context /opt/stack/keystone/keystone/server/flask/request_processing/middleware/auth_context.py:478}}
Aug 03 03:59:48.455911 n-d-826753-6 devstack@keystone.service[81122]: DEBUG keystone.server.flask.request_processing.middleware.auth_context [None req-26816125-2623-4329-a904-2c607f6bc8e6 None admin] RBAC: auth_context: {'token': , 'domain_id': None, 'trust_id': None, 'trustor_id': None, 'trustee_id': None, 'domain_name': None, 'group_ids': [], 'user_id': 'babd88681d4d493680c9b8118f763bed', 'user_domain_id': 'default', 'system_scope': 'all', 'project_id': None, 'project_domain_id': None, 'roles': ['admin', 'member', 'reader'], 'is_admin_project': True, 'service_user_id': None, 'service_user_domain_id': None, 'service_project_id': None, 'service_project_domain_id': None, 'service_roles': []} {{(pid=81122) fill_context /opt/stack/keystone/keystone/server/flask/request_processing/middleware/auth_context.py:478}}
Aug 03 03:59:48.456258 n-d-826753-6 devstack@keystone.service[81122]: DEBUG keystone.server.flask.request_processing.req_logging [None req-26816125-2623-4329-a904-2c607f6bc8e6 None admin] REQUEST_METHOD: `PUT` {{(pid=81122) log_request_info /opt/stack/keystone/keystone/server/flask/request_processing/req_logging.py:27}}
Aug 03 03:59:48.456595 n-d-826753-6 devstack@keystone.service[81122]: DEBUG keystone.server.flask.request_processing.req_logging [None req-26816125-2623-4329-a904-2c607f6bc8e6 None admin] SCRIPT_NAME: `/identity` {{(pid=81122) log_request_info /opt/stack/keystone/keystone/server/flask/request_processing/req_logging.py:28}}
Aug 03 03:59:48.456872 n-d-826753-6 devstack@keystone.service[81122]: DEBUG keystone.server.flask.request_processing.req_logging [None req-26816125-2623-4329-a904-2c607f6bc8e6 None admin] PATH_INFO: `/v3/projects/72899e08388543de8a4bcafb683c13ed/users/959d835a392042018708c6c3c93f3ccc/roles/3b175d9b623f44d3bc5c1e8838133421` {{(pid=81122) log_request_info /opt/stack/keystone/keystone/server/flask/request_processing/req_logging.py:29}}
Aug 03 03:59:48.457480 n-d-826753-6 devstack@keystone.service[81121]: DEBUG keystone.server.flask.request_processing.req_logging [None req-fa162593-ca6b-4daa-b2c5-53694bbf9303 None admin] REQUEST_METHOD: `GET` {{(pid=81121) log_request_info /opt/stack/keystone/keystone/server/flask/request_processing/req_logging.py:27}}
Aug 03 03:59:48.457948 n-d-826753-6 devstack@keystone.service[81121]: DEBUG keystone.server.flask.request_processing.req_logging [None req-fa162593-ca6b-4daa-b2c5-53694bbf9303 None admin] SCRIPT_NAME: `/identity` {{(pid=81121) log_request_info /opt/stack/keystone/keystone/server/flask/request_processing/req_logging.py:28}}
Aug 03 03:59:48.458230 n-d-826753-6 devstack@keystone.service[81121]: DEBUG keystone.server.flask.request_processing.req_logging [None req-fa162593-ca6b-4daa-b2c5-53694bbf9303 None admin] PATH_INFO: `/v3/roles` {{(pid=81121) log_request_info /opt/stack/keystone/keystone/server/flask/request_processing/req_logging.py:29}}
Aug 03 03:59:48.459240 n-d-826753-6 devstack@keystone.service[81121]: DEBUG keystone.common.rbac_enforcer.enforcer [None req-fa162593-ca6b-4daa-b2c5-53694bbf9303 None admin] RBAC: Adding query filter params (name=anotherrole) {{(pid=81121) _extract_filter_values /opt/stack/keystone/keystone/common/rbac_enforcer/enforcer.py:167}}
Aug 03 03:59:48.459240 n-d-826753-6 devstack@keystone.service[81121]: DEBUG keystone.common.rbac_enforcer.enforcer [None req-fa162593-ca6b-4daa-b2c5-53694bbf9303 None admin] RBAC: Authorizing `identity:list_roles()` {{(pid=81121) enforce_call /opt/stack/keystone/keystone/common/rbac_enforcer/enforcer.py:449}}
Aug 03 03:59:48.460762 n-d-826753-6 devstack@keystone.service[81121]: DEBUG keystone.common.rbac_enforcer.enforcer [None req-fa162593-ca6b-4daa-b2c5-53694bbf9303 None admin] RBAC: Authorization granted {{(pid=81121) enforce_call /opt/stack/keystone/keystone/common/rbac_enforcer/enforcer.py:457}}
Aug 03 03:59:48.465324 n-d-826753-6 devstack@keystone.service[81122]: DEBUG keystone.common.rbac_enforcer.enforcer [None req-26816125-2623-4329-a904-2c607f6bc8e6 None admin] RBAC: Authorizing `identity:create_grant(project_id=72899e08388543de8a4bcafb683c13ed, user_id=959d835a392042018708c6c3c93f3ccc, role_id=3b175d9b623f44d3bc5c1e8838133421)` {{(pid=81122) enforce_call /opt/stack/keystone/keystone/common/rbac_enforcer/enforcer.py:449}}
Aug 03 03:59:48.467659 n-d-826753-6 devstack@keystone.service[81122]: DEBUG keystone.common.rbac_enforcer.enforcer [None req-26816125-2623-4329-a904-2c607f6bc8e6 None admin] RBAC: Authorization granted {{(pid=81122) enforce_call /opt/stack/keystone/keystone/common/rbac_enforcer/enforcer.py:457}}
Aug 03 03:59:48.470414 n-d-826753-6 devstack@keystone.service[81121]: [pid: 81121|app: 0|req: 112/226] 10.222.0.49 () {56 vars in 1111 bytes} [Wed Aug 3 03:59:48 2022] GET /identity/v3/roles?name=anotherrole => generated 334 bytes in 185 msecs (HTTP/1.1 200) 5 headers in 177 bytes (1 switches on core 0)
Aug 03 03:59:48.471392 n-d-826753-6 devstack@keystone.service[81121]: DEBUG keystone.server.flask.request_processing.middleware.auth_context [None req-fa162593-ca6b-4daa-b2c5-53694bbf9303 None admin] Authenticating user token {{(pid=81121) process_request /usr/local/lib/python3.8/dist-packages/keystonemiddleware/auth_token/__init__.py:407}}
Aug 03 03:59:48.517723 n-d-826753-6 devstack@keystone.service[81122]: [pid: 81122|app: 0|req: 115/227] 10.222.0.49 () {58 vars in 1439 bytes} [Wed Aug 3 03:59:48 2022] PUT /identity/v3/projects/72899e08388543de8a4bcafb683c13ed/users/959d835a392042018708c6c3c93f3ccc/roles/3b175d9b623f44d3bc5c1e8838133421 => generated 0 bytes in 249 msecs (HTTP/1.1 204) 3 headers in 132 bytes (0 switches on core 0)
Aug 03 03:59:48.519341 n-d-826753-6 devstack@keystone.service[81122]: DEBUG keystone.server.flask.request_processing.middleware.auth_context [None req-26816125-2623-4329-a904-2c607f6bc8e6 None admin] Authenticating user token {{(pid=81122) process_request /usr/local/lib/python3.8/dist-packages/keystonemiddleware/auth_token/__init__.py:407}}
Aug 03 03:59:48.613969 n-d-826753-6 devstack@keystone.service[81121]: DEBUG keystone.server.flask.request_processing.middleware.auth_context [None req-fa162593-ca6b-4daa-b2c5-53694bbf9303 None admin] Validating token access rules against request {{(pid=81121) validate_allowed_request /usr/local/lib/python3.8/dist-packages/keystonemiddleware/auth_token/__init__.py:545}}
Aug 03 03:59:48.643794 n-d-826753-6 devstack@keystone.service[81121]: DEBUG dbcounter [-] [81121] Writing DB stats keystone:SELECT=100 {{(pid=81121) stat_writer /usr/local/lib/python3.8/dist-packages/dbcounter.py:114}}
Aug 03 03:59:48.648713 n-d-826753-6 devstack@keystone.service[81122]: DEBUG keystone.server.flask.request_processing.middleware.auth_context [None req-26816125-2623-4329-a904-2c607f6bc8e6 None admin] Validating token access rules against request {{(pid=81122) validate_allowed_request /usr/local/lib/python3.8/dist-packages/keystonemiddleware/auth_token/__init__.py:545}}
Aug 03 03:59:48.662735 n-d-826753-6 devstack@keystone.service[81122]: DEBUG dbcounter [-] [81122] Writing DB stats keystone:SELECT=99,keystone:INSERT=1 {{(pid=81122) stat_writer /usr/local/lib/python3.8/dist-packages/dbcounter.py:114}}
Aug 03 03:59:48.675358 n-d-826753-6 devstack@keystone.service[81121]: DEBUG keystone.server.flask.request_processing.middleware.auth_context [None req-6e15c7ef-eed6-47eb-9f8c-3577064e58bc None admin] RBAC: auth_context: {'token': , 'domain_id': None, 'trust_id': None, 'trustor_id': None, 'trustee_id': None, 'domain_name': None, 'group_ids': [], 'user_id': 'babd88681d4d493680c9b8118f763bed', 'user_domain_id': 'default', 'system_scope': 'all', 'project_id': None, 'project_domain_id': None, 'roles': ['admin', 'member', 'reader'], 'is_admin_project': True, 'service_user_id': None, 'service_user_domain_id': None, 'service_project_id': None, 'service_project_domain_id': None, 'service_roles': []} {{(pid=81121) fill_context /opt/stack/keystone/keystone/server/flask/request_processing/middleware/auth_context.py:478}}
Aug 03 03:59:48.675358 n-d-826753-6 devstack@keystone.service[81121]: DEBUG keystone.server.flask.request_processing.req_logging [None req-6e15c7ef-eed6-47eb-9f8c-3577064e58bc None admin] REQUEST_METHOD: `GET` {{(pid=81121) log_request_info /opt/stack/keystone/keystone/server/flask/request_processing/req_logging.py:27}}
Aug 03 03:59:48.675358 n-d-826753-6 devstack@keystone.service[81121]: DEBUG keystone.server.flask.request_processing.req_logging [None req-6e15c7ef-eed6-47eb-9f8c-3577064e58bc None admin] SCRIPT_NAME: `/identity` {{(pid=81121) log_request_info /opt/stack/keystone/keystone/server/flask/request_processing/req_logging.py:28}}
Aug 03 03:59:48.675358 n-d-826753-6 devstack@keystone.service[81121]: DEBUG keystone.server.flask.request_processing.req_logging [None req-6e15c7ef-eed6-47eb-9f8c-3577064e58bc None admin] PATH_INFO: `/v3/users/fa1612b825ce49658142f3497a718c60` {{(pid=81121) log_request_info /opt/stack/keystone/keystone/server/flask/request_processing/req_logging.py:29}}
Aug 03 03:59:48.707930 n-d-826753-6 devstack@keystone.service[81122]: DEBUG keystone.server.flask.request_processing.middleware.auth_context [None req-c8f2ea8f-b528-4762-b715-1e665dc21899 None admin] RBAC: auth_context: {'token': , 'domain_id': None, 'trust_id': None, 'trustor_id': None, 'trustee_id': None, 'domain_name': None, 'group_ids': [], 'user_id': 'babd88681d4d493680c9b8118f763bed', 'user_domain_id': 'default', 'system_scope': 'all', 'project_id': None, 'project_domain_id': None, 'roles': ['admin', 'member', 'reader'], 'is_admin_project': True, 'service_user_id': None, 'service_user_domain_id': None, 'service_project_id': None, 'service_project_domain_id': None, 'service_roles': []} {{(pid=81122) fill_context /opt/stack/keystone/keystone/server/flask/request_processing/middleware/auth_context.py:478}}
Aug 03 03:59:48.708845 n-d-826753-6 devstack@keystone.service[81122]: DEBUG keystone.server.flask.request_processing.req_logging [None req-c8f2ea8f-b528-4762-b715-1e665dc21899 None admin] REQUEST_METHOD: `GET` {{(pid=81122) log_request_info /opt/stack/keystone/keystone/server/flask/request_processing/req_logging.py:27}}
Aug 03 03:59:48.709138 n-d-826753-6 devstack@keystone.service[81122]: DEBUG keystone.server.flask.request_processing.req_logging [None req-c8f2ea8f-b528-4762-b715-1e665dc21899 None admin] SCRIPT_NAME: `/identity` {{(pid=81122) log_request_info /opt/stack/keystone/keystone/server/flask/request_processing/req_logging.py:28}}
Aug 03 03:59:48.709239 n-d-826753-6 devstack@keystone.service[81121]: DEBUG keystone.common.rbac_enforcer.enforcer [None req-6e15c7ef-eed6-47eb-9f8c-3577064e58bc None admin] RBAC: Authorizing `identity:get_user(user_id=fa1612b825ce49658142f3497a718c60)` {{(pid=81121) enforce_call /opt/stack/keystone/keystone/common/rbac_enforcer/enforcer.py:449}}
Aug 03 03:59:48.709416 n-d-826753-6 devstack@keystone.service[81122]: DEBUG keystone.server.flask.request_processing.req_logging [None req-c8f2ea8f-b528-4762-b715-1e665dc21899 None admin] PATH_INFO: `/v3/users/959d835a392042018708c6c3c93f3ccc` {{(pid=81122) log_request_info /opt/stack/keystone/keystone/server/flask/request_processing/req_logging.py:29}}
Aug 03 03:59:48.710710 n-d-826753-6 devstack@keystone.service[81122]: DEBUG keystone.common.rbac_enforcer.enforcer [None req-c8f2ea8f-b528-4762-b715-1e665dc21899 None admin] RBAC: Authorizing `identity:get_user(user_id=959d835a392042018708c6c3c93f3ccc)` {{(pid=81122) enforce_call /opt/stack/keystone/keystone/common/rbac_enforcer/enforcer.py:449}}
Aug 03 03:59:48.710818 n-d-826753-6 devstack@keystone.service[81121]: DEBUG keystone.common.rbac_enforcer.enforcer [None req-6e15c7ef-eed6-47eb-9f8c-3577064e58bc None admin] RBAC: Authorization granted {{(pid=81121) enforce_call /opt/stack/keystone/keystone/common/rbac_enforcer/enforcer.py:457}}
Aug 03 03:59:48.712280 n-d-826753-6 devstack@keystone.service[81122]: DEBUG keystone.common.rbac_enforcer.enforcer [None req-c8f2ea8f-b528-4762-b715-1e665dc21899 None admin] RBAC: Authorization granted {{(pid=81122) enforce_call /opt/stack/keystone/keystone/common/rbac_enforcer/enforcer.py:457}}
Aug 03 03:59:48.713456 n-d-826753-6 devstack@keystone.service[81121]: [pid: 81121|app: 0|req: 113/228] 10.222.0.49 () {56 vars in 1177 bytes} [Wed Aug 3 03:59:48 2022] GET /identity/v3/users/fa1612b825ce49658142f3497a718c60 => generated 297 bytes in 243 msecs (HTTP/1.1 200) 5 headers in 177 bytes (1 switches on core 0)
Aug 03 03:59:48.719614 n-d-826753-6 devstack@keystone.service[81122]: [pid: 81122|app: 0|req: 116/229] 10.222.0.49 () {56 vars in 1177 bytes} [Wed Aug 3 03:59:48 2022] GET /identity/v3/users/959d835a392042018708c6c3c93f3ccc => generated 283 bytes in 200 msecs (HTTP/1.1 200) 5 headers in 177 bytes (1 switches on core 0)
Aug 03 03:59:48.721053 n-d-826753-6 devstack@keystone.service[81121]: DEBUG keystone.server.flask.request_processing.middleware.auth_context [None req-6e15c7ef-eed6-47eb-9f8c-3577064e58bc None admin] Authenticating user token {{(pid=81121) process_request /usr/local/lib/python3.8/dist-packages/keystonemiddleware/auth_token/__init__.py:407}}
Aug 03 03:59:48.729282 n-d-826753-6 devstack@keystone.service[81122]: DEBUG keystone.server.flask.request_processing.middleware.auth_context [None req-c8f2ea8f-b528-4762-b715-1e665dc21899 None admin] Authenticating user token {{(pid=81122) process_request /usr/local/lib/python3.8/dist-packages/keystonemiddleware/auth_token/__init__.py:407}}
Aug 03 03:59:48.865797 n-d-826753-6 devstack@keystone.service[81121]: DEBUG keystone.server.flask.request_processing.middleware.auth_context [None req-6e15c7ef-eed6-47eb-9f8c-3577064e58bc None admin] Validating token access rules against request {{(pid=81121) validate_allowed_request /usr/local/lib/python3.8/dist-packages/keystonemiddleware/auth_token/__init__.py:545}}
Aug 03 03:59:48.870559 n-d-826753-6 devstack@keystone.service[81122]: DEBUG keystone.server.flask.request_processing.middleware.auth_context [None req-c8f2ea8f-b528-4762-b715-1e665dc21899 None admin] Validating token access rules against request {{(pid=81122) validate_allowed_request /usr/local/lib/python3.8/dist-packages/keystonemiddleware/auth_token/__init__.py:545}}
Aug 03 03:59:48.911536 n-d-826753-6 devstack@keystone.service[81122]: DEBUG keystone.server.flask.request_processing.middleware.auth_context [None req-2b51bb7a-b886-487e-840e-aea767d6504a None admin] RBAC: auth_context: {'token': , 'domain_id': None, 'trust_id': None, 'trustor_id': None, 'trustee_id': None, 'domain_name': None, 'group_ids': [], 'user_id': 'babd88681d4d493680c9b8118f763bed', 'user_domain_id': 'default', 'system_scope': 'all', 'project_id': None, 'project_domain_id': None, 'roles': ['admin', 'member', 'reader'], 'is_admin_project': True, 'service_user_id': None, 'service_user_domain_id': None, 'service_project_id': None, 'service_project_domain_id': None, 'service_roles': []} {{(pid=81122) fill_context /opt/stack/keystone/keystone/server/flask/request_processing/middleware/auth_context.py:478}}
Aug 03 03:59:48.912682 n-d-826753-6 devstack@keystone.service[81122]: DEBUG keystone.server.flask.request_processing.req_logging [None req-2b51bb7a-b886-487e-840e-aea767d6504a None admin] REQUEST_METHOD: `GET` {{(pid=81122) log_request_info /opt/stack/keystone/keystone/server/flask/request_processing/req_logging.py:27}}
Aug 03 03:59:48.913240 n-d-826753-6 devstack@keystone.service[81122]: DEBUG keystone.server.flask.request_processing.req_logging [None req-2b51bb7a-b886-487e-840e-aea767d6504a None admin] SCRIPT_NAME: `/identity` {{(pid=81122) log_request_info /opt/stack/keystone/keystone/server/flask/request_processing/req_logging.py:28}}
Aug 03 03:59:48.913712 n-d-826753-6 devstack@keystone.service[81122]: DEBUG keystone.server.flask.request_processing.req_logging [None req-2b51bb7a-b886-487e-840e-aea767d6504a None admin] PATH_INFO: `/v3/projects/72899e08388543de8a4bcafb683c13ed` {{(pid=81122) log_request_info /opt/stack/keystone/keystone/server/flask/request_processing/req_logging.py:29}}
Aug 03 03:59:48.915163 n-d-826753-6 devstack@keystone.service[81122]: DEBUG keystone.common.rbac_enforcer.enforcer [None req-2b51bb7a-b886-487e-840e-aea767d6504a None admin] RBAC: Authorizing `identity:get_project(project_id=72899e08388543de8a4bcafb683c13ed)` {{(pid=81122) enforce_call /opt/stack/keystone/keystone/common/rbac_enforcer/enforcer.py:449}}
Aug 03 03:59:48.917204 n-d-826753-6 devstack@keystone.service[81122]: DEBUG keystone.common.rbac_enforcer.enforcer [None req-2b51bb7a-b886-487e-840e-aea767d6504a None admin] RBAC: Authorization granted {{(pid=81122) enforce_call /opt/stack/keystone/keystone/common/rbac_enforcer/enforcer.py:457}}
Aug 03 03:59:48.919132 n-d-826753-6 devstack@keystone.service[81122]: [pid: 81122|app: 0|req: 117/230] 10.222.0.49 () {56 vars in 1186 bytes} [Wed Aug 3 03:59:48 2022] GET /identity/v3/projects/72899e08388543de8a4bcafb683c13ed => generated 302 bytes in 191 msecs (HTTP/1.1 200) 5 headers in 177 bytes (2 switches on core 0)
Aug 03 03:59:48.932166 n-d-826753-6 devstack@keystone.service[81122]: DEBUG keystone.server.flask.request_processing.middleware.auth_context [None req-2b51bb7a-b886-487e-840e-aea767d6504a None admin] Authenticating user token {{(pid=81122) process_request /usr/local/lib/python3.8/dist-packages/keystonemiddleware/auth_token/__init__.py:407}}
Aug 03 03:59:48.940392 n-d-826753-6 devstack@keystone.service[81121]: DEBUG keystone.server.flask.request_processing.middleware.auth_context [None req-17b6f3cc-493e-4151-9803-c895eaea3a37 None admin] RBAC: auth_context: {'token': , 'domain_id': None, 'trust_id': None, 'trustor_id': None, 'trustee_id': None, 'domain_name': None, 'group_ids': [], 'user_id': 'babd88681d4d493680c9b8118f763bed', 'user_domain_id': 'default', 'system_scope': 'all', 'project_id': None, 'project_domain_id': None, 'roles': ['admin', 'member', 'reader'], 'is_admin_project': True, 'service_user_id': None, 'service_user_domain_id': None, 'service_project_id': None, 'service_project_domain_id': None, 'service_roles': []} {{(pid=81121) fill_context /opt/stack/keystone/keystone/server/flask/request_processing/middleware/auth_context.py:478}}
Aug 03 03:59:48.941323 n-d-826753-6 devstack@keystone.service[81121]: DEBUG keystone.server.flask.request_processing.req_logging [None req-17b6f3cc-493e-4151-9803-c895eaea3a37 None admin] REQUEST_METHOD: `GET` {{(pid=81121) log_request_info /opt/stack/keystone/keystone/server/flask/request_processing/req_logging.py:27}}
Aug 03 03:59:48.942858 n-d-826753-6 devstack@keystone.service[81121]: DEBUG keystone.server.flask.request_processing.req_logging [None req-17b6f3cc-493e-4151-9803-c895eaea3a37 None admin] SCRIPT_NAME: `/identity` {{(pid=81121) log_request_info /opt/stack/keystone/keystone/server/flask/request_processing/req_logging.py:28}}
Aug 03 03:59:48.943360 n-d-826753-6 devstack@keystone.service[81121]: DEBUG keystone.server.flask.request_processing.req_logging [None req-17b6f3cc-493e-4151-9803-c895eaea3a37 None admin] PATH_INFO: `/v3/auth/tokens` {{(pid=81121) log_request_info /opt/stack/keystone/keystone/server/flask/request_processing/req_logging.py:29}}
Aug 03 03:59:49.024132 n-d-826753-6 devstack@keystone.service[81121]: DEBUG dbcounter [-] [81121] Writing DB stats keystone:SELECT=100 {{(pid=81121) stat_writer /usr/local/lib/python3.8/dist-packages/dbcounter.py:114}}
Aug 03 03:59:49.028455 n-d-826753-6 devstack@keystone.service[81122]: DEBUG dbcounter [-] [81122] Writing DB stats keystone:SELECT=100 {{(pid=81122) stat_writer /usr/local/lib/python3.8/dist-packages/dbcounter.py:114}}
Aug 03 03:59:49.049451 n-d-826753-6 devstack@keystone.service[81121]: DEBUG keystone.common.rbac_enforcer.enforcer [None req-17b6f3cc-493e-4151-9803-c895eaea3a37 None admin] RBAC: Authorizing `identity:validate_token()` {{(pid=81121) enforce_call /opt/stack/keystone/keystone/common/rbac_enforcer/enforcer.py:449}}
Aug 03 03:59:49.051292 n-d-826753-6 devstack@keystone.service[81121]: DEBUG keystone.common.rbac_enforcer.enforcer [None req-17b6f3cc-493e-4151-9803-c895eaea3a37 None admin] RBAC: Authorization granted {{(pid=81121) enforce_call /opt/stack/keystone/keystone/common/rbac_enforcer/enforcer.py:457}}
Aug 03 03:59:49.142668 n-d-826753-6 devstack@keystone.service[81122]: DEBUG keystone.server.flask.request_processing.middleware.auth_context [None req-2b51bb7a-b886-487e-840e-aea767d6504a None admin] Validating token access rules against request {{(pid=81122) validate_allowed_request /usr/local/lib/python3.8/dist-packages/keystonemiddleware/auth_token/__init__.py:545}}
Aug 03 03:59:49.173377 n-d-826753-6 devstack@keystone.service[81121]: [pid: 81121|app: 0|req: 114/231] 10.222.0.49 () {58 vars in 1282 bytes} [Wed Aug 3 03:59:48 2022] GET /identity/v3/auth/tokens => generated 799 bytes in 453 msecs (HTTP/1.1 200) 6 headers in 358 bytes (1 switches on core 0)
Aug 03 03:59:49.179532 n-d-826753-6 devstack@keystone.service[81121]: DEBUG keystone.server.flask.request_processing.middleware.auth_context [None req-17b6f3cc-493e-4151-9803-c895eaea3a37 None admin] Authenticating user token {{(pid=81121) process_request /usr/local/lib/python3.8/dist-packages/keystonemiddleware/auth_token/__init__.py:407}}
Aug 03 03:59:49.195549 n-d-826753-6 devstack@keystone.service[81122]: DEBUG keystone.server.flask.request_processing.middleware.auth_context [None req-6105417d-a5c5-415b-a3c5-9e23beeb22f0 None admin] RBAC: auth_context: {'token': , 'domain_id': None, 'trust_id': None, 'trustor_id': None, 'trustee_id': None, 'domain_name': None, 'group_ids': [], 'user_id': 'babd88681d4d493680c9b8118f763bed', 'user_domain_id': 'default', 'system_scope': 'all', 'project_id': None, 'project_domain_id': None, 'roles': ['admin', 'member', 'reader'], 'is_admin_project': True, 'service_user_id': None, 'service_user_domain_id': None, 'service_project_id': None, 'service_project_domain_id': None, 'service_roles': []} {{(pid=81122) fill_context /opt/stack/keystone/keystone/server/flask/request_processing/middleware/auth_context.py:478}}
Aug 03 03:59:49.196230 n-d-826753-6 devstack@keystone.service[81122]: DEBUG keystone.server.flask.request_processing.req_logging [None req-6105417d-a5c5-415b-a3c5-9e23beeb22f0 None admin] REQUEST_METHOD: `PUT` {{(pid=81122) log_request_info /opt/stack/keystone/keystone/server/flask/request_processing/req_logging.py:27}}
Aug 03 03:59:49.196534 n-d-826753-6 devstack@keystone.service[81122]: DEBUG keystone.server.flask.request_processing.req_logging [None req-6105417d-a5c5-415b-a3c5-9e23beeb22f0 None admin] SCRIPT_NAME: `/identity` {{(pid=81122) log_request_info /opt/stack/keystone/keystone/server/flask/request_processing/req_logging.py:28}}
Aug 03 03:59:49.197386 n-d-826753-6 devstack@keystone.service[81122]: DEBUG keystone.server.flask.request_processing.req_logging [None req-6105417d-a5c5-415b-a3c5-9e23beeb22f0 None admin] PATH_INFO: `/v3/projects/72899e08388543de8a4bcafb683c13ed/users/959d835a392042018708c6c3c93f3ccc/roles/01ca638ff0f947139a38a359dc790998` {{(pid=81122) log_request_info /opt/stack/keystone/keystone/server/flask/request_processing/req_logging.py:29}}
Aug 03 03:59:49.203340 n-d-826753-6 devstack@keystone.service[81122]: DEBUG keystone.common.rbac_enforcer.enforcer [None req-6105417d-a5c5-415b-a3c5-9e23beeb22f0 None admin] RBAC: Authorizing `identity:create_grant(project_id=72899e08388543de8a4bcafb683c13ed, user_id=959d835a392042018708c6c3c93f3ccc, role_id=01ca638ff0f947139a38a359dc790998)` {{(pid=81122) enforce_call /opt/stack/keystone/keystone/common/rbac_enforcer/enforcer.py:449}}
Aug 03 03:59:49.204824 n-d-826753-6 devstack@keystone.service[81122]: DEBUG keystone.common.rbac_enforcer.enforcer [None req-6105417d-a5c5-415b-a3c5-9e23beeb22f0 None admin] RBAC: Authorization granted {{(pid=81122) enforce_call /opt/stack/keystone/keystone/common/rbac_enforcer/enforcer.py:457}}
Aug 03 03:59:49.297334 n-d-826753-6 devstack@keystone.service[81121]: DEBUG dbcounter [-] [81121] Writing DB stats keystone:SELECT=100 {{(pid=81121) stat_writer /usr/local/lib/python3.8/dist-packages/dbcounter.py:114}}
Aug 03 03:59:49.309344 n-d-826753-6 devstack@keystone.service[81121]: DEBUG keystone.server.flask.request_processing.middleware.auth_context [None req-17b6f3cc-493e-4151-9803-c895eaea3a37 None admin] Validating token access rules against request {{(pid=81121) validate_allowed_request /usr/local/lib/python3.8/dist-packages/keystonemiddleware/auth_token/__init__.py:545}}
Aug 03 03:59:49.327510 n-d-826753-6 devstack@keystone.service[81122]: [pid: 81122|app: 0|req: 118/232] 10.222.0.49 () {58 vars in 1439 bytes} [Wed Aug 3 03:59:48 2022] PUT /identity/v3/projects/72899e08388543de8a4bcafb683c13ed/users/959d835a392042018708c6c3c93f3ccc/roles/01ca638ff0f947139a38a359dc790998 => generated 0 bytes in 396 msecs (HTTP/1.1 204) 3 headers in 132 bytes (1 switches on core 0)
Aug 03 03:59:49.356327 n-d-826753-6 devstack@keystone.service[81121]: DEBUG keystone.server.flask.request_processing.middleware.auth_context [None req-303e3eb1-a167-43d5-88af-3888328466dc None admin] RBAC: auth_context: {'token': , 'domain_id': None, 'trust_id': None, 'trustor_id': None, 'trustee_id': None, 'domain_name': None, 'group_ids': [], 'user_id': 'babd88681d4d493680c9b8118f763bed', 'user_domain_id': 'default', 'system_scope': 'all', 'project_id': None, 'project_domain_id': None, 'roles': ['admin', 'member', 'reader'], 'is_admin_project': True, 'service_user_id': None, 'service_user_domain_id': None, 'service_project_id': None, 'service_project_domain_id': None, 'service_roles': []} {{(pid=81121) fill_context /opt/stack/keystone/keystone/server/flask/request_processing/middleware/auth_context.py:478}}
Aug 03 03:59:49.357081 n-d-826753-6 devstack@keystone.service[81121]: DEBUG keystone.server.flask.request_processing.req_logging [None req-303e3eb1-a167-43d5-88af-3888328466dc None admin] REQUEST_METHOD: `GET` {{(pid=81121) log_request_info /opt/stack/keystone/keystone/server/flask/request_processing/req_logging.py:27}}
Aug 03 03:59:49.357372 n-d-826753-6 devstack@keystone.service[81121]: DEBUG keystone.server.flask.request_processing.req_logging [None req-303e3eb1-a167-43d5-88af-3888328466dc None admin] SCRIPT_NAME: `/identity` {{(pid=81121) log_request_info /opt/stack/keystone/keystone/server/flask/request_processing/req_logging.py:28}}
Aug 03 03:59:49.357652 n-d-826753-6 devstack@keystone.service[81121]: DEBUG keystone.server.flask.request_processing.req_logging [None req-303e3eb1-a167-43d5-88af-3888328466dc None admin] PATH_INFO: `/v3/projects/72899e08388543de8a4bcafb683c13ed` {{(pid=81121) log_request_info /opt/stack/keystone/keystone/server/flask/request_processing/req_logging.py:29}}
Aug 03 03:59:49.358858 n-d-826753-6 devstack@keystone.service[81121]: DEBUG keystone.common.rbac_enforcer.enforcer [None req-303e3eb1-a167-43d5-88af-3888328466dc None admin] RBAC: Authorizing `identity:get_project(project_id=72899e08388543de8a4bcafb683c13ed)` {{(pid=81121) enforce_call /opt/stack/keystone/keystone/common/rbac_enforcer/enforcer.py:449}}
Aug 03 03:59:49.360316 n-d-826753-6 devstack@keystone.service[81121]: DEBUG keystone.common.rbac_enforcer.enforcer [None req-303e3eb1-a167-43d5-88af-3888328466dc None admin] RBAC: Authorization granted {{(pid=81121) enforce_call /opt/stack/keystone/keystone/common/rbac_enforcer/enforcer.py:457}}
Aug 03 03:59:49.362038 n-d-826753-6 devstack@keystone.service[81121]: [pid: 81121|app: 0|req: 115/233] 10.222.0.49 () {56 vars in 1186 bytes} [Wed Aug 3 03:59:49 2022] GET /identity/v3/projects/72899e08388543de8a4bcafb683c13ed => generated 302 bytes in 183 msecs (HTTP/1.1 200) 5 headers in 177 bytes (1 switches on core 0)
Aug 03 03:59:49.368349 n-d-826753-6 devstack@keystone.service[81122]: DEBUG keystone.server.flask.request_processing.middleware.auth_context [None req-6105417d-a5c5-415b-a3c5-9e23beeb22f0 None admin] Authenticating user token {{(pid=81122) process_request /usr/local/lib/python3.8/dist-packages/keystonemiddleware/auth_token/__init__.py:407}}
Aug 03 03:59:49.522534 n-d-826753-6 devstack@keystone.service[81122]: DEBUG keystone.server.flask.request_processing.middleware.auth_context [None req-6105417d-a5c5-415b-a3c5-9e23beeb22f0 None admin] Validating token access rules against request {{(pid=81122) validate_allowed_request /usr/local/lib/python3.8/dist-packages/keystonemiddleware/auth_token/__init__.py:545}}
Aug 03 03:59:49.530483 n-d-826753-6 devstack@keystone.service[81122]: DEBUG dbcounter [-] [81122] Writing DB stats keystone:SELECT=99,keystone:INSERT=1 {{(pid=81122) stat_writer /usr/local/lib/python3.8/dist-packages/dbcounter.py:114}}
Aug 03 03:59:49.561851 n-d-826753-6 devstack@keystone.service[81122]: DEBUG keystone.server.flask.request_processing.middleware.auth_context [None req-f94f921b-edf9-4ef1-b964-abcde41eeaa4 None admin] RBAC: auth_context: {'token': , 'domain_id': None, 'trust_id': None, 'trustor_id': None, 'trustee_id': None, 'domain_name': None, 'group_ids': [], 'user_id': 'babd88681d4d493680c9b8118f763bed', 'user_domain_id': 'default', 'system_scope': 'all', 'project_id': None, 'project_domain_id': None, 'roles': ['admin', 'member', 'reader'], 'is_admin_project': True, 'service_user_id': None, 'service_user_domain_id': None, 'service_project_id': None, 'service_project_domain_id': None, 'service_roles': []} {{(pid=81122) fill_context /opt/stack/keystone/keystone/server/flask/request_processing/middleware/auth_context.py:478}}
Aug 03 03:59:49.562485 n-d-826753-6 devstack@keystone.service[81122]: DEBUG keystone.server.flask.request_processing.req_logging [None req-f94f921b-edf9-4ef1-b964-abcde41eeaa4 None admin] REQUEST_METHOD: `GET` {{(pid=81122) log_request_info /opt/stack/keystone/keystone/server/flask/request_processing/req_logging.py:27}}
Aug 03 03:59:49.562772 n-d-826753-6 devstack@keystone.service[81122]: DEBUG keystone.server.flask.request_processing.req_logging [None req-f94f921b-edf9-4ef1-b964-abcde41eeaa4 None admin] SCRIPT_NAME: `/identity` {{(pid=81122) log_request_info /opt/stack/keystone/keystone/server/flask/request_processing/req_logging.py:28}}
Aug 03 03:59:49.563036 n-d-826753-6 devstack@keystone.service[81122]: DEBUG keystone.server.flask.request_processing.req_logging [None req-f94f921b-edf9-4ef1-b964-abcde41eeaa4 None admin] PATH_INFO: `/v3/role_assignments` {{(pid=81122) log_request_info /opt/stack/keystone/keystone/server/flask/request_processing/req_logging.py:29}}
Aug 03 03:59:49.563836 n-d-826753-6 devstack@keystone.service[81122]: DEBUG keystone.common.rbac_enforcer.enforcer [None req-f94f921b-edf9-4ef1-b964-abcde41eeaa4 None admin] RBAC: Adding query filter params (role.id=8877b21e622947c0a0841ce832add0ed, scope.project.id=72899e08388543de8a4bcafb683c13ed, user.id=fa1612b825ce49658142f3497a718c60) {{(pid=81122) _extract_filter_values /opt/stack/keystone/keystone/common/rbac_enforcer/enforcer.py:167}}
Aug 03 03:59:49.564199 n-d-826753-6 devstack@keystone.service[81122]: DEBUG keystone.common.rbac_enforcer.enforcer [None req-f94f921b-edf9-4ef1-b964-abcde41eeaa4 None admin] RBAC: Authorizing `identity:list_role_assignments()` {{(pid=81122) enforce_call /opt/stack/keystone/keystone/common/rbac_enforcer/enforcer.py:449}}
Aug 03 03:59:49.565675 n-d-826753-6 devstack@keystone.service[81122]: DEBUG keystone.common.rbac_enforcer.enforcer [None req-f94f921b-edf9-4ef1-b964-abcde41eeaa4 None admin] RBAC: Authorization granted {{(pid=81122) enforce_call /opt/stack/keystone/keystone/common/rbac_enforcer/enforcer.py:457}}
Aug 03 03:59:49.572361 n-d-826753-6 devstack@keystone.service[81122]: [pid: 81122|app: 0|req: 119/234] 10.222.0.49 () {56 vars in 1374 bytes} [Wed Aug 3 03:59:49 2022] GET /identity/v3/role_assignments?user.id=fa1612b825ce49658142f3497a718c60&scope.project.id=72899e08388543de8a4bcafb683c13ed&role.id=8877b21e622947c0a0841ce832add0ed => generated 259 bytes in 204 msecs (HTTP/1.1 200) 5 headers in 177 bytes (1 switches on core 0)
Aug 03 03:59:50.564114 n-d-826753-6 devstack@keystone.service[81121]: DEBUG keystone.server.flask.request_processing.req_logging [None req-0819930d-df8a-4c2c-a17f-04b8ad48ea74 None None] REQUEST_METHOD: `GET` {{(pid=81121) log_request_info /opt/stack/keystone/keystone/server/flask/request_processing/req_logging.py:27}}
Aug 03 03:59:50.564657 n-d-826753-6 devstack@keystone.service[81121]: DEBUG keystone.server.flask.request_processing.req_logging [None req-0819930d-df8a-4c2c-a17f-04b8ad48ea74 None None] SCRIPT_NAME: `/identity` {{(pid=81121) log_request_info /opt/stack/keystone/keystone/server/flask/request_processing/req_logging.py:28}}
Aug 03 03:59:50.564657 n-d-826753-6 devstack@keystone.service[81121]: DEBUG keystone.server.flask.request_processing.req_logging [None req-0819930d-df8a-4c2c-a17f-04b8ad48ea74 None None] PATH_INFO: `/` {{(pid=81121) log_request_info /opt/stack/keystone/keystone/server/flask/request_processing/req_logging.py:29}}
Aug 03 03:59:50.566400 n-d-826753-6 devstack@keystone.service[81121]: [pid: 81121|app: 0|req: 116/235] 10.222.0.49 () {54 vars in 926 bytes} [Wed Aug 3 03:59:50 2022] GET /identity => generated 270 bytes in 3 msecs (HTTP/1.1 300) 6 headers in 234 bytes (1 switches on core 0)
Aug 03 03:59:50.572346 n-d-826753-6 devstack@keystone.service[81122]: DEBUG keystone.server.flask.request_processing.req_logging [None req-c613b046-019a-4181-8175-a3b130a65553 None None] REQUEST_METHOD: `POST` {{(pid=81122) log_request_info /opt/stack/keystone/keystone/server/flask/request_processing/req_logging.py:27}}
Aug 03 03:59:50.572813 n-d-826753-6 devstack@keystone.service[81122]: DEBUG keystone.server.flask.request_processing.req_logging [None req-c613b046-019a-4181-8175-a3b130a65553 None None] SCRIPT_NAME: `/identity` {{(pid=81122) log_request_info /opt/stack/keystone/keystone/server/flask/request_processing/req_logging.py:28}}
Aug 03 03:59:50.572996 n-d-826753-6 devstack@keystone.service[81122]: DEBUG keystone.server.flask.request_processing.req_logging [None req-c613b046-019a-4181-8175-a3b130a65553 None None] PATH_INFO: `/v3/auth/tokens` {{(pid=81122) log_request_info /opt/stack/keystone/keystone/server/flask/request_processing/req_logging.py:29}}
Aug 03 03:59:50.601474 n-d-826753-6 devstack@keystone.service[81122]: DEBUG keystone.auth.core [None req-c613b046-019a-4181-8175-a3b130a65553 None None] MFA Rules not processed for user `babd88681d4d493680c9b8118f763bed`. Rule list: `[]` (Enabled: `True`). {{(pid=81122) check_auth_methods_against_rules /opt/stack/keystone/keystone/auth/core.py:438}}
Aug 03 03:59:50.602736 n-d-826753-6 devstack@keystone.service[81122]: DEBUG keystone.common.fernet_utils [None req-c613b046-019a-4181-8175-a3b130a65553 None None] Loaded 2 Fernet keys from /etc/keystone/fernet-keys/, but `[fernet_tokens] max_active_keys = 3`; perhaps there have not been enough key rotations to reach `max_active_keys` yet? {{(pid=81122) load_keys /opt/stack/keystone/keystone/common/fernet_utils.py:286}}
Aug 03 03:59:50.667658 n-d-826753-6 devstack@keystone.service[81121]: DEBUG keystone.server.flask.request_processing.req_logging [None req-ba49c331-8543-41b4-9420-36cfa6f8bcda None None] REQUEST_METHOD: `GET` {{(pid=81121) log_request_info /opt/stack/keystone/keystone/server/flask/request_processing/req_logging.py:27}}
Aug 03 03:59:50.667996 n-d-826753-6 devstack@keystone.service[81121]: DEBUG keystone.server.flask.request_processing.req_logging [None req-ba49c331-8543-41b4-9420-36cfa6f8bcda None None] SCRIPT_NAME: `/identity` {{(pid=81121) log_request_info /opt/stack/keystone/keystone/server/flask/request_processing/req_logging.py:28}}
Aug 03 03:59:50.668213 n-d-826753-6 devstack@keystone.service[81121]: DEBUG keystone.server.flask.request_processing.req_logging [None req-ba49c331-8543-41b4-9420-36cfa6f8bcda None None] PATH_INFO: `/` {{(pid=81121) log_request_info /opt/stack/keystone/keystone/server/flask/request_processing/req_logging.py:29}}
Aug 03 03:59:50.669614 n-d-826753-6 devstack@keystone.service[81121]: [pid: 81121|app: 0|req: 117/236] 10.222.0.49 () {54 vars in 926 bytes} [Wed Aug 3 03:59:50 2022] GET /identity => generated 270 bytes in 3 msecs (HTTP/1.1 300) 6 headers in 234 bytes (2 switches on core 0)
Aug 03 03:59:50.677771 n-d-826753-6 devstack@keystone.service[81121]: DEBUG keystone.server.flask.request_processing.req_logging [None req-d112e626-454c-4e57-81f0-575ec931c311 None None] REQUEST_METHOD: `POST` {{(pid=81121) log_request_info /opt/stack/keystone/keystone/server/flask/request_processing/req_logging.py:27}}
Aug 03 03:59:50.678056 n-d-826753-6 devstack@keystone.service[81121]: DEBUG keystone.server.flask.request_processing.req_logging [None req-d112e626-454c-4e57-81f0-575ec931c311 None None] SCRIPT_NAME: `/identity` {{(pid=81121) log_request_info /opt/stack/keystone/keystone/server/flask/request_processing/req_logging.py:28}}
Aug 03 03:59:50.678331 n-d-826753-6 devstack@keystone.service[81121]: DEBUG keystone.server.flask.request_processing.req_logging [None req-d112e626-454c-4e57-81f0-575ec931c311 None None] PATH_INFO: `/v3/auth/tokens` {{(pid=81121) log_request_info /opt/stack/keystone/keystone/server/flask/request_processing/req_logging.py:29}}
Aug 03 03:59:50.702017 n-d-826753-6 devstack@keystone.service[81121]: DEBUG keystone.auth.core [None req-d112e626-454c-4e57-81f0-575ec931c311 None None] MFA Rules not processed for user `babd88681d4d493680c9b8118f763bed`. Rule list: `[]` (Enabled: `True`). {{(pid=81121) check_auth_methods_against_rules /opt/stack/keystone/keystone/auth/core.py:438}}
