Jan 28 00:58:03.275846 n-d-826753-1 devstack@placement-api.service[111007]: DEBUG placement.objects.allocation_candidate [req-fe795d0d-75c1-47e8-9cca-070144cf23b6 req-b52e0966-7bec-4c37-8396-2a89f5e0a97c service placement] RequestGroup(use_same_provider=False, resources={MEMORY_MB:1024, VCPU:1}, traits=[], aggregates=[]) (suffix '') returned 2 matches {{(pid=111007) _get_by_requests /opt/stack/placement/placement/objects/allocation_candidate.py:145}}
Jan 28 00:58:03.276494 n-d-826753-1 devstack@placement-api.service[111007]: DEBUG placement.objects.allocation_candidate [req-fe795d0d-75c1-47e8-9cca-070144cf23b6 req-b52e0966-7bec-4c37-8396-2a89f5e0a97c service placement] Merging candidates yields 2 allocation requests and 2 provider summaries {{(pid=111007) _merge_candidates /opt/stack/placement/placement/objects/allocation_candidate.py:783}}
Jan 28 00:58:03.280073 n-d-826753-1 devstack@placement-api.service[111007]: INFO placement.requestlog [req-fe795d0d-75c1-47e8-9cca-070144cf23b6 req-b52e0966-7bec-4c37-8396-2a89f5e0a97c service placement] 10.222.0.64 "GET /placement/allocation_candidates?limit=1000&resources=MEMORY_MB%3A1024%2CVCPU%3A1&root_required=%21COMPUTE_STATUS_DISABLED" status: 200 len: 1281 microversion: 1.36
Jan 28 00:58:03.280704 n-d-826753-1 devstack@placement-api.service[111007]: [pid: 111007|app: 0|req: 476/956] 10.222.0.64 () {60 vars in 1478 bytes} [Fri Jan 28 00:58:03 2022] GET /placement/allocation_candidates?limit=1000&resources=MEMORY_MB%3A1024%2CVCPU%3A1&root_required=%21COMPUTE_STATUS_DISABLED => generated 1281 bytes in 182 msecs (HTTP/1.1 200) 8 headers in 297 bytes (1 switches on core 0)
Jan 28 00:58:03.391056 n-d-826753-1 devstack@placement-api.service[111006]: DEBUG placement.requestlog [req-fe795d0d-75c1-47e8-9cca-070144cf23b6 req-8e1a5275-6963-4e8e-beb1-131ec62d75df None None] Starting request: 10.222.0.64 "GET /placement/allocations/71f130de-bc1a-4974-92f7-280a0637384f" {{(pid=111006) __call__ /opt/stack/placement/placement/requestlog.py:55}}
Jan 28 00:58:03.412620 n-d-826753-1 devstack@placement-api.service[111006]: INFO placement.requestlog [req-fe795d0d-75c1-47e8-9cca-070144cf23b6 req-8e1a5275-6963-4e8e-beb1-131ec62d75df service placement] 10.222.0.64 "GET /placement/allocations/71f130de-bc1a-4974-92f7-280a0637384f" status: 200 len: 19 microversion: 1.28
Jan 28 00:58:03.413057 n-d-826753-1 devstack@placement-api.service[111006]: [pid: 111006|app: 0|req: 481/957] 10.222.0.64 () {60 vars in 1380 bytes} [Fri Jan 28 00:58:03 2022] GET /placement/allocations/71f130de-bc1a-4974-92f7-280a0637384f => generated 19 bytes in 22 msecs (HTTP/1.1 200) 8 headers in 295 bytes (2 switches on core 0)
Jan 28 00:58:03.420424 n-d-826753-1 devstack@placement-api.service[111007]: DEBUG placement.requestlog [req-fe795d0d-75c1-47e8-9cca-070144cf23b6 req-f3bbe689-a213-40c9-86ec-f5a61f2f8df0 None None] Starting request: 10.222.0.64 "PUT /placement/allocations/71f130de-bc1a-4974-92f7-280a0637384f" {{(pid=111007) __call__ /opt/stack/placement/placement/requestlog.py:55}}
Jan 28 00:58:03.670438 n-d-826753-1 devstack@placement-api.service[111007]: DEBUG placement.handlers.allocation [req-fe795d0d-75c1-47e8-9cca-070144cf23b6 req-f3bbe689-a213-40c9-86ec-f5a61f2f8df0 service placement] Successfully wrote allocations [, ] {{(pid=111007) _update_consumers_and_create_allocations /opt/stack/placement/placement/handlers/allocation.py:462}}
Jan 28 00:58:03.846993 n-d-826753-1 devstack@placement-api.service[111007]: INFO placement.requestlog [req-fe795d0d-75c1-47e8-9cca-070144cf23b6 req-f3bbe689-a213-40c9-86ec-f5a61f2f8df0 service placement] 10.222.0.64 "PUT /placement/allocations/71f130de-bc1a-4974-92f7-280a0637384f" status: 204 len: 0 microversion: 1.36
Jan 28 00:58:03.847744 n-d-826753-1 devstack@placement-api.service[111007]: [pid: 111007|app: 0|req: 477/958] 10.222.0.64 () {64 vars in 1433 bytes} [Fri Jan 28 00:58:03 2022] PUT /placement/allocations/71f130de-bc1a-4974-92f7-280a0637384f => generated 0 bytes in 428 msecs (HTTP/1.1 204) 5 headers in 199 bytes (1 switches on core 0)
Jan 28 00:58:05.930979 n-d-826753-1 devstack@placement-api.service[111006]: DEBUG placement.requestlog [req-fe795d0d-75c1-47e8-9cca-070144cf23b6 req-31047253-3fe5-411b-bbf9-d27e5f1506b2 None None] Starting request: 10.222.0.66 "GET /placement/allocations/71f130de-bc1a-4974-92f7-280a0637384f" {{(pid=111006) __call__ /opt/stack/placement/placement/requestlog.py:55}}
Jan 28 00:58:05.955829 n-d-826753-1 devstack@placement-api.service[111006]: INFO placement.requestlog [req-fe795d0d-75c1-47e8-9cca-070144cf23b6 req-31047253-3fe5-411b-bbf9-d27e5f1506b2 service placement] 10.222.0.66 "GET /placement/allocations/71f130de-bc1a-4974-92f7-280a0637384f" status: 200 len: 245 microversion: 1.28
Jan 28 00:58:05.958447 n-d-826753-1 devstack@placement-api.service[111006]: [pid: 111006|app: 0|req: 482/959] 10.222.0.66 () {60 vars in 1377 bytes} [Fri Jan 28 00:58:05 2022] GET /placement/allocations/71f130de-bc1a-4974-92f7-280a0637384f => generated 245 bytes in 28 msecs (HTTP/1.1 200) 8 headers in 296 bytes (1 switches on core 0)
Jan 28 00:58:11.993314 n-d-826753-1 devstack@placement-api.service[111007]: DEBUG placement.requestlog [req-ae20d13a-a994-4d57-a508-a8316bdc9810 req-b9ae9f13-be69-43ad-8b69-3c671b6a95d9 None None] Starting request: 10.222.0.66 "GET /placement/resource_providers/68219b04-6049-4345-84f2-5f8f5128e308/allocations" {{(pid=111007) __call__ /opt/stack/placement/placement/requestlog.py:55}}
Jan 28 00:58:11.993314 n-d-826753-1 devstack@placement-api.service[111007]: INFO placement.requestlog [req-ae20d13a-a994-4d57-a508-a8316bdc9810 req-b9ae9f13-be69-43ad-8b69-3c671b6a95d9 service placement] 10.222.0.66 "GET /placement/resource_providers/68219b04-6049-4345-84f2-5f8f5128e308/allocations" status: 200 len: 227 microversion: 1.0
Jan 28 00:58:11.993314 n-d-826753-1 devstack@placement-api.service[111007]: [pid: 111007|app: 0|req: 478/960] 10.222.0.66 () {58 vars in 1390 bytes} [Fri Jan 28 00:58:11 2022] GET /placement/resource_providers/68219b04-6049-4345-84f2-5f8f5128e308/allocations => generated 227 bytes in 59 msecs (HTTP/1.1 200) 6 headers in 224 bytes (1 switches on core 0)
Jan 28 00:58:22.647399 n-d-826753-1 devstack@placement-api.service[111006]: DEBUG placement.requestlog [req-24183a75-5e1e-4a6b-84e2-662c7183e020 req-f0cafa08-a13c-44da-8b7d-353fabc944cd None None] Starting request: 10.222.0.20 "GET /placement/resource_providers/1e181edb-a774-4646-8de9-02cd35b1c2da/allocations" {{(pid=111006) __call__ /opt/stack/placement/placement/requestlog.py:55}}
Jan 28 00:58:22.720980 n-d-826753-1 devstack@placement-api.service[111006]: INFO placement.requestlog [req-24183a75-5e1e-4a6b-84e2-662c7183e020 req-f0cafa08-a13c-44da-8b7d-353fabc944cd service placement] 10.222.0.20 "GET /placement/resource_providers/1e181edb-a774-4646-8de9-02cd35b1c2da/allocations" status: 200 len: 154 microversion: 1.0
Jan 28 00:58:22.726168 n-d-826753-1 devstack@placement-api.service[111006]: [pid: 111006|app: 0|req: 483/961] 10.222.0.20 () {58 vars in 1390 bytes} [Fri Jan 28 00:58:22 2022] GET /placement/resource_providers/1e181edb-a774-4646-8de9-02cd35b1c2da/allocations => generated 154 bytes in 84 msecs (HTTP/1.1 200) 6 headers in 224 bytes (1 switches on core 0)
Jan 28 00:59:11.852931 n-d-826753-1 devstack@placement-api.service[111007]: DEBUG placement.requestlog [req-b332b1bf-efbf-4ed3-bf7a-0def23ac8f27 req-2b8501d0-02a0-4b9b-a813-c90689148eee None None] Starting request: 10.222.0.66 "GET /placement/resource_providers/68219b04-6049-4345-84f2-5f8f5128e308/allocations" {{(pid=111007) __call__ /opt/stack/placement/placement/requestlog.py:55}}
Jan 28 00:59:11.883050 n-d-826753-1 devstack@placement-api.service[111007]: INFO placement.requestlog [req-b332b1bf-efbf-4ed3-bf7a-0def23ac8f27 req-2b8501d0-02a0-4b9b-a813-c90689148eee service placement] 10.222.0.66 "GET /placement/resource_providers/68219b04-6049-4345-84f2-5f8f5128e308/allocations" status: 200 len: 227 microversion: 1.0
Jan 28 00:59:11.884304 n-d-826753-1 devstack@placement-api.service[111007]: [pid: 111007|app: 0|req: 479/962] 10.222.0.66 () {58 vars in 1390 bytes} [Fri Jan 28 00:59:11 2022] GET /placement/resource_providers/68219b04-6049-4345-84f2-5f8f5128e308/allocations => generated 227 bytes in 34 msecs (HTTP/1.1 200) 6 headers in 224 bytes (1 switches on core 0)
Jan 28 00:59:22.670887 n-d-826753-1 devstack@placement-api.service[111006]: DEBUG placement.requestlog [req-2a0ab2c2-0304-47aa-8a67-4c66595a80d2 req-56497c64-23f6-49c3-9713-16a0fa6b9fea None None] Starting request: 10.222.0.20 "GET /placement/resource_providers/1e181edb-a774-4646-8de9-02cd35b1c2da/allocations" {{(pid=111006) __call__ /opt/stack/placement/placement/requestlog.py:55}}
Jan 28 00:59:22.720345 n-d-826753-1 devstack@placement-api.service[111006]: INFO placement.requestlog [req-2a0ab2c2-0304-47aa-8a67-4c66595a80d2 req-56497c64-23f6-49c3-9713-16a0fa6b9fea service placement] 10.222.0.20 "GET /placement/resource_providers/1e181edb-a774-4646-8de9-02cd35b1c2da/allocations" status: 200 len: 154 microversion: 1.0
Jan 28 00:59:22.723368 n-d-826753-1 devstack@placement-api.service[111006]: [pid: 111006|app: 0|req: 484/963] 10.222.0.20 () {58 vars in 1390 bytes} [Fri Jan 28 00:59:22 2022] GET /placement/resource_providers/1e181edb-a774-4646-8de9-02cd35b1c2da/allocations => generated 154 bytes in 53 msecs (HTTP/1.1 200) 6 headers in 224 bytes (1 switches on core 0)
Jan 28 01:00:12.962991 n-d-826753-1 devstack@placement-api.service[111007]: DEBUG placement.requestlog [req-96b02070-ac8f-4117-8910-5fce2d48ae5f req-e603649d-1661-4ead-9250-7587f90c5595 None None] Starting request: 10.222.0.66 "GET /placement/resource_providers/68219b04-6049-4345-84f2-5f8f5128e308/allocations" {{(pid=111007) __call__ /opt/stack/placement/placement/requestlog.py:55}}
Jan 28 01:00:13.043881 n-d-826753-1 devstack@placement-api.service[111007]: INFO placement.requestlog [req-96b02070-ac8f-4117-8910-5fce2d48ae5f req-e603649d-1661-4ead-9250-7587f90c5595 service placement] 10.222.0.66 "GET /placement/resource_providers/68219b04-6049-4345-84f2-5f8f5128e308/allocations" status: 200 len: 227 microversion: 1.0
Jan 28 01:00:13.048721 n-d-826753-1 devstack@placement-api.service[111007]: [pid: 111007|app: 0|req: 480/964] 10.222.0.66 () {58 vars in 1390 bytes} [Fri Jan 28 01:00:12 2022] GET /placement/resource_providers/68219b04-6049-4345-84f2-5f8f5128e308/allocations => generated 227 bytes in 86 msecs (HTTP/1.1 200) 6 headers in 224 bytes (1 switches on core 0)
Jan 28 01:00:23.651205 n-d-826753-1 devstack@placement-api.service[111006]: DEBUG placement.requestlog [req-3d764edc-2c94-49f1-9601-d3af89f7b393 req-773f7721-256a-48b2-9186-54ff900d5064 None None] Starting request: 10.222.0.20 "GET /placement/resource_providers/1e181edb-a774-4646-8de9-02cd35b1c2da/allocations" {{(pid=111006) __call__ /opt/stack/placement/placement/requestlog.py:55}}
Jan 28 01:00:23.708359 n-d-826753-1 devstack@placement-api.service[111006]: INFO placement.requestlog [req-3d764edc-2c94-49f1-9601-d3af89f7b393 req-773f7721-256a-48b2-9186-54ff900d5064 service placement] 10.222.0.20 "GET /placement/resource_providers/1e181edb-a774-4646-8de9-02cd35b1c2da/allocations" status: 200 len: 154 microversion: 1.0
Jan 28 01:00:23.708765 n-d-826753-1 devstack@placement-api.service[111006]: [pid: 111006|app: 0|req: 485/965] 10.222.0.20 () {58 vars in 1390 bytes} [Fri Jan 28 01:00:23 2022] GET /placement/resource_providers/1e181edb-a774-4646-8de9-02cd35b1c2da/allocations => generated 154 bytes in 58 msecs (HTTP/1.1 200) 6 headers in 224 bytes (1 switches on core 0)
Jan 28 01:00:45.374032 n-d-826753-1 devstack@placement-api.service[111007]: DEBUG placement.requestlog [req-6e14a32a-3708-47ce-a459-faca41715193 req-ff75cab9-d593-48ed-9bee-30595da86750 None None] Starting request: 10.222.0.20 "DELETE /placement/allocations/df259d90-df9d-469a-abbc-d0eb6d0a7d9e" {{(pid=111007) __call__ /opt/stack/placement/placement/requestlog.py:55}}
Jan 28 01:00:45.596183 n-d-826753-1 devstack@placement-api.service[111007]: DEBUG placement.handlers.allocation [req-6e14a32a-3708-47ce-a459-faca41715193 req-ff75cab9-d593-48ed-9bee-30595da86750 service placement] Successfully deleted allocations [, , ] {{(pid=111007) delete_allocations /opt/stack/placement/placement/handlers/allocation.py:627}}
Jan 28 01:00:45.598588 n-d-826753-1 devstack@placement-api.service[111007]: INFO placement.requestlog [req-6e14a32a-3708-47ce-a459-faca41715193 req-ff75cab9-d593-48ed-9bee-30595da86750 service placement] 10.222.0.20 "DELETE /placement/allocations/df259d90-df9d-469a-abbc-d0eb6d0a7d9e" status: 204 len: 0 microversion: 1.0
Jan 28 01:00:45.599670 n-d-826753-1 devstack@placement-api.service[111007]: [pid: 111007|app: 0|req: 481/966] 10.222.0.20 () {60 vars in 1355 bytes} [Fri Jan 28 01:00:45 2022] DELETE /placement/allocations/df259d90-df9d-469a-abbc-d0eb6d0a7d9e => generated 0 bytes in 226 msecs (HTTP/1.1 204) 5 headers in 198 bytes (2 switches on core 0)
Jan 28 01:00:52.241733 n-d-826753-1 devstack@placement-api.service[111006]: DEBUG placement.requestlog [req-51ab29c7-e02a-4b46-b04e-e73f37eb4ba6 req-0904278c-ff00-4101-846a-d601a9ff8ef4 None None] Starting request: 10.222.0.66 "DELETE /placement/allocations/71f130de-bc1a-4974-92f7-280a0637384f" {{(pid=111006) __call__ /opt/stack/placement/placement/requestlog.py:55}}
Jan 28 01:00:52.508096 n-d-826753-1 devstack@placement-api.service[111006]: DEBUG placement.handlers.allocation [req-51ab29c7-e02a-4b46-b04e-e73f37eb4ba6 req-0904278c-ff00-4101-846a-d601a9ff8ef4 service placement] Successfully deleted allocations [, ] {{(pid=111006) delete_allocations /opt/stack/placement/placement/handlers/allocation.py:627}}
Jan 28 01:00:52.508841 n-d-826753-1 devstack@placement-api.service[111006]: INFO placement.requestlog [req-51ab29c7-e02a-4b46-b04e-e73f37eb4ba6 req-0904278c-ff00-4101-846a-d601a9ff8ef4 service placement] 10.222.0.66 "DELETE /placement/allocations/71f130de-bc1a-4974-92f7-280a0637384f" status: 204 len: 0 microversion: 1.0
Jan 28 01:00:52.509674 n-d-826753-1 devstack@placement-api.service[111006]: [pid: 111006|app: 0|req: 486/967] 10.222.0.66 () {60 vars in 1355 bytes} [Fri Jan 28 01:00:52 2022] DELETE /placement/allocations/71f130de-bc1a-4974-92f7-280a0637384f => generated 0 bytes in 268 msecs (HTTP/1.1 204) 5 headers in 198 bytes (1 switches on core 0)
Jan 28 01:00:55.015676 n-d-826753-1 devstack@placement-api.service[111007]: DEBUG placement.requestlog [req-10870ded-5c29-4b75-a558-c615f9356681 req-9ec726d7-d199-42ff-a71b-c5caf0199a37 None None] Starting request: 10.222.0.64 "GET /placement/allocation_candidates?limit=1000&resources=DISK_GB%3A1%2CMEMORY_MB%3A1024%2CVCPU%3A1&root_required=%21COMPUTE_STATUS_DISABLED" {{(pid=111007) __call__ /opt/stack/placement/placement/requestlog.py:55}}
Jan 28 01:00:55.468636 n-d-826753-1 devstack@placement-api.service[111007]: DEBUG placement.objects.research_context [req-10870ded-5c29-4b75-a558-c615f9356681 req-9ec726d7-d199-42ff-a71b-c5caf0199a37 service placement] getting providers with 1 DISK_GB {{(pid=111007) __init__ /opt/stack/placement/placement/objects/research_context.py:126}}
Jan 28 01:00:55.480258 n-d-826753-1 devstack@placement-api.service[111007]: DEBUG placement.objects.research_context [req-10870ded-5c29-4b75-a558-c615f9356681 req-9ec726d7-d199-42ff-a71b-c5caf0199a37 service placement] getting providers with 1024 MEMORY_MB {{(pid=111007) __init__ /opt/stack/placement/placement/objects/research_context.py:126}}
Jan 28 01:00:55.487502 n-d-826753-1 devstack@placement-api.service[111007]: DEBUG placement.objects.research_context [req-10870ded-5c29-4b75-a558-c615f9356681 req-9ec726d7-d199-42ff-a71b-c5caf0199a37 service placement] getting providers with 1 VCPU {{(pid=111007) __init__ /opt/stack/placement/placement/objects/research_context.py:126}}
Jan 28 01:00:55.497712 n-d-826753-1 devstack@placement-api.service[111007]: DEBUG placement.objects.research_context [req-10870ded-5c29-4b75-a558-c615f9356681 req-9ec726d7-d199-42ff-a71b-c5caf0199a37 service placement] found 2 providers with available 1 DISK_GB {{(pid=111007) get_provider_ids_matching /opt/stack/placement/placement/objects/research_context.py:549}}
Jan 28 01:00:55.498494 n-d-826753-1 devstack@placement-api.service[111007]: DEBUG placement.objects.research_context [req-10870ded-5c29-4b75-a558-c615f9356681 req-9ec726d7-d199-42ff-a71b-c5caf0199a37 service placement] found 2 providers with available 1024 MEMORY_MB {{(pid=111007) get_provider_ids_matching /opt/stack/placement/placement/objects/research_context.py:549}}
Jan 28 01:00:55.499000 n-d-826753-1 devstack@placement-api.service[111007]: DEBUG placement.objects.research_context [req-10870ded-5c29-4b75-a558-c615f9356681 req-9ec726d7-d199-42ff-a71b-c5caf0199a37 service placement] found 2 providers after filtering by previous result {{(pid=111007) get_provider_ids_matching /opt/stack/placement/placement/objects/research_context.py:580}}
Jan 28 01:00:55.500236 n-d-826753-1 devstack@placement-api.service[111007]: DEBUG placement.objects.research_context [req-10870ded-5c29-4b75-a558-c615f9356681 req-9ec726d7-d199-42ff-a71b-c5caf0199a37 service placement] found 2 providers with available 1 VCPU {{(pid=111007) get_provider_ids_matching /opt/stack/placement/placement/objects/research_context.py:549}}
Jan 28 01:00:55.500760 n-d-826753-1 devstack@placement-api.service[111007]: DEBUG placement.objects.research_context [req-10870ded-5c29-4b75-a558-c615f9356681 req-9ec726d7-d199-42ff-a71b-c5caf0199a37 service placement] found 2 providers after filtering by previous result {{(pid=111007) get_provider_ids_matching /opt/stack/placement/placement/objects/research_context.py:580}}
Jan 28 01:00:55.526214 n-d-826753-1 devstack@placement-api.service[111007]: DEBUG placement.objects.allocation_candidate [req-10870ded-5c29-4b75-a558-c615f9356681 req-9ec726d7-d199-42ff-a71b-c5caf0199a37 service placement] RequestGroup(use_same_provider=False, resources={DISK_GB:1, MEMORY_MB:1024, VCPU:1}, traits=[], aggregates=[]) (suffix '') returned 2 matches {{(pid=111007) _get_by_requests /opt/stack/placement/placement/objects/allocation_candidate.py:145}}
Jan 28 01:00:55.526935 n-d-826753-1 devstack@placement-api.service[111007]: DEBUG placement.objects.allocation_candidate [req-10870ded-5c29-4b75-a558-c615f9356681 req-9ec726d7-d199-42ff-a71b-c5caf0199a37 service placement] Merging candidates yields 2 allocation requests and 2 provider summaries {{(pid=111007) _merge_candidates /opt/stack/placement/placement/objects/allocation_candidate.py:783}}
Jan 28 01:00:55.529861 n-d-826753-1 devstack@placement-api.service[111007]: INFO placement.requestlog [req-10870ded-5c29-4b75-a558-c615f9356681 req-9ec726d7-d199-42ff-a71b-c5caf0199a37 service placement] 10.222.0.64 "GET /placement/allocation_candidates?limit=1000&resources=DISK_GB%3A1%2CMEMORY_MB%3A1024%2CVCPU%3A1&root_required=%21COMPUTE_STATUS_DISABLED" status: 200 len: 1306 microversion: 1.36
Jan 28 01:00:55.530481 n-d-826753-1 devstack@placement-api.service[111007]: [pid: 111007|app: 0|req: 482/968] 10.222.0.64 () {60 vars in 1506 bytes} [Fri Jan 28 01:00:55 2022] GET /placement/allocation_candidates?limit=1000&resources=DISK_GB%3A1%2CMEMORY_MB%3A1024%2CVCPU%3A1&root_required=%21COMPUTE_STATUS_DISABLED => generated 1306 bytes in 515 msecs (HTTP/1.1 200) 8 headers in 297 bytes (2 switches on core 0)
Jan 28 01:00:55.630093 n-d-826753-1 devstack@placement-api.service[111006]: DEBUG placement.requestlog [req-10870ded-5c29-4b75-a558-c615f9356681 req-39ec631b-bcca-48c1-a1a1-b5dde050af5f None None] Starting request: 10.222.0.64 "GET /placement/allocations/df259d90-df9d-469a-abbc-d0eb6d0a7d9e" {{(pid=111006) __call__ /opt/stack/placement/placement/requestlog.py:55}}
Jan 28 01:00:55.655589 n-d-826753-1 devstack@placement-api.service[111006]: INFO placement.requestlog [req-10870ded-5c29-4b75-a558-c615f9356681 req-39ec631b-bcca-48c1-a1a1-b5dde050af5f service placement] 10.222.0.64 "GET /placement/allocations/df259d90-df9d-469a-abbc-d0eb6d0a7d9e" status: 200 len: 19 microversion: 1.28
Jan 28 01:00:55.656044 n-d-826753-1 devstack@placement-api.service[111006]: [pid: 111006|app: 0|req: 487/969] 10.222.0.64 () {60 vars in 1380 bytes} [Fri Jan 28 01:00:55 2022] GET /placement/allocations/df259d90-df9d-469a-abbc-d0eb6d0a7d9e => generated 19 bytes in 26 msecs (HTTP/1.1 200) 8 headers in 295 bytes (2 switches on core 0)
Jan 28 01:00:55.663403 n-d-826753-1 devstack@placement-api.service[111007]: DEBUG placement.requestlog [req-10870ded-5c29-4b75-a558-c615f9356681 req-4d88df41-562d-4af2-8575-b6b26737864d None None] Starting request: 10.222.0.64 "PUT /placement/allocations/df259d90-df9d-469a-abbc-d0eb6d0a7d9e" {{(pid=111007) __call__ /opt/stack/placement/placement/requestlog.py:55}}
Jan 28 01:00:55.925009 n-d-826753-1 devstack@placement-api.service[111007]: DEBUG placement.handlers.allocation [req-10870ded-5c29-4b75-a558-c615f9356681 req-4d88df41-562d-4af2-8575-b6b26737864d service placement] Successfully wrote allocations [, , ] {{(pid=111007) _update_consumers_and_create_allocations /opt/stack/placement/placement/handlers/allocation.py:462}}
Jan 28 01:00:56.087309 n-d-826753-1 devstack@placement-api.service[111007]: INFO placement.requestlog [req-10870ded-5c29-4b75-a558-c615f9356681 req-4d88df41-562d-4af2-8575-b6b26737864d service placement] 10.222.0.64 "PUT /placement/allocations/df259d90-df9d-469a-abbc-d0eb6d0a7d9e" status: 204 len: 0 microversion: 1.36
Jan 28 01:00:56.089462 n-d-826753-1 devstack@placement-api.service[111007]: [pid: 111007|app: 0|req: 483/970] 10.222.0.64 () {64 vars in 1433 bytes} [Fri Jan 28 01:00:55 2022] PUT /placement/allocations/df259d90-df9d-469a-abbc-d0eb6d0a7d9e => generated 0 bytes in 426 msecs (HTTP/1.1 204) 5 headers in 199 bytes (1 switches on core 0)
Jan 28 01:00:56.948651 n-d-826753-1 devstack@placement-api.service[111006]: DEBUG placement.requestlog [req-10870ded-5c29-4b75-a558-c615f9356681 req-5f453b0b-c521-4f40-b817-ca21c498f7f6 None None] Starting request: 10.222.0.20 "GET /placement/allocations/df259d90-df9d-469a-abbc-d0eb6d0a7d9e" {{(pid=111006) __call__ /opt/stack/placement/placement/requestlog.py:55}}
Jan 28 01:00:56.984818 n-d-826753-1 devstack@placement-api.service[111006]: INFO placement.requestlog [req-10870ded-5c29-4b75-a558-c615f9356681 req-5f453b0b-c521-4f40-b817-ca21c498f7f6 service placement] 10.222.0.20 "GET /placement/allocations/df259d90-df9d-469a-abbc-d0eb6d0a7d9e" status: 200 len: 259 microversion: 1.28
Jan 28 01:00:56.985940 n-d-826753-1 devstack@placement-api.service[111006]: [pid: 111006|app: 0|req: 488/971] 10.222.0.20 () {60 vars in 1377 bytes} [Fri Jan 28 01:00:56 2022] GET /placement/allocations/df259d90-df9d-469a-abbc-d0eb6d0a7d9e => generated 259 bytes in 38 msecs (HTTP/1.1 200) 8 headers in 296 bytes (2 switches on core 0)
Jan 28 01:01:14.866818 n-d-826753-1 devstack@placement-api.service[111007]: DEBUG placement.requestlog [req-0631ef2b-2a15-44b3-ad67-2d32b88c2ee4 req-a147da54-c934-409b-a0ca-f317a9fb1df7 None None] Starting request: 10.222.0.66 "GET /placement/resource_providers/68219b04-6049-4345-84f2-5f8f5128e308/allocations" {{(pid=111007) __call__ /opt/stack/placement/placement/requestlog.py:55}}
Jan 28 01:01:14.964133 n-d-826753-1 devstack@placement-api.service[111007]: INFO placement.requestlog [req-0631ef2b-2a15-44b3-ad67-2d32b88c2ee4 req-a147da54-c934-409b-a0ca-f317a9fb1df7 service placement] 10.222.0.66 "GET /placement/resource_providers/68219b04-6049-4345-84f2-5f8f5128e308/allocations" status: 200 len: 140 microversion: 1.0
Jan 28 01:01:14.967116 n-d-826753-1 devstack@placement-api.service[111007]: [pid: 111007|app: 0|req: 484/972] 10.222.0.66 () {58 vars in 1390 bytes} [Fri Jan 28 01:01:14 2022] GET /placement/resource_providers/68219b04-6049-4345-84f2-5f8f5128e308/allocations => generated 140 bytes in 100 msecs (HTTP/1.1 200) 6 headers in 224 bytes (1 switches on core 0)
Jan 28 01:01:25.995759 n-d-826753-1 devstack@placement-api.service[111006]: DEBUG placement.requestlog [req-1b97b0fb-3e3d-4a7f-9851-63a41ea2df61 req-f3c67ac4-6166-4266-88d4-2acb7ab0a336 None None] Starting request: 10.222.0.20 "GET /placement/resource_providers/1e181edb-a774-4646-8de9-02cd35b1c2da/allocations" {{(pid=111006) __call__ /opt/stack/placement/placement/requestlog.py:55}}
Jan 28 01:01:26.085681 n-d-826753-1 devstack@placement-api.service[111006]: INFO placement.requestlog [req-1b97b0fb-3e3d-4a7f-9851-63a41ea2df61 req-f3c67ac4-6166-4266-88d4-2acb7ab0a336 service placement] 10.222.0.20 "GET /placement/resource_providers/1e181edb-a774-4646-8de9-02cd35b1c2da/allocations" status: 200 len: 154 microversion: 1.0
Jan 28 01:01:26.088096 n-d-826753-1 devstack@placement-api.service[111006]: [pid: 111006|app: 0|req: 489/973] 10.222.0.20 () {58 vars in 1390 bytes} [Fri Jan 28 01:01:25 2022] GET /placement/resource_providers/1e181edb-a774-4646-8de9-02cd35b1c2da/allocations => generated 154 bytes in 96 msecs (HTTP/1.1 200) 6 headers in 224 bytes (1 switches on core 0)
Jan 28 01:01:41.192029 n-d-826753-1 devstack@placement-api.service[111007]: DEBUG placement.requestlog [req-1b9de45f-c706-4d35-953d-3d160d7dfcf7 req-862f081e-526f-49ab-b9a1-d75048c9b9d1 None None] Starting request: 10.222.0.66 "DELETE /placement/allocations/c4a9c707-8e6b-4ffe-bdbe-7866babe6ec4" {{(pid=111007) __call__ /opt/stack/placement/placement/requestlog.py:55}}
Jan 28 01:01:41.417920 n-d-826753-1 devstack@placement-api.service[111007]: DEBUG placement.handlers.allocation [req-1b9de45f-c706-4d35-953d-3d160d7dfcf7 req-862f081e-526f-49ab-b9a1-d75048c9b9d1 service placement] Successfully deleted allocations [, ] {{(pid=111007) delete_allocations /opt/stack/placement/placement/handlers/allocation.py:627}}
Jan 28 01:01:41.418431 n-d-826753-1 devstack@placement-api.service[111007]: INFO placement.requestlog [req-1b9de45f-c706-4d35-953d-3d160d7dfcf7 req-862f081e-526f-49ab-b9a1-d75048c9b9d1 service placement] 10.222.0.66 "DELETE /placement/allocations/c4a9c707-8e6b-4ffe-bdbe-7866babe6ec4" status: 204 len: 0 microversion: 1.0
Jan 28 01:01:41.418820 n-d-826753-1 devstack@placement-api.service[111007]: [pid: 111007|app: 0|req: 485/974] 10.222.0.66 () {60 vars in 1355 bytes} [Fri Jan 28 01:01:41 2022] DELETE /placement/allocations/c4a9c707-8e6b-4ffe-bdbe-7866babe6ec4 => generated 0 bytes in 227 msecs (HTTP/1.1 204) 5 headers in 198 bytes (1 switches on core 0)
Jan 28 01:02:05.217168 n-d-826753-1 devstack@placement-api.service[111006]: DEBUG placement.requestlog [req-753a1838-df70-482c-8faf-63c073e7c559 req-ce3e2e21-f2d5-4f9b-8958-10c4e9f9bdb8 None None] Starting request: 10.222.0.64 "GET /placement/allocation_candidates?limit=1000&resources=DISK_GB%3A1%2CMEMORY_MB%3A1024%2CVCPU%3A1&root_required=%21COMPUTE_STATUS_DISABLED" {{(pid=111006) __call__ /opt/stack/placement/placement/requestlog.py:55}}
Jan 28 01:02:05.330547 n-d-826753-1 devstack@placement-api.service[111006]: DEBUG placement.objects.research_context [req-753a1838-df70-482c-8faf-63c073e7c559 req-ce3e2e21-f2d5-4f9b-8958-10c4e9f9bdb8 service placement] getting providers with 1 DISK_GB {{(pid=111006) __init__ /opt/stack/placement/placement/objects/research_context.py:126}}
Jan 28 01:02:05.357601 n-d-826753-1 devstack@placement-api.service[111006]: DEBUG placement.objects.research_context [req-753a1838-df70-482c-8faf-63c073e7c559 req-ce3e2e21-f2d5-4f9b-8958-10c4e9f9bdb8 service placement] getting providers with 1024 MEMORY_MB {{(pid=111006) __init__ /opt/stack/placement/placement/objects/research_context.py:126}}
Jan 28 01:02:05.367808 n-d-826753-1 devstack@placement-api.service[111006]: DEBUG placement.objects.research_context [req-753a1838-df70-482c-8faf-63c073e7c559 req-ce3e2e21-f2d5-4f9b-8958-10c4e9f9bdb8 service placement] getting providers with 1 VCPU {{(pid=111006) __init__ /opt/stack/placement/placement/objects/research_context.py:126}}
Jan 28 01:02:05.375538 n-d-826753-1 devstack@placement-api.service[111006]: DEBUG placement.objects.research_context [req-753a1838-df70-482c-8faf-63c073e7c559 req-ce3e2e21-f2d5-4f9b-8958-10c4e9f9bdb8 service placement] found 2 providers with available 1 DISK_GB {{(pid=111006) get_provider_ids_matching /opt/stack/placement/placement/objects/research_context.py:549}}
Jan 28 01:02:05.376276 n-d-826753-1 devstack@placement-api.service[111006]: DEBUG placement.objects.research_context [req-753a1838-df70-482c-8faf-63c073e7c559 req-ce3e2e21-f2d5-4f9b-8958-10c4e9f9bdb8 service placement] found 2 providers with available 1024 MEMORY_MB {{(pid=111006) get_provider_ids_matching /opt/stack/placement/placement/objects/research_context.py:549}}
Jan 28 01:02:05.377143 n-d-826753-1 devstack@placement-api.service[111006]: DEBUG placement.objects.research_context [req-753a1838-df70-482c-8faf-63c073e7c559 req-ce3e2e21-f2d5-4f9b-8958-10c4e9f9bdb8 service placement] found 2 providers after filtering by previous result {{(pid=111006) get_provider_ids_matching /opt/stack/placement/placement/objects/research_context.py:580}}
Jan 28 01:02:05.378661 n-d-826753-1 devstack@placement-api.service[111006]: DEBUG placement.objects.research_context [req-753a1838-df70-482c-8faf-63c073e7c559 req-ce3e2e21-f2d5-4f9b-8958-10c4e9f9bdb8 service placement] found 2 providers with available 1 VCPU {{(pid=111006) get_provider_ids_matching /opt/stack/placement/placement/objects/research_context.py:549}}
Jan 28 01:02:05.379424 n-d-826753-1 devstack@placement-api.service[111006]: DEBUG placement.objects.research_context [req-753a1838-df70-482c-8faf-63c073e7c559 req-ce3e2e21-f2d5-4f9b-8958-10c4e9f9bdb8 service placement] found 2 providers after filtering by previous result {{(pid=111006) get_provider_ids_matching /opt/stack/placement/placement/objects/research_context.py:580}}
Jan 28 01:02:05.404226 n-d-826753-1 devstack@placement-api.service[111006]: DEBUG placement.objects.allocation_candidate [req-753a1838-df70-482c-8faf-63c073e7c559 req-ce3e2e21-f2d5-4f9b-8958-10c4e9f9bdb8 service placement] RequestGroup(use_same_provider=False, resources={DISK_GB:1, MEMORY_MB:1024, VCPU:1}, traits=[], aggregates=[]) (suffix '') returned 2 matches {{(pid=111006) _get_by_requests /opt/stack/placement/placement/objects/allocation_candidate.py:145}}
Jan 28 01:02:05.404598 n-d-826753-1 devstack@placement-api.service[111006]: DEBUG placement.objects.allocation_candidate [req-753a1838-df70-482c-8faf-63c073e7c559 req-ce3e2e21-f2d5-4f9b-8958-10c4e9f9bdb8 service placement] Merging candidates yields 2 allocation requests and 2 provider summaries {{(pid=111006) _merge_candidates /opt/stack/placement/placement/objects/allocation_candidate.py:783}}
Jan 28 01:02:05.411338 n-d-826753-1 devstack@placement-api.service[111006]: INFO placement.requestlog [req-753a1838-df70-482c-8faf-63c073e7c559 req-ce3e2e21-f2d5-4f9b-8958-10c4e9f9bdb8 service placement] 10.222.0.64 "GET /placement/allocation_candidates?limit=1000&resources=DISK_GB%3A1%2CMEMORY_MB%3A1024%2CVCPU%3A1&root_required=%21COMPUTE_STATUS_DISABLED" status: 200 len: 1306 microversion: 1.36
Jan 28 01:02:05.411718 n-d-826753-1 devstack@placement-api.service[111006]: [pid: 111006|app: 0|req: 490/975] 10.222.0.64 () {60 vars in 1506 bytes} [Fri Jan 28 01:02:05 2022] GET /placement/allocation_candidates?limit=1000&resources=DISK_GB%3A1%2CMEMORY_MB%3A1024%2CVCPU%3A1&root_required=%21COMPUTE_STATUS_DISABLED => generated 1306 bytes in 195 msecs (HTTP/1.1 200) 8 headers in 297 bytes (1 switches on core 0)
Jan 28 01:02:05.551618 n-d-826753-1 devstack@placement-api.service[111007]: DEBUG placement.requestlog [req-753a1838-df70-482c-8faf-63c073e7c559 req-df6be70d-4b1a-4e10-9d7a-0788b6de52a4 None None] Starting request: 10.222.0.64 "GET /placement/allocations/b65c90ae-b53a-4efb-9b0f-fd0673106481" {{(pid=111007) __call__ /opt/stack/placement/placement/requestlog.py:55}}
Jan 28 01:02:05.574064 n-d-826753-1 devstack@placement-api.service[111007]: INFO placement.requestlog [req-753a1838-df70-482c-8faf-63c073e7c559 req-df6be70d-4b1a-4e10-9d7a-0788b6de52a4 service placement] 10.222.0.64 "GET /placement/allocations/b65c90ae-b53a-4efb-9b0f-fd0673106481" status: 200 len: 19 microversion: 1.28
Jan 28 01:02:05.583573 n-d-826753-1 devstack@placement-api.service[111007]: [pid: 111007|app: 0|req: 486/976] 10.222.0.64 () {60 vars in 1380 bytes} [Fri Jan 28 01:02:05 2022] GET /placement/allocations/b65c90ae-b53a-4efb-9b0f-fd0673106481 => generated 19 bytes in 32 msecs (HTTP/1.1 200) 8 headers in 295 bytes (1 switches on core 0)
Jan 28 01:02:05.587353 n-d-826753-1 devstack@placement-api.service[111006]: DEBUG placement.requestlog [req-753a1838-df70-482c-8faf-63c073e7c559 req-eecce7d5-ea36-4ff8-b09a-709dfc8b0352 None None] Starting request: 10.222.0.64 "PUT /placement/allocations/b65c90ae-b53a-4efb-9b0f-fd0673106481" {{(pid=111006) __call__ /opt/stack/placement/placement/requestlog.py:55}}
Jan 28 01:02:05.966595 n-d-826753-1 devstack@placement-api.service[111006]: DEBUG placement.handlers.allocation [req-753a1838-df70-482c-8faf-63c073e7c559 req-eecce7d5-ea36-4ff8-b09a-709dfc8b0352 service placement] Successfully wrote allocations [, , ] {{(pid=111006) _update_consumers_and_create_allocations /opt/stack/placement/placement/handlers/allocation.py:462}}
Jan 28 01:02:06.052691 n-d-826753-1 devstack@placement-api.service[111006]: INFO placement.requestlog [req-753a1838-df70-482c-8faf-63c073e7c559 req-eecce7d5-ea36-4ff8-b09a-709dfc8b0352 service placement] 10.222.0.64 "PUT /placement/allocations/b65c90ae-b53a-4efb-9b0f-fd0673106481" status: 204 len: 0 microversion: 1.36
Jan 28 01:02:06.055533 n-d-826753-1 devstack@placement-api.service[111006]: [pid: 111006|app: 0|req: 491/977] 10.222.0.64 () {64 vars in 1433 bytes} [Fri Jan 28 01:02:05 2022] PUT /placement/allocations/b65c90ae-b53a-4efb-9b0f-fd0673106481 => generated 0 bytes in 466 msecs (HTTP/1.1 204) 5 headers in 199 bytes (1 switches on core 0)
Jan 28 01:02:07.522103 n-d-826753-1 devstack@placement-api.service[111007]: DEBUG placement.requestlog [req-753a1838-df70-482c-8faf-63c073e7c559 req-77bbe10a-7dcc-4e86-8c50-9a5ea257fd44 None None] Starting request: 10.222.0.66 "GET /placement/allocations/b65c90ae-b53a-4efb-9b0f-fd0673106481" {{(pid=111007) __call__ /opt/stack/placement/placement/requestlog.py:55}}
Jan 28 01:02:07.553041 n-d-826753-1 devstack@placement-api.service[111007]: INFO placement.requestlog [req-753a1838-df70-482c-8faf-63c073e7c559 req-77bbe10a-7dcc-4e86-8c50-9a5ea257fd44 service placement] 10.222.0.66 "GET /placement/allocations/b65c90ae-b53a-4efb-9b0f-fd0673106481" status: 200 len: 259 microversion: 1.28
Jan 28 01:02:07.553667 n-d-826753-1 devstack@placement-api.service[111007]: [pid: 111007|app: 0|req: 487/978] 10.222.0.66 () {60 vars in 1377 bytes} [Fri Jan 28 01:02:07 2022] GET /placement/allocations/b65c90ae-b53a-4efb-9b0f-fd0673106481 => generated 259 bytes in 32 msecs (HTTP/1.1 200) 8 headers in 296 bytes (1 switches on core 0)
Jan 28 01:02:13.724139 n-d-826753-1 devstack@placement-api.service[111006]: DEBUG placement.requestlog [req-7347d24c-38b8-4828-9771-9e1ee9faf412 req-29f7a556-b2e2-464b-9b56-520602ff2057 None None] Starting request: 10.222.0.20 "DELETE /placement/allocations/df259d90-df9d-469a-abbc-d0eb6d0a7d9e" {{(pid=111006) __call__ /opt/stack/placement/placement/requestlog.py:55}}
Jan 28 01:02:13.926254 n-d-826753-1 devstack@placement-api.service[111006]: DEBUG placement.handlers.allocation [req-7347d24c-38b8-4828-9771-9e1ee9faf412 req-29f7a556-b2e2-464b-9b56-520602ff2057 service placement] Successfully deleted allocations [, , ] {{(pid=111006) delete_allocations /opt/stack/placement/placement/handlers/allocation.py:627}}
Jan 28 01:02:13.926817 n-d-826753-1 devstack@placement-api.service[111006]: INFO placement.requestlog [req-7347d24c-38b8-4828-9771-9e1ee9faf412 req-29f7a556-b2e2-464b-9b56-520602ff2057 service placement] 10.222.0.20 "DELETE /placement/allocations/df259d90-df9d-469a-abbc-d0eb6d0a7d9e" status: 204 len: 0 microversion: 1.0
Jan 28 01:02:13.928577 n-d-826753-1 devstack@placement-api.service[111006]: [pid: 111006|app: 0|req: 492/979] 10.222.0.20 () {60 vars in 1355 bytes} [Fri Jan 28 01:02:13 2022] DELETE /placement/allocations/df259d90-df9d-469a-abbc-d0eb6d0a7d9e => generated 0 bytes in 205 msecs (HTTP/1.1 204) 5 headers in 198 bytes (2 switches on core 0)
Jan 28 01:02:16.867571 n-d-826753-1 devstack@placement-api.service[111007]: DEBUG placement.requestlog [req-e78afcbe-719d-42bf-b8b5-7a80bba1f822 req-79529ce0-7b6c-424a-b928-59b8688c8122 None None] Starting request: 10.222.0.66 "GET /placement/resource_providers/68219b04-6049-4345-84f2-5f8f5128e308/allocations" {{(pid=111007) __call__ /opt/stack/placement/placement/requestlog.py:55}}
Jan 28 01:02:17.537448 n-d-826753-1 devstack@placement-api.service[111007]: INFO placement.requestlog [req-e78afcbe-719d-42bf-b8b5-7a80bba1f822 req-79529ce0-7b6c-424a-b928-59b8688c8122 service placement] 10.222.0.66 "GET /placement/resource_providers/68219b04-6049-4345-84f2-5f8f5128e308/allocations" status: 200 len: 154 microversion: 1.0
Jan 28 01:02:17.541530 n-d-826753-1 devstack@placement-api.service[111007]: [pid: 111007|app: 0|req: 488/980] 10.222.0.66 () {58 vars in 1390 bytes} [Fri Jan 28 01:02:16 2022] GET /placement/resource_providers/68219b04-6049-4345-84f2-5f8f5128e308/allocations => generated 154 bytes in 674 msecs (HTTP/1.1 200) 6 headers in 224 bytes (1 switches on core 0)
Jan 28 01:02:17.696250 n-d-826753-1 devstack@placement-api.service[111006]: DEBUG placement.requestlog [req-e78afcbe-719d-42bf-b8b5-7a80bba1f822 req-05c52f5b-6286-46ed-aafc-325bce662d7e None None] Starting request: 10.222.0.66 "GET /placement/resource_providers?in_tree=68219b04-6049-4345-84f2-5f8f5128e308" {{(pid=111006) __call__ /opt/stack/placement/placement/requestlog.py:55}}
Jan 28 01:02:17.728673 n-d-826753-1 devstack@placement-api.service[111006]: INFO placement.requestlog [req-e78afcbe-719d-42bf-b8b5-7a80bba1f822 req-05c52f5b-6286-46ed-aafc-325bce662d7e service placement] 10.222.0.66 "GET /placement/resource_providers?in_tree=68219b04-6049-4345-84f2-5f8f5128e308" status: 200 len: 863 microversion: 1.14
Jan 28 01:02:17.731041 n-d-826753-1 devstack@placement-api.service[111006]: [pid: 111006|app: 0|req: 493/981] 10.222.0.66 () {60 vars in 1376 bytes} [Fri Jan 28 01:02:17 2022] GET /placement/resource_providers?in_tree=68219b04-6049-4345-84f2-5f8f5128e308 => generated 863 bytes in 35 msecs (HTTP/1.1 200) 6 headers in 225 bytes (1 switches on core 0)
Jan 28 01:02:17.752078 n-d-826753-1 devstack@placement-api.service[111007]: DEBUG placement.requestlog [req-e78afcbe-719d-42bf-b8b5-7a80bba1f822 req-5ad0aa26-1b6b-4882-9d68-ba6a13e34292 None None] Starting request: 10.222.0.66 "GET /placement/resource_providers/68219b04-6049-4345-84f2-5f8f5128e308/inventories" {{(pid=111007) __call__ /opt/stack/placement/placement/requestlog.py:55}}
Jan 28 01:02:17.818082 n-d-826753-1 devstack@placement-api.service[111007]: INFO placement.requestlog [req-e78afcbe-719d-42bf-b8b5-7a80bba1f822 req-5ad0aa26-1b6b-4882-9d68-ba6a13e34292 service placement] 10.222.0.66 "GET /placement/resource_providers/68219b04-6049-4345-84f2-5f8f5128e308/inventories" status: 200 len: 398 microversion: 1.0
Jan 28 01:02:17.824608 n-d-826753-1 devstack@placement-api.service[111007]: [pid: 111007|app: 0|req: 489/982] 10.222.0.66 () {58 vars in 1390 bytes} [Fri Jan 28 01:02:17 2022] GET /placement/resource_providers/68219b04-6049-4345-84f2-5f8f5128e308/inventories => generated 398 bytes in 73 msecs (HTTP/1.1 200) 6 headers in 224 bytes (2 switches on core 0)
Jan 28 01:02:17.852233 n-d-826753-1 devstack@placement-api.service[111006]: DEBUG placement.requestlog [req-e78afcbe-719d-42bf-b8b5-7a80bba1f822 req-d438d859-06c9-4adf-85dd-3b43305eeab0 None None] Starting request: 10.222.0.66 "GET /placement/resource_providers/68219b04-6049-4345-84f2-5f8f5128e308/aggregates" {{(pid=111006) __call__ /opt/stack/placement/placement/requestlog.py:55}}
Jan 28 01:02:17.892833 n-d-826753-1 devstack@placement-api.service[111006]: INFO placement.requestlog [req-e78afcbe-719d-42bf-b8b5-7a80bba1f822 req-d438d859-06c9-4adf-85dd-3b43305eeab0 service placement] 10.222.0.66 "GET /placement/resource_providers/68219b04-6049-4345-84f2-5f8f5128e308/aggregates" status: 200 len: 54 microversion: 1.19
Jan 28 01:02:17.894738 n-d-826753-1 devstack@placement-api.service[111006]: [pid: 111006|app: 0|req: 494/983] 10.222.0.66 () {60 vars in 1431 bytes} [Fri Jan 28 01:02:17 2022] GET /placement/resource_providers/68219b04-6049-4345-84f2-5f8f5128e308/aggregates => generated 54 bytes in 43 msecs (HTTP/1.1 200) 8 headers in 295 bytes (1 switches on core 0)
Jan 28 01:02:17.914553 n-d-826753-1 devstack@placement-api.service[111007]: DEBUG placement.requestlog [req-e78afcbe-719d-42bf-b8b5-7a80bba1f822 req-ef2e9d99-cd4e-4a02-85d5-f68aaabaade5 None None] Starting request: 10.222.0.66 "GET /placement/resource_providers/68219b04-6049-4345-84f2-5f8f5128e308/traits" {{(pid=111007) __call__ /opt/stack/placement/placement/requestlog.py:55}}
Jan 28 01:02:17.992049 n-d-826753-1 devstack@placement-api.service[111007]: INFO placement.requestlog [req-e78afcbe-719d-42bf-b8b5-7a80bba1f822 req-ef2e9d99-cd4e-4a02-85d5-f68aaabaade5 service placement] 10.222.0.66 "GET /placement/resource_providers/68219b04-6049-4345-84f2-5f8f5128e308/traits" status: 200 len: 212 microversion: 1.6
Jan 28 01:02:17.992977 n-d-826753-1 devstack@placement-api.service[111007]: [pid: 111007|app: 0|req: 490/984] 10.222.0.66 () {60 vars in 1418 bytes} [Fri Jan 28 01:02:17 2022] GET /placement/resource_providers/68219b04-6049-4345-84f2-5f8f5128e308/traits => generated 212 bytes in 79 msecs (HTTP/1.1 200) 6 headers in 224 bytes (1 switches on core 0)
Jan 28 01:02:27.664636 n-d-826753-1 devstack@placement-api.service[111006]: DEBUG placement.requestlog [req-55305138-a003-4dc5-aa57-95f20f2bcaa4 req-11d77859-3e1a-4ae4-a198-c7a6cba1e73b None None] Starting request: 10.222.0.20 "GET /placement/resource_providers/1e181edb-a774-4646-8de9-02cd35b1c2da/allocations" {{(pid=111006) __call__ /opt/stack/placement/placement/requestlog.py:55}}
Jan 28 01:02:27.963534 n-d-826753-1 devstack@placement-api.service[111006]: INFO placement.requestlog [req-55305138-a003-4dc5-aa57-95f20f2bcaa4 req-11d77859-3e1a-4ae4-a198-c7a6cba1e73b service placement] 10.222.0.20 "GET /placement/resource_providers/1e181edb-a774-4646-8de9-02cd35b1c2da/allocations" status: 200 len: 55 microversion: 1.0
Jan 28 01:02:27.963534 n-d-826753-1 devstack@placement-api.service[111006]: [pid: 111006|app: 0|req: 495/985] 10.222.0.20 () {58 vars in 1390 bytes} [Fri Jan 28 01:02:27 2022] GET /placement/resource_providers/1e181edb-a774-4646-8de9-02cd35b1c2da/allocations => generated 55 bytes in 295 msecs (HTTP/1.1 200) 6 headers in 223 bytes (1 switches on core 0)
Jan 28 01:02:28.134897 n-d-826753-1 devstack@placement-api.service[111007]: DEBUG placement.requestlog [req-55305138-a003-4dc5-aa57-95f20f2bcaa4 req-4bf9a7cf-d4de-46fd-a9e8-224f6cad0ffb None None] Starting request: 10.222.0.20 "GET /placement/resource_providers?in_tree=1e181edb-a774-4646-8de9-02cd35b1c2da" {{(pid=111007) __call__ /opt/stack/placement/placement/requestlog.py:55}}
Jan 28 01:02:28.169434 n-d-826753-1 devstack@placement-api.service[111007]: INFO placement.requestlog [req-55305138-a003-4dc5-aa57-95f20f2bcaa4 req-4bf9a7cf-d4de-46fd-a9e8-224f6cad0ffb service placement] 10.222.0.20 "GET /placement/resource_providers?in_tree=1e181edb-a774-4646-8de9-02cd35b1c2da" status: 200 len: 863 microversion: 1.14
Jan 28 01:02:28.172625 n-d-826753-1 devstack@placement-api.service[111007]: [pid: 111007|app: 0|req: 491/986] 10.222.0.20 () {60 vars in 1376 bytes} [Fri Jan 28 01:02:28 2022] GET /placement/resource_providers?in_tree=1e181edb-a774-4646-8de9-02cd35b1c2da => generated 863 bytes in 38 msecs (HTTP/1.1 200) 6 headers in 225 bytes (1 switches on core 0)
Jan 28 01:02:28.184901 n-d-826753-1 devstack@placement-api.service[111006]: DEBUG placement.requestlog [req-55305138-a003-4dc5-aa57-95f20f2bcaa4 req-9ee620d0-be5e-443f-8324-8d3447fa65b3 None None] Starting request: 10.222.0.20 "GET /placement/resource_providers/1e181edb-a774-4646-8de9-02cd35b1c2da/inventories" {{(pid=111006) __call__ /opt/stack/placement/placement/requestlog.py:55}}
Jan 28 01:02:28.223513 n-d-826753-1 devstack@placement-api.service[111006]: INFO placement.requestlog [req-55305138-a003-4dc5-aa57-95f20f2bcaa4 req-9ee620d0-be5e-443f-8324-8d3447fa65b3 service placement] 10.222.0.20 "GET /placement/resource_providers/1e181edb-a774-4646-8de9-02cd35b1c2da/inventories" status: 200 len: 398 microversion: 1.0
Jan 28 01:02:28.224780 n-d-826753-1 devstack@placement-api.service[111006]: [pid: 111006|app: 0|req: 496/987] 10.222.0.20 () {58 vars in 1390 bytes} [Fri Jan 28 01:02:28 2022] GET /placement/resource_providers/1e181edb-a774-4646-8de9-02cd35b1c2da/inventories => generated 398 bytes in 40 msecs (HTTP/1.1 200) 6 headers in 224 bytes (1 switches on core 0)
Jan 28 01:02:28.243069 n-d-826753-1 devstack@placement-api.service[111007]: DEBUG placement.requestlog [req-55305138-a003-4dc5-aa57-95f20f2bcaa4 req-9e49d714-a674-459f-8066-3375028daffa None None] Starting request: 10.222.0.20 "GET /placement/resource_providers/1e181edb-a774-4646-8de9-02cd35b1c2da/aggregates" {{(pid=111007) __call__ /opt/stack/placement/placement/requestlog.py:55}}
Jan 28 01:02:28.271608 n-d-826753-1 devstack@placement-api.service[111007]: INFO placement.requestlog [req-55305138-a003-4dc5-aa57-95f20f2bcaa4 req-9e49d714-a674-459f-8066-3375028daffa service placement] 10.222.0.20 "GET /placement/resource_providers/1e181edb-a774-4646-8de9-02cd35b1c2da/aggregates" status: 200 len: 54 microversion: 1.19
Jan 28 01:02:28.272584 n-d-826753-1 devstack@placement-api.service[111007]: [pid: 111007|app: 0|req: 492/988] 10.222.0.20 () {60 vars in 1431 bytes} [Fri Jan 28 01:02:28 2022] GET /placement/resource_providers/1e181edb-a774-4646-8de9-02cd35b1c2da/aggregates => generated 54 bytes in 30 msecs (HTTP/1.1 200) 8 headers in 295 bytes (1 switches on core 0)
Jan 28 01:02:28.293489 n-d-826753-1 devstack@placement-api.service[111006]: DEBUG placement.requestlog [req-55305138-a003-4dc5-aa57-95f20f2bcaa4 req-abe207e3-8da8-4581-a34f-7b4dbd0544d7 None None] Starting request: 10.222.0.20 "GET /placement/resource_providers/1e181edb-a774-4646-8de9-02cd35b1c2da/traits" {{(pid=111006) __call__ /opt/stack/placement/placement/requestlog.py:55}}
Jan 28 01:02:28.368794 n-d-826753-1 devstack@placement-api.service[111006]: INFO placement.requestlog [req-55305138-a003-4dc5-aa57-95f20f2bcaa4 req-abe207e3-8da8-4581-a34f-7b4dbd0544d7 service placement] 10.222.0.20 "GET /placement/resource_providers/1e181edb-a774-4646-8de9-02cd35b1c2da/traits" status: 200 len: 212 microversion: 1.6
Jan 28 01:02:28.368794 n-d-826753-1 devstack@placement-api.service[111006]: [pid: 111006|app: 0|req: 497/989] 10.222.0.20 () {60 vars in 1418 bytes} [Fri Jan 28 01:02:28 2022] GET /placement/resource_providers/1e181edb-a774-4646-8de9-02cd35b1c2da/traits => generated 212 bytes in 72 msecs (HTTP/1.1 200) 6 headers in 224 bytes (1 switches on core 0)
Jan 28 01:03:04.807252 n-d-826753-1 devstack@placement-api.service[111007]: DEBUG placement.requestlog [req-1cf69401-da4a-4355-90b3-ddedcf620eaa req-3ed21f2d-9800-47de-9b3a-29113e2a4589 None None] Starting request: 10.222.0.64 "GET /placement/allocation_candidates?limit=1000&resources=DISK_GB%3A1%2CMEMORY_MB%3A1024%2CVCPU%3A1&root_required=%21COMPUTE_STATUS_DISABLED" {{(pid=111007) __call__ /opt/stack/placement/placement/requestlog.py:55}}
Jan 28 01:03:04.920199 n-d-826753-1 devstack@placement-api.service[111007]: DEBUG placement.objects.research_context [req-1cf69401-da4a-4355-90b3-ddedcf620eaa req-3ed21f2d-9800-47de-9b3a-29113e2a4589 service placement] getting providers with 1 DISK_GB {{(pid=111007) __init__ /opt/stack/placement/placement/objects/research_context.py:126}}
Jan 28 01:03:04.944124 n-d-826753-1 devstack@placement-api.service[111007]: DEBUG placement.objects.research_context [req-1cf69401-da4a-4355-90b3-ddedcf620eaa req-3ed21f2d-9800-47de-9b3a-29113e2a4589 service placement] getting providers with 1024 MEMORY_MB {{(pid=111007) __init__ /opt/stack/placement/placement/objects/research_context.py:126}}
Jan 28 01:03:04.962173 n-d-826753-1 devstack@placement-api.service[111007]: DEBUG placement.objects.research_context [req-1cf69401-da4a-4355-90b3-ddedcf620eaa req-3ed21f2d-9800-47de-9b3a-29113e2a4589 service placement] getting providers with 1 VCPU {{(pid=111007) __init__ /opt/stack/placement/placement/objects/research_context.py:126}}
Jan 28 01:03:04.973787 n-d-826753-1 devstack@placement-api.service[111007]: DEBUG placement.objects.research_context [req-1cf69401-da4a-4355-90b3-ddedcf620eaa req-3ed21f2d-9800-47de-9b3a-29113e2a4589 service placement] found 2 providers with available 1 DISK_GB {{(pid=111007) get_provider_ids_matching /opt/stack/placement/placement/objects/research_context.py:549}}
Jan 28 01:03:04.974334 n-d-826753-1 devstack@placement-api.service[111007]: DEBUG placement.objects.research_context [req-1cf69401-da4a-4355-90b3-ddedcf620eaa req-3ed21f2d-9800-47de-9b3a-29113e2a4589 service placement] found 2 providers with available 1024 MEMORY_MB {{(pid=111007) get_provider_ids_matching /opt/stack/placement/placement/objects/research_context.py:549}}
Jan 28 01:03:04.974748 n-d-826753-1 devstack@placement-api.service[111007]: DEBUG placement.objects.research_context [req-1cf69401-da4a-4355-90b3-ddedcf620eaa req-3ed21f2d-9800-47de-9b3a-29113e2a4589 service placement] found 2 providers after filtering by previous result {{(pid=111007) get_provider_ids_matching /opt/stack/placement/placement/objects/research_context.py:580}}
Jan 28 01:03:04.975488 n-d-826753-1 devstack@placement-api.service[111007]: DEBUG placement.objects.research_context [req-1cf69401-da4a-4355-90b3-ddedcf620eaa req-3ed21f2d-9800-47de-9b3a-29113e2a4589 service placement] found 2 providers with available 1 VCPU {{(pid=111007) get_provider_ids_matching /opt/stack/placement/placement/objects/research_context.py:549}}
