Aug 02 04:19:07.912106 n-d-826752-7 devstack@n-api.service[104165]: DEBUG nova.context [None req-22ceb8c5-6f62-4be9-82b2-82e219c15c3f None None] Found 2 cells: 00000000-0000-0000-0000-000000000000(cell0),3a65c63b-6f93-4381-a5be-bf3bdbf0ae54(cell1) {{(pid=104165) load_cells /opt/stack/nova/nova/context.py:464}}
Aug 02 04:19:07.915502 n-d-826752-7 devstack@n-api.service[104164]: DEBUG oslo_concurrency.lockutils [None req-1a473f62-11a5-41a7-b5cd-5ca435b5c39e None None] Lock "00000000-0000-0000-0000-000000000000" acquired by "nova.context.set_target_cell..get_or_set_cached_cell_and_set_connections" :: waited 0.000s {{(pid=104164) inner /usr/local/lib/python3.8/dist-packages/oslo_concurrency/lockutils.py:386}}
Aug 02 04:19:07.916050 n-d-826752-7 devstack@n-api.service[104165]: DEBUG oslo_concurrency.lockutils [None req-22ceb8c5-6f62-4be9-82b2-82e219c15c3f None None] Lock "00000000-0000-0000-0000-000000000000" acquired by "nova.context.set_target_cell..get_or_set_cached_cell_and_set_connections" :: waited 0.000s {{(pid=104165) inner /usr/local/lib/python3.8/dist-packages/oslo_concurrency/lockutils.py:386}}
Aug 02 04:19:07.917088 n-d-826752-7 devstack@n-api.service[104164]: DEBUG oslo_concurrency.lockutils [None req-1a473f62-11a5-41a7-b5cd-5ca435b5c39e None None] Lock "00000000-0000-0000-0000-000000000000" "released" by "nova.context.set_target_cell..get_or_set_cached_cell_and_set_connections" :: held 0.002s {{(pid=104164) inner /usr/local/lib/python3.8/dist-packages/oslo_concurrency/lockutils.py:400}}
Aug 02 04:19:07.917646 n-d-826752-7 devstack@n-api.service[104165]: DEBUG oslo_concurrency.lockutils [None req-22ceb8c5-6f62-4be9-82b2-82e219c15c3f None None] Lock "00000000-0000-0000-0000-000000000000" "released" by "nova.context.set_target_cell..get_or_set_cached_cell_and_set_connections" :: held 0.002s {{(pid=104165) inner /usr/local/lib/python3.8/dist-packages/oslo_concurrency/lockutils.py:400}}
Aug 02 04:19:07.917874 n-d-826752-7 devstack@n-api.service[104164]: DEBUG oslo_concurrency.lockutils [None req-1a473f62-11a5-41a7-b5cd-5ca435b5c39e None None] Lock "3a65c63b-6f93-4381-a5be-bf3bdbf0ae54" acquired by "nova.context.set_target_cell..get_or_set_cached_cell_and_set_connections" :: waited 0.000s {{(pid=104164) inner /usr/local/lib/python3.8/dist-packages/oslo_concurrency/lockutils.py:386}}
Aug 02 04:19:07.918477 n-d-826752-7 devstack@n-api.service[104165]: DEBUG oslo_concurrency.lockutils [None req-22ceb8c5-6f62-4be9-82b2-82e219c15c3f None None] Lock "3a65c63b-6f93-4381-a5be-bf3bdbf0ae54" acquired by "nova.context.set_target_cell..get_or_set_cached_cell_and_set_connections" :: waited 0.000s {{(pid=104165) inner /usr/local/lib/python3.8/dist-packages/oslo_concurrency/lockutils.py:386}}
Aug 02 04:19:07.919858 n-d-826752-7 devstack@n-api.service[104164]: DEBUG oslo_concurrency.lockutils [None req-1a473f62-11a5-41a7-b5cd-5ca435b5c39e None None] Lock "3a65c63b-6f93-4381-a5be-bf3bdbf0ae54" "released" by "nova.context.set_target_cell..get_or_set_cached_cell_and_set_connections" :: held 0.002s {{(pid=104164) inner /usr/local/lib/python3.8/dist-packages/oslo_concurrency/lockutils.py:400}}
Aug 02 04:19:07.920462 n-d-826752-7 devstack@n-api.service[104165]: DEBUG oslo_concurrency.lockutils [None req-22ceb8c5-6f62-4be9-82b2-82e219c15c3f None None] Lock "3a65c63b-6f93-4381-a5be-bf3bdbf0ae54" "released" by "nova.context.set_target_cell..get_or_set_cached_cell_and_set_connections" :: held 0.002s {{(pid=104165) inner /usr/local/lib/python3.8/dist-packages/oslo_concurrency/lockutils.py:400}}
Aug 02 04:19:07.921836 n-d-826752-7 devstack@n-api.service[104164]: INFO dbcounter [None req-1a473f62-11a5-41a7-b5cd-5ca435b5c39e None None] Registered counter for database nova_cell0
Aug 02 04:19:07.922457 n-d-826752-7 devstack@n-api.service[104165]: INFO dbcounter [None req-22ceb8c5-6f62-4be9-82b2-82e219c15c3f None None] Registered counter for database nova_cell0
Aug 02 04:19:07.927902 n-d-826752-7 devstack@n-api.service[104164]: INFO dbcounter [None req-1a473f62-11a5-41a7-b5cd-5ca435b5c39e None None] Registered counter for database nova_cell1
Aug 02 04:19:07.928379 n-d-826752-7 devstack@n-api.service[104165]: INFO dbcounter [None req-22ceb8c5-6f62-4be9-82b2-82e219c15c3f None None] Registered counter for database nova_cell1
Aug 02 04:19:07.935286 n-d-826752-7 devstack@n-api.service[104164]: DEBUG oslo_db.sqlalchemy.engines [None req-1a473f62-11a5-41a7-b5cd-5ca435b5c39e None None] MySQL server mode set to STRICT_TRANS_TABLES,STRICT_ALL_TABLES,NO_ZERO_IN_DATE,NO_ZERO_DATE,ERROR_FOR_DIVISION_BY_ZERO,TRADITIONAL,NO_ENGINE_SUBSTITUTION {{(pid=104164) _check_effective_sql_mode /usr/local/lib/python3.8/dist-packages/oslo_db/sqlalchemy/engines.py:314}}
Aug 02 04:19:07.938222 n-d-826752-7 devstack@n-api.service[104165]: DEBUG oslo_db.sqlalchemy.engines [None req-22ceb8c5-6f62-4be9-82b2-82e219c15c3f None None] MySQL server mode set to STRICT_TRANS_TABLES,STRICT_ALL_TABLES,NO_ZERO_IN_DATE,NO_ZERO_DATE,ERROR_FOR_DIVISION_BY_ZERO,TRADITIONAL,NO_ENGINE_SUBSTITUTION {{(pid=104165) _check_effective_sql_mode /usr/local/lib/python3.8/dist-packages/oslo_db/sqlalchemy/engines.py:314}}
Aug 02 04:19:07.940360 n-d-826752-7 devstack@n-api.service[104164]: DEBUG dbcounter [-] [104164] Writer thread running {{(pid=104164) stat_writer /usr/local/lib/python3.8/dist-packages/dbcounter.py:99}}
Aug 02 04:19:07.940771 n-d-826752-7 devstack@n-api.service[104165]: DEBUG oslo_db.sqlalchemy.engines [None req-22ceb8c5-6f62-4be9-82b2-82e219c15c3f None None] MySQL server mode set to STRICT_TRANS_TABLES,STRICT_ALL_TABLES,NO_ZERO_IN_DATE,NO_ZERO_DATE,ERROR_FOR_DIVISION_BY_ZERO,TRADITIONAL,NO_ENGINE_SUBSTITUTION {{(pid=104165) _check_effective_sql_mode /usr/local/lib/python3.8/dist-packages/oslo_db/sqlalchemy/engines.py:314}}
Aug 02 04:19:07.943054 n-d-826752-7 devstack@n-api.service[104164]: DEBUG oslo_db.sqlalchemy.engines [None req-1a473f62-11a5-41a7-b5cd-5ca435b5c39e None None] MySQL server mode set to STRICT_TRANS_TABLES,STRICT_ALL_TABLES,NO_ZERO_IN_DATE,NO_ZERO_DATE,ERROR_FOR_DIVISION_BY_ZERO,TRADITIONAL,NO_ENGINE_SUBSTITUTION {{(pid=104164) _check_effective_sql_mode /usr/local/lib/python3.8/dist-packages/oslo_db/sqlalchemy/engines.py:314}}
Aug 02 04:19:07.945167 n-d-826752-7 devstack@n-api.service[104165]: DEBUG dbcounter [-] [104165] Writer thread running {{(pid=104165) stat_writer /usr/local/lib/python3.8/dist-packages/dbcounter.py:99}}
Aug 02 04:19:08.088748 n-d-826752-7 devstack@n-api.service[104164]: DEBUG dbcounter [-] [104164] Writer thread running {{(pid=104164) stat_writer /usr/local/lib/python3.8/dist-packages/dbcounter.py:99}}
Aug 02 04:19:08.089302 n-d-826752-7 devstack@n-api.service[104165]: DEBUG dbcounter [-] [104165] Writer thread running {{(pid=104165) stat_writer /usr/local/lib/python3.8/dist-packages/dbcounter.py:99}}
Aug 02 04:19:08.099598 n-d-826752-7 devstack@n-api.service[104165]: INFO dbcounter [None req-22ceb8c5-6f62-4be9-82b2-82e219c15c3f None None] Registered counter for database nova_cell0
Aug 02 04:19:08.101185 n-d-826752-7 devstack@n-api.service[104164]: INFO dbcounter [None req-1a473f62-11a5-41a7-b5cd-5ca435b5c39e None None] Registered counter for database nova_cell0
Aug 02 04:19:08.108213 n-d-826752-7 devstack@n-api.service[104165]: DEBUG oslo_db.sqlalchemy.engines [None req-22ceb8c5-6f62-4be9-82b2-82e219c15c3f None None] MySQL server mode set to STRICT_TRANS_TABLES,STRICT_ALL_TABLES,NO_ZERO_IN_DATE,NO_ZERO_DATE,ERROR_FOR_DIVISION_BY_ZERO,TRADITIONAL,NO_ENGINE_SUBSTITUTION {{(pid=104165) _check_effective_sql_mode /usr/local/lib/python3.8/dist-packages/oslo_db/sqlalchemy/engines.py:314}}
Aug 02 04:19:08.111606 n-d-826752-7 devstack@n-api.service[104164]: DEBUG oslo_db.sqlalchemy.engines [None req-1a473f62-11a5-41a7-b5cd-5ca435b5c39e None None] MySQL server mode set to STRICT_TRANS_TABLES,STRICT_ALL_TABLES,NO_ZERO_IN_DATE,NO_ZERO_DATE,ERROR_FOR_DIVISION_BY_ZERO,TRADITIONAL,NO_ENGINE_SUBSTITUTION {{(pid=104164) _check_effective_sql_mode /usr/local/lib/python3.8/dist-packages/oslo_db/sqlalchemy/engines.py:314}}
Aug 02 04:19:08.114393 n-d-826752-7 devstack@n-api.service[104165]: DEBUG dbcounter [-] [104165] Writer thread running {{(pid=104165) stat_writer /usr/local/lib/python3.8/dist-packages/dbcounter.py:99}}
Aug 02 04:19:08.116679 n-d-826752-7 devstack@n-api.service[104164]: DEBUG dbcounter [-] [104164] Writer thread running {{(pid=104164) stat_writer /usr/local/lib/python3.8/dist-packages/dbcounter.py:99}}
Aug 02 04:19:08.460701 n-d-826752-7 devstack@n-api.service[104164]: WARNING keystonemiddleware.auth_token [None req-1a473f62-11a5-41a7-b5cd-5ca435b5c39e None None] AuthToken middleware is set with keystone_authtoken.service_token_roles_required set to False. This is backwards compatible but deprecated behaviour. Please set this to True.
Aug 02 04:19:08.465996 n-d-826752-7 devstack@n-api.service[104165]: WARNING keystonemiddleware.auth_token [None req-22ceb8c5-6f62-4be9-82b2-82e219c15c3f None None] AuthToken middleware is set with keystone_authtoken.service_token_roles_required set to False. This is backwards compatible but deprecated behaviour. Please set this to True.
Aug 02 04:19:08.467749 n-d-826752-7 devstack@n-api.service[104164]: WARNING keystonemiddleware.auth_token [None req-1a473f62-11a5-41a7-b5cd-5ca435b5c39e None None] Configuring www_authenticate_uri to point to the public identity endpoint is required; clients may not be able to authenticate against an admin endpoint
Aug 02 04:19:08.473781 n-d-826752-7 devstack@n-api.service[104165]: WARNING keystonemiddleware.auth_token [None req-22ceb8c5-6f62-4be9-82b2-82e219c15c3f None None] Configuring www_authenticate_uri to point to the public identity endpoint is required; clients may not be able to authenticate against an admin endpoint
Aug 02 04:19:08.809493 n-d-826752-7 devstack@n-api.service[104164]: WARNING keystonemiddleware.auth_token [None req-1a473f62-11a5-41a7-b5cd-5ca435b5c39e None None] AuthToken middleware is set with keystone_authtoken.service_token_roles_required set to False. This is backwards compatible but deprecated behaviour. Please set this to True.
Aug 02 04:19:08.815376 n-d-826752-7 devstack@n-api.service[104164]: WARNING keystonemiddleware.auth_token [None req-1a473f62-11a5-41a7-b5cd-5ca435b5c39e None None] Configuring www_authenticate_uri to point to the public identity endpoint is required; clients may not be able to authenticate against an admin endpoint
Aug 02 04:19:08.816207 n-d-826752-7 devstack@n-api.service[104165]: WARNING keystonemiddleware.auth_token [None req-22ceb8c5-6f62-4be9-82b2-82e219c15c3f None None] AuthToken middleware is set with keystone_authtoken.service_token_roles_required set to False. This is backwards compatible but deprecated behaviour. Please set this to True.
Aug 02 04:19:08.820659 n-d-826752-7 devstack@n-api.service[104164]: WSGI app 0 (mountpoint='') ready in 5 seconds on interpreter 0x556b3fcb19c0 pid: 104164 (default app)
Aug 02 04:19:08.822178 n-d-826752-7 devstack@n-api.service[104165]: WARNING keystonemiddleware.auth_token [None req-22ceb8c5-6f62-4be9-82b2-82e219c15c3f None None] Configuring www_authenticate_uri to point to the public identity endpoint is required; clients may not be able to authenticate against an admin endpoint
Aug 02 04:19:08.822772 n-d-826752-7 devstack@n-api.service[104164]: DEBUG nova.api.openstack.wsgi [None req-1a473f62-11a5-41a7-b5cd-5ca435b5c39e None None] Calling method '>' {{(pid=104164) _process_stack /opt/stack/nova/nova/api/openstack/wsgi.py:513}}
Aug 02 04:19:08.823952 n-d-826752-7 devstack@n-api.service[104164]: INFO nova.api.openstack.requestlog [None req-1a473f62-11a5-41a7-b5cd-5ca435b5c39e None None] 10.222.0.45 "GET /compute/v2.1/" status: 200 len: 388 microversion: 2.1 time: 0.001754
Aug 02 04:19:08.824371 n-d-826752-7 devstack@n-api.service[104164]: [pid: 104164|app: 0|req: 1/1] 10.222.0.45 () {50 vars in 788 bytes} [Tue Aug 2 04:19:08 2022] GET /compute/v2.1/ => generated 388 bytes in 3 msecs (HTTP/1.1 200) 9 headers in 357 bytes (1 switches on core 0)
Aug 02 04:19:08.827757 n-d-826752-7 devstack@n-api.service[104165]: WSGI app 0 (mountpoint='') ready in 5 seconds on interpreter 0x556b3fcb19c0 pid: 104165 (default app)
Aug 02 04:20:24.455129 n-d-826752-7 devstack@n-api.service[104164]: DEBUG nova.api.openstack.wsgi [None req-1a473f62-11a5-41a7-b5cd-5ca435b5c39e None None] Calling method '>' {{(pid=104164) _process_stack /opt/stack/nova/nova/api/openstack/wsgi.py:513}}
Aug 02 04:20:24.456793 n-d-826752-7 devstack@n-api.service[104164]: INFO nova.api.openstack.requestlog [None req-1a473f62-11a5-41a7-b5cd-5ca435b5c39e None None] 10.222.0.45 "GET /compute/v2.1" status: 200 len: 388 microversion: 2.1 time: 0.002163
Aug 02 04:20:24.457497 n-d-826752-7 devstack@n-api.service[104164]: [pid: 104164|app: 0|req: 2/2] 10.222.0.45 () {54 vars in 930 bytes} [Tue Aug 2 04:20:24 2022] GET /compute/v2.1 => generated 388 bytes in 3 msecs (HTTP/1.1 200) 9 headers in 357 bytes (1 switches on core 0)
Aug 02 04:20:24.469735 n-d-826752-7 devstack@n-api.service[104165]: DEBUG dbcounter [-] [104165] Writing DB stats nova_api:SELECT=3 {{(pid=104165) stat_writer /usr/local/lib/python3.8/dist-packages/dbcounter.py:114}}
Aug 02 04:20:24.470911 n-d-826752-7 devstack@n-api.service[104165]: DEBUG dbcounter [-] [104165] Writing DB stats nova_cell0:SELECT=3 {{(pid=104165) stat_writer /usr/local/lib/python3.8/dist-packages/dbcounter.py:114}}
Aug 02 04:20:24.472382 n-d-826752-7 devstack@n-api.service[104165]: DEBUG dbcounter [-] [104165] Writing DB stats nova_cell1:SELECT=3 {{(pid=104165) stat_writer /usr/local/lib/python3.8/dist-packages/dbcounter.py:114}}
Aug 02 04:20:24.473708 n-d-826752-7 devstack@n-api.service[104165]: DEBUG dbcounter [-] [104165] Writing DB stats nova_cell0:SELECT=6,nova_cell0:INSERT=1 {{(pid=104165) stat_writer /usr/local/lib/python3.8/dist-packages/dbcounter.py:114}}
Aug 02 04:20:25.340818 n-d-826752-7 devstack@n-api.service[104165]: DEBUG nova.api.openstack.wsgi [None req-ea42055e-ce7c-4f22-a35c-175acc59c886 admin admin] Calling method '>' {{(pid=104165) _process_stack /opt/stack/nova/nova/api/openstack/wsgi.py:513}}
Aug 02 04:20:25.374956 n-d-826752-7 devstack@n-api.service[104165]: INFO nova.api.openstack.requestlog [None req-ea42055e-ce7c-4f22-a35c-175acc59c886 admin admin] 10.222.0.45 "GET /compute/v2.1/flavors/detail?is_public=True" status: 200 len: 15 microversion: 2.61 time: 0.910209
Aug 02 04:20:25.387228 n-d-826752-7 devstack@n-api.service[104165]: [pid: 104165|app: 0|req: 1/3] 10.222.0.45 () {60 vars in 1291 bytes} [Tue Aug 2 04:20:24 2022] GET /compute/v2.1/flavors/detail?is_public=True => generated 15 bytes in 913 msecs (HTTP/1.1 200) 9 headers in 358 bytes (1 switches on core 0)
Aug 02 04:20:27.613041 n-d-826752-7 devstack@n-api.service[104164]: DEBUG nova.api.openstack.wsgi [None req-1a473f62-11a5-41a7-b5cd-5ca435b5c39e None None] Calling method '>' {{(pid=104164) _process_stack /opt/stack/nova/nova/api/openstack/wsgi.py:513}}
Aug 02 04:20:27.614045 n-d-826752-7 devstack@n-api.service[104164]: INFO nova.api.openstack.requestlog [None req-1a473f62-11a5-41a7-b5cd-5ca435b5c39e None None] 10.222.0.45 "GET /compute/v2.1" status: 200 len: 388 microversion: 2.1 time: 0.001427
Aug 02 04:20:27.614526 n-d-826752-7 devstack@n-api.service[104164]: [pid: 104164|app: 0|req: 3/4] 10.222.0.45 () {54 vars in 930 bytes} [Tue Aug 2 04:20:27 2022] GET /compute/v2.1 => generated 388 bytes in 2 msecs (HTTP/1.1 200) 9 headers in 357 bytes (1 switches on core 0)
Aug 02 04:20:28.088157 n-d-826752-7 devstack@n-api.service[104165]: DEBUG nova.api.openstack.wsgi [None req-cdb976b2-bf3f-4cbf-9c4f-fc3504acb1bd admin admin] Action: 'create', calling method: >, body: {"flavor": {"ram": 256, "id": "c1", "name": "cirros256", "OS-FLV-EXT-DATA:ephemeral": 0, "disk": 1, "swap": 0, "os-flavor-access:is_public": true, "rxtx_factor": 1.0, "vcpus": 1}} {{(pid=104165) _process_stack /opt/stack/nova/nova/api/openstack/wsgi.py:511}}
Aug 02 04:20:28.108006 n-d-826752-7 devstack@n-api.service[104165]: /usr/local/lib/python3.8/dist-packages/oslo_policy/policy.py:1129: UserWarning: Policy "os_compute_api:os-flavor-manage:create": "rule:context_is_admin" failed scope check. The token used to make the request was project scoped but the policy requires ['system'] scope. This behavior may change in the future where using the intended scope is required
Aug 02 04:20:28.108006 n-d-826752-7 devstack@n-api.service[104165]: warnings.warn(msg)
Aug 02 04:20:28.137990 n-d-826752-7 devstack@n-api.service[104165]: INFO nova.api.openstack.requestlog [None req-cdb976b2-bf3f-4cbf-9c4f-fc3504acb1bd admin admin] 10.222.0.45 "POST /compute/v2.1/flavors" status: 200 len: 407 microversion: 2.61 time: 0.517436
Aug 02 04:20:28.138848 n-d-826752-7 devstack@n-api.service[104165]: [pid: 104165|app: 0|req: 2/5] 10.222.0.45 () {64 vars in 1282 bytes} [Tue Aug 2 04:20:27 2022] POST /compute/v2.1/flavors => generated 407 bytes in 519 msecs (HTTP/1.1 200) 9 headers in 359 bytes (1 switches on core 0)
Aug 02 04:20:28.153144 n-d-826752-7 devstack@n-api.service[104164]: DEBUG dbcounter [-] [104164] Writing DB stats nova_api:SELECT=3 {{(pid=104164) stat_writer /usr/local/lib/python3.8/dist-packages/dbcounter.py:114}}
Aug 02 04:20:28.154245 n-d-826752-7 devstack@n-api.service[104164]: DEBUG dbcounter [-] [104164] Writing DB stats nova_cell1:SELECT=3 {{(pid=104164) stat_writer /usr/local/lib/python3.8/dist-packages/dbcounter.py:114}}
Aug 02 04:20:28.155456 n-d-826752-7 devstack@n-api.service[104164]: DEBUG dbcounter [-] [104164] Writing DB stats nova_cell0:SELECT=3 {{(pid=104164) stat_writer /usr/local/lib/python3.8/dist-packages/dbcounter.py:114}}
Aug 02 04:20:28.156378 n-d-826752-7 devstack@n-api.service[104164]: DEBUG dbcounter [-] [104164] Writing DB stats nova_cell0:SELECT=6,nova_cell0:INSERT=1 {{(pid=104164) stat_writer /usr/local/lib/python3.8/dist-packages/dbcounter.py:114}}
Aug 02 04:20:28.366965 n-d-826752-7 devstack@n-api.service[104164]: DEBUG nova.api.openstack.wsgi [None req-55b63635-011e-4a86-a40a-83bb250a7883 admin admin] Action: 'create', calling method: >, body: {"extra_specs": {"hw_rng:allowed": "True"}} {{(pid=104164) _process_stack /opt/stack/nova/nova/api/openstack/wsgi.py:511}}
Aug 02 04:20:28.371422 n-d-826752-7 devstack@n-api.service[104164]: /usr/local/lib/python3.8/dist-packages/oslo_policy/policy.py:1129: UserWarning: Policy "os_compute_api:os-flavor-extra-specs:create": "rule:context_is_admin" failed scope check. The token used to make the request was project scoped but the policy requires ['system'] scope. This behavior may change in the future where using the intended scope is required
Aug 02 04:20:28.371422 n-d-826752-7 devstack@n-api.service[104164]: warnings.warn(msg)
Aug 02 04:20:28.438720 n-d-826752-7 devstack@n-api.service[104164]: INFO nova.api.openstack.requestlog [None req-55b63635-011e-4a86-a40a-83bb250a7883 admin admin] 10.222.0.45 "POST /compute/v2.1/flavors/c1/os-extra_specs" status: 200 len: 43 microversion: 2.61 time: 0.291557
Aug 02 04:20:28.450597 n-d-826752-7 devstack@n-api.service[104164]: [pid: 104164|app: 0|req: 4/6] 10.222.0.45 () {64 vars in 1335 bytes} [Tue Aug 2 04:20:28 2022] POST /compute/v2.1/flavors/c1/os-extra_specs => generated 43 bytes in 293 msecs (HTTP/1.1 200) 9 headers in 358 bytes (1 switches on core 0)
Aug 02 04:20:30.696368 n-d-826752-7 devstack@n-api.service[104165]: DEBUG nova.api.openstack.wsgi [None req-cdb976b2-bf3f-4cbf-9c4f-fc3504acb1bd admin admin] Calling method '>' {{(pid=104165) _process_stack /opt/stack/nova/nova/api/openstack/wsgi.py:513}}
Aug 02 04:20:30.697708 n-d-826752-7 devstack@n-api.service[104165]: INFO nova.api.openstack.requestlog [None req-cdb976b2-bf3f-4cbf-9c4f-fc3504acb1bd admin admin] 10.222.0.45 "GET /compute/v2.1" status: 200 len: 388 microversion: 2.1 time: 0.001915
Aug 02 04:20:30.698352 n-d-826752-7 devstack@n-api.service[104165]: [pid: 104165|app: 0|req: 3/7] 10.222.0.45 () {54 vars in 930 bytes} [Tue Aug 2 04:20:30 2022] GET /compute/v2.1 => generated 388 bytes in 3 msecs (HTTP/1.1 200) 9 headers in 357 bytes (1 switches on core 0)
Aug 02 04:20:31.403064 n-d-826752-7 devstack@n-api.service[104164]: DEBUG nova.api.openstack.wsgi [None req-557b1d10-1b2d-4bec-918f-c802a9678e42 admin admin] Action: 'create', calling method: >, body: {"flavor": {"swap": 0, "disk": 5, "vcpus": 1, "OS-FLV-EXT-DATA:ephemeral": 0, "name": "ds512M", "id": "d1", "rxtx_factor": 1.0, "os-flavor-access:is_public": true, "ram": 512}} {{(pid=104164) _process_stack /opt/stack/nova/nova/api/openstack/wsgi.py:511}}
Aug 02 04:20:31.427666 n-d-826752-7 devstack@n-api.service[104164]: /usr/local/lib/python3.8/dist-packages/oslo_policy/policy.py:1129: UserWarning: Policy "os_compute_api:os-flavor-manage:create": "rule:context_is_admin" failed scope check. The token used to make the request was project scoped but the policy requires ['system'] scope. This behavior may change in the future where using the intended scope is required
Aug 02 04:20:31.427666 n-d-826752-7 devstack@n-api.service[104164]: warnings.warn(msg)
Aug 02 04:20:31.465844 n-d-826752-7 devstack@n-api.service[104164]: INFO nova.api.openstack.requestlog [None req-557b1d10-1b2d-4bec-918f-c802a9678e42 admin admin] 10.222.0.45 "POST /compute/v2.1/flavors" status: 200 len: 404 microversion: 2.61 time: 0.757026
Aug 02 04:20:31.467151 n-d-826752-7 devstack@n-api.service[104164]: [pid: 104164|app: 0|req: 5/8] 10.222.0.45 () {64 vars in 1282 bytes} [Tue Aug 2 04:20:30 2022] POST /compute/v2.1/flavors => generated 404 bytes in 760 msecs (HTTP/1.1 200) 9 headers in 359 bytes (2 switches on core 0)
Aug 02 04:20:31.478983 n-d-826752-7 devstack@n-api.service[104165]: DEBUG nova.api.openstack.wsgi [None req-6b9a3db2-f1c8-4211-b2af-bf675508c376 admin admin] Action: 'create', calling method: >, body: {"extra_specs": {"hw_rng:allowed": "True"}} {{(pid=104165) _process_stack /opt/stack/nova/nova/api/openstack/wsgi.py:511}}
Aug 02 04:20:31.481857 n-d-826752-7 devstack@n-api.service[104165]: /usr/local/lib/python3.8/dist-packages/oslo_policy/policy.py:1129: UserWarning: Policy "os_compute_api:os-flavor-extra-specs:create": "rule:context_is_admin" failed scope check. The token used to make the request was project scoped but the policy requires ['system'] scope. This behavior may change in the future where using the intended scope is required
Aug 02 04:20:31.481857 n-d-826752-7 devstack@n-api.service[104165]: warnings.warn(msg)
Aug 02 04:20:31.524687 n-d-826752-7 devstack@n-api.service[104165]: INFO nova.api.openstack.requestlog [None req-6b9a3db2-f1c8-4211-b2af-bf675508c376 admin admin] 10.222.0.45 "POST /compute/v2.1/flavors/d1/os-extra_specs" status: 200 len: 43 microversion: 2.61 time: 0.049297
Aug 02 04:20:31.525197 n-d-826752-7 devstack@n-api.service[104165]: [pid: 104165|app: 0|req: 4/9] 10.222.0.45 () {64 vars in 1335 bytes} [Tue Aug 2 04:20:31 2022] POST /compute/v2.1/flavors/d1/os-extra_specs => generated 43 bytes in 50 msecs (HTTP/1.1 200) 9 headers in 358 bytes (1 switches on core 0)
Aug 02 04:20:33.948654 n-d-826752-7 devstack@n-api.service[104164]: DEBUG nova.api.openstack.wsgi [None req-557b1d10-1b2d-4bec-918f-c802a9678e42 admin admin] Calling method '>' {{(pid=104164) _process_stack /opt/stack/nova/nova/api/openstack/wsgi.py:513}}
Aug 02 04:20:33.950264 n-d-826752-7 devstack@n-api.service[104164]: INFO nova.api.openstack.requestlog [None req-557b1d10-1b2d-4bec-918f-c802a9678e42 admin admin] 10.222.0.45 "GET /compute/v2.1" status: 200 len: 388 microversion: 2.1 time: 0.002075
Aug 02 04:20:33.957531 n-d-826752-7 devstack@n-api.service[104164]: [pid: 104164|app: 0|req: 6/10] 10.222.0.45 () {54 vars in 930 bytes} [Tue Aug 2 04:20:33 2022] GET /compute/v2.1 => generated 388 bytes in 9 msecs (HTTP/1.1 200) 9 headers in 357 bytes (1 switches on core 0)
Aug 02 04:20:34.573331 n-d-826752-7 devstack@n-api.service[104165]: DEBUG nova.api.openstack.wsgi [None req-78c34e2f-9af7-4ab1-8efd-673b2374d465 admin admin] Action: 'create', calling method: >, body: {"flavor": {"OS-FLV-EXT-DATA:ephemeral": 0, "name": "ds1G", "rxtx_factor": 1.0, "disk": 10, "vcpus": 1, "ram": 1024, "id": "d2", "swap": 0, "os-flavor-access:is_public": true}} {{(pid=104165) _process_stack /opt/stack/nova/nova/api/openstack/wsgi.py:511}}
Aug 02 04:20:34.604268 n-d-826752-7 devstack@n-api.service[104165]: INFO nova.api.openstack.requestlog [None req-78c34e2f-9af7-4ab1-8efd-673b2374d465 admin admin] 10.222.0.45 "POST /compute/v2.1/flavors" status: 200 len: 404 microversion: 2.61 time: 0.639419
Aug 02 04:20:34.606033 n-d-826752-7 devstack@n-api.service[104165]: [pid: 104165|app: 0|req: 5/11] 10.222.0.45 () {64 vars in 1282 bytes} [Tue Aug 2 04:20:33 2022] POST /compute/v2.1/flavors => generated 404 bytes in 648 msecs (HTTP/1.1 200) 9 headers in 359 bytes (2 switches on core 0)
Aug 02 04:20:34.618420 n-d-826752-7 devstack@n-api.service[104164]: DEBUG nova.api.openstack.wsgi [None req-85f8722d-5b52-4b77-addb-4dd3ed8c114a admin admin] Action: 'create', calling method: >, body: {"extra_specs": {"hw_rng:allowed": "True"}} {{(pid=104164) _process_stack /opt/stack/nova/nova/api/openstack/wsgi.py:511}}
Aug 02 04:20:34.654490 n-d-826752-7 devstack@n-api.service[104164]: INFO nova.api.openstack.requestlog [None req-85f8722d-5b52-4b77-addb-4dd3ed8c114a admin admin] 10.222.0.45 "POST /compute/v2.1/flavors/d2/os-extra_specs" status: 200 len: 43 microversion: 2.61 time: 0.040098
Aug 02 04:20:34.656015 n-d-826752-7 devstack@n-api.service[104164]: [pid: 104164|app: 0|req: 7/12] 10.222.0.45 () {64 vars in 1335 bytes} [Tue Aug 2 04:20:34 2022] POST /compute/v2.1/flavors/d2/os-extra_specs => generated 43 bytes in 42 msecs (HTTP/1.1 200) 9 headers in 358 bytes (1 switches on core 0)
Aug 02 04:20:36.902822 n-d-826752-7 devstack@n-api.service[104165]: DEBUG nova.api.openstack.wsgi [None req-78c34e2f-9af7-4ab1-8efd-673b2374d465 admin admin] Calling method '>' {{(pid=104165) _process_stack /opt/stack/nova/nova/api/openstack/wsgi.py:513}}
Aug 02 04:20:36.903921 n-d-826752-7 devstack@n-api.service[104165]: INFO nova.api.openstack.requestlog [None req-78c34e2f-9af7-4ab1-8efd-673b2374d465 admin admin] 10.222.0.45 "GET /compute/v2.1" status: 200 len: 388 microversion: 2.1 time: 0.001559
Aug 02 04:20:36.904541 n-d-826752-7 devstack@n-api.service[104165]: [pid: 104165|app: 0|req: 6/13] 10.222.0.45 () {54 vars in 930 bytes} [Tue Aug 2 04:20:36 2022] GET /compute/v2.1 => generated 388 bytes in 3 msecs (HTTP/1.1 200) 9 headers in 357 bytes (1 switches on core 0)
Aug 02 04:20:37.320320 n-d-826752-7 devstack@n-api.service[104164]: DEBUG nova.api.openstack.wsgi [None req-98ea4a6a-fa60-47d5-a565-949592903b99 admin admin] Action: 'create', calling method: >, body: {"flavor": {"swap": 0, "disk": 10, "ram": 2048, "os-flavor-access:is_public": true, "id": "d3", "OS-FLV-EXT-DATA:ephemeral": 0, "vcpus": 2, "name": "ds2G", "rxtx_factor": 1.0}} {{(pid=104164) _process_stack /opt/stack/nova/nova/api/openstack/wsgi.py:511}}
Aug 02 04:20:37.341076 n-d-826752-7 devstack@n-api.service[104164]: INFO nova.api.openstack.requestlog [None req-98ea4a6a-fa60-47d5-a565-949592903b99 admin admin] 10.222.0.45 "POST /compute/v2.1/flavors" status: 200 len: 404 microversion: 2.61 time: 0.429964
Aug 02 04:20:37.341874 n-d-826752-7 devstack@n-api.service[104164]: [pid: 104164|app: 0|req: 8/14] 10.222.0.45 () {64 vars in 1282 bytes} [Tue Aug 2 04:20:36 2022] POST /compute/v2.1/flavors => generated 404 bytes in 431 msecs (HTTP/1.1 200) 9 headers in 359 bytes (1 switches on core 0)
Aug 02 04:20:37.354873 n-d-826752-7 devstack@n-api.service[104165]: DEBUG nova.api.openstack.wsgi [None req-7810425e-e587-4c8c-b19a-abcff6b67727 admin admin] Action: 'create', calling method: >, body: {"extra_specs": {"hw_rng:allowed": "True"}} {{(pid=104165) _process_stack /opt/stack/nova/nova/api/openstack/wsgi.py:511}}
Aug 02 04:20:37.379460 n-d-826752-7 devstack@n-api.service[104165]: INFO nova.api.openstack.requestlog [None req-7810425e-e587-4c8c-b19a-abcff6b67727 admin admin] 10.222.0.45 "POST /compute/v2.1/flavors/d3/os-extra_specs" status: 200 len: 43 microversion: 2.61 time: 0.028334
Aug 02 04:20:37.380078 n-d-826752-7 devstack@n-api.service[104165]: [pid: 104165|app: 0|req: 7/15] 10.222.0.45 () {64 vars in 1335 bytes} [Tue Aug 2 04:20:37 2022] POST /compute/v2.1/flavors/d3/os-extra_specs => generated 43 bytes in 30 msecs (HTTP/1.1 200) 9 headers in 358 bytes (1 switches on core 0)
Aug 02 04:20:39.627987 n-d-826752-7 devstack@n-api.service[104164]: DEBUG nova.api.openstack.wsgi [None req-98ea4a6a-fa60-47d5-a565-949592903b99 admin admin] Calling method '>' {{(pid=104164) _process_stack /opt/stack/nova/nova/api/openstack/wsgi.py:513}}
Aug 02 04:20:39.628993 n-d-826752-7 devstack@n-api.service[104164]: INFO nova.api.openstack.requestlog [None req-98ea4a6a-fa60-47d5-a565-949592903b99 admin admin] 10.222.0.45 "GET /compute/v2.1" status: 200 len: 388 microversion: 2.1 time: 0.002038
Aug 02 04:20:39.629783 n-d-826752-7 devstack@n-api.service[104164]: [pid: 104164|app: 0|req: 9/16] 10.222.0.45 () {54 vars in 930 bytes} [Tue Aug 2 04:20:39 2022] GET /compute/v2.1 => generated 388 bytes in 3 msecs (HTTP/1.1 200) 9 headers in 357 bytes (1 switches on core 0)
Aug 02 04:20:40.115131 n-d-826752-7 devstack@n-api.service[104165]: DEBUG nova.api.openstack.wsgi [None req-1cabc0ff-7d6f-4ae5-ac18-7dd6322d51c7 admin admin] Action: 'create', calling method: >, body: {"flavor": {"ram": 4096, "name": "ds4G", "OS-FLV-EXT-DATA:ephemeral": 0, "os-flavor-access:is_public": true, "id": "d4", "swap": 0, "disk": 20, "rxtx_factor": 1.0, "vcpus": 4}} {{(pid=104165) _process_stack /opt/stack/nova/nova/api/openstack/wsgi.py:511}}
Aug 02 04:20:40.137771 n-d-826752-7 devstack@n-api.service[104165]: INFO nova.api.openstack.requestlog [None req-1cabc0ff-7d6f-4ae5-ac18-7dd6322d51c7 admin admin] 10.222.0.45 "POST /compute/v2.1/flavors" status: 200 len: 404 microversion: 2.61 time: 0.501311
Aug 02 04:20:40.138383 n-d-826752-7 devstack@n-api.service[104165]: [pid: 104165|app: 0|req: 8/17] 10.222.0.45 () {64 vars in 1282 bytes} [Tue Aug 2 04:20:39 2022] POST /compute/v2.1/flavors => generated 404 bytes in 503 msecs (HTTP/1.1 200) 9 headers in 359 bytes (1 switches on core 0)
Aug 02 04:20:40.150793 n-d-826752-7 devstack@n-api.service[104164]: DEBUG nova.api.openstack.wsgi [None req-76c718b6-3623-4242-99ce-05aaed96a965 admin admin] Action: 'create', calling method: >, body: {"extra_specs": {"hw_rng:allowed": "True"}} {{(pid=104164) _process_stack /opt/stack/nova/nova/api/openstack/wsgi.py:511}}
Aug 02 04:20:40.176016 n-d-826752-7 devstack@n-api.service[104164]: INFO nova.api.openstack.requestlog [None req-76c718b6-3623-4242-99ce-05aaed96a965 admin admin] 10.222.0.45 "POST /compute/v2.1/flavors/d4/os-extra_specs" status: 200 len: 43 microversion: 2.61 time: 0.028926
Aug 02 04:20:40.176588 n-d-826752-7 devstack@n-api.service[104164]: [pid: 104164|app: 0|req: 10/18] 10.222.0.45 () {64 vars in 1335 bytes} [Tue Aug 2 04:20:40 2022] POST /compute/v2.1/flavors/d4/os-extra_specs => generated 43 bytes in 30 msecs (HTTP/1.1 200) 9 headers in 358 bytes (1 switches on core 0)
Aug 02 04:20:42.437505 n-d-826752-7 devstack@n-api.service[104165]: DEBUG nova.api.openstack.wsgi [None req-1cabc0ff-7d6f-4ae5-ac18-7dd6322d51c7 admin admin] Calling method '>' {{(pid=104165) _process_stack /opt/stack/nova/nova/api/openstack/wsgi.py:513}}
Aug 02 04:20:42.439172 n-d-826752-7 devstack@n-api.service[104165]: INFO nova.api.openstack.requestlog [None req-1cabc0ff-7d6f-4ae5-ac18-7dd6322d51c7 admin admin] 10.222.0.45 "GET /compute/v2.1" status: 200 len: 388 microversion: 2.1 time: 0.002111
Aug 02 04:20:42.439592 n-d-826752-7 devstack@n-api.service[104165]: [pid: 104165|app: 0|req: 9/19] 10.222.0.45 () {54 vars in 930 bytes} [Tue Aug 2 04:20:42 2022] GET /compute/v2.1 => generated 388 bytes in 3 msecs (HTTP/1.1 200) 9 headers in 357 bytes (1 switches on core 0)
Aug 02 04:20:42.949736 n-d-826752-7 devstack@n-api.service[104164]: DEBUG nova.api.openstack.wsgi [None req-737d7600-2862-44f0-8a30-bdb79591023e admin admin] Calling method '>' {{(pid=104164) _process_stack /opt/stack/nova/nova/api/openstack/wsgi.py:513}}
Aug 02 04:20:42.980037 n-d-826752-7 devstack@n-api.service[104164]: INFO nova.api.openstack.requestlog [None req-737d7600-2862-44f0-8a30-bdb79591023e admin admin] 10.222.0.45 "GET /compute/v2.1/flavors/detail?is_public=True" status: 200 len: 2106 microversion: 2.61 time: 0.534422
Aug 02 04:20:42.981188 n-d-826752-7 devstack@n-api.service[104164]: [pid: 104164|app: 0|req: 11/20] 10.222.0.45 () {60 vars in 1291 bytes} [Tue Aug 2 04:20:42 2022] GET /compute/v2.1/flavors/detail?is_public=True => generated 2106 bytes in 536 msecs (HTTP/1.1 200) 9 headers in 360 bytes (2 switches on core 0)
Aug 02 04:20:45.264797 n-d-826752-7 devstack@n-api.service[104165]: DEBUG nova.api.openstack.wsgi [None req-1cabc0ff-7d6f-4ae5-ac18-7dd6322d51c7 admin admin] Calling method '>' {{(pid=104165) _process_stack /opt/stack/nova/nova/api/openstack/wsgi.py:513}}
Aug 02 04:20:45.265824 n-d-826752-7 devstack@n-api.service[104165]: INFO nova.api.openstack.requestlog [None req-1cabc0ff-7d6f-4ae5-ac18-7dd6322d51c7 admin admin] 10.222.0.45 "GET /compute/v2.1" status: 200 len: 388 microversion: 2.1 time: 0.001490
Aug 02 04:20:45.266251 n-d-826752-7 devstack@n-api.service[104165]: [pid: 104165|app: 0|req: 10/21] 10.222.0.45 () {54 vars in 930 bytes} [Tue Aug 2 04:20:45 2022] GET /compute/v2.1 => generated 388 bytes in 2 msecs (HTTP/1.1 200) 9 headers in 357 bytes (1 switches on core 0)
Aug 02 04:20:45.695831 n-d-826752-7 devstack@n-api.service[104164]: DEBUG nova.api.openstack.wsgi [None req-e8ee46c9-ccd5-4aa8-8ff1-c8ebc4577a90 admin admin] Action: 'create', calling method: >, body: {"flavor": {"swap": 0, "disk": 1, "os-flavor-access:is_public": true, "rxtx_factor": 1.0, "id": "1", "vcpus": 1, "OS-FLV-EXT-DATA:ephemeral": 0, "ram": 512, "name": "m1.tiny"}} {{(pid=104164) _process_stack /opt/stack/nova/nova/api/openstack/wsgi.py:511}}
Aug 02 04:20:45.714857 n-d-826752-7 devstack@n-api.service[104164]: INFO nova.api.openstack.requestlog [None req-e8ee46c9-ccd5-4aa8-8ff1-c8ebc4577a90 admin admin] 10.222.0.45 "POST /compute/v2.1/flavors" status: 200 len: 402 microversion: 2.61 time: 0.441976
Aug 02 04:20:45.715408 n-d-826752-7 devstack@n-api.service[104164]: [pid: 104164|app: 0|req: 12/22] 10.222.0.45 () {64 vars in 1282 bytes} [Tue Aug 2 04:20:45 2022] POST /compute/v2.1/flavors => generated 402 bytes in 443 msecs (HTTP/1.1 200) 9 headers in 359 bytes (1 switches on core 0)
Aug 02 04:20:45.728794 n-d-826752-7 devstack@n-api.service[104165]: DEBUG nova.api.openstack.wsgi [None req-4ce634c1-d6fd-4d74-b307-9e07c1a038d3 admin admin] Action: 'create', calling method: >, body: {"extra_specs": {"hw_rng:allowed": "True"}} {{(pid=104165) _process_stack /opt/stack/nova/nova/api/openstack/wsgi.py:511}}
Aug 02 04:20:45.754301 n-d-826752-7 devstack@n-api.service[104165]: INFO nova.api.openstack.requestlog [None req-4ce634c1-d6fd-4d74-b307-9e07c1a038d3 admin admin] 10.222.0.45 "POST /compute/v2.1/flavors/1/os-extra_specs" status: 200 len: 43 microversion: 2.61 time: 0.030024
Aug 02 04:20:45.754911 n-d-826752-7 devstack@n-api.service[104165]: [pid: 104165|app: 0|req: 11/23] 10.222.0.45 () {64 vars in 1332 bytes} [Tue Aug 2 04:20:45 2022] POST /compute/v2.1/flavors/1/os-extra_specs => generated 43 bytes in 31 msecs (HTTP/1.1 200) 9 headers in 358 bytes (1 switches on core 0)
Aug 02 04:20:48.015377 n-d-826752-7 devstack@n-api.service[104164]: DEBUG nova.api.openstack.wsgi [None req-e8ee46c9-ccd5-4aa8-8ff1-c8ebc4577a90 admin admin] Calling method '>' {{(pid=104164) _process_stack /opt/stack/nova/nova/api/openstack/wsgi.py:513}}
Aug 02 04:20:48.016746 n-d-826752-7 devstack@n-api.service[104164]: INFO nova.api.openstack.requestlog [None req-e8ee46c9-ccd5-4aa8-8ff1-c8ebc4577a90 admin admin] 10.222.0.45 "GET /compute/v2.1" status: 200 len: 388 microversion: 2.1 time: 0.002123
Aug 02 04:20:48.018067 n-d-826752-7 devstack@n-api.service[104164]: [pid: 104164|app: 0|req: 13/24] 10.222.0.45 () {54 vars in 930 bytes} [Tue Aug 2 04:20:48 2022] GET /compute/v2.1 => generated 388 bytes in 4 msecs (HTTP/1.1 200) 9 headers in 357 bytes (1 switches on core 0)
Aug 02 04:20:48.466769 n-d-826752-7 devstack@n-api.service[104165]: DEBUG nova.api.openstack.wsgi [None req-c5c865fa-9872-4a58-8d86-7e1c951b6cdd admin admin] Action: 'create', calling method: >, body: {"flavor": {"vcpus": 1, "disk": 20, "name": "m1.small", "OS-FLV-EXT-DATA:ephemeral": 0, "rxtx_factor": 1.0, "ram": 2048, "id": "2", "os-flavor-access:is_public": true, "swap": 0}} {{(pid=104165) _process_stack /opt/stack/nova/nova/api/openstack/wsgi.py:511}}
Aug 02 04:20:48.485822 n-d-826752-7 devstack@n-api.service[104165]: INFO nova.api.openstack.requestlog [None req-c5c865fa-9872-4a58-8d86-7e1c951b6cdd admin admin] 10.222.0.45 "POST /compute/v2.1/flavors" status: 200 len: 405 microversion: 2.61 time: 0.462168
Aug 02 04:20:48.486918 n-d-826752-7 devstack@n-api.service[104165]: [pid: 104165|app: 0|req: 12/25] 10.222.0.45 () {64 vars in 1282 bytes} [Tue Aug 2 04:20:48 2022] POST /compute/v2.1/flavors => generated 405 bytes in 464 msecs (HTTP/1.1 200) 9 headers in 359 bytes (1 switches on core 0)
Aug 02 04:20:48.500122 n-d-826752-7 devstack@n-api.service[104164]: DEBUG nova.api.openstack.wsgi [None req-3f015bfb-42f9-461e-a370-ef04003f2add admin admin] Action: 'create', calling method: >, body: {"extra_specs": {"hw_rng:allowed": "True"}} {{(pid=104164) _process_stack /opt/stack/nova/nova/api/openstack/wsgi.py:511}}
Aug 02 04:20:48.528552 n-d-826752-7 devstack@n-api.service[104164]: INFO nova.api.openstack.requestlog [None req-3f015bfb-42f9-461e-a370-ef04003f2add admin admin] 10.222.0.45 "POST /compute/v2.1/flavors/2/os-extra_specs" status: 200 len: 43 microversion: 2.61 time: 0.033136
Aug 02 04:20:48.529132 n-d-826752-7 devstack@n-api.service[104164]: [pid: 104164|app: 0|req: 14/26] 10.222.0.45 () {64 vars in 1332 bytes} [Tue Aug 2 04:20:48 2022] POST /compute/v2.1/flavors/2/os-extra_specs => generated 43 bytes in 34 msecs (HTTP/1.1 200) 9 headers in 358 bytes (1 switches on core 0)
Aug 02 04:20:50.762548 n-d-826752-7 devstack@n-api.service[104165]: DEBUG nova.api.openstack.wsgi [None req-c5c865fa-9872-4a58-8d86-7e1c951b6cdd admin admin] Calling method '>' {{(pid=104165) _process_stack /opt/stack/nova/nova/api/openstack/wsgi.py:513}}
Aug 02 04:20:50.763592 n-d-826752-7 devstack@n-api.service[104165]: INFO nova.api.openstack.requestlog [None req-c5c865fa-9872-4a58-8d86-7e1c951b6cdd admin admin] 10.222.0.45 "GET /compute/v2.1" status: 200 len: 388 microversion: 2.1 time: 0.001591
Aug 02 04:20:50.764024 n-d-826752-7 devstack@n-api.service[104165]: [pid: 104165|app: 0|req: 13/27] 10.222.0.45 () {54 vars in 930 bytes} [Tue Aug 2 04:20:50 2022] GET /compute/v2.1 => generated 388 bytes in 3 msecs (HTTP/1.1 200) 9 headers in 357 bytes (1 switches on core 0)
Aug 02 04:20:51.162152 n-d-826752-7 devstack@n-api.service[104164]: DEBUG nova.api.openstack.wsgi [None req-3309d128-b62c-40b9-8cc5-1555ff514577 admin admin] Action: 'create', calling method: >, body: {"flavor": {"name": "m1.medium", "id": "3", "disk": 40, "os-flavor-access:is_public": true, "ram": 4096, "OS-FLV-EXT-DATA:ephemeral": 0, "swap": 0, "rxtx_factor": 1.0, "vcpus": 2}} {{(pid=104164) _process_stack /opt/stack/nova/nova/api/openstack/wsgi.py:511}}
Aug 02 04:20:51.181095 n-d-826752-7 devstack@n-api.service[104164]: INFO nova.api.openstack.requestlog [None req-3309d128-b62c-40b9-8cc5-1555ff514577 admin admin] 10.222.0.45 "POST /compute/v2.1/flavors" status: 200 len: 406 microversion: 2.61 time: 0.411060
Aug 02 04:20:51.181643 n-d-826752-7 devstack@n-api.service[104164]: [pid: 104164|app: 0|req: 15/28] 10.222.0.45 () {64 vars in 1282 bytes} [Tue Aug 2 04:20:50 2022] POST /compute/v2.1/flavors => generated 406 bytes in 412 msecs (HTTP/1.1 200) 9 headers in 359 bytes (1 switches on core 0)
Aug 02 04:20:51.193982 n-d-826752-7 devstack@n-api.service[104165]: DEBUG nova.api.openstack.wsgi [None req-d2ca74b9-5bd3-4312-8462-fedc878b3eea admin admin] Action: 'create', calling method: >, body: {"extra_specs": {"hw_rng:allowed": "True"}} {{(pid=104165) _process_stack /opt/stack/nova/nova/api/openstack/wsgi.py:511}}
Aug 02 04:20:51.219972 n-d-826752-7 devstack@n-api.service[104165]: INFO nova.api.openstack.requestlog [None req-d2ca74b9-5bd3-4312-8462-fedc878b3eea admin admin] 10.222.0.45 "POST /compute/v2.1/flavors/3/os-extra_specs" status: 200 len: 43 microversion: 2.61 time: 0.029912
Aug 02 04:20:51.221425 n-d-826752-7 devstack@n-api.service[104165]: [pid: 104165|app: 0|req: 14/29] 10.222.0.45 () {64 vars in 1332 bytes} [Tue Aug 2 04:20:51 2022] POST /compute/v2.1/flavors/3/os-extra_specs => generated 43 bytes in 32 msecs (HTTP/1.1 200) 9 headers in 358 bytes (2 switches on core 0)
Aug 02 04:20:53.452166 n-d-826752-7 devstack@n-api.service[104164]: DEBUG nova.api.openstack.wsgi [None req-3309d128-b62c-40b9-8cc5-1555ff514577 admin admin] Calling method '>' {{(pid=104164) _process_stack /opt/stack/nova/nova/api/openstack/wsgi.py:513}}
Aug 02 04:20:53.453264 n-d-826752-7 devstack@n-api.service[104164]: INFO nova.api.openstack.requestlog [None req-3309d128-b62c-40b9-8cc5-1555ff514577 admin admin] 10.222.0.45 "GET /compute/v2.1" status: 200 len: 388 microversion: 2.1 time: 0.001524
Aug 02 04:20:53.453733 n-d-826752-7 devstack@n-api.service[104164]: [pid: 104164|app: 0|req: 16/30] 10.222.0.45 () {54 vars in 930 bytes} [Tue Aug 2 04:20:53 2022] GET /compute/v2.1 => generated 388 bytes in 2 msecs (HTTP/1.1 200) 9 headers in 357 bytes (1 switches on core 0)
Aug 02 04:20:53.826586 n-d-826752-7 devstack@n-api.service[104165]: DEBUG nova.api.openstack.wsgi [None req-31a11646-f596-45d5-a842-bc76e6083872 admin admin] Action: 'create', calling method: >, body: {"flavor": {"ram": 8192, "vcpus": 4, "name": "m1.large", "os-flavor-access:is_public": true, "disk": 80, "rxtx_factor": 1.0, "OS-FLV-EXT-DATA:ephemeral": 0, "id": "4", "swap": 0}} {{(pid=104165) _process_stack /opt/stack/nova/nova/api/openstack/wsgi.py:511}}
Aug 02 04:20:53.851833 n-d-826752-7 devstack@n-api.service[104165]: INFO nova.api.openstack.requestlog [None req-31a11646-f596-45d5-a842-bc76e6083872 admin admin] 10.222.0.45 "POST /compute/v2.1/flavors" status: 200 len: 405 microversion: 2.61 time: 0.391713
Aug 02 04:20:53.852381 n-d-826752-7 devstack@n-api.service[104165]: [pid: 104165|app: 0|req: 15/31] 10.222.0.45 () {64 vars in 1282 bytes} [Tue Aug 2 04:20:53 2022] POST /compute/v2.1/flavors => generated 405 bytes in 393 msecs (HTTP/1.1 200) 9 headers in 359 bytes (2 switches on core 0)
Aug 02 04:20:53.865463 n-d-826752-7 devstack@n-api.service[104164]: DEBUG nova.api.openstack.wsgi [None req-e6d555e4-75fc-48c9-ae55-9634be46ff3f admin admin] Action: 'create', calling method: >, body: {"extra_specs": {"hw_rng:allowed": "True"}} {{(pid=104164) _process_stack /opt/stack/nova/nova/api/openstack/wsgi.py:511}}
Aug 02 04:20:53.890988 n-d-826752-7 devstack@n-api.service[104164]: INFO nova.api.openstack.requestlog [None req-e6d555e4-75fc-48c9-ae55-9634be46ff3f admin admin] 10.222.0.45 "POST /compute/v2.1/flavors/4/os-extra_specs" status: 200 len: 43 microversion: 2.61 time: 0.029924
Aug 02 04:20:53.891914 n-d-826752-7 devstack@n-api.service[104164]: [pid: 104164|app: 0|req: 17/32] 10.222.0.45 () {64 vars in 1332 bytes} [Tue Aug 2 04:20:53 2022] POST /compute/v2.1/flavors/4/os-extra_specs => generated 43 bytes in 31 msecs (HTTP/1.1 200) 9 headers in 358 bytes (2 switches on core 0)
Aug 02 04:20:56.127619 n-d-826752-7 devstack@n-api.service[104165]: DEBUG nova.api.openstack.wsgi [None req-31a11646-f596-45d5-a842-bc76e6083872 admin admin] Calling method '>' {{(pid=104165) _process_stack /opt/stack/nova/nova/api/openstack/wsgi.py:513}}
Aug 02 04:20:56.128870 n-d-826752-7 devstack@n-api.service[104165]: INFO nova.api.openstack.requestlog [None req-31a11646-f596-45d5-a842-bc76e6083872 admin admin] 10.222.0.45 "GET /compute/v2.1" status: 200 len: 388 microversion: 2.1 time: 0.002422
Aug 02 04:20:56.134510 n-d-826752-7 devstack@n-api.service[104165]: [pid: 104165|app: 0|req: 16/33] 10.222.0.45 () {54 vars in 930 bytes} [Tue Aug 2 04:20:56 2022] GET /compute/v2.1 => generated 388 bytes in 9 msecs (HTTP/1.1 200) 9 headers in 357 bytes (1 switches on core 0)
Aug 02 04:20:56.558310 n-d-826752-7 devstack@n-api.service[104164]: DEBUG nova.api.openstack.wsgi [None req-25db4bb6-d260-46af-b382-1f6733995167 admin admin] Action: 'create', calling method: >, body: {"flavor": {"disk": 160, "id": "5", "OS-FLV-EXT-DATA:ephemeral": 0, "swap": 0, "os-flavor-access:is_public": true, "name": "m1.xlarge", "rxtx_factor": 1.0, "ram": 16384, "vcpus": 8}} {{(pid=104164) _process_stack /opt/stack/nova/nova/api/openstack/wsgi.py:511}}
Aug 02 04:20:56.578272 n-d-826752-7 devstack@n-api.service[104164]: INFO nova.api.openstack.requestlog [None req-25db4bb6-d260-46af-b382-1f6733995167 admin admin] 10.222.0.45 "POST /compute/v2.1/flavors" status: 200 len: 408 microversion: 2.61 time: 0.442534
Aug 02 04:20:56.579393 n-d-826752-7 devstack@n-api.service[104164]: [pid: 104164|app: 0|req: 18/34] 10.222.0.45 () {64 vars in 1282 bytes} [Tue Aug 2 04:20:56 2022] POST /compute/v2.1/flavors => generated 408 bytes in 444 msecs (HTTP/1.1 200) 9 headers in 359 bytes (1 switches on core 0)
Aug 02 04:20:56.591685 n-d-826752-7 devstack@n-api.service[104165]: DEBUG nova.api.openstack.wsgi [None req-80b2034a-0e98-41c2-ad08-03d76b84bc7f admin admin] Action: 'create', calling method: >, body: {"extra_specs": {"hw_rng:allowed": "True"}} {{(pid=104165) _process_stack /opt/stack/nova/nova/api/openstack/wsgi.py:511}}
Aug 02 04:20:56.597571 n-d-826752-7 devstack@n-api.service[104165]: DEBUG dbcounter [-] [104165] Writing DB stats nova_api:SELECT=42,nova_api:INSERT=9,nova_api:SAVEPOINT=4,nova_api:RELEASE=4 {{(pid=104165) stat_writer /usr/local/lib/python3.8/dist-packages/dbcounter.py:114}}
Aug 02 04:20:56.620151 n-d-826752-7 devstack@n-api.service[104165]: INFO nova.api.openstack.requestlog [None req-80b2034a-0e98-41c2-ad08-03d76b84bc7f admin admin] 10.222.0.45 "POST /compute/v2.1/flavors/5/os-extra_specs" status: 200 len: 43 microversion: 2.61 time: 0.032063
Aug 02 04:20:56.620736 n-d-826752-7 devstack@n-api.service[104165]: [pid: 104165|app: 0|req: 17/35] 10.222.0.45 () {64 vars in 1332 bytes} [Tue Aug 2 04:20:56 2022] POST /compute/v2.1/flavors/5/os-extra_specs => generated 43 bytes in 33 msecs (HTTP/1.1 200) 9 headers in 358 bytes (1 switches on core 0)
Aug 02 04:21:20.942839 n-d-826752-7 devstack@n-api.service[104164]: DEBUG nova.api.openstack.wsgi [None req-25db4bb6-d260-46af-b382-1f6733995167 admin admin] Calling method '>' {{(pid=104164) _process_stack /opt/stack/nova/nova/api/openstack/wsgi.py:513}}
Aug 02 04:21:20.943847 n-d-826752-7 devstack@n-api.service[104164]: INFO nova.api.openstack.requestlog [None req-25db4bb6-d260-46af-b382-1f6733995167 admin admin] 10.222.0.45 "GET /compute/v2.1" status: 200 len: 388 microversion: 2.1 time: 0.001478
Aug 02 04:21:20.944244 n-d-826752-7 devstack@n-api.service[104164]: [pid: 104164|app: 0|req: 19/36] 10.222.0.45 () {54 vars in 930 bytes} [Tue Aug 2 04:21:20 2022] GET /compute/v2.1 => generated 388 bytes in 2 msecs (HTTP/1.1 200) 9 headers in 357 bytes (2 switches on core 0)
Aug 02 04:21:21.334814 n-d-826752-7 devstack@n-api.service[104165]: DEBUG nova.api.openstack.wsgi [None req-09a55d55-0387-47d4-b800-3821f741c509 admin admin] Calling method '>' {{(pid=104165) _process_stack /opt/stack/nova/nova/api/openstack/wsgi.py:513}}
Aug 02 04:21:21.352891 n-d-826752-7 devstack@n-api.service[104165]: INFO nova.api.openstack.requestlog [None req-09a55d55-0387-47d4-b800-3821f741c509 admin admin] 10.222.0.45 "GET /compute/v2.1/flavors/detail?is_public=True" status: 200 len: 4202 microversion: 2.61 time: 0.402801
Aug 02 04:21:21.353422 n-d-826752-7 devstack@n-api.service[104165]: [pid: 104165|app: 0|req: 18/37] 10.222.0.45 () {60 vars in 1291 bytes} [Tue Aug 2 04:21:20 2022] GET /compute/v2.1/flavors/detail?is_public=True => generated 4202 bytes in 404 msecs (HTTP/1.1 200) 9 headers in 360 bytes (1 switches on core 0)
Aug 02 04:21:22.399955 n-d-826752-7 devstack@n-api.service[104164]: DEBUG nova.api.openstack.wsgi [None req-25db4bb6-d260-46af-b382-1f6733995167 admin admin] Calling method '>' {{(pid=104164) _process_stack /opt/stack/nova/nova/api/openstack/wsgi.py:513}}
Aug 02 04:21:22.401022 n-d-826752-7 devstack@n-api.service[104164]: INFO nova.api.openstack.requestlog [None req-25db4bb6-d260-46af-b382-1f6733995167 admin admin] 10.222.0.45 "GET /compute/v2.1" status: 200 len: 388 microversion: 2.1 time: 0.001435
Aug 02 04:21:22.401416 n-d-826752-7 devstack@n-api.service[104164]: [pid: 104164|app: 0|req: 20/38] 10.222.0.45 () {56 vars in 1074 bytes} [Tue Aug 2 04:21:22 2022] GET /compute/v2.1 => generated 388 bytes in 2 msecs (HTTP/1.1 200) 9 headers in 357 bytes (1 switches on core 0)
Aug 02 04:21:22.940365 n-d-826752-7 devstack@n-api.service[104165]: DEBUG nova.api.openstack.wsgi [None req-c3528488-1285-42f2-a954-6f5a6984ffc6 admin admin] Calling method '>' {{(pid=104165) _process_stack /opt/stack/nova/nova/api/openstack/wsgi.py:513}}
Aug 02 04:21:22.945834 n-d-826752-7 devstack@n-api.service[104165]: INFO nova.api.openstack.wsgi [None req-c3528488-1285-42f2-a954-6f5a6984ffc6 admin admin] HTTP exception thrown: Flavor 42 could not be found.
Aug 02 04:21:22.949128 n-d-826752-7 devstack@n-api.service[104165]: DEBUG nova.api.openstack.wsgi [None req-c3528488-1285-42f2-a954-6f5a6984ffc6 admin admin] Request method failure captured:
Aug 02 04:21:22.949128 n-d-826752-7 devstack@n-api.service[104165]: request: GET /compute/v2.1/flavors/42 HTTP/1.1
Aug 02 04:21:22.949128 n-d-826752-7 devstack@n-api.service[104165]: Accept: application/json
Aug 02 04:21:22.949128 n-d-826752-7 devstack@n-api.service[104165]: Accept-Encoding: gzip, deflate
Aug 02 04:21:22.949128 n-d-826752-7 devstack@n-api.service[104165]: Connection: keep-alive
Aug 02 04:21:22.949128 n-d-826752-7 devstack@n-api.service[104165]: Content-Length: 0
