Jun 30 23:50:58.584290 n-d-826752-5 devstack@g-api.service[113713]: DEBUG glance.api.middleware.version_negotiation [None req-b37bb591-e13b-4d37-9c14-978d693b8e99 tempest-ServerRescueTestJSON-1967889291 tempest-ServerRescueTestJSON-1967889291-project] new path /v2/schemas/image {{(pid=113713) process_request /opt/stack/glance/glance/api/middleware/version_negotiation.py:70}}
Jun 30 23:50:58.598861 n-d-826752-5 devstack@g-api.service[113713]: [pid: 113713|app: 0|req: 325/628] 127.0.0.1 () {42 vars in 991 bytes} [Thu Jun 30 23:50:58 2022] GET /v2/schemas/image => generated 6083 bytes in 17 msecs (HTTP/1.1 200) 4 headers in 158 bytes (1 switches on core 0)
Jun 30 23:51:05.565704 n-d-826752-5 devstack@g-api.service[113714]: DEBUG glance.api.middleware.version_negotiation [None req-d42152be-260d-43a0-b1a2-c9a952e274f4 tempest-ServerActionsTestJSON-1562530440 tempest-ServerActionsTestJSON-1562530440-project] Determining version of request: GET /v2/images/4ba9e0ba-1140-47bc-8f41-858a23744a67 Accept: */* {{(pid=113714) process_request /opt/stack/glance/glance/api/middleware/version_negotiation.py:44}}
Jun 30 23:51:05.566667 n-d-826752-5 devstack@g-api.service[113714]: DEBUG glance.api.middleware.version_negotiation [None req-d42152be-260d-43a0-b1a2-c9a952e274f4 tempest-ServerActionsTestJSON-1562530440 tempest-ServerActionsTestJSON-1562530440-project] Using url versioning {{(pid=113714) process_request /opt/stack/glance/glance/api/middleware/version_negotiation.py:57}}
Jun 30 23:51:05.566667 n-d-826752-5 devstack@g-api.service[113714]: DEBUG glance.api.middleware.version_negotiation [None req-d42152be-260d-43a0-b1a2-c9a952e274f4 tempest-ServerActionsTestJSON-1562530440 tempest-ServerActionsTestJSON-1562530440-project] Matched version: v2 {{(pid=113714) process_request /opt/stack/glance/glance/api/middleware/version_negotiation.py:69}}
Jun 30 23:51:05.567075 n-d-826752-5 devstack@g-api.service[113714]: DEBUG glance.api.middleware.version_negotiation [None req-d42152be-260d-43a0-b1a2-c9a952e274f4 tempest-ServerActionsTestJSON-1562530440 tempest-ServerActionsTestJSON-1562530440-project] new path /v2/images/4ba9e0ba-1140-47bc-8f41-858a23744a67 {{(pid=113714) process_request /opt/stack/glance/glance/api/middleware/version_negotiation.py:70}}
Jun 30 23:51:05.594092 n-d-826752-5 devstack@g-api.service[113714]: [pid: 113714|app: 0|req: 304/629] 127.0.0.1 () {42 vars in 1051 bytes} [Thu Jun 30 23:51:05 2022] GET /v2/images/4ba9e0ba-1140-47bc-8f41-858a23744a67 => generated 946 bytes in 29 msecs (HTTP/1.1 200) 4 headers in 157 bytes (1 switches on core 0)
Jun 30 23:51:05.595735 n-d-826752-5 devstack@g-api.service[113713]: DEBUG glance.api.middleware.version_negotiation [None req-d42152be-260d-43a0-b1a2-c9a952e274f4 tempest-ServerActionsTestJSON-1562530440 tempest-ServerActionsTestJSON-1562530440-project] Determining version of request: GET /v2/schemas/image Accept: */* {{(pid=113713) process_request /opt/stack/glance/glance/api/middleware/version_negotiation.py:44}}
Jun 30 23:51:05.597269 n-d-826752-5 devstack@g-api.service[113713]: DEBUG glance.api.middleware.version_negotiation [None req-d42152be-260d-43a0-b1a2-c9a952e274f4 tempest-ServerActionsTestJSON-1562530440 tempest-ServerActionsTestJSON-1562530440-project] Using url versioning {{(pid=113713) process_request /opt/stack/glance/glance/api/middleware/version_negotiation.py:57}}
Jun 30 23:51:05.597817 n-d-826752-5 devstack@g-api.service[113713]: DEBUG glance.api.middleware.version_negotiation [None req-d42152be-260d-43a0-b1a2-c9a952e274f4 tempest-ServerActionsTestJSON-1562530440 tempest-ServerActionsTestJSON-1562530440-project] Matched version: v2 {{(pid=113713) process_request /opt/stack/glance/glance/api/middleware/version_negotiation.py:69}}
Jun 30 23:51:05.599335 n-d-826752-5 devstack@g-api.service[113713]: DEBUG glance.api.middleware.version_negotiation [None req-d42152be-260d-43a0-b1a2-c9a952e274f4 tempest-ServerActionsTestJSON-1562530440 tempest-ServerActionsTestJSON-1562530440-project] new path /v2/schemas/image {{(pid=113713) process_request /opt/stack/glance/glance/api/middleware/version_negotiation.py:70}}
Jun 30 23:51:05.635102 n-d-826752-5 devstack@g-api.service[113713]: [pid: 113713|app: 0|req: 326/630] 127.0.0.1 () {42 vars in 991 bytes} [Thu Jun 30 23:51:05 2022] GET /v2/schemas/image => generated 6083 bytes in 38 msecs (HTTP/1.1 200) 4 headers in 158 bytes (1 switches on core 0)
Jun 30 23:51:15.581786 n-d-826752-5 devstack@g-api.service[113714]: DEBUG dbcounter [-] [113714] Writing DB stats glance:SELECT=16 {{(pid=113714) stat_writer /usr/local/lib/python3.8/dist-packages/dbcounter.py:114}}
Jun 30 23:51:15.636513 n-d-826752-5 devstack@g-api.service[113714]: DEBUG glance.api.middleware.version_negotiation [None req-ee96eb78-063a-41df-8050-48e71d2a0257 tempest-ServerShowV254Test-478522910 tempest-ServerShowV254Test-478522910-project] Determining version of request: GET /v2/images/4ba9e0ba-1140-47bc-8f41-858a23744a67 Accept: */* {{(pid=113714) process_request /opt/stack/glance/glance/api/middleware/version_negotiation.py:44}}
Jun 30 23:51:15.636853 n-d-826752-5 devstack@g-api.service[113714]: DEBUG glance.api.middleware.version_negotiation [None req-ee96eb78-063a-41df-8050-48e71d2a0257 tempest-ServerShowV254Test-478522910 tempest-ServerShowV254Test-478522910-project] Using url versioning {{(pid=113714) process_request /opt/stack/glance/glance/api/middleware/version_negotiation.py:57}}
Jun 30 23:51:15.637179 n-d-826752-5 devstack@g-api.service[113714]: DEBUG glance.api.middleware.version_negotiation [None req-ee96eb78-063a-41df-8050-48e71d2a0257 tempest-ServerShowV254Test-478522910 tempest-ServerShowV254Test-478522910-project] Matched version: v2 {{(pid=113714) process_request /opt/stack/glance/glance/api/middleware/version_negotiation.py:69}}
Jun 30 23:51:15.637462 n-d-826752-5 devstack@g-api.service[113714]: DEBUG glance.api.middleware.version_negotiation [None req-ee96eb78-063a-41df-8050-48e71d2a0257 tempest-ServerShowV254Test-478522910 tempest-ServerShowV254Test-478522910-project] new path /v2/images/4ba9e0ba-1140-47bc-8f41-858a23744a67 {{(pid=113714) process_request /opt/stack/glance/glance/api/middleware/version_negotiation.py:70}}
Jun 30 23:51:15.712336 n-d-826752-5 devstack@g-api.service[113713]: DEBUG glance.api.middleware.version_negotiation [None req-ee96eb78-063a-41df-8050-48e71d2a0257 tempest-ServerShowV254Test-478522910 tempest-ServerShowV254Test-478522910-project] Determining version of request: GET /v2/schemas/image Accept: */* {{(pid=113713) process_request /opt/stack/glance/glance/api/middleware/version_negotiation.py:44}}
Jun 30 23:51:15.713368 n-d-826752-5 devstack@g-api.service[113713]: DEBUG glance.api.middleware.version_negotiation [None req-ee96eb78-063a-41df-8050-48e71d2a0257 tempest-ServerShowV254Test-478522910 tempest-ServerShowV254Test-478522910-project] Using url versioning {{(pid=113713) process_request /opt/stack/glance/glance/api/middleware/version_negotiation.py:57}}
Jun 30 23:51:15.713368 n-d-826752-5 devstack@g-api.service[113713]: DEBUG glance.api.middleware.version_negotiation [None req-ee96eb78-063a-41df-8050-48e71d2a0257 tempest-ServerShowV254Test-478522910 tempest-ServerShowV254Test-478522910-project] Matched version: v2 {{(pid=113713) process_request /opt/stack/glance/glance/api/middleware/version_negotiation.py:69}}
Jun 30 23:51:15.713368 n-d-826752-5 devstack@g-api.service[113713]: DEBUG glance.api.middleware.version_negotiation [None req-ee96eb78-063a-41df-8050-48e71d2a0257 tempest-ServerShowV254Test-478522910 tempest-ServerShowV254Test-478522910-project] new path /v2/schemas/image {{(pid=113713) process_request /opt/stack/glance/glance/api/middleware/version_negotiation.py:70}}
Jun 30 23:51:15.722631 n-d-826752-5 devstack@g-api.service[113713]: [pid: 113713|app: 0|req: 327/632] 127.0.0.1 () {42 vars in 991 bytes} [Thu Jun 30 23:51:15 2022] GET /v2/schemas/image => generated 6083 bytes in 11 msecs (HTTP/1.1 200) 4 headers in 158 bytes (1 switches on core 0)
Jun 30 23:51:15.736954 n-d-826752-5 devstack@g-api.service[113714]: [pid: 113714|app: 0|req: 305/632] 127.0.0.1 () {42 vars in 1051 bytes} [Thu Jun 30 23:51:15 2022] GET /v2/images/4ba9e0ba-1140-47bc-8f41-858a23744a67 => generated 946 bytes in 75 msecs (HTTP/1.1 200) 4 headers in 157 bytes (1 switches on core 0)
Jun 30 23:51:16.228190 n-d-826752-5 devstack@g-api.service[113713]: DEBUG glance.api.middleware.version_negotiation [None req-4309e41f-c8ac-44fc-a946-fc4939786aca tempest-ServerShowV254Test-478522910 tempest-ServerShowV254Test-478522910-project] Determining version of request: GET /v2/images/4ba9e0ba-1140-47bc-8f41-858a23744a67 Accept: */* {{(pid=113713) process_request /opt/stack/glance/glance/api/middleware/version_negotiation.py:44}}
Jun 30 23:51:16.228524 n-d-826752-5 devstack@g-api.service[113713]: DEBUG glance.api.middleware.version_negotiation [None req-4309e41f-c8ac-44fc-a946-fc4939786aca tempest-ServerShowV254Test-478522910 tempest-ServerShowV254Test-478522910-project] Using url versioning {{(pid=113713) process_request /opt/stack/glance/glance/api/middleware/version_negotiation.py:57}}
Jun 30 23:51:16.229511 n-d-826752-5 devstack@g-api.service[113713]: DEBUG glance.api.middleware.version_negotiation [None req-4309e41f-c8ac-44fc-a946-fc4939786aca tempest-ServerShowV254Test-478522910 tempest-ServerShowV254Test-478522910-project] Matched version: v2 {{(pid=113713) process_request /opt/stack/glance/glance/api/middleware/version_negotiation.py:69}}
Jun 30 23:51:16.229970 n-d-826752-5 devstack@g-api.service[113713]: DEBUG glance.api.middleware.version_negotiation [None req-4309e41f-c8ac-44fc-a946-fc4939786aca tempest-ServerShowV254Test-478522910 tempest-ServerShowV254Test-478522910-project] new path /v2/images/4ba9e0ba-1140-47bc-8f41-858a23744a67 {{(pid=113713) process_request /opt/stack/glance/glance/api/middleware/version_negotiation.py:70}}
Jun 30 23:51:16.237224 n-d-826752-5 devstack@g-api.service[113714]: DEBUG glance.api.middleware.version_negotiation [None req-4309e41f-c8ac-44fc-a946-fc4939786aca tempest-ServerShowV254Test-478522910 tempest-ServerShowV254Test-478522910-project] Determining version of request: GET /v2/images/4ba9e0ba-1140-47bc-8f41-858a23744a67 Accept: */* {{(pid=113714) process_request /opt/stack/glance/glance/api/middleware/version_negotiation.py:44}}
Jun 30 23:51:16.238360 n-d-826752-5 devstack@g-api.service[113714]: DEBUG glance.api.middleware.version_negotiation [None req-4309e41f-c8ac-44fc-a946-fc4939786aca tempest-ServerShowV254Test-478522910 tempest-ServerShowV254Test-478522910-project] Using url versioning {{(pid=113714) process_request /opt/stack/glance/glance/api/middleware/version_negotiation.py:57}}
Jun 30 23:51:16.238957 n-d-826752-5 devstack@g-api.service[113714]: DEBUG glance.api.middleware.version_negotiation [None req-4309e41f-c8ac-44fc-a946-fc4939786aca tempest-ServerShowV254Test-478522910 tempest-ServerShowV254Test-478522910-project] Matched version: v2 {{(pid=113714) process_request /opt/stack/glance/glance/api/middleware/version_negotiation.py:69}}
Jun 30 23:51:16.239429 n-d-826752-5 devstack@g-api.service[113714]: DEBUG glance.api.middleware.version_negotiation [None req-4309e41f-c8ac-44fc-a946-fc4939786aca tempest-ServerShowV254Test-478522910 tempest-ServerShowV254Test-478522910-project] new path /v2/images/4ba9e0ba-1140-47bc-8f41-858a23744a67 {{(pid=113714) process_request /opt/stack/glance/glance/api/middleware/version_negotiation.py:70}}
Jun 30 23:51:16.292406 n-d-826752-5 devstack@g-api.service[113714]: [pid: 113714|app: 0|req: 306/633] 127.0.0.1 () {40 vars in 844 bytes} [Thu Jun 30 23:51:16 2022] GET /v2/images/4ba9e0ba-1140-47bc-8f41-858a23744a67 => generated 946 bytes in 56 msecs (HTTP/1.1 200) 4 headers in 157 bytes (1 switches on core 0)
Jun 30 23:51:16.304081 n-d-826752-5 devstack@g-api.service[113714]: DEBUG glance.api.middleware.version_negotiation [None req-4309e41f-c8ac-44fc-a946-fc4939786aca tempest-ServerShowV254Test-478522910 tempest-ServerShowV254Test-478522910-project] Determining version of request: GET /v2/schemas/image Accept: */* {{(pid=113714) process_request /opt/stack/glance/glance/api/middleware/version_negotiation.py:44}}
Jun 30 23:51:16.304517 n-d-826752-5 devstack@g-api.service[113713]: [pid: 113713|app: 0|req: 328/634] 127.0.0.1 () {42 vars in 1051 bytes} [Thu Jun 30 23:51:16 2022] GET /v2/images/4ba9e0ba-1140-47bc-8f41-858a23744a67 => generated 946 bytes in 77 msecs (HTTP/1.1 200) 4 headers in 157 bytes (1 switches on core 0)
Jun 30 23:51:16.307922 n-d-826752-5 devstack@g-api.service[113713]: DEBUG glance.api.middleware.version_negotiation [None req-385790a2-78b4-4a81-b783-55cad31291b4 tempest-VolumesAdminNegativeTest-1912872398 tempest-VolumesAdminNegativeTest-1912872398-project] Determining version of request: GET /v2/schemas/image Accept: */* {{(pid=113713) process_request /opt/stack/glance/glance/api/middleware/version_negotiation.py:44}}
Jun 30 23:51:16.308681 n-d-826752-5 devstack@g-api.service[113714]: DEBUG glance.api.middleware.version_negotiation [None req-4309e41f-c8ac-44fc-a946-fc4939786aca tempest-ServerShowV254Test-478522910 tempest-ServerShowV254Test-478522910-project] Using url versioning {{(pid=113714) process_request /opt/stack/glance/glance/api/middleware/version_negotiation.py:57}}
Jun 30 23:51:16.309615 n-d-826752-5 devstack@g-api.service[113714]: DEBUG glance.api.middleware.version_negotiation [None req-4309e41f-c8ac-44fc-a946-fc4939786aca tempest-ServerShowV254Test-478522910 tempest-ServerShowV254Test-478522910-project] Matched version: v2 {{(pid=113714) process_request /opt/stack/glance/glance/api/middleware/version_negotiation.py:69}}
Jun 30 23:51:16.309944 n-d-826752-5 devstack@g-api.service[113713]: DEBUG glance.api.middleware.version_negotiation [None req-385790a2-78b4-4a81-b783-55cad31291b4 tempest-VolumesAdminNegativeTest-1912872398 tempest-VolumesAdminNegativeTest-1912872398-project] Using url versioning {{(pid=113713) process_request /opt/stack/glance/glance/api/middleware/version_negotiation.py:57}}
Jun 30 23:51:16.310403 n-d-826752-5 devstack@g-api.service[113714]: DEBUG glance.api.middleware.version_negotiation [None req-4309e41f-c8ac-44fc-a946-fc4939786aca tempest-ServerShowV254Test-478522910 tempest-ServerShowV254Test-478522910-project] new path /v2/schemas/image {{(pid=113714) process_request /opt/stack/glance/glance/api/middleware/version_negotiation.py:70}}
Jun 30 23:51:16.311216 n-d-826752-5 devstack@g-api.service[113713]: DEBUG glance.api.middleware.version_negotiation [None req-385790a2-78b4-4a81-b783-55cad31291b4 tempest-VolumesAdminNegativeTest-1912872398 tempest-VolumesAdminNegativeTest-1912872398-project] Matched version: v2 {{(pid=113713) process_request /opt/stack/glance/glance/api/middleware/version_negotiation.py:69}}
Jun 30 23:51:16.311714 n-d-826752-5 devstack@g-api.service[113713]: DEBUG glance.api.middleware.version_negotiation [None req-385790a2-78b4-4a81-b783-55cad31291b4 tempest-VolumesAdminNegativeTest-1912872398 tempest-VolumesAdminNegativeTest-1912872398-project] new path /v2/schemas/image {{(pid=113713) process_request /opt/stack/glance/glance/api/middleware/version_negotiation.py:70}}
Jun 30 23:51:16.325859 n-d-826752-5 devstack@g-api.service[113714]: [pid: 113714|app: 0|req: 307/635] 127.0.0.1 () {40 vars in 784 bytes} [Thu Jun 30 23:51:16 2022] GET /v2/schemas/image => generated 6083 bytes in 22 msecs (HTTP/1.1 200) 4 headers in 158 bytes (1 switches on core 0)
Jun 30 23:51:16.331641 n-d-826752-5 devstack@g-api.service[113713]: [pid: 113713|app: 0|req: 329/636] 127.0.0.1 () {42 vars in 991 bytes} [Thu Jun 30 23:51:16 2022] GET /v2/schemas/image => generated 6083 bytes in 22 msecs (HTTP/1.1 200) 4 headers in 158 bytes (1 switches on core 0)
Jun 30 23:51:23.303337 n-d-826752-5 devstack@g-api.service[113714]: DEBUG glance.api.middleware.version_negotiation [None req-4309e41f-c8ac-44fc-a946-fc4939786aca tempest-ServerShowV254Test-478522910 tempest-ServerShowV254Test-478522910-project] Determining version of request: GET /v2/images/4ba9e0ba-1140-47bc-8f41-858a23744a67 Accept: */* {{(pid=113714) process_request /opt/stack/glance/glance/api/middleware/version_negotiation.py:44}}
Jun 30 23:51:23.304199 n-d-826752-5 devstack@g-api.service[113714]: DEBUG glance.api.middleware.version_negotiation [None req-4309e41f-c8ac-44fc-a946-fc4939786aca tempest-ServerShowV254Test-478522910 tempest-ServerShowV254Test-478522910-project] Using url versioning {{(pid=113714) process_request /opt/stack/glance/glance/api/middleware/version_negotiation.py:57}}
Jun 30 23:51:23.304199 n-d-826752-5 devstack@g-api.service[113714]: DEBUG glance.api.middleware.version_negotiation [None req-4309e41f-c8ac-44fc-a946-fc4939786aca tempest-ServerShowV254Test-478522910 tempest-ServerShowV254Test-478522910-project] Matched version: v2 {{(pid=113714) process_request /opt/stack/glance/glance/api/middleware/version_negotiation.py:69}}
Jun 30 23:51:23.304524 n-d-826752-5 devstack@g-api.service[113714]: DEBUG glance.api.middleware.version_negotiation [None req-4309e41f-c8ac-44fc-a946-fc4939786aca tempest-ServerShowV254Test-478522910 tempest-ServerShowV254Test-478522910-project] new path /v2/images/4ba9e0ba-1140-47bc-8f41-858a23744a67 {{(pid=113714) process_request /opt/stack/glance/glance/api/middleware/version_negotiation.py:70}}
Jun 30 23:51:23.363242 n-d-826752-5 devstack@g-api.service[113714]: [pid: 113714|app: 0|req: 308/637] 127.0.0.1 () {40 vars in 844 bytes} [Thu Jun 30 23:51:23 2022] GET /v2/images/4ba9e0ba-1140-47bc-8f41-858a23744a67 => generated 946 bytes in 60 msecs (HTTP/1.1 200) 4 headers in 157 bytes (1 switches on core 0)
Jun 30 23:51:23.369378 n-d-826752-5 devstack@g-api.service[113713]: DEBUG glance.api.middleware.version_negotiation [None req-385790a2-78b4-4a81-b783-55cad31291b4 tempest-VolumesAdminNegativeTest-1912872398 tempest-VolumesAdminNegativeTest-1912872398-project] Determining version of request: GET /v2/schemas/image Accept: */* {{(pid=113713) process_request /opt/stack/glance/glance/api/middleware/version_negotiation.py:44}}
Jun 30 23:51:23.370136 n-d-826752-5 devstack@g-api.service[113713]: DEBUG glance.api.middleware.version_negotiation [None req-385790a2-78b4-4a81-b783-55cad31291b4 tempest-VolumesAdminNegativeTest-1912872398 tempest-VolumesAdminNegativeTest-1912872398-project] Using url versioning {{(pid=113713) process_request /opt/stack/glance/glance/api/middleware/version_negotiation.py:57}}
Jun 30 23:51:23.370503 n-d-826752-5 devstack@g-api.service[113713]: DEBUG glance.api.middleware.version_negotiation [None req-385790a2-78b4-4a81-b783-55cad31291b4 tempest-VolumesAdminNegativeTest-1912872398 tempest-VolumesAdminNegativeTest-1912872398-project] Matched version: v2 {{(pid=113713) process_request /opt/stack/glance/glance/api/middleware/version_negotiation.py:69}}
Jun 30 23:51:23.370998 n-d-826752-5 devstack@g-api.service[113713]: DEBUG glance.api.middleware.version_negotiation [None req-385790a2-78b4-4a81-b783-55cad31291b4 tempest-VolumesAdminNegativeTest-1912872398 tempest-VolumesAdminNegativeTest-1912872398-project] new path /v2/schemas/image {{(pid=113713) process_request /opt/stack/glance/glance/api/middleware/version_negotiation.py:70}}
Jun 30 23:51:23.379828 n-d-826752-5 devstack@g-api.service[113713]: [pid: 113713|app: 0|req: 330/638] 127.0.0.1 () {40 vars in 784 bytes} [Thu Jun 30 23:51:23 2022] GET /v2/schemas/image => generated 6083 bytes in 10 msecs (HTTP/1.1 200) 4 headers in 158 bytes (1 switches on core 0)
Jun 30 23:51:26.277689 n-d-826752-5 devstack@g-api.service[113713]: DEBUG dbcounter [-] [113713] Writing DB stats glance:SELECT=4 {{(pid=113713) stat_writer /usr/local/lib/python3.8/dist-packages/dbcounter.py:114}}
Jun 30 23:51:33.344712 n-d-826752-5 devstack@g-api.service[113714]: DEBUG dbcounter [-] [113714] Writing DB stats glance:SELECT=12 {{(pid=113714) stat_writer /usr/local/lib/python3.8/dist-packages/dbcounter.py:114}}
Jun 30 23:51:33.595649 n-d-826752-5 devstack@g-api.service[113714]: DEBUG glance.api.middleware.version_negotiation [None req-6e6e2c9c-448d-4904-88e5-03842717cd94 tempest-ServerRescueTestJSON-1967889291 tempest-ServerRescueTestJSON-1967889291-project] Determining version of request: GET /v2/images/4ba9e0ba-1140-47bc-8f41-858a23744a67 Accept: */* {{(pid=113714) process_request /opt/stack/glance/glance/api/middleware/version_negotiation.py:44}}
Jun 30 23:51:33.598079 n-d-826752-5 devstack@g-api.service[113714]: DEBUG glance.api.middleware.version_negotiation [None req-6e6e2c9c-448d-4904-88e5-03842717cd94 tempest-ServerRescueTestJSON-1967889291 tempest-ServerRescueTestJSON-1967889291-project] Using url versioning {{(pid=113714) process_request /opt/stack/glance/glance/api/middleware/version_negotiation.py:57}}
Jun 30 23:51:33.598567 n-d-826752-5 devstack@g-api.service[113714]: DEBUG glance.api.middleware.version_negotiation [None req-6e6e2c9c-448d-4904-88e5-03842717cd94 tempest-ServerRescueTestJSON-1967889291 tempest-ServerRescueTestJSON-1967889291-project] Matched version: v2 {{(pid=113714) process_request /opt/stack/glance/glance/api/middleware/version_negotiation.py:69}}
Jun 30 23:51:33.599198 n-d-826752-5 devstack@g-api.service[113714]: DEBUG glance.api.middleware.version_negotiation [None req-6e6e2c9c-448d-4904-88e5-03842717cd94 tempest-ServerRescueTestJSON-1967889291 tempest-ServerRescueTestJSON-1967889291-project] new path /v2/images/4ba9e0ba-1140-47bc-8f41-858a23744a67 {{(pid=113714) process_request /opt/stack/glance/glance/api/middleware/version_negotiation.py:70}}
Jun 30 23:51:33.618994 n-d-826752-5 devstack@g-api.service[113714]: [pid: 113714|app: 0|req: 309/639] 127.0.0.1 () {42 vars in 1051 bytes} [Thu Jun 30 23:51:33 2022] GET /v2/images/4ba9e0ba-1140-47bc-8f41-858a23744a67 => generated 946 bytes in 24 msecs (HTTP/1.1 200) 4 headers in 157 bytes (1 switches on core 0)
Jun 30 23:51:33.624111 n-d-826752-5 devstack@g-api.service[113713]: DEBUG glance.api.middleware.version_negotiation [None req-6e6e2c9c-448d-4904-88e5-03842717cd94 tempest-ServerRescueTestJSON-1967889291 tempest-ServerRescueTestJSON-1967889291-project] Determining version of request: GET /v2/schemas/image Accept: */* {{(pid=113713) process_request /opt/stack/glance/glance/api/middleware/version_negotiation.py:44}}
Jun 30 23:51:33.625183 n-d-826752-5 devstack@g-api.service[113713]: DEBUG glance.api.middleware.version_negotiation [None req-6e6e2c9c-448d-4904-88e5-03842717cd94 tempest-ServerRescueTestJSON-1967889291 tempest-ServerRescueTestJSON-1967889291-project] Using url versioning {{(pid=113713) process_request /opt/stack/glance/glance/api/middleware/version_negotiation.py:57}}
Jun 30 23:51:33.625670 n-d-826752-5 devstack@g-api.service[113713]: DEBUG glance.api.middleware.version_negotiation [None req-6e6e2c9c-448d-4904-88e5-03842717cd94 tempest-ServerRescueTestJSON-1967889291 tempest-ServerRescueTestJSON-1967889291-project] Matched version: v2 {{(pid=113713) process_request /opt/stack/glance/glance/api/middleware/version_negotiation.py:69}}
Jun 30 23:51:33.626129 n-d-826752-5 devstack@g-api.service[113713]: DEBUG glance.api.middleware.version_negotiation [None req-6e6e2c9c-448d-4904-88e5-03842717cd94 tempest-ServerRescueTestJSON-1967889291 tempest-ServerRescueTestJSON-1967889291-project] new path /v2/schemas/image {{(pid=113713) process_request /opt/stack/glance/glance/api/middleware/version_negotiation.py:70}}
Jun 30 23:51:33.630983 n-d-826752-5 devstack@g-api.service[113713]: [pid: 113713|app: 0|req: 331/640] 127.0.0.1 () {42 vars in 991 bytes} [Thu Jun 30 23:51:33 2022] GET /v2/schemas/image => generated 6083 bytes in 7 msecs (HTTP/1.1 200) 4 headers in 158 bytes (1 switches on core 0)
Jun 30 23:51:43.613237 n-d-826752-5 devstack@g-api.service[113714]: DEBUG dbcounter [-] [113714] Writing DB stats glance:SELECT=4 {{(pid=113714) stat_writer /usr/local/lib/python3.8/dist-packages/dbcounter.py:114}}
Jun 30 23:51:55.115487 n-d-826752-5 devstack@g-api.service[113714]: DEBUG glance.api.middleware.version_negotiation [None req-55ba2d1d-ec12-47c5-9f6f-a5b2feaf9efc tempest-ServerDiskConfigTestJSON-1830599068 tempest-ServerDiskConfigTestJSON-1830599068-project] Determining version of request: GET /v2/images/4ba9e0ba-1140-47bc-8f41-858a23744a67 Accept: */* {{(pid=113714) process_request /opt/stack/glance/glance/api/middleware/version_negotiation.py:44}}
Jun 30 23:51:55.117018 n-d-826752-5 devstack@g-api.service[113714]: DEBUG glance.api.middleware.version_negotiation [None req-55ba2d1d-ec12-47c5-9f6f-a5b2feaf9efc tempest-ServerDiskConfigTestJSON-1830599068 tempest-ServerDiskConfigTestJSON-1830599068-project] Using url versioning {{(pid=113714) process_request /opt/stack/glance/glance/api/middleware/version_negotiation.py:57}}
Jun 30 23:51:55.117571 n-d-826752-5 devstack@g-api.service[113714]: DEBUG glance.api.middleware.version_negotiation [None req-55ba2d1d-ec12-47c5-9f6f-a5b2feaf9efc tempest-ServerDiskConfigTestJSON-1830599068 tempest-ServerDiskConfigTestJSON-1830599068-project] Matched version: v2 {{(pid=113714) process_request /opt/stack/glance/glance/api/middleware/version_negotiation.py:69}}
Jun 30 23:51:55.118361 n-d-826752-5 devstack@g-api.service[113714]: DEBUG glance.api.middleware.version_negotiation [None req-55ba2d1d-ec12-47c5-9f6f-a5b2feaf9efc tempest-ServerDiskConfigTestJSON-1830599068 tempest-ServerDiskConfigTestJSON-1830599068-project] new path /v2/images/4ba9e0ba-1140-47bc-8f41-858a23744a67 {{(pid=113714) process_request /opt/stack/glance/glance/api/middleware/version_negotiation.py:70}}
Jun 30 23:51:55.186866 n-d-826752-5 devstack@g-api.service[113714]: [pid: 113714|app: 0|req: 310/641] 127.0.0.1 () {42 vars in 1051 bytes} [Thu Jun 30 23:51:55 2022] GET /v2/images/4ba9e0ba-1140-47bc-8f41-858a23744a67 => generated 946 bytes in 72 msecs (HTTP/1.1 200) 4 headers in 157 bytes (1 switches on core 0)
Jun 30 23:51:55.193409 n-d-826752-5 devstack@g-api.service[113713]: DEBUG glance.api.middleware.version_negotiation [None req-55ba2d1d-ec12-47c5-9f6f-a5b2feaf9efc tempest-ServerDiskConfigTestJSON-1830599068 tempest-ServerDiskConfigTestJSON-1830599068-project] Determining version of request: GET /v2/schemas/image Accept: */* {{(pid=113713) process_request /opt/stack/glance/glance/api/middleware/version_negotiation.py:44}}
Jun 30 23:51:55.194215 n-d-826752-5 devstack@g-api.service[113713]: DEBUG glance.api.middleware.version_negotiation [None req-55ba2d1d-ec12-47c5-9f6f-a5b2feaf9efc tempest-ServerDiskConfigTestJSON-1830599068 tempest-ServerDiskConfigTestJSON-1830599068-project] Using url versioning {{(pid=113713) process_request /opt/stack/glance/glance/api/middleware/version_negotiation.py:57}}
Jun 30 23:51:55.194215 n-d-826752-5 devstack@g-api.service[113713]: DEBUG glance.api.middleware.version_negotiation [None req-55ba2d1d-ec12-47c5-9f6f-a5b2feaf9efc tempest-ServerDiskConfigTestJSON-1830599068 tempest-ServerDiskConfigTestJSON-1830599068-project] Matched version: v2 {{(pid=113713) process_request /opt/stack/glance/glance/api/middleware/version_negotiation.py:69}}
Jun 30 23:51:55.194553 n-d-826752-5 devstack@g-api.service[113713]: DEBUG glance.api.middleware.version_negotiation [None req-55ba2d1d-ec12-47c5-9f6f-a5b2feaf9efc tempest-ServerDiskConfigTestJSON-1830599068 tempest-ServerDiskConfigTestJSON-1830599068-project] new path /v2/schemas/image {{(pid=113713) process_request /opt/stack/glance/glance/api/middleware/version_negotiation.py:70}}
Jun 30 23:51:55.201384 n-d-826752-5 devstack@g-api.service[113713]: [pid: 113713|app: 0|req: 332/642] 127.0.0.1 () {42 vars in 991 bytes} [Thu Jun 30 23:51:55 2022] GET /v2/schemas/image => generated 6083 bytes in 6 msecs (HTTP/1.1 200) 4 headers in 158 bytes (1 switches on core 0)
Jun 30 23:51:55.589773 n-d-826752-5 devstack@g-api.service[113714]: DEBUG glance.api.middleware.version_negotiation [None req-ced868f2-03c3-4eb3-88c5-354133950cba tempest-ServerDiskConfigTestJSON-1830599068 tempest-ServerDiskConfigTestJSON-1830599068-project] Determining version of request: GET /v2/images/4ba9e0ba-1140-47bc-8f41-858a23744a67 Accept: */* {{(pid=113714) process_request /opt/stack/glance/glance/api/middleware/version_negotiation.py:44}}
Jun 30 23:51:55.590246 n-d-826752-5 devstack@g-api.service[113714]: DEBUG glance.api.middleware.version_negotiation [None req-ced868f2-03c3-4eb3-88c5-354133950cba tempest-ServerDiskConfigTestJSON-1830599068 tempest-ServerDiskConfigTestJSON-1830599068-project] Using url versioning {{(pid=113714) process_request /opt/stack/glance/glance/api/middleware/version_negotiation.py:57}}
Jun 30 23:51:55.590856 n-d-826752-5 devstack@g-api.service[113714]: DEBUG glance.api.middleware.version_negotiation [None req-ced868f2-03c3-4eb3-88c5-354133950cba tempest-ServerDiskConfigTestJSON-1830599068 tempest-ServerDiskConfigTestJSON-1830599068-project] Matched version: v2 {{(pid=113714) process_request /opt/stack/glance/glance/api/middleware/version_negotiation.py:69}}
Jun 30 23:51:55.591630 n-d-826752-5 devstack@g-api.service[113714]: DEBUG glance.api.middleware.version_negotiation [None req-ced868f2-03c3-4eb3-88c5-354133950cba tempest-ServerDiskConfigTestJSON-1830599068 tempest-ServerDiskConfigTestJSON-1830599068-project] new path /v2/images/4ba9e0ba-1140-47bc-8f41-858a23744a67 {{(pid=113714) process_request /opt/stack/glance/glance/api/middleware/version_negotiation.py:70}}
Jun 30 23:51:55.622801 n-d-826752-5 devstack@g-api.service[113714]: [pid: 113714|app: 0|req: 311/643] 127.0.0.1 () {40 vars in 844 bytes} [Thu Jun 30 23:51:55 2022] GET /v2/images/4ba9e0ba-1140-47bc-8f41-858a23744a67 => generated 946 bytes in 34 msecs (HTTP/1.1 200) 4 headers in 157 bytes (1 switches on core 0)
Jun 30 23:51:55.629548 n-d-826752-5 devstack@g-api.service[113713]: DEBUG glance.api.middleware.version_negotiation [None req-ced868f2-03c3-4eb3-88c5-354133950cba tempest-ServerDiskConfigTestJSON-1830599068 tempest-ServerDiskConfigTestJSON-1830599068-project] Determining version of request: GET /v2/schemas/image Accept: */* {{(pid=113713) process_request /opt/stack/glance/glance/api/middleware/version_negotiation.py:44}}
Jun 30 23:51:55.629852 n-d-826752-5 devstack@g-api.service[113713]: DEBUG glance.api.middleware.version_negotiation [None req-ced868f2-03c3-4eb3-88c5-354133950cba tempest-ServerDiskConfigTestJSON-1830599068 tempest-ServerDiskConfigTestJSON-1830599068-project] Using url versioning {{(pid=113713) process_request /opt/stack/glance/glance/api/middleware/version_negotiation.py:57}}
Jun 30 23:51:55.630182 n-d-826752-5 devstack@g-api.service[113713]: DEBUG glance.api.middleware.version_negotiation [None req-ced868f2-03c3-4eb3-88c5-354133950cba tempest-ServerDiskConfigTestJSON-1830599068 tempest-ServerDiskConfigTestJSON-1830599068-project] Matched version: v2 {{(pid=113713) process_request /opt/stack/glance/glance/api/middleware/version_negotiation.py:69}}
Jun 30 23:51:55.630454 n-d-826752-5 devstack@g-api.service[113713]: DEBUG glance.api.middleware.version_negotiation [None req-ced868f2-03c3-4eb3-88c5-354133950cba tempest-ServerDiskConfigTestJSON-1830599068 tempest-ServerDiskConfigTestJSON-1830599068-project] new path /v2/schemas/image {{(pid=113713) process_request /opt/stack/glance/glance/api/middleware/version_negotiation.py:70}}
Jun 30 23:51:55.636039 n-d-826752-5 devstack@g-api.service[113713]: [pid: 113713|app: 0|req: 333/644] 127.0.0.1 () {40 vars in 784 bytes} [Thu Jun 30 23:51:55 2022] GET /v2/schemas/image => generated 6083 bytes in 7 msecs (HTTP/1.1 200) 4 headers in 158 bytes (1 switches on core 0)
Jun 30 23:52:05.619473 n-d-826752-5 devstack@g-api.service[113714]: DEBUG dbcounter [-] [113714] Writing DB stats glance:SELECT=8 {{(pid=113714) stat_writer /usr/local/lib/python3.8/dist-packages/dbcounter.py:114}}
Jun 30 23:52:23.534263 n-d-826752-5 devstack@g-api.service[113714]: DEBUG glance.api.middleware.version_negotiation [None req-ced868f2-03c3-4eb3-88c5-354133950cba tempest-ServerDiskConfigTestJSON-1830599068 tempest-ServerDiskConfigTestJSON-1830599068-project] Determining version of request: POST /v2/images Accept: application/json {{(pid=113714) process_request /opt/stack/glance/glance/api/middleware/version_negotiation.py:44}}
Jun 30 23:52:23.536707 n-d-826752-5 devstack@g-api.service[113714]: DEBUG glance.api.middleware.version_negotiation [None req-ced868f2-03c3-4eb3-88c5-354133950cba tempest-ServerDiskConfigTestJSON-1830599068 tempest-ServerDiskConfigTestJSON-1830599068-project] Using url versioning {{(pid=113714) process_request /opt/stack/glance/glance/api/middleware/version_negotiation.py:57}}
Jun 30 23:52:23.537621 n-d-826752-5 devstack@g-api.service[113714]: DEBUG glance.api.middleware.version_negotiation [None req-ced868f2-03c3-4eb3-88c5-354133950cba tempest-ServerDiskConfigTestJSON-1830599068 tempest-ServerDiskConfigTestJSON-1830599068-project] Matched version: v2 {{(pid=113714) process_request /opt/stack/glance/glance/api/middleware/version_negotiation.py:69}}
Jun 30 23:52:23.538468 n-d-826752-5 devstack@g-api.service[113714]: DEBUG glance.api.middleware.version_negotiation [None req-ced868f2-03c3-4eb3-88c5-354133950cba tempest-ServerDiskConfigTestJSON-1830599068 tempest-ServerDiskConfigTestJSON-1830599068-project] new path /v2/images {{(pid=113714) process_request /opt/stack/glance/glance/api/middleware/version_negotiation.py:70}}
Jun 30 23:52:23.598752 n-d-826752-5 devstack@g-api.service[113714]: [pid: 113714|app: 0|req: 312/645] 127.0.0.1 () {40 vars in 723 bytes} [Thu Jun 30 23:52:23 2022] POST /v2/images => generated 633 bytes in 67 msecs (HTTP/1.1 201) 6 headers in 314 bytes (1 switches on core 0)
Jun 30 23:52:23.599013 n-d-826752-5 devstack@g-api.service[113713]: DEBUG glance.api.middleware.version_negotiation [None req-ced868f2-03c3-4eb3-88c5-354133950cba tempest-ServerDiskConfigTestJSON-1830599068 tempest-ServerDiskConfigTestJSON-1830599068-project] Determining version of request: PUT /v2/images/9bce256c-4cc5-4f57-99cc-feadb1dd8ba1/file Accept: {{(pid=113713) process_request /opt/stack/glance/glance/api/middleware/version_negotiation.py:44}}
Jun 30 23:52:23.599489 n-d-826752-5 devstack@g-api.service[113713]: DEBUG glance.api.middleware.version_negotiation [None req-ced868f2-03c3-4eb3-88c5-354133950cba tempest-ServerDiskConfigTestJSON-1830599068 tempest-ServerDiskConfigTestJSON-1830599068-project] Using url versioning {{(pid=113713) process_request /opt/stack/glance/glance/api/middleware/version_negotiation.py:57}}
Jun 30 23:52:23.599634 n-d-826752-5 devstack@g-api.service[113713]: DEBUG glance.api.middleware.version_negotiation [None req-ced868f2-03c3-4eb3-88c5-354133950cba tempest-ServerDiskConfigTestJSON-1830599068 tempest-ServerDiskConfigTestJSON-1830599068-project] Matched version: v2 {{(pid=113713) process_request /opt/stack/glance/glance/api/middleware/version_negotiation.py:69}}
Jun 30 23:52:23.599849 n-d-826752-5 devstack@g-api.service[113713]: DEBUG glance.api.middleware.version_negotiation [None req-ced868f2-03c3-4eb3-88c5-354133950cba tempest-ServerDiskConfigTestJSON-1830599068 tempest-ServerDiskConfigTestJSON-1830599068-project] new path /v2/images/9bce256c-4cc5-4f57-99cc-feadb1dd8ba1/file {{(pid=113713) process_request /opt/stack/glance/glance/api/middleware/version_negotiation.py:70}}
Jun 30 23:52:23.618926 n-d-826752-5 devstack@g-api.service[113713]: INFO glance.api.v2.image_data [None req-66614ab3-9ce9-412b-b422-43ea47a1e868 tempest-FlavorsV2NegativeTest-750292582 tempest-FlavorsV2NegativeTest-750292582-project] Unable to create trust: no such option collect_timing in group [keystone_authtoken] Use the existing user token.
Jun 30 23:52:23.686897 n-d-826752-5 devstack@g-api.service[113713]: DEBUG glance_store.backend [None req-66614ab3-9ce9-412b-b422-43ea47a1e868 tempest-FlavorsV2NegativeTest-750292582 tempest-FlavorsV2NegativeTest-750292582-project] Attempting to import store swift {{(pid=113713) _load_store /usr/local/lib/python3.8/dist-packages/glance_store/backend.py:217}}
Jun 30 23:52:23.691442 n-d-826752-5 devstack@g-api.service[113713]: DEBUG glance_store.capabilities [None req-66614ab3-9ce9-412b-b422-43ea47a1e868 tempest-FlavorsV2NegativeTest-750292582 tempest-FlavorsV2NegativeTest-750292582-project] Store glance_store._drivers.swift.store.SingleTenantStore doesn't support updating dynamic storage capabilities. Please overwrite 'update_capabilities' method of the store to implement updating logics if needed. {{(pid=113713) update_capabilities /usr/local/lib/python3.8/dist-packages/glance_store/capabilities.py:91}}
Jun 30 23:52:23.692081 n-d-826752-5 devstack@g-api.service[113713]: DEBUG glance_store.driver [None req-66614ab3-9ce9-412b-b422-43ea47a1e868 tempest-FlavorsV2NegativeTest-750292582 tempest-FlavorsV2NegativeTest-750292582-project] Late loading location class glance_store._drivers.swift.store.StoreLocation {{(pid=113713) get_store_location_class /usr/local/lib/python3.8/dist-packages/glance_store/driver.py:117}}
Jun 30 23:52:23.692747 n-d-826752-5 devstack@g-api.service[113713]: DEBUG glance_store.location [None req-66614ab3-9ce9-412b-b422-43ea47a1e868 tempest-FlavorsV2NegativeTest-750292582 tempest-FlavorsV2NegativeTest-750292582-project] Registering scheme swift+https with {'store': , 'location_class': , 'store_entry': 'swift'} {{(pid=113713) register_scheme_map /usr/local/lib/python3.8/dist-packages/glance_store/location.py:146}}
Jun 30 23:52:23.693577 n-d-826752-5 devstack@g-api.service[113713]: DEBUG glance_store.location [None req-66614ab3-9ce9-412b-b422-43ea47a1e868 tempest-FlavorsV2NegativeTest-750292582 tempest-FlavorsV2NegativeTest-750292582-project] Registering scheme swift+https with {'store': , 'location_class': , 'store_entry': 'swift'} {{(pid=113713) register_scheme_map /usr/local/lib/python3.8/dist-packages/glance_store/location.py:146}}
Jun 30 23:52:23.694620 n-d-826752-5 devstack@g-api.service[113713]: DEBUG glance_store.location [None req-66614ab3-9ce9-412b-b422-43ea47a1e868 tempest-FlavorsV2NegativeTest-750292582 tempest-FlavorsV2NegativeTest-750292582-project] Registering scheme swift with {'store': , 'location_class': , 'store_entry': 'swift'} {{(pid=113713) register_scheme_map /usr/local/lib/python3.8/dist-packages/glance_store/location.py:146}}
Jun 30 23:52:23.695052 n-d-826752-5 devstack@g-api.service[113713]: DEBUG glance_store.location [None req-66614ab3-9ce9-412b-b422-43ea47a1e868 tempest-FlavorsV2NegativeTest-750292582 tempest-FlavorsV2NegativeTest-750292582-project] Registering scheme swift+https with {'store': , 'location_class': , 'store_entry': 'swift'} {{(pid=113713) register_scheme_map /usr/local/lib/python3.8/dist-packages/glance_store/location.py:146}}
Jun 30 23:52:23.695462 n-d-826752-5 devstack@g-api.service[113713]: DEBUG glance_store.location [None req-66614ab3-9ce9-412b-b422-43ea47a1e868 tempest-FlavorsV2NegativeTest-750292582 tempest-FlavorsV2NegativeTest-750292582-project] Registering scheme swift with {'store': , 'location_class': , 'store_entry': 'swift'} {{(pid=113713) register_scheme_map /usr/local/lib/python3.8/dist-packages/glance_store/location.py:146}}
Jun 30 23:52:23.696082 n-d-826752-5 devstack@g-api.service[113713]: DEBUG glance_store.location [None req-66614ab3-9ce9-412b-b422-43ea47a1e868 tempest-FlavorsV2NegativeTest-750292582 tempest-FlavorsV2NegativeTest-750292582-project] Registering scheme swift+http with {'store': , 'location_class': , 'store_entry': 'swift'} {{(pid=113713) register_scheme_map /usr/local/lib/python3.8/dist-packages/glance_store/location.py:146}}
Jun 30 23:52:23.696527 n-d-826752-5 devstack@g-api.service[113713]: DEBUG glance_store.location [None req-66614ab3-9ce9-412b-b422-43ea47a1e868 tempest-FlavorsV2NegativeTest-750292582 tempest-FlavorsV2NegativeTest-750292582-project] Registering scheme swift+https with {'store': , 'location_class': , 'store_entry': 'swift'} {{(pid=113713) register_scheme_map /usr/local/lib/python3.8/dist-packages/glance_store/location.py:146}}
Jun 30 23:52:23.696937 n-d-826752-5 devstack@g-api.service[113713]: DEBUG glance_store.location [None req-66614ab3-9ce9-412b-b422-43ea47a1e868 tempest-FlavorsV2NegativeTest-750292582 tempest-FlavorsV2NegativeTest-750292582-project] Registering scheme swift with {'store': , 'location_class': , 'store_entry': 'swift'} {{(pid=113713) register_scheme_map /usr/local/lib/python3.8/dist-packages/glance_store/location.py:146}}
Jun 30 23:52:23.697398 n-d-826752-5 devstack@g-api.service[113713]: DEBUG glance_store.location [None req-66614ab3-9ce9-412b-b422-43ea47a1e868 tempest-FlavorsV2NegativeTest-750292582 tempest-FlavorsV2NegativeTest-750292582-project] Registering scheme swift+http with {'store': , 'location_class': , 'store_entry': 'swift'} {{(pid=113713) register_scheme_map /usr/local/lib/python3.8/dist-packages/glance_store/location.py:146}}
Jun 30 23:52:23.697797 n-d-826752-5 devstack@g-api.service[113713]: DEBUG glance_store.location [None req-66614ab3-9ce9-412b-b422-43ea47a1e868 tempest-FlavorsV2NegativeTest-750292582 tempest-FlavorsV2NegativeTest-750292582-project] Registering scheme swift+config with {'store': , 'location_class': , 'store_entry': 'swift'} {{(pid=113713) register_scheme_map /usr/local/lib/python3.8/dist-packages/glance_store/location.py:146}}
Jun 30 23:52:24.487575 n-d-826752-5 devstack@g-api.service[113713]: DEBUG swiftclient [None req-66614ab3-9ce9-412b-b422-43ea47a1e868 tempest-FlavorsV2NegativeTest-750292582 tempest-FlavorsV2NegativeTest-750292582-project] REQ: curl -i http://10.222.0.16:8080/v1/AUTH_7ed9dd04955e47bfb6038f522359aef3/glance -I -H "X-Auth-Token: gAAAAABivjc3xcCW..." {{(pid=113713) http_log /usr/local/lib/python3.8/dist-packages/swiftclient/client.py:157}}
Jun 30 23:52:24.489058 n-d-826752-5 devstack@g-api.service[113713]: DEBUG swiftclient [None req-66614ab3-9ce9-412b-b422-43ea47a1e868 tempest-FlavorsV2NegativeTest-750292582 tempest-FlavorsV2NegativeTest-750292582-project] RESP STATUS: 204 No Content {{(pid=113713) http_log /usr/local/lib/python3.8/dist-packages/swiftclient/client.py:158}}
Jun 30 23:52:24.489058 n-d-826752-5 devstack@g-api.service[113713]: DEBUG swiftclient [None req-66614ab3-9ce9-412b-b422-43ea47a1e868 tempest-FlavorsV2NegativeTest-750292582 tempest-FlavorsV2NegativeTest-750292582-project] RESP HEADERS: {'Content-Type': 'text/plain; charset=utf-8', 'X-Container-Object-Count': '1', 'X-Container-Bytes-Used': '645922816', 'X-Timestamp': '1656631545.30839', 'Last-Modified': 'Thu, 30 Jun 2022 23:25:46 GMT', 'Accept-Ranges': 'bytes', 'X-Storage-Policy': 'Policy-0', 'X-Container-Sharding': 'False', 'Vary': 'Accept', 'Content-Length': '0', 'X-Trans-Id': 'txd21b48bb0c3c453abc3e5-0062be3737', 'X-Openstack-Request-Id': 'txd21b48bb0c3c453abc3e5-0062be3737', 'Date': 'Thu, 30 Jun 2022 23:52:24 GMT'} {{(pid=113713) http_log /usr/local/lib/python3.8/dist-packages/swiftclient/client.py:159}}
Jun 30 23:52:24.489058 n-d-826752-5 devstack@g-api.service[113713]: DEBUG glance_store._drivers.swift.store [None req-66614ab3-9ce9-412b-b422-43ea47a1e868 tempest-FlavorsV2NegativeTest-750292582 tempest-FlavorsV2NegativeTest-750292582-project] Adding image object '9bce256c-4cc5-4f57-99cc-feadb1dd8ba1' to Swift {{(pid=113713) add /usr/local/lib/python3.8/dist-packages/glance_store/_drivers/swift/store.py:945}}
Jun 30 23:52:24.560325 n-d-826752-5 devstack@g-api.service[113713]: DEBUG swiftclient [None req-66614ab3-9ce9-412b-b422-43ea47a1e868 tempest-FlavorsV2NegativeTest-750292582 tempest-FlavorsV2NegativeTest-750292582-project] REQ: curl -i http://10.222.0.16:8080/v1/AUTH_7ed9dd04955e47bfb6038f522359aef3/glance/9bce256c-4cc5-4f57-99cc-feadb1dd8ba1 -X PUT -H "X-Auth-Token: gAAAAABivjc3xcCW..." -H "Content-Length: 1793" {{(pid=113713) http_log /usr/local/lib/python3.8/dist-packages/swiftclient/client.py:157}}
Jun 30 23:52:24.560575 n-d-826752-5 devstack@g-api.service[113713]: DEBUG swiftclient [None req-66614ab3-9ce9-412b-b422-43ea47a1e868 tempest-FlavorsV2NegativeTest-750292582 tempest-FlavorsV2NegativeTest-750292582-project] RESP STATUS: 201 Created {{(pid=113713) http_log /usr/local/lib/python3.8/dist-packages/swiftclient/client.py:158}}
Jun 30 23:52:24.563759 n-d-826752-5 devstack@g-api.service[113713]: DEBUG swiftclient [None req-66614ab3-9ce9-412b-b422-43ea47a1e868 tempest-FlavorsV2NegativeTest-750292582 tempest-FlavorsV2NegativeTest-750292582-project] RESP HEADERS: {'Content-Type': 'text/html; charset=UTF-8', 'Content-Length': '0', 'Etag': 'b5989486374b9d573f9f3b171ee21055', 'Last-Modified': 'Thu, 30 Jun 2022 23:52:25 GMT', 'X-Trans-Id': 'txaab8ddc8568b437da5505-0062be3738', 'X-Openstack-Request-Id': 'txaab8ddc8568b437da5505-0062be3738', 'Date': 'Thu, 30 Jun 2022 23:52:24 GMT'} {{(pid=113713) http_log /usr/local/lib/python3.8/dist-packages/swiftclient/client.py:159}}
Jun 30 23:52:24.659711 n-d-826752-5 devstack@g-api.service[113713]: DEBUG glance_store.backend [None req-66614ab3-9ce9-412b-b422-43ea47a1e868 tempest-FlavorsV2NegativeTest-750292582 tempest-FlavorsV2NegativeTest-750292582-project] Attempting to import store swift {{(pid=113713) _load_store /usr/local/lib/python3.8/dist-packages/glance_store/backend.py:217}}
Jun 30 23:52:24.663967 n-d-826752-5 devstack@g-api.service[113713]: DEBUG glance_store.capabilities [None req-66614ab3-9ce9-412b-b422-43ea47a1e868 tempest-FlavorsV2NegativeTest-750292582 tempest-FlavorsV2NegativeTest-750292582-project] Store glance_store._drivers.swift.store.SingleTenantStore doesn't support updating dynamic storage capabilities. Please overwrite 'update_capabilities' method of the store to implement updating logics if needed. {{(pid=113713) update_capabilities /usr/local/lib/python3.8/dist-packages/glance_store/capabilities.py:91}}
Jun 30 23:52:24.664530 n-d-826752-5 devstack@g-api.service[113713]: DEBUG glance_store.driver [None req-66614ab3-9ce9-412b-b422-43ea47a1e868 tempest-FlavorsV2NegativeTest-750292582 tempest-FlavorsV2NegativeTest-750292582-project] Late loading location class glance_store._drivers.swift.store.StoreLocation {{(pid=113713) get_store_location_class /usr/local/lib/python3.8/dist-packages/glance_store/driver.py:117}}
Jun 30 23:52:24.665026 n-d-826752-5 devstack@g-api.service[113713]: DEBUG glance_store.location [None req-66614ab3-9ce9-412b-b422-43ea47a1e868 tempest-FlavorsV2NegativeTest-750292582 tempest-FlavorsV2NegativeTest-750292582-project] Registering scheme swift+https with {'store': , 'location_class': , 'store_entry': 'swift'} {{(pid=113713) register_scheme_map /usr/local/lib/python3.8/dist-packages/glance_store/location.py:146}}
Jun 30 23:52:24.665530 n-d-826752-5 devstack@g-api.service[113713]: DEBUG glance_store.location [None req-66614ab3-9ce9-412b-b422-43ea47a1e868 tempest-FlavorsV2NegativeTest-750292582 tempest-FlavorsV2NegativeTest-750292582-project] Registering scheme swift+https with {'store': , 'location_class': , 'store_entry': 'swift'} {{(pid=113713) register_scheme_map /usr/local/lib/python3.8/dist-packages/glance_store/location.py:146}}
Jun 30 23:52:24.665963 n-d-826752-5 devstack@g-api.service[113713]: DEBUG glance_store.location [None req-66614ab3-9ce9-412b-b422-43ea47a1e868 tempest-FlavorsV2NegativeTest-750292582 tempest-FlavorsV2NegativeTest-750292582-project] Registering scheme swift with {'store': , 'location_class': , 'store_entry': 'swift'} {{(pid=113713) register_scheme_map /usr/local/lib/python3.8/dist-packages/glance_store/location.py:146}}
Jun 30 23:52:24.666598 n-d-826752-5 devstack@g-api.service[113713]: DEBUG glance_store.location [None req-66614ab3-9ce9-412b-b422-43ea47a1e868 tempest-FlavorsV2NegativeTest-750292582 tempest-FlavorsV2NegativeTest-750292582-project] Registering scheme swift+https with {'store': , 'location_class': , 'store_entry': 'swift'} {{(pid=113713) register_scheme_map /usr/local/lib/python3.8/dist-packages/glance_store/location.py:146}}
Jun 30 23:52:24.667062 n-d-826752-5 devstack@g-api.service[113713]: DEBUG glance_store.location [None req-66614ab3-9ce9-412b-b422-43ea47a1e868 tempest-FlavorsV2NegativeTest-750292582 tempest-FlavorsV2NegativeTest-750292582-project] Registering scheme swift with {'store': , 'location_class': , 'store_entry': 'swift'} {{(pid=113713) register_scheme_map /usr/local/lib/python3.8/dist-packages/glance_store/location.py:146}}
Jun 30 23:52:24.667662 n-d-826752-5 devstack@g-api.service[113713]: DEBUG glance_store.location [None req-66614ab3-9ce9-412b-b422-43ea47a1e868 tempest-FlavorsV2NegativeTest-750292582 tempest-FlavorsV2NegativeTest-750292582-project] Registering scheme swift+http with {'store': , 'location_class': , 'store_entry': 'swift'} {{(pid=113713) register_scheme_map /usr/local/lib/python3.8/dist-packages/glance_store/location.py:146}}
Jun 30 23:52:24.668139 n-d-826752-5 devstack@g-api.service[113713]: DEBUG glance_store.location [None req-66614ab3-9ce9-412b-b422-43ea47a1e868 tempest-FlavorsV2NegativeTest-750292582 tempest-FlavorsV2NegativeTest-750292582-project] Registering scheme swift+https with {'store': , 'location_class': , 'store_entry': 'swift'} {{(pid=113713) register_scheme_map /usr/local/lib/python3.8/dist-packages/glance_store/location.py:146}}
Jun 30 23:52:24.668595 n-d-826752-5 devstack@g-api.service[113713]: DEBUG glance_store.location [None req-66614ab3-9ce9-412b-b422-43ea47a1e868 tempest-FlavorsV2NegativeTest-750292582 tempest-FlavorsV2NegativeTest-750292582-project] Registering scheme swift with {'store': , 'location_class': , 'store_entry': 'swift'} {{(pid=113713) register_scheme_map /usr/local/lib/python3.8/dist-packages/glance_store/location.py:146}}
Jun 30 23:52:24.669730 n-d-826752-5 devstack@g-api.service[113713]: DEBUG glance_store.location [None req-66614ab3-9ce9-412b-b422-43ea47a1e868 tempest-FlavorsV2NegativeTest-750292582 tempest-FlavorsV2NegativeTest-750292582-project] Registering scheme swift+http with {'store': , 'location_class': , 'store_entry': 'swift'} {{(pid=113713) register_scheme_map /usr/local/lib/python3.8/dist-packages/glance_store/location.py:146}}
