Jun 17 04:31:45.671730 n-d-826752-4 devstack@keystone.service[87154]: DEBUG keystone.server.flask.request_processing.req_logging [None req-2698a551-e9f4-4b98-b8cc-149f11301ab9 admin admin] REQUEST_METHOD: `GET` {{(pid=87154) log_request_info /opt/stack/keystone/keystone/server/flask/request_processing/req_logging.py:27}}
Jun 17 04:31:45.672040 n-d-826752-4 devstack@keystone.service[87154]: DEBUG keystone.server.flask.request_processing.req_logging [None req-2698a551-e9f4-4b98-b8cc-149f11301ab9 admin admin] SCRIPT_NAME: `/identity` {{(pid=87154) log_request_info /opt/stack/keystone/keystone/server/flask/request_processing/req_logging.py:28}}
Jun 17 04:31:45.672307 n-d-826752-4 devstack@keystone.service[87154]: DEBUG keystone.server.flask.request_processing.req_logging [None req-2698a551-e9f4-4b98-b8cc-149f11301ab9 admin admin] PATH_INFO: `/v3/auth/tokens` {{(pid=87154) log_request_info /opt/stack/keystone/keystone/server/flask/request_processing/req_logging.py:29}}
Jun 17 04:31:45.680772 n-d-826752-4 devstack@keystone.service[87154]: DEBUG keystone.common.rbac_enforcer.enforcer [None req-2698a551-e9f4-4b98-b8cc-149f11301ab9 admin admin] RBAC: Authorizing `identity:validate_token()` {{(pid=87154) enforce_call /opt/stack/keystone/keystone/common/rbac_enforcer/enforcer.py:449}}
Jun 17 04:31:45.731250 n-d-826752-4 devstack@keystone.service[87154]: WARNING keystone.common.rbac_enforcer.enforcer [None req-2698a551-e9f4-4b98-b8cc-149f11301ab9 admin admin] Deprecated policy rules found. Use oslopolicy-policy-generator and oslopolicy-policy-upgrade to detect and resolve deprecated policies in your configuration.
Jun 17 04:31:45.731579 n-d-826752-4 devstack@keystone.service[87154]: DEBUG keystone.common.rbac_enforcer.enforcer [None req-2698a551-e9f4-4b98-b8cc-149f11301ab9 admin admin] RBAC: Authorization granted {{(pid=87154) enforce_call /opt/stack/keystone/keystone/common/rbac_enforcer/enforcer.py:457}}
Jun 17 04:31:45.741897 n-d-826752-4 devstack@keystone.service[87154]: [pid: 87154|app: 0|req: 2/4] 10.222.0.27 () {58 vars in 1324 bytes} [Fri Jun 17 04:31:45 2022] GET /identity/v3/auth/tokens => generated 914 bytes in 313 msecs (HTTP/1.1 200) 6 headers in 379 bytes (1 switches on core 0)
Jun 17 04:31:45.748198 n-d-826752-4 devstack@keystone.service[87155]: DEBUG keystone.server.flask.request_processing.middleware.auth_context [None req-13028def-3e21-4c84-a910-d194ba2503b0 None None] Authenticating user token {{(pid=87155) process_request /usr/local/lib/python3.8/dist-packages/keystonemiddleware/auth_token/__init__.py:407}}
Jun 17 04:31:45.763275 n-d-826752-4 devstack@keystone.service[87155]: DEBUG keystone.server.flask.request_processing.middleware.auth_context [None req-13028def-3e21-4c84-a910-d194ba2503b0 None None] Validating token access rules against request {{(pid=87155) validate_allowed_request /usr/local/lib/python3.8/dist-packages/keystonemiddleware/auth_token/__init__.py:545}}
Jun 17 04:31:45.769242 n-d-826752-4 devstack@keystone.service[87155]: DEBUG keystone.server.flask.request_processing.middleware.auth_context [None req-cbce1d82-0d81-4ef7-8d0d-a4b05926f2de admin admin] RBAC: auth_context: {'token': , 'domain_id': None, 'trust_id': None, 'trustor_id': None, 'trustee_id': None, 'domain_name': None, 'group_ids': [], 'user_id': '1094a420fed048b7aad125b280841d01', 'user_domain_id': 'default', 'system_scope': None, 'project_id': 'a47109ea371e49b4b4dbf8d067e97e3e', 'project_domain_id': 'default', 'roles': ['reader', 'member', 'admin'], 'is_admin_project': True, 'service_user_id': None, 'service_user_domain_id': None, 'service_project_id': None, 'service_project_domain_id': None, 'service_roles': []} {{(pid=87155) fill_context /opt/stack/keystone/keystone/server/flask/request_processing/middleware/auth_context.py:478}}
Jun 17 04:31:45.770352 n-d-826752-4 devstack@keystone.service[87155]: DEBUG keystone.server.flask.request_processing.req_logging [None req-cbce1d82-0d81-4ef7-8d0d-a4b05926f2de admin admin] REQUEST_METHOD: `GET` {{(pid=87155) log_request_info /opt/stack/keystone/keystone/server/flask/request_processing/req_logging.py:27}}
Jun 17 04:31:45.770632 n-d-826752-4 devstack@keystone.service[87155]: DEBUG keystone.server.flask.request_processing.req_logging [None req-cbce1d82-0d81-4ef7-8d0d-a4b05926f2de admin admin] SCRIPT_NAME: `/identity` {{(pid=87155) log_request_info /opt/stack/keystone/keystone/server/flask/request_processing/req_logging.py:28}}
Jun 17 04:31:45.770919 n-d-826752-4 devstack@keystone.service[87155]: DEBUG keystone.server.flask.request_processing.req_logging [None req-cbce1d82-0d81-4ef7-8d0d-a4b05926f2de admin admin] PATH_INFO: `/v3/projects/a47109ea371e49b4b4dbf8d067e97e3e` {{(pid=87155) log_request_info /opt/stack/keystone/keystone/server/flask/request_processing/req_logging.py:29}}
Jun 17 04:31:45.772568 n-d-826752-4 devstack@keystone.service[87155]: DEBUG keystone.common.rbac_enforcer.enforcer [None req-cbce1d82-0d81-4ef7-8d0d-a4b05926f2de admin admin] RBAC: Authorizing `identity:get_project(project_id=a47109ea371e49b4b4dbf8d067e97e3e)` {{(pid=87155) enforce_call /opt/stack/keystone/keystone/common/rbac_enforcer/enforcer.py:449}}
Jun 17 04:31:45.822283 n-d-826752-4 devstack@keystone.service[87155]: WARNING keystone.common.rbac_enforcer.enforcer [None req-cbce1d82-0d81-4ef7-8d0d-a4b05926f2de admin admin] Deprecated policy rules found. Use oslopolicy-policy-generator and oslopolicy-policy-upgrade to detect and resolve deprecated policies in your configuration.
Jun 17 04:31:45.822859 n-d-826752-4 devstack@keystone.service[87155]: DEBUG keystone.common.rbac_enforcer.enforcer [None req-cbce1d82-0d81-4ef7-8d0d-a4b05926f2de admin admin] RBAC: Authorization granted {{(pid=87155) enforce_call /opt/stack/keystone/keystone/common/rbac_enforcer/enforcer.py:457}}
Jun 17 04:31:45.827206 n-d-826752-4 devstack@keystone.service[87155]: [pid: 87155|app: 0|req: 3/5] 10.222.0.27 () {56 vars in 1207 bytes} [Fri Jun 17 04:31:45 2022] GET /identity/v3/projects/a47109ea371e49b4b4dbf8d067e97e3e => generated 344 bytes in 80 msecs (HTTP/1.1 200) 5 headers in 177 bytes (2 switches on core 0)
Jun 17 04:31:47.904731 n-d-826752-4 devstack@keystone.service[87154]: DEBUG keystone.server.flask.request_processing.req_logging [None req-4b20fdca-52f1-42e0-b93f-c2d607e01a01 None None] REQUEST_METHOD: `GET` {{(pid=87154) log_request_info /opt/stack/keystone/keystone/server/flask/request_processing/req_logging.py:27}}
Jun 17 04:31:47.905612 n-d-826752-4 devstack@keystone.service[87154]: DEBUG keystone.server.flask.request_processing.req_logging [None req-4b20fdca-52f1-42e0-b93f-c2d607e01a01 None None] SCRIPT_NAME: `/identity` {{(pid=87154) log_request_info /opt/stack/keystone/keystone/server/flask/request_processing/req_logging.py:28}}
Jun 17 04:31:47.905612 n-d-826752-4 devstack@keystone.service[87154]: DEBUG keystone.server.flask.request_processing.req_logging [None req-4b20fdca-52f1-42e0-b93f-c2d607e01a01 None None] PATH_INFO: `/` {{(pid=87154) log_request_info /opt/stack/keystone/keystone/server/flask/request_processing/req_logging.py:29}}
Jun 17 04:31:47.911160 n-d-826752-4 devstack@keystone.service[87154]: [pid: 87154|app: 0|req: 3/6] 10.222.0.27 () {54 vars in 926 bytes} [Fri Jun 17 04:31:47 2022] GET /identity => generated 270 bytes in 9 msecs (HTTP/1.1 300) 6 headers in 234 bytes (1 switches on core 0)
Jun 17 04:31:47.917180 n-d-826752-4 devstack@keystone.service[87155]: DEBUG keystone.server.flask.request_processing.req_logging [None req-8f995da3-3066-4eca-bd2a-860717e984f2 None None] REQUEST_METHOD: `POST` {{(pid=87155) log_request_info /opt/stack/keystone/keystone/server/flask/request_processing/req_logging.py:27}}
Jun 17 04:31:47.917607 n-d-826752-4 devstack@keystone.service[87155]: DEBUG keystone.server.flask.request_processing.req_logging [None req-8f995da3-3066-4eca-bd2a-860717e984f2 None None] SCRIPT_NAME: `/identity` {{(pid=87155) log_request_info /opt/stack/keystone/keystone/server/flask/request_processing/req_logging.py:28}}
Jun 17 04:31:47.917691 n-d-826752-4 devstack@keystone.service[87155]: DEBUG keystone.server.flask.request_processing.req_logging [None req-8f995da3-3066-4eca-bd2a-860717e984f2 None None] PATH_INFO: `/v3/auth/tokens` {{(pid=87155) log_request_info /opt/stack/keystone/keystone/server/flask/request_processing/req_logging.py:29}}
Jun 17 04:31:47.940087 n-d-826752-4 devstack@keystone.service[87155]: DEBUG keystone.auth.core [None req-8f995da3-3066-4eca-bd2a-860717e984f2 None None] MFA Rules not processed for user `1094a420fed048b7aad125b280841d01`. Rule list: `[]` (Enabled: `True`). {{(pid=87155) check_auth_methods_against_rules /opt/stack/keystone/keystone/auth/core.py:438}}
Jun 17 04:31:47.941636 n-d-826752-4 devstack@keystone.service[87155]: DEBUG keystone.common.fernet_utils [None req-8f995da3-3066-4eca-bd2a-860717e984f2 None None] Loaded 2 Fernet keys from /etc/keystone/fernet-keys/, but `[fernet_tokens] max_active_keys = 3`; perhaps there have not been enough key rotations to reach `max_active_keys` yet? {{(pid=87155) load_keys /opt/stack/keystone/keystone/common/fernet_utils.py:286}}
Jun 17 04:31:47.951536 n-d-826752-4 devstack@keystone.service[87155]: [pid: 87155|app: 0|req: 4/7] 10.222.0.27 () {58 vars in 1023 bytes} [Fri Jun 17 04:31:47 2022] POST /identity/v3/auth/tokens => generated 914 bytes in 36 msecs (HTTP/1.1 201) 6 headers in 384 bytes (1 switches on core 0)
Jun 17 04:31:47.975245 n-d-826752-4 devstack@keystone.service[87154]: DEBUG keystone.server.flask.request_processing.middleware.auth_context [None req-4b20fdca-52f1-42e0-b93f-c2d607e01a01 None None] Authenticating user token {{(pid=87154) process_request /usr/local/lib/python3.8/dist-packages/keystonemiddleware/auth_token/__init__.py:407}}
Jun 17 04:31:47.993111 n-d-826752-4 devstack@keystone.service[87154]: DEBUG keystone.server.flask.request_processing.middleware.auth_context [None req-4b20fdca-52f1-42e0-b93f-c2d607e01a01 None None] Validating token access rules against request {{(pid=87154) validate_allowed_request /usr/local/lib/python3.8/dist-packages/keystonemiddleware/auth_token/__init__.py:545}}
Jun 17 04:31:47.998603 n-d-826752-4 devstack@keystone.service[87154]: DEBUG keystone.server.flask.request_processing.middleware.auth_context [None req-694690c1-8232-40e8-acc2-1d528d6a6124 admin admin] RBAC: auth_context: {'token': , 'domain_id': None, 'trust_id': None, 'trustor_id': None, 'trustee_id': None, 'domain_name': None, 'group_ids': [], 'user_id': '1094a420fed048b7aad125b280841d01', 'user_domain_id': 'default', 'system_scope': None, 'project_id': 'a47109ea371e49b4b4dbf8d067e97e3e', 'project_domain_id': 'default', 'roles': ['reader', 'member', 'admin'], 'is_admin_project': True, 'service_user_id': None, 'service_user_domain_id': None, 'service_project_id': None, 'service_project_domain_id': None, 'service_roles': []} {{(pid=87154) fill_context /opt/stack/keystone/keystone/server/flask/request_processing/middleware/auth_context.py:478}}
Jun 17 04:31:47.999243 n-d-826752-4 devstack@keystone.service[87154]: DEBUG keystone.server.flask.request_processing.req_logging [None req-694690c1-8232-40e8-acc2-1d528d6a6124 admin admin] REQUEST_METHOD: `GET` {{(pid=87154) log_request_info /opt/stack/keystone/keystone/server/flask/request_processing/req_logging.py:27}}
Jun 17 04:31:47.999525 n-d-826752-4 devstack@keystone.service[87154]: DEBUG keystone.server.flask.request_processing.req_logging [None req-694690c1-8232-40e8-acc2-1d528d6a6124 admin admin] SCRIPT_NAME: `/identity` {{(pid=87154) log_request_info /opt/stack/keystone/keystone/server/flask/request_processing/req_logging.py:28}}
Jun 17 04:31:47.999799 n-d-826752-4 devstack@keystone.service[87154]: DEBUG keystone.server.flask.request_processing.req_logging [None req-694690c1-8232-40e8-acc2-1d528d6a6124 admin admin] PATH_INFO: `/v3/auth/tokens` {{(pid=87154) log_request_info /opt/stack/keystone/keystone/server/flask/request_processing/req_logging.py:29}}
Jun 17 04:31:48.010765 n-d-826752-4 devstack@keystone.service[87154]: DEBUG keystone.common.rbac_enforcer.enforcer [None req-694690c1-8232-40e8-acc2-1d528d6a6124 admin admin] RBAC: Authorizing `identity:validate_token()` {{(pid=87154) enforce_call /opt/stack/keystone/keystone/common/rbac_enforcer/enforcer.py:449}}
Jun 17 04:31:48.012594 n-d-826752-4 devstack@keystone.service[87154]: DEBUG keystone.common.rbac_enforcer.enforcer [None req-694690c1-8232-40e8-acc2-1d528d6a6124 admin admin] RBAC: Authorization granted {{(pid=87154) enforce_call /opt/stack/keystone/keystone/common/rbac_enforcer/enforcer.py:457}}
Jun 17 04:31:48.022301 n-d-826752-4 devstack@keystone.service[87154]: [pid: 87154|app: 0|req: 4/8] 10.222.0.27 () {58 vars in 1324 bytes} [Fri Jun 17 04:31:47 2022] GET /identity/v3/auth/tokens => generated 914 bytes in 48 msecs (HTTP/1.1 200) 6 headers in 379 bytes (1 switches on core 0)
Jun 17 04:31:48.028911 n-d-826752-4 devstack@keystone.service[87155]: DEBUG keystone.server.flask.request_processing.middleware.auth_context [None req-8f995da3-3066-4eca-bd2a-860717e984f2 None None] Authenticating user token {{(pid=87155) process_request /usr/local/lib/python3.8/dist-packages/keystonemiddleware/auth_token/__init__.py:407}}
Jun 17 04:31:48.043831 n-d-826752-4 devstack@keystone.service[87155]: DEBUG keystone.server.flask.request_processing.middleware.auth_context [None req-8f995da3-3066-4eca-bd2a-860717e984f2 None None] Validating token access rules against request {{(pid=87155) validate_allowed_request /usr/local/lib/python3.8/dist-packages/keystonemiddleware/auth_token/__init__.py:545}}
Jun 17 04:31:48.052155 n-d-826752-4 devstack@keystone.service[87155]: DEBUG keystone.server.flask.request_processing.middleware.auth_context [None req-42fc4026-2ae8-4928-bd5e-ebf4cf94fbbb admin admin] RBAC: auth_context: {'token': , 'domain_id': None, 'trust_id': None, 'trustor_id': None, 'trustee_id': None, 'domain_name': None, 'group_ids': [], 'user_id': '1094a420fed048b7aad125b280841d01', 'user_domain_id': 'default', 'system_scope': None, 'project_id': 'a47109ea371e49b4b4dbf8d067e97e3e', 'project_domain_id': 'default', 'roles': ['reader', 'member', 'admin'], 'is_admin_project': True, 'service_user_id': None, 'service_user_domain_id': None, 'service_project_id': None, 'service_project_domain_id': None, 'service_roles': []} {{(pid=87155) fill_context /opt/stack/keystone/keystone/server/flask/request_processing/middleware/auth_context.py:478}}
Jun 17 04:31:48.053027 n-d-826752-4 devstack@keystone.service[87155]: DEBUG keystone.server.flask.request_processing.req_logging [None req-42fc4026-2ae8-4928-bd5e-ebf4cf94fbbb admin admin] REQUEST_METHOD: `GET` {{(pid=87155) log_request_info /opt/stack/keystone/keystone/server/flask/request_processing/req_logging.py:27}}
Jun 17 04:31:48.053306 n-d-826752-4 devstack@keystone.service[87155]: DEBUG keystone.server.flask.request_processing.req_logging [None req-42fc4026-2ae8-4928-bd5e-ebf4cf94fbbb admin admin] SCRIPT_NAME: `/identity` {{(pid=87155) log_request_info /opt/stack/keystone/keystone/server/flask/request_processing/req_logging.py:28}}
Jun 17 04:31:48.053582 n-d-826752-4 devstack@keystone.service[87155]: DEBUG keystone.server.flask.request_processing.req_logging [None req-42fc4026-2ae8-4928-bd5e-ebf4cf94fbbb admin admin] PATH_INFO: `/v3/users/1094a420fed048b7aad125b280841d01` {{(pid=87155) log_request_info /opt/stack/keystone/keystone/server/flask/request_processing/req_logging.py:29}}
Jun 17 04:31:48.055201 n-d-826752-4 devstack@keystone.service[87155]: DEBUG keystone.common.rbac_enforcer.enforcer [None req-42fc4026-2ae8-4928-bd5e-ebf4cf94fbbb admin admin] RBAC: Authorizing `identity:get_user(user_id=1094a420fed048b7aad125b280841d01)` {{(pid=87155) enforce_call /opt/stack/keystone/keystone/common/rbac_enforcer/enforcer.py:449}}
Jun 17 04:31:48.057063 n-d-826752-4 devstack@keystone.service[87155]: DEBUG keystone.common.rbac_enforcer.enforcer [None req-42fc4026-2ae8-4928-bd5e-ebf4cf94fbbb admin admin] RBAC: Authorization granted {{(pid=87155) enforce_call /opt/stack/keystone/keystone/common/rbac_enforcer/enforcer.py:457}}
Jun 17 04:31:48.058635 n-d-826752-4 devstack@keystone.service[87155]: [pid: 87155|app: 0|req: 5/9] 10.222.0.27 () {56 vars in 1198 bytes} [Fri Jun 17 04:31:48 2022] GET /identity/v3/users/1094a420fed048b7aad125b280841d01 => generated 247 bytes in 31 msecs (HTTP/1.1 200) 5 headers in 177 bytes (1 switches on core 0)
Jun 17 04:31:50.214235 n-d-826752-4 devstack@keystone.service[87154]: DEBUG keystone.server.flask.request_processing.req_logging [None req-c422d7ce-6e46-47e4-b281-041db78572eb None None] REQUEST_METHOD: `GET` {{(pid=87154) log_request_info /opt/stack/keystone/keystone/server/flask/request_processing/req_logging.py:27}}
Jun 17 04:31:50.214805 n-d-826752-4 devstack@keystone.service[87154]: DEBUG keystone.server.flask.request_processing.req_logging [None req-c422d7ce-6e46-47e4-b281-041db78572eb None None] SCRIPT_NAME: `/identity` {{(pid=87154) log_request_info /opt/stack/keystone/keystone/server/flask/request_processing/req_logging.py:28}}
Jun 17 04:31:50.214805 n-d-826752-4 devstack@keystone.service[87154]: DEBUG keystone.server.flask.request_processing.req_logging [None req-c422d7ce-6e46-47e4-b281-041db78572eb None None] PATH_INFO: `/` {{(pid=87154) log_request_info /opt/stack/keystone/keystone/server/flask/request_processing/req_logging.py:29}}
Jun 17 04:31:50.216187 n-d-826752-4 devstack@keystone.service[87154]: [pid: 87154|app: 0|req: 5/10] 10.222.0.27 () {54 vars in 926 bytes} [Fri Jun 17 04:31:50 2022] GET /identity => generated 270 bytes in 3 msecs (HTTP/1.1 300) 6 headers in 234 bytes (1 switches on core 0)
Jun 17 04:31:50.221416 n-d-826752-4 devstack@keystone.service[87155]: DEBUG keystone.server.flask.request_processing.req_logging [None req-e48f8497-cd75-489b-a1e0-4dc02482191f None None] REQUEST_METHOD: `POST` {{(pid=87155) log_request_info /opt/stack/keystone/keystone/server/flask/request_processing/req_logging.py:27}}
Jun 17 04:31:50.221830 n-d-826752-4 devstack@keystone.service[87155]: DEBUG keystone.server.flask.request_processing.req_logging [None req-e48f8497-cd75-489b-a1e0-4dc02482191f None None] SCRIPT_NAME: `/identity` {{(pid=87155) log_request_info /opt/stack/keystone/keystone/server/flask/request_processing/req_logging.py:28}}
Jun 17 04:31:50.221928 n-d-826752-4 devstack@keystone.service[87155]: DEBUG keystone.server.flask.request_processing.req_logging [None req-e48f8497-cd75-489b-a1e0-4dc02482191f None None] PATH_INFO: `/v3/auth/tokens` {{(pid=87155) log_request_info /opt/stack/keystone/keystone/server/flask/request_processing/req_logging.py:29}}
Jun 17 04:31:50.240863 n-d-826752-4 devstack@keystone.service[87155]: DEBUG keystone.auth.core [None req-e48f8497-cd75-489b-a1e0-4dc02482191f None None] MFA Rules not processed for user `1094a420fed048b7aad125b280841d01`. Rule list: `[]` (Enabled: `True`). {{(pid=87155) check_auth_methods_against_rules /opt/stack/keystone/keystone/auth/core.py:438}}
Jun 17 04:31:50.242029 n-d-826752-4 devstack@keystone.service[87155]: DEBUG keystone.common.fernet_utils [None req-e48f8497-cd75-489b-a1e0-4dc02482191f None None] Loaded 2 Fernet keys from /etc/keystone/fernet-keys/, but `[fernet_tokens] max_active_keys = 3`; perhaps there have not been enough key rotations to reach `max_active_keys` yet? {{(pid=87155) load_keys /opt/stack/keystone/keystone/common/fernet_utils.py:286}}
Jun 17 04:31:50.249424 n-d-826752-4 devstack@keystone.service[87154]: DEBUG keystone.server.flask.request_processing.req_logging [None req-cefd2155-8c74-4843-8ff9-1dfd8a6423cd None None] REQUEST_METHOD: `GET` {{(pid=87154) log_request_info /opt/stack/keystone/keystone/server/flask/request_processing/req_logging.py:27}}
Jun 17 04:31:50.249719 n-d-826752-4 devstack@keystone.service[87154]: DEBUG keystone.server.flask.request_processing.req_logging [None req-cefd2155-8c74-4843-8ff9-1dfd8a6423cd None None] SCRIPT_NAME: `/identity` {{(pid=87154) log_request_info /opt/stack/keystone/keystone/server/flask/request_processing/req_logging.py:28}}
Jun 17 04:31:50.249997 n-d-826752-4 devstack@keystone.service[87154]: DEBUG keystone.server.flask.request_processing.req_logging [None req-cefd2155-8c74-4843-8ff9-1dfd8a6423cd None None] PATH_INFO: `/` {{(pid=87154) log_request_info /opt/stack/keystone/keystone/server/flask/request_processing/req_logging.py:29}}
Jun 17 04:31:50.251331 n-d-826752-4 devstack@keystone.service[87154]: [pid: 87154|app: 0|req: 6/11] 10.222.0.27 () {54 vars in 926 bytes} [Fri Jun 17 04:31:50 2022] GET /identity => generated 270 bytes in 3 msecs (HTTP/1.1 300) 6 headers in 234 bytes (2 switches on core 0)
Jun 17 04:31:50.256310 n-d-826752-4 devstack@keystone.service[87154]: DEBUG keystone.server.flask.request_processing.req_logging [None req-5dc1d193-1311-4b06-80ad-10fef3b9c6cd None None] REQUEST_METHOD: `POST` {{(pid=87154) log_request_info /opt/stack/keystone/keystone/server/flask/request_processing/req_logging.py:27}}
Jun 17 04:31:50.256596 n-d-826752-4 devstack@keystone.service[87154]: DEBUG keystone.server.flask.request_processing.req_logging [None req-5dc1d193-1311-4b06-80ad-10fef3b9c6cd None None] SCRIPT_NAME: `/identity` {{(pid=87154) log_request_info /opt/stack/keystone/keystone/server/flask/request_processing/req_logging.py:28}}
Jun 17 04:31:50.256872 n-d-826752-4 devstack@keystone.service[87154]: DEBUG keystone.server.flask.request_processing.req_logging [None req-5dc1d193-1311-4b06-80ad-10fef3b9c6cd None None] PATH_INFO: `/v3/auth/tokens` {{(pid=87154) log_request_info /opt/stack/keystone/keystone/server/flask/request_processing/req_logging.py:29}}
Jun 17 04:31:50.297865 n-d-826752-4 devstack@keystone.service[87154]: DEBUG passlib.handlers.bcrypt [None req-5dc1d193-1311-4b06-80ad-10fef3b9c6cd None None] detected 'bcrypt' backend, version '3.2.2' {{(pid=87154) _load_backend_mixin /usr/local/lib/python3.8/dist-packages/passlib/handlers/bcrypt.py:625}}
Jun 17 04:31:50.298298 n-d-826752-4 devstack@keystone.service[87154]: DEBUG passlib.handlers.bcrypt [None req-5dc1d193-1311-4b06-80ad-10fef3b9c6cd None None] 'bcrypt' backend lacks $2$ support, enabling workaround {{(pid=87154) _finalize_backend_mixin /usr/local/lib/python3.8/dist-packages/passlib/handlers/bcrypt.py:406}}
Jun 17 04:31:50.326704 n-d-826752-4 devstack@keystone.service[87155]: [pid: 87155|app: 0|req: 6/12] 10.222.0.27 () {58 vars in 1023 bytes} [Fri Jun 17 04:31:50 2022] POST /identity/v3/auth/tokens => generated 799 bytes in 106 msecs (HTTP/1.1 201) 6 headers in 363 bytes (1 switches on core 0)
Jun 17 04:31:50.343505 n-d-826752-4 devstack@keystone.service[87154]: DEBUG keystone.auth.core [None req-5dc1d193-1311-4b06-80ad-10fef3b9c6cd None None] MFA Rules not processed for user `1094a420fed048b7aad125b280841d01`. Rule list: `[]` (Enabled: `True`). {{(pid=87154) check_auth_methods_against_rules /opt/stack/keystone/keystone/auth/core.py:438}}
Jun 17 04:31:50.345197 n-d-826752-4 devstack@keystone.service[87154]: DEBUG keystone.common.fernet_utils [None req-5dc1d193-1311-4b06-80ad-10fef3b9c6cd None None] Loaded 2 Fernet keys from /etc/keystone/fernet-keys/, but `[fernet_tokens] max_active_keys = 3`; perhaps there have not been enough key rotations to reach `max_active_keys` yet? {{(pid=87154) load_keys /opt/stack/keystone/keystone/common/fernet_utils.py:286}}
Jun 17 04:31:50.349663 n-d-826752-4 devstack@keystone.service[87155]: DEBUG keystone.server.flask.request_processing.middleware.auth_context [None req-e48f8497-cd75-489b-a1e0-4dc02482191f None None] Authenticating user token {{(pid=87155) process_request /usr/local/lib/python3.8/dist-packages/keystonemiddleware/auth_token/__init__.py:407}}
Jun 17 04:31:50.373681 n-d-826752-4 devstack@keystone.service[87155]: DEBUG dbcounter [-] [87155] Writing DB stats keystone:SELECT=100 {{(pid=87155) stat_writer /usr/local/lib/python3.8/dist-packages/dbcounter.py:114}}
Jun 17 04:31:50.443197 n-d-826752-4 devstack@keystone.service[87154]: [pid: 87154|app: 0|req: 7/13] 10.222.0.27 () {58 vars in 1023 bytes} [Fri Jun 17 04:31:50 2022] POST /identity/v3/auth/tokens => generated 799 bytes in 188 msecs (HTTP/1.1 201) 6 headers in 363 bytes (1 switches on core 0)
Jun 17 04:31:50.454672 n-d-826752-4 devstack@keystone.service[87155]: DEBUG keystone.server.flask.request_processing.middleware.auth_context [None req-e48f8497-cd75-489b-a1e0-4dc02482191f None None] Validating token access rules against request {{(pid=87155) validate_allowed_request /usr/local/lib/python3.8/dist-packages/keystonemiddleware/auth_token/__init__.py:545}}
Jun 17 04:31:50.465194 n-d-826752-4 devstack@keystone.service[87154]: DEBUG keystone.server.flask.request_processing.middleware.auth_context [None req-5dc1d193-1311-4b06-80ad-10fef3b9c6cd None None] Authenticating user token {{(pid=87154) process_request /usr/local/lib/python3.8/dist-packages/keystonemiddleware/auth_token/__init__.py:407}}
Jun 17 04:31:50.487809 n-d-826752-4 devstack@keystone.service[87155]: DEBUG keystone.server.flask.request_processing.middleware.auth_context [None req-fcc84ae7-ee5b-4981-b555-e429b58a343b None admin] RBAC: auth_context: {'token': , 'domain_id': None, 'trust_id': None, 'trustor_id': None, 'trustee_id': None, 'domain_name': None, 'group_ids': [], 'user_id': '1094a420fed048b7aad125b280841d01', 'user_domain_id': 'default', 'system_scope': 'all', 'project_id': None, 'project_domain_id': None, 'roles': ['admin', 'member', 'reader'], 'is_admin_project': True, 'service_user_id': None, 'service_user_domain_id': None, 'service_project_id': None, 'service_project_domain_id': None, 'service_roles': []} {{(pid=87155) fill_context /opt/stack/keystone/keystone/server/flask/request_processing/middleware/auth_context.py:478}}
Jun 17 04:31:50.488779 n-d-826752-4 devstack@keystone.service[87155]: DEBUG keystone.server.flask.request_processing.req_logging [None req-fcc84ae7-ee5b-4981-b555-e429b58a343b None admin] REQUEST_METHOD: `GET` {{(pid=87155) log_request_info /opt/stack/keystone/keystone/server/flask/request_processing/req_logging.py:27}}
Jun 17 04:31:50.489245 n-d-826752-4 devstack@keystone.service[87155]: DEBUG keystone.server.flask.request_processing.req_logging [None req-fcc84ae7-ee5b-4981-b555-e429b58a343b None admin] SCRIPT_NAME: `/identity` {{(pid=87155) log_request_info /opt/stack/keystone/keystone/server/flask/request_processing/req_logging.py:28}}
Jun 17 04:31:50.489563 n-d-826752-4 devstack@keystone.service[87155]: DEBUG keystone.server.flask.request_processing.req_logging [None req-fcc84ae7-ee5b-4981-b555-e429b58a343b None admin] PATH_INFO: `/v3/roles/admin` {{(pid=87155) log_request_info /opt/stack/keystone/keystone/server/flask/request_processing/req_logging.py:29}}
Jun 17 04:31:50.500564 n-d-826752-4 devstack@keystone.service[87155]: DEBUG keystone.common.rbac_enforcer.enforcer [None req-fcc84ae7-ee5b-4981-b555-e429b58a343b None admin] Extracting inferred target data resulted in "NOT FOUND (404)". {{(pid=87155) enforce_call /opt/stack/keystone/keystone/common/rbac_enforcer/enforcer.py:409}}
Jun 17 04:31:50.512302 n-d-826752-4 devstack@keystone.service[87155]: ERROR keystone.server.flask.application [None req-fcc84ae7-ee5b-4981-b555-e429b58a343b None admin] Could not find role: admin.: keystone.exception.RoleNotFound: Could not find role: admin.
Jun 17 04:31:50.512302 n-d-826752-4 devstack@keystone.service[87155]: ERROR keystone.server.flask.application
Traceback (most recent call last):
Jun 17 04:31:50.512302 n-d-826752-4 devstack@keystone.service[87155]: ERROR keystone.server.flask.application
File "/usr/local/lib/python3.8/dist-packages/flask/app.py", line 1523, in full_dispatch_request
Jun 17 04:31:50.512302 n-d-826752-4 devstack@keystone.service[87155]: ERROR keystone.server.flask.application rv = self.dispatch_request()
Jun 17 04:31:50.512302 n-d-826752-4 devstack@keystone.service[87155]: ERROR keystone.server.flask.application
File "/usr/local/lib/python3.8/dist-packages/flask/app.py", line 1509, in dispatch_request
Jun 17 04:31:50.512302 n-d-826752-4 devstack@keystone.service[87155]: ERROR keystone.server.flask.application return self.ensure_sync(self.view_functions[rule.endpoint])(**req.view_args)
Jun 17 04:31:50.512302 n-d-826752-4 devstack@keystone.service[87155]: ERROR keystone.server.flask.application
File "/usr/local/lib/python3.8/dist-packages/flask_restful/__init__.py", line 467, in wrapper
Jun 17 04:31:50.512302 n-d-826752-4 devstack@keystone.service[87155]: ERROR keystone.server.flask.application resp = resource(*args, **kwargs)
Jun 17 04:31:50.512302 n-d-826752-4 devstack@keystone.service[87155]: ERROR keystone.server.flask.application
File "/usr/local/lib/python3.8/dist-packages/flask/views.py", line 84, in view
Jun 17 04:31:50.512302 n-d-826752-4 devstack@keystone.service[87155]: ERROR keystone.server.flask.application return current_app.ensure_sync(self.dispatch_request)(*args, **kwargs)
Jun 17 04:31:50.512302 n-d-826752-4 devstack@keystone.service[87155]: ERROR keystone.server.flask.application
File "/usr/local/lib/python3.8/dist-packages/flask_restful/__init__.py", line 582, in dispatch_request
Jun 17 04:31:50.512302 n-d-826752-4 devstack@keystone.service[87155]: ERROR keystone.server.flask.application resp = meth(*args, **kwargs)
Jun 17 04:31:50.512302 n-d-826752-4 devstack@keystone.service[87155]: ERROR keystone.server.flask.application
File "/opt/stack/keystone/keystone/api/roles.py", line 50, in get
Jun 17 04:31:50.512302 n-d-826752-4 devstack@keystone.service[87155]: ERROR keystone.server.flask.application return self._get_role(role_id)
Jun 17 04:31:50.512302 n-d-826752-4 devstack@keystone.service[87155]: ERROR keystone.server.flask.application
File "/opt/stack/keystone/keystone/api/roles.py", line 70, in _get_role
Jun 17 04:31:50.512302 n-d-826752-4 devstack@keystone.service[87155]: ERROR keystone.server.flask.application ENFORCER.enforce_call(action='identity:get_role')
Jun 17 04:31:50.513336 n-d-826752-4 devstack@keystone.service[87155]: ERROR keystone.server.flask.application
File "/opt/stack/keystone/keystone/common/rbac_enforcer/enforcer.py", line 402, in enforce_call
Jun 17 04:31:50.513336 n-d-826752-4 devstack@keystone.service[87155]: ERROR keystone.server.flask.application policy_dict.update(cls._extract_member_target_data(
Jun 17 04:31:50.513336 n-d-826752-4 devstack@keystone.service[87155]: ERROR keystone.server.flask.application
File "/opt/stack/keystone/keystone/common/rbac_enforcer/enforcer.py", line 234, in _extract_member_target_data
Jun 17 04:31:50.513336 n-d-826752-4 devstack@keystone.service[87155]: ERROR keystone.server.flask.application member_name: func(flask.request.view_args[key])
Jun 17 04:31:50.513336 n-d-826752-4 devstack@keystone.service[87155]: ERROR keystone.server.flask.application
File "/opt/stack/keystone/keystone/common/manager.py", line 115, in wrapped
Jun 17 04:31:50.513336 n-d-826752-4 devstack@keystone.service[87155]: ERROR keystone.server.flask.application __ret_val = __f(*args, **kwargs)
Jun 17 04:31:50.513336 n-d-826752-4 devstack@keystone.service[87155]: ERROR keystone.server.flask.application
File "/usr/local/lib/python3.8/dist-packages/decorator.py", line 232, in fun
Jun 17 04:31:50.513336 n-d-826752-4 devstack@keystone.service[87155]: ERROR keystone.server.flask.application return caller(func, *(extras + args), **kw)
Jun 17 04:31:50.513336 n-d-826752-4 devstack@keystone.service[87155]: ERROR keystone.server.flask.application
File "/usr/local/lib/python3.8/dist-packages/dogpile/cache/region.py", line 1577, in get_or_create_for_user_func
Jun 17 04:31:50.513336 n-d-826752-4 devstack@keystone.service[87155]: ERROR keystone.server.flask.application return self.get_or_create(
Jun 17 04:31:50.513336 n-d-826752-4 devstack@keystone.service[87155]: ERROR keystone.server.flask.application
File "/usr/local/lib/python3.8/dist-packages/dogpile/cache/region.py", line 1042, in get_or_create
Jun 17 04:31:50.513336 n-d-826752-4 devstack@keystone.service[87155]: ERROR keystone.server.flask.application with Lock(
Jun 17 04:31:50.513336 n-d-826752-4 devstack@keystone.service[87155]: ERROR keystone.server.flask.application
File "/usr/local/lib/python3.8/dist-packages/dogpile/lock.py", line 185, in __enter__
Jun 17 04:31:50.513336 n-d-826752-4 devstack@keystone.service[87155]: ERROR keystone.server.flask.application return self._enter()
Jun 17 04:31:50.513336 n-d-826752-4 devstack@keystone.service[87155]: ERROR keystone.server.flask.application
File "/usr/local/lib/python3.8/dist-packages/dogpile/lock.py", line 94, in _enter
Jun 17 04:31:50.513336 n-d-826752-4 devstack@keystone.service[87155]: ERROR keystone.server.flask.application generated = self._enter_create(value, createdtime)
Jun 17 04:31:50.514637 n-d-826752-4 devstack@keystone.service[87155]: ERROR keystone.server.flask.application
File "/usr/local/lib/python3.8/dist-packages/dogpile/lock.py", line 178, in _enter_create
Jun 17 04:31:50.514637 n-d-826752-4 devstack@keystone.service[87155]: ERROR keystone.server.flask.application return self.creator()
Jun 17 04:31:50.514637 n-d-826752-4 devstack@keystone.service[87155]: ERROR keystone.server.flask.application
File "/usr/local/lib/python3.8/dist-packages/dogpile/cache/region.py", line 995, in gen_value
Jun 17 04:31:50.514637 n-d-826752-4 devstack@keystone.service[87155]: ERROR keystone.server.flask.application created_value = creator(
Jun 17 04:31:50.514637 n-d-826752-4 devstack@keystone.service[87155]: ERROR keystone.server.flask.application
File "/opt/stack/keystone/keystone/assignment/core.py", line 1276, in get_role
Jun 17 04:31:50.514637 n-d-826752-4 devstack@keystone.service[87155]: ERROR keystone.server.flask.application return self.driver.get_role(role_id)
Jun 17 04:31:50.514637 n-d-826752-4 devstack@keystone.service[87155]: ERROR keystone.server.flask.application
File "/opt/stack/keystone/keystone/assignment/role_backends/sql.py", line 70, in get_role
Jun 17 04:31:50.514637 n-d-826752-4 devstack@keystone.service[87155]: ERROR keystone.server.flask.application return self._get_role(session, role_id).to_dict()
Jun 17 04:31:50.514637 n-d-826752-4 devstack@keystone.service[87155]: ERROR keystone.server.flask.application
File "/opt/stack/keystone/keystone/assignment/role_backends/sql.py", line 65, in _get_role
Jun 17 04:31:50.514637 n-d-826752-4 devstack@keystone.service[87155]: ERROR keystone.server.flask.application raise exception.RoleNotFound(role_id=role_id)
Jun 17 04:31:50.514637 n-d-826752-4 devstack@keystone.service[87155]: ERROR keystone.server.flask.application keystone.exception.RoleNotFound: Could not find role: admin.
Jun 17 04:31:50.514637 n-d-826752-4 devstack@keystone.service[87155]: ERROR keystone.server.flask.application
Jun 17 04:31:50.514637 n-d-826752-4 devstack@keystone.service[87155]: [pid: 87155|app: 0|req: 7/14] 10.222.0.27 () {56 vars in 1096 bytes} [Fri Jun 17 04:31:50 2022] GET /identity/v3/roles/admin => generated 83 bytes in 164 msecs (HTTP/1.1 404) 5 headers in 183 bytes (2 switches on core 0)
Jun 17 04:31:50.519777 n-d-826752-4 devstack@keystone.service[87155]: DEBUG keystone.server.flask.request_processing.middleware.auth_context [None req-fcc84ae7-ee5b-4981-b555-e429b58a343b None admin] Authenticating user token {{(pid=87155) process_request /usr/local/lib/python3.8/dist-packages/keystonemiddleware/auth_token/__init__.py:407}}
Jun 17 04:31:50.563536 n-d-826752-4 devstack@keystone.service[87154]: DEBUG keystone.server.flask.request_processing.middleware.auth_context [None req-5dc1d193-1311-4b06-80ad-10fef3b9c6cd None None] Validating token access rules against request {{(pid=87154) validate_allowed_request /usr/local/lib/python3.8/dist-packages/keystonemiddleware/auth_token/__init__.py:545}}
Jun 17 04:31:50.566105 n-d-826752-4 devstack@keystone.service[87154]: DEBUG dbcounter [-] [87154] Writing DB stats keystone:SELECT=100 {{(pid=87154) stat_writer /usr/local/lib/python3.8/dist-packages/dbcounter.py:114}}
Jun 17 04:31:50.600743 n-d-826752-4 devstack@keystone.service[87154]: DEBUG keystone.server.flask.request_processing.middleware.auth_context [None req-53cf1e94-e581-45e9-8a9d-d37c28bea2c7 None admin] RBAC: auth_context: {'token': , 'domain_id': None, 'trust_id': None, 'trustor_id': None, 'trustee_id': None, 'domain_name': None, 'group_ids': [], 'user_id': '1094a420fed048b7aad125b280841d01', 'user_domain_id': 'default', 'system_scope': 'all', 'project_id': None, 'project_domain_id': None, 'roles': ['admin', 'member', 'reader'], 'is_admin_project': True, 'service_user_id': None, 'service_user_domain_id': None, 'service_project_id': None, 'service_project_domain_id': None, 'service_roles': []} {{(pid=87154) fill_context /opt/stack/keystone/keystone/server/flask/request_processing/middleware/auth_context.py:478}}
Jun 17 04:31:50.601641 n-d-826752-4 devstack@keystone.service[87154]: DEBUG keystone.server.flask.request_processing.req_logging [None req-53cf1e94-e581-45e9-8a9d-d37c28bea2c7 None admin] REQUEST_METHOD: `GET` {{(pid=87154) log_request_info /opt/stack/keystone/keystone/server/flask/request_processing/req_logging.py:27}}
Jun 17 04:31:50.601927 n-d-826752-4 devstack@keystone.service[87154]: DEBUG keystone.server.flask.request_processing.req_logging [None req-53cf1e94-e581-45e9-8a9d-d37c28bea2c7 None admin] SCRIPT_NAME: `/identity` {{(pid=87154) log_request_info /opt/stack/keystone/keystone/server/flask/request_processing/req_logging.py:28}}
Jun 17 04:31:50.602203 n-d-826752-4 devstack@keystone.service[87154]: DEBUG keystone.server.flask.request_processing.req_logging [None req-53cf1e94-e581-45e9-8a9d-d37c28bea2c7 None admin] PATH_INFO: `/v3/auth/tokens` {{(pid=87154) log_request_info /opt/stack/keystone/keystone/server/flask/request_processing/req_logging.py:29}}
Jun 17 04:31:50.602395 n-d-826752-4 devstack@keystone.service[87155]: DEBUG dbcounter [-] [87155] Writing DB stats keystone:SELECT=100 {{(pid=87155) stat_writer /usr/local/lib/python3.8/dist-packages/dbcounter.py:114}}
Jun 17 04:31:50.621401 n-d-826752-4 devstack@keystone.service[87155]: DEBUG keystone.server.flask.request_processing.middleware.auth_context [None req-fcc84ae7-ee5b-4981-b555-e429b58a343b None admin] Validating token access rules against request {{(pid=87155) validate_allowed_request /usr/local/lib/python3.8/dist-packages/keystonemiddleware/auth_token/__init__.py:545}}
Jun 17 04:31:50.655454 n-d-826752-4 devstack@keystone.service[87155]: DEBUG keystone.server.flask.request_processing.middleware.auth_context [None req-6a0f4a26-daaf-4287-9621-0caa65579da6 None admin] RBAC: auth_context: {'token': , 'domain_id': None, 'trust_id': None, 'trustor_id': None, 'trustee_id': None, 'domain_name': None, 'group_ids': [], 'user_id': '1094a420fed048b7aad125b280841d01', 'user_domain_id': 'default', 'system_scope': 'all', 'project_id': None, 'project_domain_id': None, 'roles': ['admin', 'member', 'reader'], 'is_admin_project': True, 'service_user_id': None, 'service_user_domain_id': None, 'service_project_id': None, 'service_project_domain_id': None, 'service_roles': []} {{(pid=87155) fill_context /opt/stack/keystone/keystone/server/flask/request_processing/middleware/auth_context.py:478}}
Jun 17 04:31:50.656162 n-d-826752-4 devstack@keystone.service[87155]: DEBUG keystone.server.flask.request_processing.req_logging [None req-6a0f4a26-daaf-4287-9621-0caa65579da6 None admin] REQUEST_METHOD: `GET` {{(pid=87155) log_request_info /opt/stack/keystone/keystone/server/flask/request_processing/req_logging.py:27}}
Jun 17 04:31:50.656444 n-d-826752-4 devstack@keystone.service[87155]: DEBUG keystone.server.flask.request_processing.req_logging [None req-6a0f4a26-daaf-4287-9621-0caa65579da6 None admin] SCRIPT_NAME: `/identity` {{(pid=87155) log_request_info /opt/stack/keystone/keystone/server/flask/request_processing/req_logging.py:28}}
Jun 17 04:31:50.656725 n-d-826752-4 devstack@keystone.service[87155]: DEBUG keystone.server.flask.request_processing.req_logging [None req-6a0f4a26-daaf-4287-9621-0caa65579da6 None admin] PATH_INFO: `/v3/roles` {{(pid=87155) log_request_info /opt/stack/keystone/keystone/server/flask/request_processing/req_logging.py:29}}
Jun 17 04:31:50.657479 n-d-826752-4 devstack@keystone.service[87155]: DEBUG keystone.common.rbac_enforcer.enforcer [None req-6a0f4a26-daaf-4287-9621-0caa65579da6 None admin] RBAC: Adding query filter params (name=admin) {{(pid=87155) _extract_filter_values /opt/stack/keystone/keystone/common/rbac_enforcer/enforcer.py:167}}
Jun 17 04:31:50.657788 n-d-826752-4 devstack@keystone.service[87155]: DEBUG keystone.common.rbac_enforcer.enforcer [None req-6a0f4a26-daaf-4287-9621-0caa65579da6 None admin] RBAC: Authorizing `identity:list_roles()` {{(pid=87155) enforce_call /opt/stack/keystone/keystone/common/rbac_enforcer/enforcer.py:449}}
Jun 17 04:31:50.659254 n-d-826752-4 devstack@keystone.service[87155]: DEBUG keystone.common.rbac_enforcer.enforcer [None req-6a0f4a26-daaf-4287-9621-0caa65579da6 None admin] RBAC: Authorization granted {{(pid=87155) enforce_call /opt/stack/keystone/keystone/common/rbac_enforcer/enforcer.py:457}}
Jun 17 04:31:50.670969 n-d-826752-4 devstack@keystone.service[87154]: DEBUG keystone.common.rbac_enforcer.enforcer [None req-53cf1e94-e581-45e9-8a9d-d37c28bea2c7 None admin] RBAC: Authorizing `identity:validate_token()` {{(pid=87154) enforce_call /opt/stack/keystone/keystone/common/rbac_enforcer/enforcer.py:449}}
Jun 17 04:31:50.671190 n-d-826752-4 devstack@keystone.service[87155]: [pid: 87155|app: 0|req: 8/15] 10.222.0.27 () {56 vars in 1099 bytes} [Fri Jun 17 04:31:50 2022] GET /identity/v3/roles?name=admin => generated 339 bytes in 152 msecs (HTTP/1.1 200) 5 headers in 177 bytes (2 switches on core 0)
Jun 17 04:31:50.672849 n-d-826752-4 devstack@keystone.service[87154]: DEBUG keystone.common.rbac_enforcer.enforcer [None req-53cf1e94-e581-45e9-8a9d-d37c28bea2c7 None admin] RBAC: Authorization granted {{(pid=87154) enforce_call /opt/stack/keystone/keystone/common/rbac_enforcer/enforcer.py:457}}
Jun 17 04:31:50.677030 n-d-826752-4 devstack@keystone.service[87155]: DEBUG keystone.server.flask.request_processing.middleware.auth_context [None req-6a0f4a26-daaf-4287-9621-0caa65579da6 None admin] Authenticating user token {{(pid=87155) process_request /usr/local/lib/python3.8/dist-packages/keystonemiddleware/auth_token/__init__.py:407}}
Jun 17 04:31:50.770990 n-d-826752-4 devstack@keystone.service[87154]: [pid: 87154|app: 0|req: 8/16] 10.222.0.27 () {58 vars in 1282 bytes} [Fri Jun 17 04:31:50 2022] GET /identity/v3/auth/tokens => generated 799 bytes in 306 msecs (HTTP/1.1 200) 6 headers in 358 bytes (1 switches on core 0)
Jun 17 04:31:50.774310 n-d-826752-4 devstack@keystone.service[87155]: DEBUG keystone.server.flask.request_processing.middleware.auth_context [None req-6a0f4a26-daaf-4287-9621-0caa65579da6 None admin] Validating token access rules against request {{(pid=87155) validate_allowed_request /usr/local/lib/python3.8/dist-packages/keystonemiddleware/auth_token/__init__.py:545}}
Jun 17 04:31:50.776674 n-d-826752-4 devstack@keystone.service[87154]: DEBUG keystone.server.flask.request_processing.middleware.auth_context [None req-53cf1e94-e581-45e9-8a9d-d37c28bea2c7 None admin] Authenticating user token {{(pid=87154) process_request /usr/local/lib/python3.8/dist-packages/keystonemiddleware/auth_token/__init__.py:407}}
Jun 17 04:31:50.779799 n-d-826752-4 devstack@keystone.service[87154]: DEBUG dbcounter [-] [87154] Writing DB stats keystone:SELECT=100 {{(pid=87154) stat_writer /usr/local/lib/python3.8/dist-packages/dbcounter.py:114}}
Jun 17 04:31:50.809867 n-d-826752-4 devstack@keystone.service[87155]: DEBUG keystone.server.flask.request_processing.middleware.auth_context [None req-9e9a80ce-560c-40cc-882b-d22c50429a54 None admin] RBAC: auth_context: {'token': , 'domain_id': None, 'trust_id': None, 'trustor_id': None, 'trustee_id': None, 'domain_name': None, 'group_ids': [], 'user_id': '1094a420fed048b7aad125b280841d01', 'user_domain_id': 'default', 'system_scope': 'all', 'project_id': None, 'project_domain_id': None, 'roles': ['admin', 'member', 'reader'], 'is_admin_project': True, 'service_user_id': None, 'service_user_domain_id': None, 'service_project_id': None, 'service_project_domain_id': None, 'service_roles': []} {{(pid=87155) fill_context /opt/stack/keystone/keystone/server/flask/request_processing/middleware/auth_context.py:478}}
Jun 17 04:31:50.810748 n-d-826752-4 devstack@keystone.service[87155]: DEBUG keystone.server.flask.request_processing.req_logging [None req-9e9a80ce-560c-40cc-882b-d22c50429a54 None admin] REQUEST_METHOD: `GET` {{(pid=87155) log_request_info /opt/stack/keystone/keystone/server/flask/request_processing/req_logging.py:27}}
Jun 17 04:31:50.811027 n-d-826752-4 devstack@keystone.service[87155]: DEBUG keystone.server.flask.request_processing.req_logging [None req-9e9a80ce-560c-40cc-882b-d22c50429a54 None admin] SCRIPT_NAME: `/identity` {{(pid=87155) log_request_info /opt/stack/keystone/keystone/server/flask/request_processing/req_logging.py:28}}
Jun 17 04:31:50.811298 n-d-826752-4 devstack@keystone.service[87155]: DEBUG keystone.server.flask.request_processing.req_logging [None req-9e9a80ce-560c-40cc-882b-d22c50429a54 None admin] PATH_INFO: `/v3/users/1094a420fed048b7aad125b280841d01` {{(pid=87155) log_request_info /opt/stack/keystone/keystone/server/flask/request_processing/req_logging.py:29}}
Jun 17 04:31:50.812541 n-d-826752-4 devstack@keystone.service[87155]: DEBUG keystone.common.rbac_enforcer.enforcer [None req-9e9a80ce-560c-40cc-882b-d22c50429a54 None admin] RBAC: Authorizing `identity:get_user(user_id=1094a420fed048b7aad125b280841d01)` {{(pid=87155) enforce_call /opt/stack/keystone/keystone/common/rbac_enforcer/enforcer.py:449}}
Jun 17 04:31:50.814011 n-d-826752-4 devstack@keystone.service[87155]: DEBUG keystone.common.rbac_enforcer.enforcer [None req-9e9a80ce-560c-40cc-882b-d22c50429a54 None admin] RBAC: Authorization granted {{(pid=87155) enforce_call /opt/stack/keystone/keystone/common/rbac_enforcer/enforcer.py:457}}
Jun 17 04:31:50.816105 n-d-826752-4 devstack@keystone.service[87155]: [pid: 87155|app: 0|req: 9/17] 10.222.0.27 () {56 vars in 1177 bytes} [Fri Jun 17 04:31:50 2022] GET /identity/v3/users/1094a420fed048b7aad125b280841d01 => generated 247 bytes in 139 msecs (HTTP/1.1 200) 5 headers in 177 bytes (2 switches on core 0)
Jun 17 04:31:50.821597 n-d-826752-4 devstack@keystone.service[87155]: DEBUG keystone.server.flask.request_processing.middleware.auth_context [None req-9e9a80ce-560c-40cc-882b-d22c50429a54 None admin] Authenticating user token {{(pid=87155) process_request /usr/local/lib/python3.8/dist-packages/keystonemiddleware/auth_token/__init__.py:407}}
Jun 17 04:31:50.835765 n-d-826752-4 devstack@keystone.service[87155]: DEBUG dbcounter [-] [87155] Writing DB stats keystone:SELECT=100 {{(pid=87155) stat_writer /usr/local/lib/python3.8/dist-packages/dbcounter.py:114}}
Jun 17 04:31:50.874954 n-d-826752-4 devstack@keystone.service[87154]: DEBUG keystone.server.flask.request_processing.middleware.auth_context [None req-53cf1e94-e581-45e9-8a9d-d37c28bea2c7 None admin] Validating token access rules against request {{(pid=87154) validate_allowed_request /usr/local/lib/python3.8/dist-packages/keystonemiddleware/auth_token/__init__.py:545}}
Jun 17 04:31:50.909739 n-d-826752-4 devstack@keystone.service[87154]: DEBUG keystone.server.flask.request_processing.middleware.auth_context [None req-96b181ef-e581-44fb-a63a-577daaed7c90 None admin] RBAC: auth_context: {'token': , 'domain_id': None, 'trust_id': None, 'trustor_id': None, 'trustee_id': None, 'domain_name': None, 'group_ids': [], 'user_id': '1094a420fed048b7aad125b280841d01', 'user_domain_id': 'default', 'system_scope': 'all', 'project_id': None, 'project_domain_id': None, 'roles': ['admin', 'member', 'reader'], 'is_admin_project': True, 'service_user_id': None, 'service_user_domain_id': None, 'service_project_id': None, 'service_project_domain_id': None, 'service_roles': []} {{(pid=87154) fill_context /opt/stack/keystone/keystone/server/flask/request_processing/middleware/auth_context.py:478}}
Jun 17 04:31:50.910532 n-d-826752-4 devstack@keystone.service[87154]: DEBUG keystone.server.flask.request_processing.req_logging [None req-96b181ef-e581-44fb-a63a-577daaed7c90 None admin] REQUEST_METHOD: `GET` {{(pid=87154) log_request_info /opt/stack/keystone/keystone/server/flask/request_processing/req_logging.py:27}}
Jun 17 04:31:50.910809 n-d-826752-4 devstack@keystone.service[87154]: DEBUG keystone.server.flask.request_processing.req_logging [None req-96b181ef-e581-44fb-a63a-577daaed7c90 None admin] SCRIPT_NAME: `/identity` {{(pid=87154) log_request_info /opt/stack/keystone/keystone/server/flask/request_processing/req_logging.py:28}}
Jun 17 04:31:50.911078 n-d-826752-4 devstack@keystone.service[87154]: DEBUG keystone.server.flask.request_processing.req_logging [None req-96b181ef-e581-44fb-a63a-577daaed7c90 None admin] PATH_INFO: `/v3/domains/Default` {{(pid=87154) log_request_info /opt/stack/keystone/keystone/server/flask/request_processing/req_logging.py:29}}
Jun 17 04:31:50.919022 n-d-826752-4 devstack@keystone.service[87155]: DEBUG keystone.server.flask.request_processing.middleware.auth_context [None req-9e9a80ce-560c-40cc-882b-d22c50429a54 None admin] Validating token access rules against request {{(pid=87155) validate_allowed_request /usr/local/lib/python3.8/dist-packages/keystonemiddleware/auth_token/__init__.py:545}}
Jun 17 04:31:50.929333 n-d-826752-4 devstack@keystone.service[87154]: DEBUG keystone.common.rbac_enforcer.enforcer [None req-96b181ef-e581-44fb-a63a-577daaed7c90 None admin] RBAC: Authorizing `identity:get_domain(domain_id=Default)` {{(pid=87154) enforce_call /opt/stack/keystone/keystone/common/rbac_enforcer/enforcer.py:449}}
Jun 17 04:31:50.930782 n-d-826752-4 devstack@keystone.service[87154]: DEBUG keystone.common.rbac_enforcer.enforcer [None req-96b181ef-e581-44fb-a63a-577daaed7c90 None admin] RBAC: Authorization granted {{(pid=87154) enforce_call /opt/stack/keystone/keystone/common/rbac_enforcer/enforcer.py:457}}
