Feb 19 00:43:51.638924 n-d-826750-2 devstack@placement-api.service[110534]: DEBUG placement.requestlog [req-4e4ffd1b-0b88-47ae-b9a8-d5281adeea43 req-ed9cd5d6-0bb3-49f9-93db-3a45c7ca2c5c None None] Starting request: 10.222.0.129 "GET /placement/allocation_candidates?limit=1000&resources=DISK_GB%3A1%2CMEMORY_MB%3A1024%2CVCPU%3A1&root_required=%21COMPUTE_STATUS_DISABLED" {{(pid=110534) __call__ /opt/stack/placement/placement/requestlog.py:55}}
Feb 19 00:43:51.722330 n-d-826750-2 devstack@placement-api.service[110534]: DEBUG placement.objects.research_context [req-4e4ffd1b-0b88-47ae-b9a8-d5281adeea43 req-ed9cd5d6-0bb3-49f9-93db-3a45c7ca2c5c service placement] getting providers with 1 DISK_GB {{(pid=110534) __init__ /opt/stack/placement/placement/objects/research_context.py:126}}
Feb 19 00:43:51.737256 n-d-826750-2 devstack@placement-api.service[110534]: DEBUG placement.objects.research_context [req-4e4ffd1b-0b88-47ae-b9a8-d5281adeea43 req-ed9cd5d6-0bb3-49f9-93db-3a45c7ca2c5c service placement] getting providers with 1024 MEMORY_MB {{(pid=110534) __init__ /opt/stack/placement/placement/objects/research_context.py:126}}
Feb 19 00:43:51.753433 n-d-826750-2 devstack@placement-api.service[110534]: DEBUG placement.objects.research_context [req-4e4ffd1b-0b88-47ae-b9a8-d5281adeea43 req-ed9cd5d6-0bb3-49f9-93db-3a45c7ca2c5c service placement] getting providers with 1 VCPU {{(pid=110534) __init__ /opt/stack/placement/placement/objects/research_context.py:126}}
Feb 19 00:43:51.766685 n-d-826750-2 devstack@placement-api.service[110534]: DEBUG placement.objects.research_context [req-4e4ffd1b-0b88-47ae-b9a8-d5281adeea43 req-ed9cd5d6-0bb3-49f9-93db-3a45c7ca2c5c service placement] found 2 providers with available 1 DISK_GB {{(pid=110534) get_provider_ids_matching /opt/stack/placement/placement/objects/research_context.py:549}}
Feb 19 00:43:51.766982 n-d-826750-2 devstack@placement-api.service[110534]: DEBUG placement.objects.research_context [req-4e4ffd1b-0b88-47ae-b9a8-d5281adeea43 req-ed9cd5d6-0bb3-49f9-93db-3a45c7ca2c5c service placement] found 2 providers with available 1024 MEMORY_MB {{(pid=110534) get_provider_ids_matching /opt/stack/placement/placement/objects/research_context.py:549}}
Feb 19 00:43:51.767232 n-d-826750-2 devstack@placement-api.service[110534]: DEBUG placement.objects.research_context [req-4e4ffd1b-0b88-47ae-b9a8-d5281adeea43 req-ed9cd5d6-0bb3-49f9-93db-3a45c7ca2c5c service placement] found 2 providers after filtering by previous result {{(pid=110534) get_provider_ids_matching /opt/stack/placement/placement/objects/research_context.py:580}}
Feb 19 00:43:51.767659 n-d-826750-2 devstack@placement-api.service[110534]: DEBUG placement.objects.research_context [req-4e4ffd1b-0b88-47ae-b9a8-d5281adeea43 req-ed9cd5d6-0bb3-49f9-93db-3a45c7ca2c5c service placement] found 2 providers with available 1 VCPU {{(pid=110534) get_provider_ids_matching /opt/stack/placement/placement/objects/research_context.py:549}}
Feb 19 00:43:51.769072 n-d-826750-2 devstack@placement-api.service[110534]: DEBUG placement.objects.research_context [req-4e4ffd1b-0b88-47ae-b9a8-d5281adeea43 req-ed9cd5d6-0bb3-49f9-93db-3a45c7ca2c5c service placement] found 2 providers after filtering by previous result {{(pid=110534) get_provider_ids_matching /opt/stack/placement/placement/objects/research_context.py:580}}
Feb 19 00:43:51.800752 n-d-826750-2 devstack@placement-api.service[110534]: DEBUG placement.objects.allocation_candidate [req-4e4ffd1b-0b88-47ae-b9a8-d5281adeea43 req-ed9cd5d6-0bb3-49f9-93db-3a45c7ca2c5c service placement] RequestGroup(use_same_provider=False, resources={DISK_GB:1, MEMORY_MB:1024, VCPU:1}, traits=[], aggregates=[]) (suffix '') returned 2 matches {{(pid=110534) _get_by_requests /opt/stack/placement/placement/objects/allocation_candidate.py:145}}
Feb 19 00:43:51.801432 n-d-826750-2 devstack@placement-api.service[110534]: DEBUG placement.objects.allocation_candidate [req-4e4ffd1b-0b88-47ae-b9a8-d5281adeea43 req-ed9cd5d6-0bb3-49f9-93db-3a45c7ca2c5c service placement] Merging candidates yields 2 allocation requests and 2 provider summaries {{(pid=110534) _merge_candidates /opt/stack/placement/placement/objects/allocation_candidate.py:783}}
Feb 19 00:43:51.803438 n-d-826750-2 devstack@placement-api.service[110534]: INFO placement.requestlog [req-4e4ffd1b-0b88-47ae-b9a8-d5281adeea43 req-ed9cd5d6-0bb3-49f9-93db-3a45c7ca2c5c service placement] 10.222.0.129 "GET /placement/allocation_candidates?limit=1000&resources=DISK_GB%3A1%2CMEMORY_MB%3A1024%2CVCPU%3A1&root_required=%21COMPUTE_STATUS_DISABLED" status: 200 len: 1309 microversion: 1.36
Feb 19 00:43:51.814766 n-d-826750-2 devstack@placement-api.service[110534]: [pid: 110534|app: 0|req: 85/176] 10.222.0.129 () {60 vars in 1511 bytes} [Sat Feb 19 00:43:51 2022] GET /placement/allocation_candidates?limit=1000&resources=DISK_GB%3A1%2CMEMORY_MB%3A1024%2CVCPU%3A1&root_required=%21COMPUTE_STATUS_DISABLED => generated 1309 bytes in 176 msecs (HTTP/1.1 200) 8 headers in 297 bytes (1 switches on core 0)
Feb 19 00:43:51.900865 n-d-826750-2 devstack@placement-api.service[110535]: DEBUG placement.requestlog [req-4e4ffd1b-0b88-47ae-b9a8-d5281adeea43 req-e1a4297f-ef1c-4218-8f3b-20b682b9a707 None None] Starting request: 10.222.0.129 "GET /placement/allocations/75606244-2974-4ef8-be90-6d8b3f871f68" {{(pid=110535) __call__ /opt/stack/placement/placement/requestlog.py:55}}
Feb 19 00:43:51.916710 n-d-826750-2 devstack@placement-api.service[110535]: INFO placement.requestlog [req-4e4ffd1b-0b88-47ae-b9a8-d5281adeea43 req-e1a4297f-ef1c-4218-8f3b-20b682b9a707 service placement] 10.222.0.129 "GET /placement/allocations/75606244-2974-4ef8-be90-6d8b3f871f68" status: 200 len: 19 microversion: 1.28
Feb 19 00:43:51.917306 n-d-826750-2 devstack@placement-api.service[110535]: [pid: 110535|app: 0|req: 92/177] 10.222.0.129 () {60 vars in 1385 bytes} [Sat Feb 19 00:43:51 2022] GET /placement/allocations/75606244-2974-4ef8-be90-6d8b3f871f68 => generated 19 bytes in 18 msecs (HTTP/1.1 200) 8 headers in 295 bytes (2 switches on core 0)
Feb 19 00:43:51.926679 n-d-826750-2 devstack@placement-api.service[110534]: DEBUG placement.requestlog [req-4e4ffd1b-0b88-47ae-b9a8-d5281adeea43 req-5a4b2b44-1c95-46d7-90c4-0d92f4d5384e None None] Starting request: 10.222.0.129 "PUT /placement/allocations/75606244-2974-4ef8-be90-6d8b3f871f68" {{(pid=110534) __call__ /opt/stack/placement/placement/requestlog.py:55}}
Feb 19 00:43:52.049543 n-d-826750-2 devstack@placement-api.service[110534]: DEBUG placement.handlers.allocation [req-4e4ffd1b-0b88-47ae-b9a8-d5281adeea43 req-5a4b2b44-1c95-46d7-90c4-0d92f4d5384e service placement] Successfully wrote allocations [, , ] {{(pid=110534) _update_consumers_and_create_allocations /opt/stack/placement/placement/handlers/allocation.py:462}}
Feb 19 00:43:52.058008 n-d-826750-2 devstack@placement-api.service[110534]: INFO placement.requestlog [req-4e4ffd1b-0b88-47ae-b9a8-d5281adeea43 req-5a4b2b44-1c95-46d7-90c4-0d92f4d5384e service placement] 10.222.0.129 "PUT /placement/allocations/75606244-2974-4ef8-be90-6d8b3f871f68" status: 204 len: 0 microversion: 1.36
Feb 19 00:43:52.058845 n-d-826750-2 devstack@placement-api.service[110534]: [pid: 110534|app: 0|req: 86/178] 10.222.0.129 () {64 vars in 1438 bytes} [Sat Feb 19 00:43:51 2022] PUT /placement/allocations/75606244-2974-4ef8-be90-6d8b3f871f68 => generated 0 bytes in 133 msecs (HTTP/1.1 204) 5 headers in 199 bytes (2 switches on core 0)
Feb 19 00:43:52.586019 n-d-826750-2 devstack@placement-api.service[110535]: DEBUG placement.requestlog [req-4e4ffd1b-0b88-47ae-b9a8-d5281adeea43 req-a9275f29-637c-4ec6-9869-294d31030060 None None] Starting request: 10.222.0.37 "GET /placement/allocations/75606244-2974-4ef8-be90-6d8b3f871f68" {{(pid=110535) __call__ /opt/stack/placement/placement/requestlog.py:55}}
Feb 19 00:43:52.609056 n-d-826750-2 devstack@placement-api.service[110535]: INFO placement.requestlog [req-4e4ffd1b-0b88-47ae-b9a8-d5281adeea43 req-a9275f29-637c-4ec6-9869-294d31030060 service placement] 10.222.0.37 "GET /placement/allocations/75606244-2974-4ef8-be90-6d8b3f871f68" status: 200 len: 259 microversion: 1.28
Feb 19 00:43:52.609487 n-d-826750-2 devstack@placement-api.service[110535]: [pid: 110535|app: 0|req: 93/179] 10.222.0.37 () {60 vars in 1381 bytes} [Sat Feb 19 00:43:52 2022] GET /placement/allocations/75606244-2974-4ef8-be90-6d8b3f871f68 => generated 259 bytes in 24 msecs (HTTP/1.1 200) 8 headers in 296 bytes (1 switches on core 0)
Feb 19 00:43:54.042957 n-d-826750-2 devstack@placement-api.service[110534]: DEBUG placement.requestlog [req-0e7de168-91a5-4b7a-9647-c866080715ac req-fdae1b08-cd0e-4c64-8d36-f1644c3d1d73 None None] Starting request: 10.222.0.37 "DELETE /placement/allocations/cd1874f8-8352-4cca-b9a5-46cac95e71a9" {{(pid=110534) __call__ /opt/stack/placement/placement/requestlog.py:55}}
Feb 19 00:43:54.078961 n-d-826750-2 devstack@placement-api.service[110534]: DEBUG placement.handlers.allocation [req-0e7de168-91a5-4b7a-9647-c866080715ac req-fdae1b08-cd0e-4c64-8d36-f1644c3d1d73 service placement] Successfully deleted allocations [, , ] {{(pid=110534) delete_allocations /opt/stack/placement/placement/handlers/allocation.py:627}}
Feb 19 00:43:54.080001 n-d-826750-2 devstack@placement-api.service[110534]: INFO placement.requestlog [req-0e7de168-91a5-4b7a-9647-c866080715ac req-fdae1b08-cd0e-4c64-8d36-f1644c3d1d73 service placement] 10.222.0.37 "DELETE /placement/allocations/cd1874f8-8352-4cca-b9a5-46cac95e71a9" status: 204 len: 0 microversion: 1.0
Feb 19 00:43:54.081510 n-d-826750-2 devstack@placement-api.service[110534]: [pid: 110534|app: 0|req: 87/180] 10.222.0.37 () {60 vars in 1359 bytes} [Sat Feb 19 00:43:54 2022] DELETE /placement/allocations/cd1874f8-8352-4cca-b9a5-46cac95e71a9 => generated 0 bytes in 39 msecs (HTTP/1.1 204) 5 headers in 198 bytes (1 switches on core 0)
Feb 19 00:43:56.663702 n-d-826750-2 devstack@placement-api.service[110535]: DEBUG placement.requestlog [req-af83deff-181b-4376-80ff-3d531bc2a8ef req-7066a1a5-3d74-4fa6-a3bf-2181f3ae9bb2 None None] Starting request: 10.222.0.129 "GET /placement/allocation_candidates?limit=1000&resources=DISK_GB%3A1%2CMEMORY_MB%3A1024%2CVCPU%3A1&root_required=%21COMPUTE_STATUS_DISABLED" {{(pid=110535) __call__ /opt/stack/placement/placement/requestlog.py:55}}
Feb 19 00:43:56.760636 n-d-826750-2 devstack@placement-api.service[110535]: DEBUG placement.objects.research_context [req-af83deff-181b-4376-80ff-3d531bc2a8ef req-7066a1a5-3d74-4fa6-a3bf-2181f3ae9bb2 service placement] getting providers with 1 DISK_GB {{(pid=110535) __init__ /opt/stack/placement/placement/objects/research_context.py:126}}
Feb 19 00:43:56.769118 n-d-826750-2 devstack@placement-api.service[110535]: DEBUG placement.objects.research_context [req-af83deff-181b-4376-80ff-3d531bc2a8ef req-7066a1a5-3d74-4fa6-a3bf-2181f3ae9bb2 service placement] getting providers with 1024 MEMORY_MB {{(pid=110535) __init__ /opt/stack/placement/placement/objects/research_context.py:126}}
Feb 19 00:43:56.776229 n-d-826750-2 devstack@placement-api.service[110535]: DEBUG placement.objects.research_context [req-af83deff-181b-4376-80ff-3d531bc2a8ef req-7066a1a5-3d74-4fa6-a3bf-2181f3ae9bb2 service placement] getting providers with 1 VCPU {{(pid=110535) __init__ /opt/stack/placement/placement/objects/research_context.py:126}}
Feb 19 00:43:56.782356 n-d-826750-2 devstack@placement-api.service[110535]: DEBUG placement.objects.research_context [req-af83deff-181b-4376-80ff-3d531bc2a8ef req-7066a1a5-3d74-4fa6-a3bf-2181f3ae9bb2 service placement] found 2 providers with available 1 DISK_GB {{(pid=110535) get_provider_ids_matching /opt/stack/placement/placement/objects/research_context.py:549}}
Feb 19 00:43:56.782861 n-d-826750-2 devstack@placement-api.service[110535]: DEBUG placement.objects.research_context [req-af83deff-181b-4376-80ff-3d531bc2a8ef req-7066a1a5-3d74-4fa6-a3bf-2181f3ae9bb2 service placement] found 2 providers with available 1024 MEMORY_MB {{(pid=110535) get_provider_ids_matching /opt/stack/placement/placement/objects/research_context.py:549}}
Feb 19 00:43:56.783338 n-d-826750-2 devstack@placement-api.service[110535]: DEBUG placement.objects.research_context [req-af83deff-181b-4376-80ff-3d531bc2a8ef req-7066a1a5-3d74-4fa6-a3bf-2181f3ae9bb2 service placement] found 2 providers after filtering by previous result {{(pid=110535) get_provider_ids_matching /opt/stack/placement/placement/objects/research_context.py:580}}
Feb 19 00:43:56.783806 n-d-826750-2 devstack@placement-api.service[110535]: DEBUG placement.objects.research_context [req-af83deff-181b-4376-80ff-3d531bc2a8ef req-7066a1a5-3d74-4fa6-a3bf-2181f3ae9bb2 service placement] found 2 providers with available 1 VCPU {{(pid=110535) get_provider_ids_matching /opt/stack/placement/placement/objects/research_context.py:549}}
Feb 19 00:43:56.784656 n-d-826750-2 devstack@placement-api.service[110535]: DEBUG placement.objects.research_context [req-af83deff-181b-4376-80ff-3d531bc2a8ef req-7066a1a5-3d74-4fa6-a3bf-2181f3ae9bb2 service placement] found 2 providers after filtering by previous result {{(pid=110535) get_provider_ids_matching /opt/stack/placement/placement/objects/research_context.py:580}}
Feb 19 00:43:56.796566 n-d-826750-2 devstack@placement-api.service[110535]: DEBUG placement.objects.allocation_candidate [req-af83deff-181b-4376-80ff-3d531bc2a8ef req-7066a1a5-3d74-4fa6-a3bf-2181f3ae9bb2 service placement] RequestGroup(use_same_provider=False, resources={DISK_GB:1, MEMORY_MB:1024, VCPU:1}, traits=[], aggregates=[]) (suffix '') returned 2 matches {{(pid=110535) _get_by_requests /opt/stack/placement/placement/objects/allocation_candidate.py:145}}
Feb 19 00:43:56.797234 n-d-826750-2 devstack@placement-api.service[110535]: DEBUG placement.objects.allocation_candidate [req-af83deff-181b-4376-80ff-3d531bc2a8ef req-7066a1a5-3d74-4fa6-a3bf-2181f3ae9bb2 service placement] Merging candidates yields 2 allocation requests and 2 provider summaries {{(pid=110535) _merge_candidates /opt/stack/placement/placement/objects/allocation_candidate.py:783}}
Feb 19 00:43:56.800823 n-d-826750-2 devstack@placement-api.service[110535]: INFO placement.requestlog [req-af83deff-181b-4376-80ff-3d531bc2a8ef req-7066a1a5-3d74-4fa6-a3bf-2181f3ae9bb2 service placement] 10.222.0.129 "GET /placement/allocation_candidates?limit=1000&resources=DISK_GB%3A1%2CMEMORY_MB%3A1024%2CVCPU%3A1&root_required=%21COMPUTE_STATUS_DISABLED" status: 200 len: 1309 microversion: 1.36
Feb 19 00:43:56.801641 n-d-826750-2 devstack@placement-api.service[110535]: [pid: 110535|app: 0|req: 94/181] 10.222.0.129 () {60 vars in 1511 bytes} [Sat Feb 19 00:43:56 2022] GET /placement/allocation_candidates?limit=1000&resources=DISK_GB%3A1%2CMEMORY_MB%3A1024%2CVCPU%3A1&root_required=%21COMPUTE_STATUS_DISABLED => generated 1309 bytes in 138 msecs (HTTP/1.1 200) 8 headers in 297 bytes (1 switches on core 0)
Feb 19 00:43:56.865049 n-d-826750-2 devstack@placement-api.service[110534]: DEBUG placement.requestlog [req-af83deff-181b-4376-80ff-3d531bc2a8ef req-690f132c-5419-4793-a757-55925f151b2a None None] Starting request: 10.222.0.129 "GET /placement/allocations/f64b8d68-55ab-4c24-8271-94012ded84e5" {{(pid=110534) __call__ /opt/stack/placement/placement/requestlog.py:55}}
Feb 19 00:43:56.878571 n-d-826750-2 devstack@placement-api.service[110534]: INFO placement.requestlog [req-af83deff-181b-4376-80ff-3d531bc2a8ef req-690f132c-5419-4793-a757-55925f151b2a service placement] 10.222.0.129 "GET /placement/allocations/f64b8d68-55ab-4c24-8271-94012ded84e5" status: 200 len: 19 microversion: 1.28
Feb 19 00:43:56.879830 n-d-826750-2 devstack@placement-api.service[110534]: [pid: 110534|app: 0|req: 88/182] 10.222.0.129 () {60 vars in 1385 bytes} [Sat Feb 19 00:43:56 2022] GET /placement/allocations/f64b8d68-55ab-4c24-8271-94012ded84e5 => generated 19 bytes in 15 msecs (HTTP/1.1 200) 8 headers in 295 bytes (1 switches on core 0)
Feb 19 00:43:56.886867 n-d-826750-2 devstack@placement-api.service[110535]: DEBUG placement.requestlog [req-af83deff-181b-4376-80ff-3d531bc2a8ef req-d0717262-c374-48cc-8d66-e45a0ede8d60 None None] Starting request: 10.222.0.129 "PUT /placement/allocations/f64b8d68-55ab-4c24-8271-94012ded84e5" {{(pid=110535) __call__ /opt/stack/placement/placement/requestlog.py:55}}
Feb 19 00:43:57.020706 n-d-826750-2 devstack@placement-api.service[110535]: DEBUG placement.handlers.allocation [req-af83deff-181b-4376-80ff-3d531bc2a8ef req-d0717262-c374-48cc-8d66-e45a0ede8d60 service placement] Successfully wrote allocations [, , ] {{(pid=110535) _update_consumers_and_create_allocations /opt/stack/placement/placement/handlers/allocation.py:462}}
Feb 19 00:43:57.039679 n-d-826750-2 devstack@placement-api.service[110535]: INFO placement.requestlog [req-af83deff-181b-4376-80ff-3d531bc2a8ef req-d0717262-c374-48cc-8d66-e45a0ede8d60 service placement] 10.222.0.129 "PUT /placement/allocations/f64b8d68-55ab-4c24-8271-94012ded84e5" status: 204 len: 0 microversion: 1.36
Feb 19 00:43:57.050215 n-d-826750-2 devstack@placement-api.service[110535]: [pid: 110535|app: 0|req: 95/183] 10.222.0.129 () {64 vars in 1438 bytes} [Sat Feb 19 00:43:56 2022] PUT /placement/allocations/f64b8d68-55ab-4c24-8271-94012ded84e5 => generated 0 bytes in 154 msecs (HTTP/1.1 204) 5 headers in 199 bytes (1 switches on core 0)
Feb 19 00:43:57.455282 n-d-826750-2 devstack@placement-api.service[110534]: DEBUG placement.requestlog [req-af83deff-181b-4376-80ff-3d531bc2a8ef req-f60f971f-4e11-4c32-8ef9-bb8631f2db58 None None] Starting request: 10.222.0.37 "GET /placement/allocations/f64b8d68-55ab-4c24-8271-94012ded84e5" {{(pid=110534) __call__ /opt/stack/placement/placement/requestlog.py:55}}
Feb 19 00:43:57.476286 n-d-826750-2 devstack@placement-api.service[110534]: INFO placement.requestlog [req-af83deff-181b-4376-80ff-3d531bc2a8ef req-f60f971f-4e11-4c32-8ef9-bb8631f2db58 service placement] 10.222.0.37 "GET /placement/allocations/f64b8d68-55ab-4c24-8271-94012ded84e5" status: 200 len: 259 microversion: 1.28
Feb 19 00:43:57.478092 n-d-826750-2 devstack@placement-api.service[110534]: [pid: 110534|app: 0|req: 89/184] 10.222.0.37 () {60 vars in 1381 bytes} [Sat Feb 19 00:43:57 2022] GET /placement/allocations/f64b8d68-55ab-4c24-8271-94012ded84e5 => generated 259 bytes in 23 msecs (HTTP/1.1 200) 8 headers in 296 bytes (1 switches on core 0)
Feb 19 00:44:01.950474 n-d-826750-2 devstack@placement-api.service[110535]: DEBUG placement.requestlog [req-74c8cc8d-cc8e-427b-aeea-5b8e2aa70542 req-bc0e332a-03e9-4b65-8229-4b9547b849dd None None] Starting request: 10.222.0.37 "GET /placement/allocations/d16e7efd-cd77-4843-b0d7-3649b4d40819" {{(pid=110535) __call__ /opt/stack/placement/placement/requestlog.py:55}}
Feb 19 00:44:01.975415 n-d-826750-2 devstack@placement-api.service[110535]: INFO placement.requestlog [req-74c8cc8d-cc8e-427b-aeea-5b8e2aa70542 req-bc0e332a-03e9-4b65-8229-4b9547b849dd service placement] 10.222.0.37 "GET /placement/allocations/d16e7efd-cd77-4843-b0d7-3649b4d40819" status: 200 len: 259 microversion: 1.28
Feb 19 00:44:01.976568 n-d-826750-2 devstack@placement-api.service[110535]: [pid: 110535|app: 0|req: 96/185] 10.222.0.37 () {60 vars in 1381 bytes} [Sat Feb 19 00:44:01 2022] GET /placement/allocations/d16e7efd-cd77-4843-b0d7-3649b4d40819 => generated 259 bytes in 26 msecs (HTTP/1.1 200) 8 headers in 296 bytes (1 switches on core 0)
Feb 19 00:44:05.089529 n-d-826750-2 devstack@placement-api.service[110534]: DEBUG placement.requestlog [req-9d64445d-895c-41d0-b55b-16125c45685a req-6cc9e442-e46f-458f-ad0f-87c98bb56c8b None None] Starting request: 10.222.0.130 "DELETE /placement/allocations/a9476fc2-5554-47f3-85cb-a85942881569" {{(pid=110534) __call__ /opt/stack/placement/placement/requestlog.py:55}}
Feb 19 00:44:05.155784 n-d-826750-2 devstack@placement-api.service[110534]: DEBUG placement.handlers.allocation [req-9d64445d-895c-41d0-b55b-16125c45685a req-6cc9e442-e46f-458f-ad0f-87c98bb56c8b service placement] Successfully deleted allocations [, , ] {{(pid=110534) delete_allocations /opt/stack/placement/placement/handlers/allocation.py:627}}
Feb 19 00:44:05.156573 n-d-826750-2 devstack@placement-api.service[110534]: INFO placement.requestlog [req-9d64445d-895c-41d0-b55b-16125c45685a req-6cc9e442-e46f-458f-ad0f-87c98bb56c8b service placement] 10.222.0.130 "DELETE /placement/allocations/a9476fc2-5554-47f3-85cb-a85942881569" status: 204 len: 0 microversion: 1.0
Feb 19 00:44:05.157495 n-d-826750-2 devstack@placement-api.service[110534]: [pid: 110534|app: 0|req: 90/186] 10.222.0.130 () {60 vars in 1360 bytes} [Sat Feb 19 00:44:05 2022] DELETE /placement/allocations/a9476fc2-5554-47f3-85cb-a85942881569 => generated 0 bytes in 68 msecs (HTTP/1.1 204) 5 headers in 198 bytes (1 switches on core 0)
Feb 19 00:44:06.201686 n-d-826750-2 devstack@placement-api.service[110535]: DEBUG placement.requestlog [req-757c0572-ca07-4165-bd31-959b85612454 req-ad909ebd-b080-41b4-bb5d-f3906f5efd0e None None] Starting request: 10.222.0.129 "GET /placement/allocation_candidates?limit=1000&resources=DISK_GB%3A1%2CMEMORY_MB%3A1024%2CVCPU%3A1&root_required=%21COMPUTE_STATUS_DISABLED" {{(pid=110535) __call__ /opt/stack/placement/placement/requestlog.py:55}}
Feb 19 00:44:06.266889 n-d-826750-2 devstack@placement-api.service[110535]: DEBUG placement.objects.research_context [req-757c0572-ca07-4165-bd31-959b85612454 req-ad909ebd-b080-41b4-bb5d-f3906f5efd0e service placement] getting providers with 1 DISK_GB {{(pid=110535) __init__ /opt/stack/placement/placement/objects/research_context.py:126}}
Feb 19 00:44:06.288400 n-d-826750-2 devstack@placement-api.service[110535]: DEBUG placement.objects.research_context [req-757c0572-ca07-4165-bd31-959b85612454 req-ad909ebd-b080-41b4-bb5d-f3906f5efd0e service placement] getting providers with 1024 MEMORY_MB {{(pid=110535) __init__ /opt/stack/placement/placement/objects/research_context.py:126}}
Feb 19 00:44:06.301741 n-d-826750-2 devstack@placement-api.service[110535]: DEBUG placement.objects.research_context [req-757c0572-ca07-4165-bd31-959b85612454 req-ad909ebd-b080-41b4-bb5d-f3906f5efd0e service placement] getting providers with 1 VCPU {{(pid=110535) __init__ /opt/stack/placement/placement/objects/research_context.py:126}}
Feb 19 00:44:06.314541 n-d-826750-2 devstack@placement-api.service[110535]: DEBUG placement.objects.research_context [req-757c0572-ca07-4165-bd31-959b85612454 req-ad909ebd-b080-41b4-bb5d-f3906f5efd0e service placement] found 2 providers with available 1 DISK_GB {{(pid=110535) get_provider_ids_matching /opt/stack/placement/placement/objects/research_context.py:549}}
Feb 19 00:44:06.314822 n-d-826750-2 devstack@placement-api.service[110535]: DEBUG placement.objects.research_context [req-757c0572-ca07-4165-bd31-959b85612454 req-ad909ebd-b080-41b4-bb5d-f3906f5efd0e service placement] found 2 providers with available 1024 MEMORY_MB {{(pid=110535) get_provider_ids_matching /opt/stack/placement/placement/objects/research_context.py:549}}
Feb 19 00:44:06.315162 n-d-826750-2 devstack@placement-api.service[110535]: DEBUG placement.objects.research_context [req-757c0572-ca07-4165-bd31-959b85612454 req-ad909ebd-b080-41b4-bb5d-f3906f5efd0e service placement] found 2 providers after filtering by previous result {{(pid=110535) get_provider_ids_matching /opt/stack/placement/placement/objects/research_context.py:580}}
Feb 19 00:44:06.315356 n-d-826750-2 devstack@placement-api.service[110535]: DEBUG placement.objects.research_context [req-757c0572-ca07-4165-bd31-959b85612454 req-ad909ebd-b080-41b4-bb5d-f3906f5efd0e service placement] found 2 providers with available 1 VCPU {{(pid=110535) get_provider_ids_matching /opt/stack/placement/placement/objects/research_context.py:549}}
Feb 19 00:44:06.315804 n-d-826750-2 devstack@placement-api.service[110535]: DEBUG placement.objects.research_context [req-757c0572-ca07-4165-bd31-959b85612454 req-ad909ebd-b080-41b4-bb5d-f3906f5efd0e service placement] found 2 providers after filtering by previous result {{(pid=110535) get_provider_ids_matching /opt/stack/placement/placement/objects/research_context.py:580}}
Feb 19 00:44:06.355033 n-d-826750-2 devstack@placement-api.service[110535]: DEBUG placement.objects.allocation_candidate [req-757c0572-ca07-4165-bd31-959b85612454 req-ad909ebd-b080-41b4-bb5d-f3906f5efd0e service placement] RequestGroup(use_same_provider=False, resources={DISK_GB:1, MEMORY_MB:1024, VCPU:1}, traits=[], aggregates=[]) (suffix '') returned 2 matches {{(pid=110535) _get_by_requests /opt/stack/placement/placement/objects/allocation_candidate.py:145}}
Feb 19 00:44:06.355432 n-d-826750-2 devstack@placement-api.service[110535]: DEBUG placement.objects.allocation_candidate [req-757c0572-ca07-4165-bd31-959b85612454 req-ad909ebd-b080-41b4-bb5d-f3906f5efd0e service placement] Merging candidates yields 2 allocation requests and 2 provider summaries {{(pid=110535) _merge_candidates /opt/stack/placement/placement/objects/allocation_candidate.py:783}}
Feb 19 00:44:06.360725 n-d-826750-2 devstack@placement-api.service[110535]: INFO placement.requestlog [req-757c0572-ca07-4165-bd31-959b85612454 req-ad909ebd-b080-41b4-bb5d-f3906f5efd0e service placement] 10.222.0.129 "GET /placement/allocation_candidates?limit=1000&resources=DISK_GB%3A1%2CMEMORY_MB%3A1024%2CVCPU%3A1&root_required=%21COMPUTE_STATUS_DISABLED" status: 200 len: 1309 microversion: 1.36
Feb 19 00:44:06.361114 n-d-826750-2 devstack@placement-api.service[110535]: [pid: 110535|app: 0|req: 97/187] 10.222.0.129 () {60 vars in 1511 bytes} [Sat Feb 19 00:44:06 2022] GET /placement/allocation_candidates?limit=1000&resources=DISK_GB%3A1%2CMEMORY_MB%3A1024%2CVCPU%3A1&root_required=%21COMPUTE_STATUS_DISABLED => generated 1309 bytes in 160 msecs (HTTP/1.1 200) 8 headers in 297 bytes (1 switches on core 0)
Feb 19 00:44:06.472618 n-d-826750-2 devstack@placement-api.service[110534]: DEBUG placement.requestlog [req-757c0572-ca07-4165-bd31-959b85612454 req-3353319f-a24c-44a7-a412-c9757b6a234c None None] Starting request: 10.222.0.129 "GET /placement/allocations/b30c73d2-94c8-45aa-8252-0c77fe8dc3ed" {{(pid=110534) __call__ /opt/stack/placement/placement/requestlog.py:55}}
Feb 19 00:44:06.487899 n-d-826750-2 devstack@placement-api.service[110534]: INFO placement.requestlog [req-757c0572-ca07-4165-bd31-959b85612454 req-3353319f-a24c-44a7-a412-c9757b6a234c service placement] 10.222.0.129 "GET /placement/allocations/b30c73d2-94c8-45aa-8252-0c77fe8dc3ed" status: 200 len: 19 microversion: 1.28
Feb 19 00:44:06.489876 n-d-826750-2 devstack@placement-api.service[110534]: [pid: 110534|app: 0|req: 91/188] 10.222.0.129 () {60 vars in 1385 bytes} [Sat Feb 19 00:44:06 2022] GET /placement/allocations/b30c73d2-94c8-45aa-8252-0c77fe8dc3ed => generated 19 bytes in 17 msecs (HTTP/1.1 200) 8 headers in 295 bytes (1 switches on core 0)
Feb 19 00:44:06.496306 n-d-826750-2 devstack@placement-api.service[110535]: DEBUG placement.requestlog [req-757c0572-ca07-4165-bd31-959b85612454 req-06281e25-9b9c-4748-a1b9-f3e21b196d68 None None] Starting request: 10.222.0.129 "PUT /placement/allocations/b30c73d2-94c8-45aa-8252-0c77fe8dc3ed" {{(pid=110535) __call__ /opt/stack/placement/placement/requestlog.py:55}}
Feb 19 00:44:06.643855 n-d-826750-2 devstack@placement-api.service[110535]: DEBUG placement.handlers.allocation [req-757c0572-ca07-4165-bd31-959b85612454 req-06281e25-9b9c-4748-a1b9-f3e21b196d68 service placement] Successfully wrote allocations [, , ] {{(pid=110535) _update_consumers_and_create_allocations /opt/stack/placement/placement/handlers/allocation.py:462}}
Feb 19 00:44:06.651052 n-d-826750-2 devstack@placement-api.service[110535]: INFO placement.requestlog [req-757c0572-ca07-4165-bd31-959b85612454 req-06281e25-9b9c-4748-a1b9-f3e21b196d68 service placement] 10.222.0.129 "PUT /placement/allocations/b30c73d2-94c8-45aa-8252-0c77fe8dc3ed" status: 204 len: 0 microversion: 1.36
Feb 19 00:44:06.651562 n-d-826750-2 devstack@placement-api.service[110535]: [pid: 110535|app: 0|req: 98/189] 10.222.0.129 () {64 vars in 1438 bytes} [Sat Feb 19 00:44:06 2022] PUT /placement/allocations/b30c73d2-94c8-45aa-8252-0c77fe8dc3ed => generated 0 bytes in 156 msecs (HTTP/1.1 204) 5 headers in 199 bytes (2 switches on core 0)
Feb 19 00:44:07.213907 n-d-826750-2 devstack@placement-api.service[110534]: DEBUG placement.requestlog [req-757c0572-ca07-4165-bd31-959b85612454 req-8a8f0de2-2681-40e6-8bad-a710a837a30a None None] Starting request: 10.222.0.130 "GET /placement/allocations/b30c73d2-94c8-45aa-8252-0c77fe8dc3ed" {{(pid=110534) __call__ /opt/stack/placement/placement/requestlog.py:55}}
Feb 19 00:44:07.236342 n-d-826750-2 devstack@placement-api.service[110534]: INFO placement.requestlog [req-757c0572-ca07-4165-bd31-959b85612454 req-8a8f0de2-2681-40e6-8bad-a710a837a30a service placement] 10.222.0.130 "GET /placement/allocations/b30c73d2-94c8-45aa-8252-0c77fe8dc3ed" status: 200 len: 259 microversion: 1.28
Feb 19 00:44:07.237247 n-d-826750-2 devstack@placement-api.service[110534]: [pid: 110534|app: 0|req: 92/190] 10.222.0.130 () {60 vars in 1382 bytes} [Sat Feb 19 00:44:07 2022] GET /placement/allocations/b30c73d2-94c8-45aa-8252-0c77fe8dc3ed => generated 259 bytes in 23 msecs (HTTP/1.1 200) 8 headers in 296 bytes (1 switches on core 0)
Feb 19 00:44:07.422436 n-d-826750-2 devstack@placement-api.service[110535]: DEBUG placement.requestlog [None req-535b6b28-cdef-4f77-aeed-e66bf20d22e2 None None] Starting request: 10.222.0.129 "GET /placement/" {{(pid=110535) __call__ /opt/stack/placement/placement/requestlog.py:55}}
Feb 19 00:44:07.423488 n-d-826750-2 devstack@placement-api.service[110535]: INFO placement.requestlog [None req-535b6b28-cdef-4f77-aeed-e66bf20d22e2 None None] 10.222.0.129 "GET /placement/" status: 200 len: 136 microversion: 1.0
Feb 19 00:44:07.423817 n-d-826750-2 devstack@placement-api.service[110535]: [pid: 110535|app: 0|req: 99/191] 10.222.0.129 () {54 vars in 912 bytes} [Sat Feb 19 00:44:07 2022] GET /placement => generated 136 bytes in 2 msecs (HTTP/1.1 200) 6 headers in 224 bytes (1 switches on core 0)
Feb 19 00:44:07.443087 n-d-826750-2 devstack@placement-api.service[110534]: DEBUG placement.requestlog [req-825021ae-e7b1-488d-af34-8b38722a82c1 req-cc09bb56-0cc3-433a-b728-009f3b82d8f9 None None] Starting request: 10.222.0.129 "GET /placement/resource_providers/0ab91838-08fe-4076-9401-493478425f1c/traits" {{(pid=110534) __call__ /opt/stack/placement/placement/requestlog.py:55}}
Feb 19 00:44:07.649640 n-d-826750-2 devstack@placement-api.service[110534]: INFO placement.requestlog [req-825021ae-e7b1-488d-af34-8b38722a82c1 req-cc09bb56-0cc3-433a-b728-009f3b82d8f9 service placement] 10.222.0.129 "GET /placement/resource_providers/0ab91838-08fe-4076-9401-493478425f1c/traits" status: 200 len: 212 microversion: 1.6
Feb 19 00:44:07.649640 n-d-826750-2 devstack@placement-api.service[110534]: [pid: 110534|app: 0|req: 93/192] 10.222.0.129 () {60 vars in 1417 bytes} [Sat Feb 19 00:44:07 2022] GET /placement/resource_providers/0ab91838-08fe-4076-9401-493478425f1c/traits => generated 212 bytes in 200 msecs (HTTP/1.1 200) 6 headers in 224 bytes (2 switches on core 0)
Feb 19 00:44:08.412809 n-d-826750-2 devstack@placement-api.service[110535]: DEBUG placement.requestlog [None req-c74290f4-bb96-4b6a-b73c-bb839b4c03aa None None] Starting request: 10.222.0.129 "GET /placement/" {{(pid=110535) __call__ /opt/stack/placement/placement/requestlog.py:55}}
Feb 19 00:44:08.413879 n-d-826750-2 devstack@placement-api.service[110535]: INFO placement.requestlog [None req-c74290f4-bb96-4b6a-b73c-bb839b4c03aa None None] 10.222.0.129 "GET /placement/" status: 200 len: 136 microversion: 1.0
Feb 19 00:44:08.414256 n-d-826750-2 devstack@placement-api.service[110535]: [pid: 110535|app: 0|req: 100/193] 10.222.0.129 () {54 vars in 921 bytes} [Sat Feb 19 00:44:08 2022] GET /placement => generated 136 bytes in 2 msecs (HTTP/1.1 200) 6 headers in 224 bytes (1 switches on core 0)
Feb 19 00:44:08.436360 n-d-826750-2 devstack@placement-api.service[110534]: DEBUG placement.requestlog [req-825021ae-e7b1-488d-af34-8b38722a82c1 req-dc56dabe-0489-4f77-950e-0c2e91381b84 None None] Starting request: 10.222.0.129 "GET /placement/allocations/75606244-2974-4ef8-be90-6d8b3f871f68" {{(pid=110534) __call__ /opt/stack/placement/placement/requestlog.py:55}}
Feb 19 00:44:08.561831 n-d-826750-2 devstack@placement-api.service[110534]: INFO placement.requestlog [req-825021ae-e7b1-488d-af34-8b38722a82c1 req-dc56dabe-0489-4f77-950e-0c2e91381b84 service placement] 10.222.0.129 "GET /placement/allocations/75606244-2974-4ef8-be90-6d8b3f871f68" status: 200 len: 259 microversion: 1.28
Feb 19 00:44:08.570749 n-d-826750-2 devstack@placement-api.service[110534]: [pid: 110534|app: 0|req: 94/194] 10.222.0.129 () {60 vars in 1385 bytes} [Sat Feb 19 00:44:08 2022] GET /placement/allocations/75606244-2974-4ef8-be90-6d8b3f871f68 => generated 259 bytes in 135 msecs (HTTP/1.1 200) 8 headers in 296 bytes (1 switches on core 0)
Feb 19 00:44:08.571613 n-d-826750-2 devstack@placement-api.service[110535]: DEBUG placement.requestlog [req-825021ae-e7b1-488d-af34-8b38722a82c1 req-454049da-935f-488b-b0a3-f165766cc728 None None] Starting request: 10.222.0.129 "GET /placement/allocations/75606244-2974-4ef8-be90-6d8b3f871f68" {{(pid=110535) __call__ /opt/stack/placement/placement/requestlog.py:55}}
Feb 19 00:44:08.607844 n-d-826750-2 devstack@placement-api.service[110535]: INFO placement.requestlog [req-825021ae-e7b1-488d-af34-8b38722a82c1 req-454049da-935f-488b-b0a3-f165766cc728 service placement] 10.222.0.129 "GET /placement/allocations/75606244-2974-4ef8-be90-6d8b3f871f68" status: 200 len: 259 microversion: 1.28
Feb 19 00:44:08.612068 n-d-826750-2 devstack@placement-api.service[110535]: [pid: 110535|app: 0|req: 101/195] 10.222.0.129 () {60 vars in 1385 bytes} [Sat Feb 19 00:44:08 2022] GET /placement/allocations/75606244-2974-4ef8-be90-6d8b3f871f68 => generated 259 bytes in 41 msecs (HTTP/1.1 200) 8 headers in 296 bytes (2 switches on core 0)
Feb 19 00:44:08.618011 n-d-826750-2 devstack@placement-api.service[110534]: DEBUG placement.requestlog [req-825021ae-e7b1-488d-af34-8b38722a82c1 req-23297d9e-dacc-4bbe-8390-ad34243e796f None None] Starting request: 10.222.0.129 "GET /placement/allocations/9a62970c-8f99-4c4c-b1ff-9944faff1a29" {{(pid=110534) __call__ /opt/stack/placement/placement/requestlog.py:55}}
Feb 19 00:44:08.641100 n-d-826750-2 devstack@placement-api.service[110534]: INFO placement.requestlog [req-825021ae-e7b1-488d-af34-8b38722a82c1 req-23297d9e-dacc-4bbe-8390-ad34243e796f service placement] 10.222.0.129 "GET /placement/allocations/9a62970c-8f99-4c4c-b1ff-9944faff1a29" status: 200 len: 19 microversion: 1.28
Feb 19 00:44:08.660539 n-d-826750-2 devstack@placement-api.service[110535]: DEBUG placement.requestlog [req-825021ae-e7b1-488d-af34-8b38722a82c1 req-ac02aef3-7ae8-46d8-b816-cb62a1cef694 None None] Starting request: 10.222.0.129 "POST /placement/allocations" {{(pid=110535) __call__ /opt/stack/placement/placement/requestlog.py:55}}
Feb 19 00:44:08.692402 n-d-826750-2 devstack@placement-api.service[110534]: [pid: 110534|app: 0|req: 95/196] 10.222.0.129 () {60 vars in 1385 bytes} [Sat Feb 19 00:44:08 2022] GET /placement/allocations/9a62970c-8f99-4c4c-b1ff-9944faff1a29 => generated 19 bytes in 75 msecs (HTTP/1.1 200) 8 headers in 295 bytes (1 switches on core 0)
Feb 19 00:44:08.925857 n-d-826750-2 devstack@placement-api.service[110535]: DEBUG placement.handlers.allocation [req-825021ae-e7b1-488d-af34-8b38722a82c1 req-ac02aef3-7ae8-46d8-b816-cb62a1cef694 service placement] Successfully wrote allocations [, , , , , ] {{(pid=110535) _update_consumers_and_create_allocations /opt/stack/placement/placement/handlers/allocation.py:572}}
Feb 19 00:44:08.931767 n-d-826750-2 devstack@placement-api.service[110535]: INFO placement.requestlog [req-825021ae-e7b1-488d-af34-8b38722a82c1 req-ac02aef3-7ae8-46d8-b816-cb62a1cef694 service placement] 10.222.0.129 "POST /placement/allocations" status: 204 len: 0 microversion: 1.28
Feb 19 00:44:08.936178 n-d-826750-2 devstack@placement-api.service[110535]: [pid: 110535|app: 0|req: 102/197] 10.222.0.129 () {64 vars in 1328 bytes} [Sat Feb 19 00:44:08 2022] POST /placement/allocations => generated 0 bytes in 287 msecs (HTTP/1.1 204) 5 headers in 199 bytes (1 switches on core 0)
Feb 19 00:44:09.239276 n-d-826750-2 devstack@placement-api.service[110534]: DEBUG placement.requestlog [req-825021ae-e7b1-488d-af34-8b38722a82c1 req-a40f7391-f362-4296-b14b-67e6b6c014a7 None None] Starting request: 10.222.0.129 "GET /placement/allocation_candidates?limit=1000&resources=DISK_GB%3A1%2CMEMORY_MB%3A1024%2CVCPU%3A1&root_required=%21COMPUTE_STATUS_DISABLED" {{(pid=110534) __call__ /opt/stack/placement/placement/requestlog.py:55}}
Feb 19 00:44:09.281866 n-d-826750-2 devstack@placement-api.service[110534]: DEBUG placement.objects.research_context [req-825021ae-e7b1-488d-af34-8b38722a82c1 req-a40f7391-f362-4296-b14b-67e6b6c014a7 service placement] getting providers with 1 DISK_GB {{(pid=110534) __init__ /opt/stack/placement/placement/objects/research_context.py:126}}
Feb 19 00:44:09.290464 n-d-826750-2 devstack@placement-api.service[110534]: DEBUG placement.objects.research_context [req-825021ae-e7b1-488d-af34-8b38722a82c1 req-a40f7391-f362-4296-b14b-67e6b6c014a7 service placement] getting providers with 1024 MEMORY_MB {{(pid=110534) __init__ /opt/stack/placement/placement/objects/research_context.py:126}}
Feb 19 00:44:09.297138 n-d-826750-2 devstack@placement-api.service[110534]: DEBUG placement.objects.research_context [req-825021ae-e7b1-488d-af34-8b38722a82c1 req-a40f7391-f362-4296-b14b-67e6b6c014a7 service placement] getting providers with 1 VCPU {{(pid=110534) __init__ /opt/stack/placement/placement/objects/research_context.py:126}}
Feb 19 00:44:09.304065 n-d-826750-2 devstack@placement-api.service[110534]: DEBUG placement.objects.research_context [req-825021ae-e7b1-488d-af34-8b38722a82c1 req-a40f7391-f362-4296-b14b-67e6b6c014a7 service placement] found 2 providers with available 1 DISK_GB {{(pid=110534) get_provider_ids_matching /opt/stack/placement/placement/objects/research_context.py:549}}
Feb 19 00:44:09.304492 n-d-826750-2 devstack@placement-api.service[110534]: DEBUG placement.objects.research_context [req-825021ae-e7b1-488d-af34-8b38722a82c1 req-a40f7391-f362-4296-b14b-67e6b6c014a7 service placement] found 2 providers with available 1024 MEMORY_MB {{(pid=110534) get_provider_ids_matching /opt/stack/placement/placement/objects/research_context.py:549}}
Feb 19 00:44:09.304891 n-d-826750-2 devstack@placement-api.service[110534]: DEBUG placement.objects.research_context [req-825021ae-e7b1-488d-af34-8b38722a82c1 req-a40f7391-f362-4296-b14b-67e6b6c014a7 service placement] found 2 providers after filtering by previous result {{(pid=110534) get_provider_ids_matching /opt/stack/placement/placement/objects/research_context.py:580}}
Feb 19 00:44:09.305301 n-d-826750-2 devstack@placement-api.service[110534]: DEBUG placement.objects.research_context [req-825021ae-e7b1-488d-af34-8b38722a82c1 req-a40f7391-f362-4296-b14b-67e6b6c014a7 service placement] found 2 providers with available 1 VCPU {{(pid=110534) get_provider_ids_matching /opt/stack/placement/placement/objects/research_context.py:549}}
Feb 19 00:44:09.305699 n-d-826750-2 devstack@placement-api.service[110534]: DEBUG placement.objects.research_context [req-825021ae-e7b1-488d-af34-8b38722a82c1 req-a40f7391-f362-4296-b14b-67e6b6c014a7 service placement] found 2 providers after filtering by previous result {{(pid=110534) get_provider_ids_matching /opt/stack/placement/placement/objects/research_context.py:580}}
Feb 19 00:44:09.324956 n-d-826750-2 devstack@placement-api.service[110534]: DEBUG placement.objects.allocation_candidate [req-825021ae-e7b1-488d-af34-8b38722a82c1 req-a40f7391-f362-4296-b14b-67e6b6c014a7 service placement] RequestGroup(use_same_provider=False, resources={DISK_GB:1, MEMORY_MB:1024, VCPU:1}, traits=[], aggregates=[]) (suffix '') returned 2 matches {{(pid=110534) _get_by_requests /opt/stack/placement/placement/objects/allocation_candidate.py:145}}
Feb 19 00:44:09.325483 n-d-826750-2 devstack@placement-api.service[110534]: DEBUG placement.objects.allocation_candidate [req-825021ae-e7b1-488d-af34-8b38722a82c1 req-a40f7391-f362-4296-b14b-67e6b6c014a7 service placement] Merging candidates yields 2 allocation requests and 2 provider summaries {{(pid=110534) _merge_candidates /opt/stack/placement/placement/objects/allocation_candidate.py:783}}
Feb 19 00:44:09.327200 n-d-826750-2 devstack@placement-api.service[110534]: INFO placement.requestlog [req-825021ae-e7b1-488d-af34-8b38722a82c1 req-a40f7391-f362-4296-b14b-67e6b6c014a7 service placement] 10.222.0.129 "GET /placement/allocation_candidates?limit=1000&resources=DISK_GB%3A1%2CMEMORY_MB%3A1024%2CVCPU%3A1&root_required=%21COMPUTE_STATUS_DISABLED" status: 200 len: 1309 microversion: 1.36
Feb 19 00:44:09.328129 n-d-826750-2 devstack@placement-api.service[110534]: [pid: 110534|app: 0|req: 96/198] 10.222.0.129 () {60 vars in 1511 bytes} [Sat Feb 19 00:44:09 2022] GET /placement/allocation_candidates?limit=1000&resources=DISK_GB%3A1%2CMEMORY_MB%3A1024%2CVCPU%3A1&root_required=%21COMPUTE_STATUS_DISABLED => generated 1309 bytes in 89 msecs (HTTP/1.1 200) 8 headers in 297 bytes (1 switches on core 0)
Feb 19 00:44:09.385843 n-d-826750-2 devstack@placement-api.service[110535]: DEBUG placement.requestlog [req-825021ae-e7b1-488d-af34-8b38722a82c1 req-6167f448-0f4e-4283-a23c-8c4bbd610f6d None None] Starting request: 10.222.0.129 "GET /placement/allocations/75606244-2974-4ef8-be90-6d8b3f871f68" {{(pid=110535) __call__ /opt/stack/placement/placement/requestlog.py:55}}
Feb 19 00:44:09.407050 n-d-826750-2 devstack@placement-api.service[110534]: DEBUG placement.requestlog [req-b7ead9db-9211-4030-b12b-b58393eec6f7 req-50821033-da65-4019-9494-e3a87c2e8bdd None None] Starting request: 10.222.0.130 "DELETE /placement/allocations/26cee486-ecfc-4514-a81e-b3d43497d0a6" {{(pid=110534) __call__ /opt/stack/placement/placement/requestlog.py:55}}
Feb 19 00:44:09.420437 n-d-826750-2 devstack@placement-api.service[110535]: INFO placement.requestlog [req-825021ae-e7b1-488d-af34-8b38722a82c1 req-6167f448-0f4e-4283-a23c-8c4bbd610f6d service placement] 10.222.0.129 "GET /placement/allocations/75606244-2974-4ef8-be90-6d8b3f871f68" status: 200 len: 19 microversion: 1.28
Feb 19 00:44:09.421075 n-d-826750-2 devstack@placement-api.service[110535]: [pid: 110535|app: 0|req: 103/199] 10.222.0.129 () {60 vars in 1385 bytes} [Sat Feb 19 00:44:09 2022] GET /placement/allocations/75606244-2974-4ef8-be90-6d8b3f871f68 => generated 19 bytes in 36 msecs (HTTP/1.1 200) 8 headers in 295 bytes (1 switches on core 0)
Feb 19 00:44:09.429864 n-d-826750-2 devstack@placement-api.service[110535]: DEBUG placement.requestlog [req-825021ae-e7b1-488d-af34-8b38722a82c1 req-30a6f458-633d-4f74-80d7-bbddc56c4ee7 None None] Starting request: 10.222.0.129 "PUT /placement/allocations/75606244-2974-4ef8-be90-6d8b3f871f68" {{(pid=110535) __call__ /opt/stack/placement/placement/requestlog.py:55}}
Feb 19 00:44:09.461593 n-d-826750-2 devstack@placement-api.service[110534]: DEBUG placement.handlers.allocation [req-b7ead9db-9211-4030-b12b-b58393eec6f7 req-50821033-da65-4019-9494-e3a87c2e8bdd service placement] Successfully deleted allocations [, , ] {{(pid=110534) delete_allocations /opt/stack/placement/placement/handlers/allocation.py:627}}
Feb 19 00:44:09.462476 n-d-826750-2 devstack@placement-api.service[110534]: INFO placement.requestlog [req-b7ead9db-9211-4030-b12b-b58393eec6f7 req-50821033-da65-4019-9494-e3a87c2e8bdd service placement] 10.222.0.130 "DELETE /placement/allocations/26cee486-ecfc-4514-a81e-b3d43497d0a6" status: 204 len: 0 microversion: 1.0
Feb 19 00:44:09.463098 n-d-826750-2 devstack@placement-api.service[110534]: [pid: 110534|app: 0|req: 97/200] 10.222.0.130 () {60 vars in 1360 bytes} [Sat Feb 19 00:44:09 2022] DELETE /placement/allocations/26cee486-ecfc-4514-a81e-b3d43497d0a6 => generated 0 bytes in 56 msecs (HTTP/1.1 204) 5 headers in 198 bytes (2 switches on core 0)
Feb 19 00:44:09.510635 n-d-826750-2 devstack@placement-api.service[110535]: DEBUG placement.handlers.allocation [req-825021ae-e7b1-488d-af34-8b38722a82c1 req-30a6f458-633d-4f74-80d7-bbddc56c4ee7 service placement] Successfully wrote allocations [, , ] {{(pid=110535) _update_consumers_and_create_allocations /opt/stack/placement/placement/handlers/allocation.py:462}}
Feb 19 00:44:09.516163 n-d-826750-2 devstack@placement-api.service[110535]: INFO placement.requestlog [req-825021ae-e7b1-488d-af34-8b38722a82c1 req-30a6f458-633d-4f74-80d7-bbddc56c4ee7 service placement] 10.222.0.129 "PUT /placement/allocations/75606244-2974-4ef8-be90-6d8b3f871f68" status: 204 len: 0 microversion: 1.36
Feb 19 00:44:09.525450 n-d-826750-2 devstack@placement-api.service[110535]: [pid: 110535|app: 0|req: 104/201] 10.222.0.129 () {64 vars in 1438 bytes} [Sat Feb 19 00:44:09 2022] PUT /placement/allocations/75606244-2974-4ef8-be90-6d8b3f871f68 => generated 0 bytes in 87 msecs (HTTP/1.1 204) 5 headers in 199 bytes (1 switches on core 0)
Feb 19 00:44:09.876098 n-d-826750-2 devstack@placement-api.service[110534]: DEBUG placement.requestlog [req-825021ae-e7b1-488d-af34-8b38722a82c1 req-7dc5a923-e71f-4620-a95c-6942a6a31281 None None] Starting request: 10.222.0.130 "GET /placement/allocations/75606244-2974-4ef8-be90-6d8b3f871f68" {{(pid=110534) __call__ /opt/stack/placement/placement/requestlog.py:55}}
Feb 19 00:44:09.917683 n-d-826750-2 devstack@placement-api.service[110534]: INFO placement.requestlog [req-825021ae-e7b1-488d-af34-8b38722a82c1 req-7dc5a923-e71f-4620-a95c-6942a6a31281 service placement] 10.222.0.130 "GET /placement/allocations/75606244-2974-4ef8-be90-6d8b3f871f68" status: 200 len: 259 microversion: 1.28
Feb 19 00:44:09.918535 n-d-826750-2 devstack@placement-api.service[110534]: [pid: 110534|app: 0|req: 98/202] 10.222.0.130 () {60 vars in 1382 bytes} [Sat Feb 19 00:44:09 2022] GET /placement/allocations/75606244-2974-4ef8-be90-6d8b3f871f68 => generated 259 bytes in 43 msecs (HTTP/1.1 200) 8 headers in 296 bytes (1 switches on core 0)
Feb 19 00:44:14.114822 n-d-826750-2 devstack@placement-api.service[110535]: DEBUG placement.requestlog [req-c728fbfb-340d-43b9-8272-70a01dfaee6e req-b7db90ae-54cb-404e-9b1d-4d6f6e9bc5a6 None None] Starting request: 10.222.0.37 "DELETE /placement/allocations/8838c4dc-ea2d-400c-a521-ae5e88a8c707" {{(pid=110535) __call__ /opt/stack/placement/placement/requestlog.py:55}}
Feb 19 00:44:14.162776 n-d-826750-2 devstack@placement-api.service[110535]: DEBUG placement.handlers.allocation [req-c728fbfb-340d-43b9-8272-70a01dfaee6e req-b7db90ae-54cb-404e-9b1d-4d6f6e9bc5a6 service placement] Successfully deleted allocations [, , ] {{(pid=110535) delete_allocations /opt/stack/placement/placement/handlers/allocation.py:627}}
Feb 19 00:44:14.163664 n-d-826750-2 devstack@placement-api.service[110535]: INFO placement.requestlog [req-c728fbfb-340d-43b9-8272-70a01dfaee6e req-b7db90ae-54cb-404e-9b1d-4d6f6e9bc5a6 service placement] 10.222.0.37 "DELETE /placement/allocations/8838c4dc-ea2d-400c-a521-ae5e88a8c707" status: 204 len: 0 microversion: 1.0
Feb 19 00:44:14.164579 n-d-826750-2 devstack@placement-api.service[110535]: [pid: 110535|app: 0|req: 105/203] 10.222.0.37 () {60 vars in 1359 bytes} [Sat Feb 19 00:44:14 2022] DELETE /placement/allocations/8838c4dc-ea2d-400c-a521-ae5e88a8c707 => generated 0 bytes in 51 msecs (HTTP/1.1 204) 5 headers in 198 bytes (1 switches on core 0)
Feb 19 00:44:26.121125 n-d-826750-2 devstack@placement-api.service[110534]: DEBUG placement.requestlog [None req-60ef6958-529f-480b-9345-8ef118786e61 None None] Starting request: 10.222.0.129 "GET /placement/" {{(pid=110534) __call__ /opt/stack/placement/placement/requestlog.py:55}}
Feb 19 00:44:26.122133 n-d-826750-2 devstack@placement-api.service[110534]: INFO placement.requestlog [None req-60ef6958-529f-480b-9345-8ef118786e61 None None] 10.222.0.129 "GET /placement/" status: 200 len: 136 microversion: 1.0
Feb 19 00:44:26.122474 n-d-826750-2 devstack@placement-api.service[110534]: [pid: 110534|app: 0|req: 99/204] 10.222.0.129 () {54 vars in 921 bytes} [Sat Feb 19 00:44:26 2022] GET /placement => generated 136 bytes in 2 msecs (HTTP/1.1 200) 6 headers in 224 bytes (1 switches on core 0)
Feb 19 00:44:26.131873 n-d-826750-2 devstack@placement-api.service[110535]: DEBUG placement.requestlog [req-9a7e1e13-3721-42b5-8c92-3e3c9df8b47d req-e81733bb-3c8a-4e18-a419-a8c77511ceb7 None None] Starting request: 10.222.0.129 "GET /placement/allocations/ed1f7b10-8be7-4bec-b825-84bcc6d479ca" {{(pid=110535) __call__ /opt/stack/placement/placement/requestlog.py:55}}
Feb 19 00:44:26.275096 n-d-826750-2 devstack@placement-api.service[110535]: INFO placement.requestlog [req-9a7e1e13-3721-42b5-8c92-3e3c9df8b47d req-e81733bb-3c8a-4e18-a419-a8c77511ceb7 service placement] 10.222.0.129 "GET /placement/allocations/ed1f7b10-8be7-4bec-b825-84bcc6d479ca" status: 200 len: 259 microversion: 1.28
Feb 19 00:44:26.292928 n-d-826750-2 devstack@placement-api.service[110534]: DEBUG placement.requestlog [req-9a7e1e13-3721-42b5-8c92-3e3c9df8b47d req-b80c965f-0f3a-4588-a542-de8f83f7b6d8 None None] Starting request: 10.222.0.129 "GET /placement/allocations/ed1f7b10-8be7-4bec-b825-84bcc6d479ca" {{(pid=110534) __call__ /opt/stack/placement/placement/requestlog.py:55}}
Feb 19 00:44:26.294504 n-d-826750-2 devstack@placement-api.service[110535]: [pid: 110535|app: 0|req: 106/205] 10.222.0.129 () {60 vars in 1385 bytes} [Sat Feb 19 00:44:26 2022] GET /placement/allocations/ed1f7b10-8be7-4bec-b825-84bcc6d479ca => generated 259 bytes in 162 msecs (HTTP/1.1 200) 8 headers in 296 bytes (1 switches on core 0)
Feb 19 00:44:26.336113 n-d-826750-2 devstack@placement-api.service[110534]: INFO placement.requestlog [req-9a7e1e13-3721-42b5-8c92-3e3c9df8b47d req-b80c965f-0f3a-4588-a542-de8f83f7b6d8 service placement] 10.222.0.129 "GET /placement/allocations/ed1f7b10-8be7-4bec-b825-84bcc6d479ca" status: 200 len: 259 microversion: 1.28
