Feb 19 01:22:38.377615 n-d-826750-2 devstack@placement-api.service[110534]: DEBUG placement.objects.research_context [req-9f8b1252-8dfa-40e7-9ba7-164db8ee37e2 req-3c21564c-2711-4f4e-ae45-fe7308159035 service placement] found 2 providers after filtering by previous result {{(pid=110534) get_provider_ids_matching /opt/stack/placement/placement/objects/research_context.py:580}}
Feb 19 01:22:38.393053 n-d-826750-2 devstack@placement-api.service[110534]: DEBUG placement.objects.allocation_candidate [req-9f8b1252-8dfa-40e7-9ba7-164db8ee37e2 req-3c21564c-2711-4f4e-ae45-fe7308159035 service placement] RequestGroup(use_same_provider=False, resources={MEMORY_MB:1024, VCPU:1}, traits=[], aggregates=[]) (suffix '') returned 2 matches {{(pid=110534) _get_by_requests /opt/stack/placement/placement/objects/allocation_candidate.py:145}}
Feb 19 01:22:38.393768 n-d-826750-2 devstack@placement-api.service[110534]: DEBUG placement.objects.allocation_candidate [req-9f8b1252-8dfa-40e7-9ba7-164db8ee37e2 req-3c21564c-2711-4f4e-ae45-fe7308159035 service placement] Merging candidates yields 2 allocation requests and 2 provider summaries {{(pid=110534) _merge_candidates /opt/stack/placement/placement/objects/allocation_candidate.py:783}}
Feb 19 01:22:38.395493 n-d-826750-2 devstack@placement-api.service[110534]: INFO placement.requestlog [req-9f8b1252-8dfa-40e7-9ba7-164db8ee37e2 req-3c21564c-2711-4f4e-ae45-fe7308159035 service placement] 10.222.0.129 "GET /placement/allocation_candidates?limit=1000&resources=MEMORY_MB%3A1024%2CVCPU%3A1&root_required=%21COMPUTE_STATUS_DISABLED" status: 200 len: 1278 microversion: 1.36
Feb 19 01:22:38.407629 n-d-826750-2 devstack@placement-api.service[110534]: [pid: 110534|app: 0|req: 550/1104] 10.222.0.129 () {60 vars in 1483 bytes} [Sat Feb 19 01:22:38 2022] GET /placement/allocation_candidates?limit=1000&resources=MEMORY_MB%3A1024%2CVCPU%3A1&root_required=%21COMPUTE_STATUS_DISABLED => generated 1278 bytes in 178 msecs (HTTP/1.1 200) 8 headers in 297 bytes (1 switches on core 0)
Feb 19 01:22:38.497758 n-d-826750-2 devstack@placement-api.service[110535]: DEBUG placement.requestlog [req-9f8b1252-8dfa-40e7-9ba7-164db8ee37e2 req-56dc5f78-b432-4d0c-9171-3699cdaf12e4 None None] Starting request: 10.222.0.129 "GET /placement/allocations/fb85a366-03fb-4254-839d-388117cc582d" {{(pid=110535) __call__ /opt/stack/placement/placement/requestlog.py:55}}
Feb 19 01:22:38.521591 n-d-826750-2 devstack@placement-api.service[110535]: INFO placement.requestlog [req-9f8b1252-8dfa-40e7-9ba7-164db8ee37e2 req-56dc5f78-b432-4d0c-9171-3699cdaf12e4 service placement] 10.222.0.129 "GET /placement/allocations/fb85a366-03fb-4254-839d-388117cc582d" status: 200 len: 19 microversion: 1.28
Feb 19 01:22:38.522316 n-d-826750-2 devstack@placement-api.service[110535]: [pid: 110535|app: 0|req: 555/1105] 10.222.0.129 () {60 vars in 1385 bytes} [Sat Feb 19 01:22:38 2022] GET /placement/allocations/fb85a366-03fb-4254-839d-388117cc582d => generated 19 bytes in 28 msecs (HTTP/1.1 200) 8 headers in 295 bytes (1 switches on core 0)
Feb 19 01:22:38.528765 n-d-826750-2 devstack@placement-api.service[110534]: DEBUG placement.requestlog [req-9f8b1252-8dfa-40e7-9ba7-164db8ee37e2 req-e9c47e3b-b314-42a2-8cbe-48b5f92213cc None None] Starting request: 10.222.0.129 "PUT /placement/allocations/fb85a366-03fb-4254-839d-388117cc582d" {{(pid=110534) __call__ /opt/stack/placement/placement/requestlog.py:55}}
Feb 19 01:22:38.636032 n-d-826750-2 devstack@placement-api.service[110534]: DEBUG placement.handlers.allocation [req-9f8b1252-8dfa-40e7-9ba7-164db8ee37e2 req-e9c47e3b-b314-42a2-8cbe-48b5f92213cc service placement] Successfully wrote allocations [, ] {{(pid=110534) _update_consumers_and_create_allocations /opt/stack/placement/placement/handlers/allocation.py:462}}
Feb 19 01:22:38.645895 n-d-826750-2 devstack@placement-api.service[110534]: INFO placement.requestlog [req-9f8b1252-8dfa-40e7-9ba7-164db8ee37e2 req-e9c47e3b-b314-42a2-8cbe-48b5f92213cc service placement] 10.222.0.129 "PUT /placement/allocations/fb85a366-03fb-4254-839d-388117cc582d" status: 204 len: 0 microversion: 1.36
Feb 19 01:22:38.647034 n-d-826750-2 devstack@placement-api.service[110534]: [pid: 110534|app: 0|req: 551/1106] 10.222.0.129 () {64 vars in 1438 bytes} [Sat Feb 19 01:22:38 2022] PUT /placement/allocations/fb85a366-03fb-4254-839d-388117cc582d => generated 0 bytes in 118 msecs (HTTP/1.1 204) 5 headers in 199 bytes (1 switches on core 0)
Feb 19 01:22:38.986716 n-d-826750-2 devstack@placement-api.service[110535]: DEBUG placement.requestlog [req-9f8b1252-8dfa-40e7-9ba7-164db8ee37e2 req-73522246-4c63-48ca-9f6a-64ae08df13de None None] Starting request: 10.222.0.130 "GET /placement/allocations/fb85a366-03fb-4254-839d-388117cc582d" {{(pid=110535) __call__ /opt/stack/placement/placement/requestlog.py:55}}
Feb 19 01:22:39.002139 n-d-826750-2 devstack@placement-api.service[110535]: INFO placement.requestlog [req-9f8b1252-8dfa-40e7-9ba7-164db8ee37e2 req-73522246-4c63-48ca-9f6a-64ae08df13de service placement] 10.222.0.130 "GET /placement/allocations/fb85a366-03fb-4254-839d-388117cc582d" status: 200 len: 246 microversion: 1.28
Feb 19 01:22:39.002589 n-d-826750-2 devstack@placement-api.service[110535]: [pid: 110535|app: 0|req: 556/1107] 10.222.0.130 () {60 vars in 1382 bytes} [Sat Feb 19 01:22:38 2022] GET /placement/allocations/fb85a366-03fb-4254-839d-388117cc582d => generated 246 bytes in 16 msecs (HTTP/1.1 200) 8 headers in 296 bytes (1 switches on core 0)
Feb 19 01:22:59.530872 n-d-826750-2 devstack@placement-api.service[110534]: DEBUG placement.requestlog [req-6f55d113-6e8e-4392-88e8-b05a0aa2cb75 req-27f78e71-400d-48dc-ab08-c274028c293b None None] Starting request: 10.222.0.130 "GET /placement/resource_providers/8f87693e-1717-466f-ae6e-21684c908804/allocations" {{(pid=110534) __call__ /opt/stack/placement/placement/requestlog.py:55}}
Feb 19 01:22:59.551387 n-d-826750-2 devstack@placement-api.service[110534]: INFO placement.requestlog [req-6f55d113-6e8e-4392-88e8-b05a0aa2cb75 req-27f78e71-400d-48dc-ab08-c274028c293b service placement] 10.222.0.130 "GET /placement/resource_providers/8f87693e-1717-466f-ae6e-21684c908804/allocations" status: 200 len: 141 microversion: 1.0
Feb 19 01:22:59.552071 n-d-826750-2 devstack@placement-api.service[110534]: [pid: 110534|app: 0|req: 552/1108] 10.222.0.130 () {58 vars in 1395 bytes} [Sat Feb 19 01:22:59 2022] GET /placement/resource_providers/8f87693e-1717-466f-ae6e-21684c908804/allocations => generated 141 bytes in 21 msecs (HTTP/1.1 200) 6 headers in 224 bytes (1 switches on core 0)
Feb 19 01:23:05.965981 n-d-826750-2 devstack@placement-api.service[110535]: DEBUG placement.requestlog [req-3c0584ad-4177-49da-9b45-52de090fd13a req-e473b003-a65f-476f-8a52-49af45190ae6 None None] Starting request: 10.222.0.37 "GET /placement/resource_providers/0ab91838-08fe-4076-9401-493478425f1c/allocations" {{(pid=110535) __call__ /opt/stack/placement/placement/requestlog.py:55}}
Feb 19 01:23:05.987185 n-d-826750-2 devstack@placement-api.service[110535]: INFO placement.requestlog [req-3c0584ad-4177-49da-9b45-52de090fd13a req-e473b003-a65f-476f-8a52-49af45190ae6 service placement] 10.222.0.37 "GET /placement/resource_providers/0ab91838-08fe-4076-9401-493478425f1c/allocations" status: 200 len: 255 microversion: 1.0
Feb 19 01:23:05.988082 n-d-826750-2 devstack@placement-api.service[110535]: [pid: 110535|app: 0|req: 557/1109] 10.222.0.37 () {58 vars in 1394 bytes} [Sat Feb 19 01:23:05 2022] GET /placement/resource_providers/0ab91838-08fe-4076-9401-493478425f1c/allocations => generated 255 bytes in 22 msecs (HTTP/1.1 200) 6 headers in 224 bytes (1 switches on core 0)
Feb 19 01:23:21.482732 n-d-826750-2 devstack@placement-api.service[110534]: DEBUG placement.requestlog [req-6c3b2f37-e028-4823-aabd-af013f47b984 req-a750d8c8-a363-4b9f-b759-07f8ae30e77c None None] Starting request: 10.222.0.130 "DELETE /placement/allocations/fb85a366-03fb-4254-839d-388117cc582d" {{(pid=110534) __call__ /opt/stack/placement/placement/requestlog.py:55}}
Feb 19 01:23:21.509705 n-d-826750-2 devstack@placement-api.service[110534]: DEBUG placement.handlers.allocation [req-6c3b2f37-e028-4823-aabd-af013f47b984 req-a750d8c8-a363-4b9f-b759-07f8ae30e77c service placement] Successfully deleted allocations [, ] {{(pid=110534) delete_allocations /opt/stack/placement/placement/handlers/allocation.py:627}}
Feb 19 01:23:21.510185 n-d-826750-2 devstack@placement-api.service[110534]: INFO placement.requestlog [req-6c3b2f37-e028-4823-aabd-af013f47b984 req-a750d8c8-a363-4b9f-b759-07f8ae30e77c service placement] 10.222.0.130 "DELETE /placement/allocations/fb85a366-03fb-4254-839d-388117cc582d" status: 204 len: 0 microversion: 1.0
Feb 19 01:23:21.510518 n-d-826750-2 devstack@placement-api.service[110534]: [pid: 110534|app: 0|req: 553/1110] 10.222.0.130 () {60 vars in 1360 bytes} [Sat Feb 19 01:23:21 2022] DELETE /placement/allocations/fb85a366-03fb-4254-839d-388117cc582d => generated 0 bytes in 28 msecs (HTTP/1.1 204) 5 headers in 198 bytes (1 switches on core 0)
Feb 19 01:23:34.236695 n-d-826750-2 devstack@placement-api.service[110535]: DEBUG placement.requestlog [req-ff52545a-b606-49fe-bce5-b0368ac4fe64 req-a2f295a5-67fc-45ab-8251-ff0da9a05438 None None] Starting request: 10.222.0.37 "DELETE /placement/allocations/36174dd0-b5f0-4c6d-814e-302c49b7a5ae" {{(pid=110535) __call__ /opt/stack/placement/placement/requestlog.py:55}}
Feb 19 01:23:34.273113 n-d-826750-2 devstack@placement-api.service[110535]: DEBUG placement.handlers.allocation [req-ff52545a-b606-49fe-bce5-b0368ac4fe64 req-a2f295a5-67fc-45ab-8251-ff0da9a05438 service placement] Successfully deleted allocations [, , ] {{(pid=110535) delete_allocations /opt/stack/placement/placement/handlers/allocation.py:627}}
Feb 19 01:23:34.273928 n-d-826750-2 devstack@placement-api.service[110535]: INFO placement.requestlog [req-ff52545a-b606-49fe-bce5-b0368ac4fe64 req-a2f295a5-67fc-45ab-8251-ff0da9a05438 service placement] 10.222.0.37 "DELETE /placement/allocations/36174dd0-b5f0-4c6d-814e-302c49b7a5ae" status: 204 len: 0 microversion: 1.0
Feb 19 01:23:34.274934 n-d-826750-2 devstack@placement-api.service[110535]: [pid: 110535|app: 0|req: 558/1111] 10.222.0.37 () {60 vars in 1359 bytes} [Sat Feb 19 01:23:34 2022] DELETE /placement/allocations/36174dd0-b5f0-4c6d-814e-302c49b7a5ae => generated 0 bytes in 39 msecs (HTTP/1.1 204) 5 headers in 198 bytes (1 switches on core 0)
Feb 19 01:24:01.528641 n-d-826750-2 devstack@placement-api.service[110534]: DEBUG placement.requestlog [req-9ac7efca-d939-4d82-a612-7fb062dbd364 req-9c1342c8-4519-4c73-92fa-5bafe3dd3a94 None None] Starting request: 10.222.0.130 "GET /placement/resource_providers/8f87693e-1717-466f-ae6e-21684c908804/allocations" {{(pid=110534) __call__ /opt/stack/placement/placement/requestlog.py:55}}
Feb 19 01:24:01.557422 n-d-826750-2 devstack@placement-api.service[110534]: INFO placement.requestlog [req-9ac7efca-d939-4d82-a612-7fb062dbd364 req-9c1342c8-4519-4c73-92fa-5bafe3dd3a94 service placement] 10.222.0.130 "GET /placement/resource_providers/8f87693e-1717-466f-ae6e-21684c908804/allocations" status: 200 len: 56 microversion: 1.0
Feb 19 01:24:01.558902 n-d-826750-2 devstack@placement-api.service[110534]: [pid: 110534|app: 0|req: 554/1112] 10.222.0.130 () {58 vars in 1395 bytes} [Sat Feb 19 01:24:01 2022] GET /placement/resource_providers/8f87693e-1717-466f-ae6e-21684c908804/allocations => generated 56 bytes in 30 msecs (HTTP/1.1 200) 6 headers in 223 bytes (1 switches on core 0)
Feb 19 01:24:05.884766 n-d-826750-2 devstack@placement-api.service[110535]: DEBUG placement.requestlog [req-86e45013-a909-475f-a4f1-f65044d30b27 req-fc0eeeeb-ac35-496a-b786-91ad03cff461 None None] Starting request: 10.222.0.37 "GET /placement/resource_providers/0ab91838-08fe-4076-9401-493478425f1c/allocations" {{(pid=110535) __call__ /opt/stack/placement/placement/requestlog.py:55}}
Feb 19 01:24:05.908639 n-d-826750-2 devstack@placement-api.service[110535]: INFO placement.requestlog [req-86e45013-a909-475f-a4f1-f65044d30b27 req-fc0eeeeb-ac35-496a-b786-91ad03cff461 service placement] 10.222.0.37 "GET /placement/resource_providers/0ab91838-08fe-4076-9401-493478425f1c/allocations" status: 200 len: 154 microversion: 1.0
Feb 19 01:24:05.915693 n-d-826750-2 devstack@placement-api.service[110535]: [pid: 110535|app: 0|req: 559/1113] 10.222.0.37 () {58 vars in 1394 bytes} [Sat Feb 19 01:24:05 2022] GET /placement/resource_providers/0ab91838-08fe-4076-9401-493478425f1c/allocations => generated 154 bytes in 31 msecs (HTTP/1.1 200) 6 headers in 224 bytes (1 switches on core 0)
Feb 19 01:24:14.861539 n-d-826750-2 devstack@placement-api.service[110534]: DEBUG placement.requestlog [req-17df7b22-4a94-496f-9612-b35455da6db2 req-f200a480-cd40-471e-9f0f-b7ae6f06d8e8 None None] Starting request: 10.222.0.129 "GET /placement/allocation_candidates?limit=1000&resources=MEMORY_MB%3A1024%2CVCPU%3A1&root_required=%21COMPUTE_STATUS_DISABLED" {{(pid=110534) __call__ /opt/stack/placement/placement/requestlog.py:55}}
Feb 19 01:24:15.042647 n-d-826750-2 devstack@placement-api.service[110534]: DEBUG placement.objects.research_context [req-17df7b22-4a94-496f-9612-b35455da6db2 req-f200a480-cd40-471e-9f0f-b7ae6f06d8e8 service placement] getting providers with 1024 MEMORY_MB {{(pid=110534) __init__ /opt/stack/placement/placement/objects/research_context.py:126}}
Feb 19 01:24:15.048724 n-d-826750-2 devstack@placement-api.service[110534]: DEBUG placement.objects.research_context [req-17df7b22-4a94-496f-9612-b35455da6db2 req-f200a480-cd40-471e-9f0f-b7ae6f06d8e8 service placement] getting providers with 1 VCPU {{(pid=110534) __init__ /opt/stack/placement/placement/objects/research_context.py:126}}
Feb 19 01:24:15.059772 n-d-826750-2 devstack@placement-api.service[110534]: DEBUG placement.objects.research_context [req-17df7b22-4a94-496f-9612-b35455da6db2 req-f200a480-cd40-471e-9f0f-b7ae6f06d8e8 service placement] found 2 providers with available 1024 MEMORY_MB {{(pid=110534) get_provider_ids_matching /opt/stack/placement/placement/objects/research_context.py:549}}
Feb 19 01:24:15.060439 n-d-826750-2 devstack@placement-api.service[110534]: DEBUG placement.objects.research_context [req-17df7b22-4a94-496f-9612-b35455da6db2 req-f200a480-cd40-471e-9f0f-b7ae6f06d8e8 service placement] found 2 providers with available 1 VCPU {{(pid=110534) get_provider_ids_matching /opt/stack/placement/placement/objects/research_context.py:549}}
Feb 19 01:24:15.060836 n-d-826750-2 devstack@placement-api.service[110534]: DEBUG placement.objects.research_context [req-17df7b22-4a94-496f-9612-b35455da6db2 req-f200a480-cd40-471e-9f0f-b7ae6f06d8e8 service placement] found 2 providers after filtering by previous result {{(pid=110534) get_provider_ids_matching /opt/stack/placement/placement/objects/research_context.py:580}}
Feb 19 01:24:15.073156 n-d-826750-2 devstack@placement-api.service[110534]: DEBUG placement.objects.allocation_candidate [req-17df7b22-4a94-496f-9612-b35455da6db2 req-f200a480-cd40-471e-9f0f-b7ae6f06d8e8 service placement] RequestGroup(use_same_provider=False, resources={MEMORY_MB:1024, VCPU:1}, traits=[], aggregates=[]) (suffix '') returned 2 matches {{(pid=110534) _get_by_requests /opt/stack/placement/placement/objects/allocation_candidate.py:145}}
Feb 19 01:24:15.073616 n-d-826750-2 devstack@placement-api.service[110534]: DEBUG placement.objects.allocation_candidate [req-17df7b22-4a94-496f-9612-b35455da6db2 req-f200a480-cd40-471e-9f0f-b7ae6f06d8e8 service placement] Merging candidates yields 2 allocation requests and 2 provider summaries {{(pid=110534) _merge_candidates /opt/stack/placement/placement/objects/allocation_candidate.py:783}}
Feb 19 01:24:15.075208 n-d-826750-2 devstack@placement-api.service[110534]: INFO placement.requestlog [req-17df7b22-4a94-496f-9612-b35455da6db2 req-f200a480-cd40-471e-9f0f-b7ae6f06d8e8 service placement] 10.222.0.129 "GET /placement/allocation_candidates?limit=1000&resources=MEMORY_MB%3A1024%2CVCPU%3A1&root_required=%21COMPUTE_STATUS_DISABLED" status: 200 len: 1278 microversion: 1.36
Feb 19 01:24:15.076017 n-d-826750-2 devstack@placement-api.service[110534]: [pid: 110534|app: 0|req: 555/1114] 10.222.0.129 () {60 vars in 1483 bytes} [Sat Feb 19 01:24:14 2022] GET /placement/allocation_candidates?limit=1000&resources=MEMORY_MB%3A1024%2CVCPU%3A1&root_required=%21COMPUTE_STATUS_DISABLED => generated 1278 bytes in 215 msecs (HTTP/1.1 200) 8 headers in 297 bytes (1 switches on core 0)
Feb 19 01:24:15.133864 n-d-826750-2 devstack@placement-api.service[110535]: DEBUG placement.requestlog [req-17df7b22-4a94-496f-9612-b35455da6db2 req-c14e68b4-2e1a-4c67-9347-e104ea7ebe6c None None] Starting request: 10.222.0.129 "GET /placement/allocations/a6b8f412-b4a1-4f12-a9a3-40ae9ca574e6" {{(pid=110535) __call__ /opt/stack/placement/placement/requestlog.py:55}}
Feb 19 01:24:15.149304 n-d-826750-2 devstack@placement-api.service[110535]: INFO placement.requestlog [req-17df7b22-4a94-496f-9612-b35455da6db2 req-c14e68b4-2e1a-4c67-9347-e104ea7ebe6c service placement] 10.222.0.129 "GET /placement/allocations/a6b8f412-b4a1-4f12-a9a3-40ae9ca574e6" status: 200 len: 19 microversion: 1.28
Feb 19 01:24:15.150206 n-d-826750-2 devstack@placement-api.service[110535]: [pid: 110535|app: 0|req: 560/1115] 10.222.0.129 () {60 vars in 1385 bytes} [Sat Feb 19 01:24:15 2022] GET /placement/allocations/a6b8f412-b4a1-4f12-a9a3-40ae9ca574e6 => generated 19 bytes in 17 msecs (HTTP/1.1 200) 8 headers in 295 bytes (1 switches on core 0)
Feb 19 01:24:15.156983 n-d-826750-2 devstack@placement-api.service[110534]: DEBUG placement.requestlog [req-17df7b22-4a94-496f-9612-b35455da6db2 req-82436d7a-0639-455f-af8a-c1d9f8939f4b None None] Starting request: 10.222.0.129 "PUT /placement/allocations/a6b8f412-b4a1-4f12-a9a3-40ae9ca574e6" {{(pid=110534) __call__ /opt/stack/placement/placement/requestlog.py:55}}
Feb 19 01:24:15.206793 n-d-826750-2 devstack@placement-api.service[110534]: DEBUG placement.handlers.allocation [req-17df7b22-4a94-496f-9612-b35455da6db2 req-82436d7a-0639-455f-af8a-c1d9f8939f4b service placement] Successfully wrote allocations [, ] {{(pid=110534) _update_consumers_and_create_allocations /opt/stack/placement/placement/handlers/allocation.py:462}}
Feb 19 01:24:15.209841 n-d-826750-2 devstack@placement-api.service[110534]: INFO placement.requestlog [req-17df7b22-4a94-496f-9612-b35455da6db2 req-82436d7a-0639-455f-af8a-c1d9f8939f4b service placement] 10.222.0.129 "PUT /placement/allocations/a6b8f412-b4a1-4f12-a9a3-40ae9ca574e6" status: 204 len: 0 microversion: 1.36
Feb 19 01:24:15.215379 n-d-826750-2 devstack@placement-api.service[110534]: [pid: 110534|app: 0|req: 556/1116] 10.222.0.129 () {64 vars in 1438 bytes} [Sat Feb 19 01:24:15 2022] PUT /placement/allocations/a6b8f412-b4a1-4f12-a9a3-40ae9ca574e6 => generated 0 bytes in 55 msecs (HTTP/1.1 204) 5 headers in 199 bytes (1 switches on core 0)
Feb 19 01:24:15.504396 n-d-826750-2 devstack@placement-api.service[110535]: DEBUG placement.requestlog [req-17df7b22-4a94-496f-9612-b35455da6db2 req-0b16cc36-772d-4540-888f-34546af7d434 None None] Starting request: 10.222.0.130 "GET /placement/allocations/a6b8f412-b4a1-4f12-a9a3-40ae9ca574e6" {{(pid=110535) __call__ /opt/stack/placement/placement/requestlog.py:55}}
Feb 19 01:24:15.521922 n-d-826750-2 devstack@placement-api.service[110535]: INFO placement.requestlog [req-17df7b22-4a94-496f-9612-b35455da6db2 req-0b16cc36-772d-4540-888f-34546af7d434 service placement] 10.222.0.130 "GET /placement/allocations/a6b8f412-b4a1-4f12-a9a3-40ae9ca574e6" status: 200 len: 246 microversion: 1.28
Feb 19 01:24:15.522519 n-d-826750-2 devstack@placement-api.service[110535]: [pid: 110535|app: 0|req: 561/1117] 10.222.0.130 () {60 vars in 1382 bytes} [Sat Feb 19 01:24:15 2022] GET /placement/allocations/a6b8f412-b4a1-4f12-a9a3-40ae9ca574e6 => generated 246 bytes in 18 msecs (HTTP/1.1 200) 8 headers in 296 bytes (1 switches on core 0)
Feb 19 01:24:38.605427 n-d-826750-2 devstack@placement-api.service[110534]: DEBUG placement.requestlog [req-1421c2b7-4331-4fa8-ba55-cb26d211977b req-0be28ca7-66ee-4e2b-b959-2c57959627c4 None None] Starting request: 10.222.0.129 "GET /placement/allocation_candidates?limit=1000&resources=DISK_GB%3A1%2CMEMORY_MB%3A1024%2CVCPU%3A1&root_required=%21COMPUTE_STATUS_DISABLED" {{(pid=110534) __call__ /opt/stack/placement/placement/requestlog.py:55}}
Feb 19 01:24:38.657830 n-d-826750-2 devstack@placement-api.service[110534]: DEBUG placement.objects.research_context [req-1421c2b7-4331-4fa8-ba55-cb26d211977b req-0be28ca7-66ee-4e2b-b959-2c57959627c4 service placement] getting providers with 1 DISK_GB {{(pid=110534) __init__ /opt/stack/placement/placement/objects/research_context.py:126}}
Feb 19 01:24:38.664510 n-d-826750-2 devstack@placement-api.service[110534]: DEBUG placement.objects.research_context [req-1421c2b7-4331-4fa8-ba55-cb26d211977b req-0be28ca7-66ee-4e2b-b959-2c57959627c4 service placement] getting providers with 1024 MEMORY_MB {{(pid=110534) __init__ /opt/stack/placement/placement/objects/research_context.py:126}}
Feb 19 01:24:38.671448 n-d-826750-2 devstack@placement-api.service[110534]: DEBUG placement.objects.research_context [req-1421c2b7-4331-4fa8-ba55-cb26d211977b req-0be28ca7-66ee-4e2b-b959-2c57959627c4 service placement] getting providers with 1 VCPU {{(pid=110534) __init__ /opt/stack/placement/placement/objects/research_context.py:126}}
Feb 19 01:24:38.678225 n-d-826750-2 devstack@placement-api.service[110534]: DEBUG placement.objects.research_context [req-1421c2b7-4331-4fa8-ba55-cb26d211977b req-0be28ca7-66ee-4e2b-b959-2c57959627c4 service placement] found 2 providers with available 1 DISK_GB {{(pid=110534) get_provider_ids_matching /opt/stack/placement/placement/objects/research_context.py:549}}
Feb 19 01:24:38.678225 n-d-826750-2 devstack@placement-api.service[110534]: DEBUG placement.objects.research_context [req-1421c2b7-4331-4fa8-ba55-cb26d211977b req-0be28ca7-66ee-4e2b-b959-2c57959627c4 service placement] found 2 providers with available 1024 MEMORY_MB {{(pid=110534) get_provider_ids_matching /opt/stack/placement/placement/objects/research_context.py:549}}
Feb 19 01:24:38.678492 n-d-826750-2 devstack@placement-api.service[110534]: DEBUG placement.objects.research_context [req-1421c2b7-4331-4fa8-ba55-cb26d211977b req-0be28ca7-66ee-4e2b-b959-2c57959627c4 service placement] found 2 providers after filtering by previous result {{(pid=110534) get_provider_ids_matching /opt/stack/placement/placement/objects/research_context.py:580}}
Feb 19 01:24:38.679666 n-d-826750-2 devstack@placement-api.service[110534]: DEBUG placement.objects.research_context [req-1421c2b7-4331-4fa8-ba55-cb26d211977b req-0be28ca7-66ee-4e2b-b959-2c57959627c4 service placement] found 2 providers with available 1 VCPU {{(pid=110534) get_provider_ids_matching /opt/stack/placement/placement/objects/research_context.py:549}}
Feb 19 01:24:38.680220 n-d-826750-2 devstack@placement-api.service[110534]: DEBUG placement.objects.research_context [req-1421c2b7-4331-4fa8-ba55-cb26d211977b req-0be28ca7-66ee-4e2b-b959-2c57959627c4 service placement] found 2 providers after filtering by previous result {{(pid=110534) get_provider_ids_matching /opt/stack/placement/placement/objects/research_context.py:580}}
Feb 19 01:24:38.692490 n-d-826750-2 devstack@placement-api.service[110534]: DEBUG placement.objects.allocation_candidate [req-1421c2b7-4331-4fa8-ba55-cb26d211977b req-0be28ca7-66ee-4e2b-b959-2c57959627c4 service placement] RequestGroup(use_same_provider=False, resources={DISK_GB:1, MEMORY_MB:1024, VCPU:1}, traits=[], aggregates=[]) (suffix '') returned 2 matches {{(pid=110534) _get_by_requests /opt/stack/placement/placement/objects/allocation_candidate.py:145}}
Feb 19 01:24:38.692865 n-d-826750-2 devstack@placement-api.service[110534]: DEBUG placement.objects.allocation_candidate [req-1421c2b7-4331-4fa8-ba55-cb26d211977b req-0be28ca7-66ee-4e2b-b959-2c57959627c4 service placement] Merging candidates yields 2 allocation requests and 2 provider summaries {{(pid=110534) _merge_candidates /opt/stack/placement/placement/objects/allocation_candidate.py:783}}
Feb 19 01:24:38.694481 n-d-826750-2 devstack@placement-api.service[110534]: INFO placement.requestlog [req-1421c2b7-4331-4fa8-ba55-cb26d211977b req-0be28ca7-66ee-4e2b-b959-2c57959627c4 service placement] 10.222.0.129 "GET /placement/allocation_candidates?limit=1000&resources=DISK_GB%3A1%2CMEMORY_MB%3A1024%2CVCPU%3A1&root_required=%21COMPUTE_STATUS_DISABLED" status: 200 len: 1309 microversion: 1.36
Feb 19 01:24:38.695491 n-d-826750-2 devstack@placement-api.service[110534]: [pid: 110534|app: 0|req: 557/1118] 10.222.0.129 () {60 vars in 1511 bytes} [Sat Feb 19 01:24:38 2022] GET /placement/allocation_candidates?limit=1000&resources=DISK_GB%3A1%2CMEMORY_MB%3A1024%2CVCPU%3A1&root_required=%21COMPUTE_STATUS_DISABLED => generated 1309 bytes in 90 msecs (HTTP/1.1 200) 8 headers in 297 bytes (1 switches on core 0)
Feb 19 01:24:38.752521 n-d-826750-2 devstack@placement-api.service[110535]: DEBUG placement.requestlog [req-1421c2b7-4331-4fa8-ba55-cb26d211977b req-bb74954e-dcdb-421a-aabf-c7762ab09c30 None None] Starting request: 10.222.0.129 "GET /placement/allocations/14fdd497-36af-4871-9b45-eafa2c6e2cd8" {{(pid=110535) __call__ /opt/stack/placement/placement/requestlog.py:55}}
Feb 19 01:24:38.764762 n-d-826750-2 devstack@placement-api.service[110535]: INFO placement.requestlog [req-1421c2b7-4331-4fa8-ba55-cb26d211977b req-bb74954e-dcdb-421a-aabf-c7762ab09c30 service placement] 10.222.0.129 "GET /placement/allocations/14fdd497-36af-4871-9b45-eafa2c6e2cd8" status: 200 len: 19 microversion: 1.28
Feb 19 01:24:38.765399 n-d-826750-2 devstack@placement-api.service[110535]: [pid: 110535|app: 0|req: 562/1119] 10.222.0.129 () {60 vars in 1385 bytes} [Sat Feb 19 01:24:38 2022] GET /placement/allocations/14fdd497-36af-4871-9b45-eafa2c6e2cd8 => generated 19 bytes in 13 msecs (HTTP/1.1 200) 8 headers in 295 bytes (1 switches on core 0)
Feb 19 01:24:38.771917 n-d-826750-2 devstack@placement-api.service[110534]: DEBUG placement.requestlog [req-1421c2b7-4331-4fa8-ba55-cb26d211977b req-5dd1376a-19fb-4384-b31f-1d928b0f964b None None] Starting request: 10.222.0.129 "PUT /placement/allocations/14fdd497-36af-4871-9b45-eafa2c6e2cd8" {{(pid=110534) __call__ /opt/stack/placement/placement/requestlog.py:55}}
Feb 19 01:24:38.848406 n-d-826750-2 devstack@placement-api.service[110534]: DEBUG placement.handlers.allocation [req-1421c2b7-4331-4fa8-ba55-cb26d211977b req-5dd1376a-19fb-4384-b31f-1d928b0f964b service placement] Successfully wrote allocations [, , ] {{(pid=110534) _update_consumers_and_create_allocations /opt/stack/placement/placement/handlers/allocation.py:462}}
Feb 19 01:24:38.852698 n-d-826750-2 devstack@placement-api.service[110534]: INFO placement.requestlog [req-1421c2b7-4331-4fa8-ba55-cb26d211977b req-5dd1376a-19fb-4384-b31f-1d928b0f964b service placement] 10.222.0.129 "PUT /placement/allocations/14fdd497-36af-4871-9b45-eafa2c6e2cd8" status: 204 len: 0 microversion: 1.36
Feb 19 01:24:38.853466 n-d-826750-2 devstack@placement-api.service[110534]: [pid: 110534|app: 0|req: 558/1120] 10.222.0.129 () {64 vars in 1438 bytes} [Sat Feb 19 01:24:38 2022] PUT /placement/allocations/14fdd497-36af-4871-9b45-eafa2c6e2cd8 => generated 0 bytes in 82 msecs (HTTP/1.1 204) 5 headers in 199 bytes (1 switches on core 0)
Feb 19 01:24:39.191423 n-d-826750-2 devstack@placement-api.service[110535]: DEBUG placement.requestlog [req-1421c2b7-4331-4fa8-ba55-cb26d211977b req-bc496c51-d796-4f36-8bca-64a604f51466 None None] Starting request: 10.222.0.37 "GET /placement/allocations/14fdd497-36af-4871-9b45-eafa2c6e2cd8" {{(pid=110535) __call__ /opt/stack/placement/placement/requestlog.py:55}}
Feb 19 01:24:39.214282 n-d-826750-2 devstack@placement-api.service[110535]: INFO placement.requestlog [req-1421c2b7-4331-4fa8-ba55-cb26d211977b req-bc496c51-d796-4f36-8bca-64a604f51466 service placement] 10.222.0.37 "GET /placement/allocations/14fdd497-36af-4871-9b45-eafa2c6e2cd8" status: 200 len: 259 microversion: 1.28
Feb 19 01:24:39.215413 n-d-826750-2 devstack@placement-api.service[110535]: [pid: 110535|app: 0|req: 563/1121] 10.222.0.37 () {60 vars in 1381 bytes} [Sat Feb 19 01:24:39 2022] GET /placement/allocations/14fdd497-36af-4871-9b45-eafa2c6e2cd8 => generated 259 bytes in 24 msecs (HTTP/1.1 200) 8 headers in 296 bytes (1 switches on core 0)
Feb 19 01:25:01.488294 n-d-826750-2 devstack@placement-api.service[110534]: DEBUG placement.requestlog [req-9778b025-9526-4413-a2ff-9d91b845ddce req-2af46e3f-7019-4ba5-9110-a8f2047c1c80 None None] Starting request: 10.222.0.130 "GET /placement/resource_providers/8f87693e-1717-466f-ae6e-21684c908804/allocations" {{(pid=110534) __call__ /opt/stack/placement/placement/requestlog.py:55}}
Feb 19 01:25:01.595614 n-d-826750-2 devstack@placement-api.service[110534]: INFO placement.requestlog [req-9778b025-9526-4413-a2ff-9d91b845ddce req-2af46e3f-7019-4ba5-9110-a8f2047c1c80 service placement] 10.222.0.130 "GET /placement/resource_providers/8f87693e-1717-466f-ae6e-21684c908804/allocations" status: 200 len: 141 microversion: 1.0
Feb 19 01:25:01.597136 n-d-826750-2 devstack@placement-api.service[110534]: [pid: 110534|app: 0|req: 559/1122] 10.222.0.130 () {58 vars in 1395 bytes} [Sat Feb 19 01:25:01 2022] GET /placement/resource_providers/8f87693e-1717-466f-ae6e-21684c908804/allocations => generated 141 bytes in 109 msecs (HTTP/1.1 200) 6 headers in 224 bytes (1 switches on core 0)
Feb 19 01:25:01.643615 n-d-826750-2 devstack@placement-api.service[110535]: DEBUG placement.requestlog [req-9778b025-9526-4413-a2ff-9d91b845ddce req-fe32bde0-d636-44a8-8dce-be92d9e130cb None None] Starting request: 10.222.0.130 "GET /placement/resource_providers?in_tree=8f87693e-1717-466f-ae6e-21684c908804" {{(pid=110535) __call__ /opt/stack/placement/placement/requestlog.py:55}}
Feb 19 01:25:01.673831 n-d-826750-2 devstack@placement-api.service[110535]: INFO placement.requestlog [req-9778b025-9526-4413-a2ff-9d91b845ddce req-fe32bde0-d636-44a8-8dce-be92d9e130cb service placement] 10.222.0.130 "GET /placement/resource_providers?in_tree=8f87693e-1717-466f-ae6e-21684c908804" status: 200 len: 864 microversion: 1.14
Feb 19 01:25:01.674590 n-d-826750-2 devstack@placement-api.service[110535]: [pid: 110535|app: 0|req: 564/1123] 10.222.0.130 () {60 vars in 1381 bytes} [Sat Feb 19 01:25:01 2022] GET /placement/resource_providers?in_tree=8f87693e-1717-466f-ae6e-21684c908804 => generated 864 bytes in 31 msecs (HTTP/1.1 200) 6 headers in 225 bytes (1 switches on core 0)
Feb 19 01:25:01.681539 n-d-826750-2 devstack@placement-api.service[110534]: DEBUG placement.requestlog [req-9778b025-9526-4413-a2ff-9d91b845ddce req-c312001d-b04f-4ec5-9c79-7a0b8cf43e0b None None] Starting request: 10.222.0.130 "GET /placement/resource_providers/8f87693e-1717-466f-ae6e-21684c908804/inventories" {{(pid=110534) __call__ /opt/stack/placement/placement/requestlog.py:55}}
Feb 19 01:25:01.706590 n-d-826750-2 devstack@placement-api.service[110534]: INFO placement.requestlog [req-9778b025-9526-4413-a2ff-9d91b845ddce req-c312001d-b04f-4ec5-9c79-7a0b8cf43e0b service placement] 10.222.0.130 "GET /placement/resource_providers/8f87693e-1717-466f-ae6e-21684c908804/inventories" status: 200 len: 399 microversion: 1.0
Feb 19 01:25:01.707244 n-d-826750-2 devstack@placement-api.service[110534]: [pid: 110534|app: 0|req: 560/1124] 10.222.0.130 () {58 vars in 1395 bytes} [Sat Feb 19 01:25:01 2022] GET /placement/resource_providers/8f87693e-1717-466f-ae6e-21684c908804/inventories => generated 399 bytes in 26 msecs (HTTP/1.1 200) 6 headers in 224 bytes (1 switches on core 0)
Feb 19 01:25:01.715910 n-d-826750-2 devstack@placement-api.service[110535]: DEBUG placement.requestlog [req-9778b025-9526-4413-a2ff-9d91b845ddce req-75dce205-0532-438a-8fef-b8218e34d6cd None None] Starting request: 10.222.0.130 "GET /placement/resource_providers/8f87693e-1717-466f-ae6e-21684c908804/aggregates" {{(pid=110535) __call__ /opt/stack/placement/placement/requestlog.py:55}}
Feb 19 01:25:01.738097 n-d-826750-2 devstack@placement-api.service[110535]: INFO placement.requestlog [req-9778b025-9526-4413-a2ff-9d91b845ddce req-75dce205-0532-438a-8fef-b8218e34d6cd service placement] 10.222.0.130 "GET /placement/resource_providers/8f87693e-1717-466f-ae6e-21684c908804/aggregates" status: 200 len: 55 microversion: 1.19
Feb 19 01:25:01.739091 n-d-826750-2 devstack@placement-api.service[110535]: [pid: 110535|app: 0|req: 565/1125] 10.222.0.130 () {60 vars in 1436 bytes} [Sat Feb 19 01:25:01 2022] GET /placement/resource_providers/8f87693e-1717-466f-ae6e-21684c908804/aggregates => generated 55 bytes in 23 msecs (HTTP/1.1 200) 8 headers in 295 bytes (1 switches on core 0)
Feb 19 01:25:01.746984 n-d-826750-2 devstack@placement-api.service[110534]: DEBUG placement.requestlog [req-9778b025-9526-4413-a2ff-9d91b845ddce req-cb0bbfb0-f6de-490a-9b86-e56e3256a060 None None] Starting request: 10.222.0.130 "GET /placement/resource_providers/8f87693e-1717-466f-ae6e-21684c908804/traits" {{(pid=110534) __call__ /opt/stack/placement/placement/requestlog.py:55}}
Feb 19 01:25:01.799183 n-d-826750-2 devstack@placement-api.service[110534]: INFO placement.requestlog [req-9778b025-9526-4413-a2ff-9d91b845ddce req-cb0bbfb0-f6de-490a-9b86-e56e3256a060 service placement] 10.222.0.130 "GET /placement/resource_providers/8f87693e-1717-466f-ae6e-21684c908804/traits" status: 200 len: 213 microversion: 1.6
Feb 19 01:25:01.799809 n-d-826750-2 devstack@placement-api.service[110534]: [pid: 110534|app: 0|req: 561/1126] 10.222.0.130 () {60 vars in 1423 bytes} [Sat Feb 19 01:25:01 2022] GET /placement/resource_providers/8f87693e-1717-466f-ae6e-21684c908804/traits => generated 213 bytes in 53 msecs (HTTP/1.1 200) 6 headers in 224 bytes (1 switches on core 0)
Feb 19 01:25:07.972769 n-d-826750-2 devstack@placement-api.service[110535]: DEBUG placement.requestlog [req-aeecb8b1-1d3e-4ec8-95fe-186c67496b01 req-1c565ac9-6212-41fa-8555-03e0b47b402d None None] Starting request: 10.222.0.37 "GET /placement/resource_providers/0ab91838-08fe-4076-9401-493478425f1c/allocations" {{(pid=110535) __call__ /opt/stack/placement/placement/requestlog.py:55}}
Feb 19 01:25:08.099345 n-d-826750-2 devstack@placement-api.service[110535]: INFO placement.requestlog [req-aeecb8b1-1d3e-4ec8-95fe-186c67496b01 req-1c565ac9-6212-41fa-8555-03e0b47b402d service placement] 10.222.0.37 "GET /placement/resource_providers/0ab91838-08fe-4076-9401-493478425f1c/allocations" status: 200 len: 255 microversion: 1.0
Feb 19 01:25:08.100611 n-d-826750-2 devstack@placement-api.service[110535]: [pid: 110535|app: 0|req: 566/1127] 10.222.0.37 () {58 vars in 1394 bytes} [Sat Feb 19 01:25:07 2022] GET /placement/resource_providers/0ab91838-08fe-4076-9401-493478425f1c/allocations => generated 255 bytes in 128 msecs (HTTP/1.1 200) 6 headers in 224 bytes (1 switches on core 0)
Feb 19 01:25:08.178982 n-d-826750-2 devstack@placement-api.service[110534]: DEBUG placement.requestlog [req-aeecb8b1-1d3e-4ec8-95fe-186c67496b01 req-421af024-d12d-4763-8666-d94480db9942 None None] Starting request: 10.222.0.37 "GET /placement/resource_providers?in_tree=0ab91838-08fe-4076-9401-493478425f1c" {{(pid=110534) __call__ /opt/stack/placement/placement/requestlog.py:55}}
Feb 19 01:25:08.203261 n-d-826750-2 devstack@placement-api.service[110534]: INFO placement.requestlog [req-aeecb8b1-1d3e-4ec8-95fe-186c67496b01 req-421af024-d12d-4763-8666-d94480db9942 service placement] 10.222.0.37 "GET /placement/resource_providers?in_tree=0ab91838-08fe-4076-9401-493478425f1c" status: 200 len: 863 microversion: 1.14
Feb 19 01:25:08.204211 n-d-826750-2 devstack@placement-api.service[110534]: [pid: 110534|app: 0|req: 562/1128] 10.222.0.37 () {60 vars in 1380 bytes} [Sat Feb 19 01:25:08 2022] GET /placement/resource_providers?in_tree=0ab91838-08fe-4076-9401-493478425f1c => generated 863 bytes in 26 msecs (HTTP/1.1 200) 6 headers in 225 bytes (1 switches on core 0)
Feb 19 01:25:08.215964 n-d-826750-2 devstack@placement-api.service[110535]: DEBUG placement.requestlog [req-aeecb8b1-1d3e-4ec8-95fe-186c67496b01 req-1bfbd391-3bc9-450b-9f89-c0da0ba1cd07 None None] Starting request: 10.222.0.37 "GET /placement/resource_providers/0ab91838-08fe-4076-9401-493478425f1c/inventories" {{(pid=110535) __call__ /opt/stack/placement/placement/requestlog.py:55}}
Feb 19 01:25:08.252805 n-d-826750-2 devstack@placement-api.service[110535]: INFO placement.requestlog [req-aeecb8b1-1d3e-4ec8-95fe-186c67496b01 req-1bfbd391-3bc9-450b-9f89-c0da0ba1cd07 service placement] 10.222.0.37 "GET /placement/resource_providers/0ab91838-08fe-4076-9401-493478425f1c/inventories" status: 200 len: 398 microversion: 1.0
Feb 19 01:25:08.254337 n-d-826750-2 devstack@placement-api.service[110535]: [pid: 110535|app: 0|req: 567/1129] 10.222.0.37 () {58 vars in 1394 bytes} [Sat Feb 19 01:25:08 2022] GET /placement/resource_providers/0ab91838-08fe-4076-9401-493478425f1c/inventories => generated 398 bytes in 39 msecs (HTTP/1.1 200) 6 headers in 224 bytes (1 switches on core 0)
Feb 19 01:25:08.265214 n-d-826750-2 devstack@placement-api.service[110534]: DEBUG placement.requestlog [req-aeecb8b1-1d3e-4ec8-95fe-186c67496b01 req-24127bd5-e49c-499a-bddd-ce085d096ff3 None None] Starting request: 10.222.0.37 "GET /placement/resource_providers/0ab91838-08fe-4076-9401-493478425f1c/aggregates" {{(pid=110534) __call__ /opt/stack/placement/placement/requestlog.py:55}}
Feb 19 01:25:08.279667 n-d-826750-2 devstack@placement-api.service[110534]: INFO placement.requestlog [req-aeecb8b1-1d3e-4ec8-95fe-186c67496b01 req-24127bd5-e49c-499a-bddd-ce085d096ff3 service placement] 10.222.0.37 "GET /placement/resource_providers/0ab91838-08fe-4076-9401-493478425f1c/aggregates" status: 200 len: 54 microversion: 1.19
Feb 19 01:25:08.280548 n-d-826750-2 devstack@placement-api.service[110534]: [pid: 110534|app: 0|req: 563/1130] 10.222.0.37 () {60 vars in 1435 bytes} [Sat Feb 19 01:25:08 2022] GET /placement/resource_providers/0ab91838-08fe-4076-9401-493478425f1c/aggregates => generated 54 bytes in 16 msecs (HTTP/1.1 200) 8 headers in 295 bytes (1 switches on core 0)
Feb 19 01:25:08.296120 n-d-826750-2 devstack@placement-api.service[110535]: DEBUG placement.requestlog [req-aeecb8b1-1d3e-4ec8-95fe-186c67496b01 req-2c9e3662-19db-4fc5-bfc5-776429664def None None] Starting request: 10.222.0.37 "GET /placement/resource_providers/0ab91838-08fe-4076-9401-493478425f1c/traits" {{(pid=110535) __call__ /opt/stack/placement/placement/requestlog.py:55}}
Feb 19 01:25:08.364487 n-d-826750-2 devstack@placement-api.service[110535]: INFO placement.requestlog [req-aeecb8b1-1d3e-4ec8-95fe-186c67496b01 req-2c9e3662-19db-4fc5-bfc5-776429664def service placement] 10.222.0.37 "GET /placement/resource_providers/0ab91838-08fe-4076-9401-493478425f1c/traits" status: 200 len: 212 microversion: 1.6
Feb 19 01:25:08.365417 n-d-826750-2 devstack@placement-api.service[110535]: [pid: 110535|app: 0|req: 568/1131] 10.222.0.37 () {60 vars in 1422 bytes} [Sat Feb 19 01:25:08 2022] GET /placement/resource_providers/0ab91838-08fe-4076-9401-493478425f1c/traits => generated 212 bytes in 70 msecs (HTTP/1.1 200) 6 headers in 224 bytes (1 switches on core 0)
Feb 19 01:25:09.668251 n-d-826750-2 devstack@placement-api.service[110534]: DEBUG placement.requestlog [req-081bd9c2-b829-437e-af88-56099ac35a88 req-0a1a57c3-11d6-4f57-b3bb-e19af42c52e7 None None] Starting request: 10.222.0.130 "DELETE /placement/allocations/a6b8f412-b4a1-4f12-a9a3-40ae9ca574e6" {{(pid=110534) __call__ /opt/stack/placement/placement/requestlog.py:55}}
Feb 19 01:25:09.701814 n-d-826750-2 devstack@placement-api.service[110535]: DEBUG placement.requestlog [req-c722eac2-3087-4dc6-b957-125f7cc66f22 req-895b958a-6000-4de4-994f-77965fd196c8 None None] Starting request: 10.222.0.37 "DELETE /placement/allocations/7797885d-42e6-4e8c-b92c-7d5a4a7c1144" {{(pid=110535) __call__ /opt/stack/placement/placement/requestlog.py:55}}
Feb 19 01:25:09.736592 n-d-826750-2 devstack@placement-api.service[110534]: DEBUG placement.handlers.allocation [req-081bd9c2-b829-437e-af88-56099ac35a88 req-0a1a57c3-11d6-4f57-b3bb-e19af42c52e7 service placement] Successfully deleted allocations [, ] {{(pid=110534) delete_allocations /opt/stack/placement/placement/handlers/allocation.py:627}}
Feb 19 01:25:09.737086 n-d-826750-2 devstack@placement-api.service[110534]: INFO placement.requestlog [req-081bd9c2-b829-437e-af88-56099ac35a88 req-0a1a57c3-11d6-4f57-b3bb-e19af42c52e7 service placement] 10.222.0.130 "DELETE /placement/allocations/a6b8f412-b4a1-4f12-a9a3-40ae9ca574e6" status: 204 len: 0 microversion: 1.0
Feb 19 01:25:09.737727 n-d-826750-2 devstack@placement-api.service[110534]: [pid: 110534|app: 0|req: 564/1132] 10.222.0.130 () {60 vars in 1360 bytes} [Sat Feb 19 01:25:09 2022] DELETE /placement/allocations/a6b8f412-b4a1-4f12-a9a3-40ae9ca574e6 => generated 0 bytes in 71 msecs (HTTP/1.1 204) 5 headers in 198 bytes (1 switches on core 0)
Feb 19 01:25:09.778021 n-d-826750-2 devstack@placement-api.service[110535]: DEBUG placement.handlers.allocation [req-c722eac2-3087-4dc6-b957-125f7cc66f22 req-895b958a-6000-4de4-994f-77965fd196c8 service placement] Successfully deleted allocations [, , ] {{(pid=110535) delete_allocations /opt/stack/placement/placement/handlers/allocation.py:627}}
Feb 19 01:25:09.778533 n-d-826750-2 devstack@placement-api.service[110535]: INFO placement.requestlog [req-c722eac2-3087-4dc6-b957-125f7cc66f22 req-895b958a-6000-4de4-994f-77965fd196c8 service placement] 10.222.0.37 "DELETE /placement/allocations/7797885d-42e6-4e8c-b92c-7d5a4a7c1144" status: 204 len: 0 microversion: 1.0
Feb 19 01:25:09.778901 n-d-826750-2 devstack@placement-api.service[110535]: [pid: 110535|app: 0|req: 569/1133] 10.222.0.37 () {60 vars in 1359 bytes} [Sat Feb 19 01:25:09 2022] DELETE /placement/allocations/7797885d-42e6-4e8c-b92c-7d5a4a7c1144 => generated 0 bytes in 78 msecs (HTTP/1.1 204) 5 headers in 198 bytes (1 switches on core 0)
Feb 19 01:25:49.634779 n-d-826750-2 devstack@placement-api.service[110534]: DEBUG placement.requestlog [req-56961686-7b82-46b9-a158-f9429b9e1699 req-e586df01-ac1c-439c-9ae2-4ad37a364a8d None None] Starting request: 10.222.0.129 "GET /placement/allocation_candidates?limit=1000&resources=MEMORY_MB%3A1024%2CVCPU%3A1&root_required=%21COMPUTE_STATUS_DISABLED" {{(pid=110534) __call__ /opt/stack/placement/placement/requestlog.py:55}}
Feb 19 01:25:49.700256 n-d-826750-2 devstack@placement-api.service[110534]: DEBUG placement.objects.research_context [req-56961686-7b82-46b9-a158-f9429b9e1699 req-e586df01-ac1c-439c-9ae2-4ad37a364a8d service placement] getting providers with 1024 MEMORY_MB {{(pid=110534) __init__ /opt/stack/placement/placement/objects/research_context.py:126}}
Feb 19 01:25:49.706153 n-d-826750-2 devstack@placement-api.service[110534]: DEBUG placement.objects.research_context [req-56961686-7b82-46b9-a158-f9429b9e1699 req-e586df01-ac1c-439c-9ae2-4ad37a364a8d service placement] getting providers with 1 VCPU {{(pid=110534) __init__ /opt/stack/placement/placement/objects/research_context.py:126}}
Feb 19 01:25:49.712578 n-d-826750-2 devstack@placement-api.service[110534]: DEBUG placement.objects.research_context [req-56961686-7b82-46b9-a158-f9429b9e1699 req-e586df01-ac1c-439c-9ae2-4ad37a364a8d service placement] found 2 providers with available 1024 MEMORY_MB {{(pid=110534) get_provider_ids_matching /opt/stack/placement/placement/objects/research_context.py:549}}
Feb 19 01:25:49.713092 n-d-826750-2 devstack@placement-api.service[110534]: DEBUG placement.objects.research_context [req-56961686-7b82-46b9-a158-f9429b9e1699 req-e586df01-ac1c-439c-9ae2-4ad37a364a8d service placement] found 2 providers with available 1 VCPU {{(pid=110534) get_provider_ids_matching /opt/stack/placement/placement/objects/research_context.py:549}}
Feb 19 01:25:49.713594 n-d-826750-2 devstack@placement-api.service[110534]: DEBUG placement.objects.research_context [req-56961686-7b82-46b9-a158-f9429b9e1699 req-e586df01-ac1c-439c-9ae2-4ad37a364a8d service placement] found 2 providers after filtering by previous result {{(pid=110534) get_provider_ids_matching /opt/stack/placement/placement/objects/research_context.py:580}}
Feb 19 01:25:49.724314 n-d-826750-2 devstack@placement-api.service[110534]: DEBUG placement.objects.allocation_candidate [req-56961686-7b82-46b9-a158-f9429b9e1699 req-e586df01-ac1c-439c-9ae2-4ad37a364a8d service placement] RequestGroup(use_same_provider=False, resources={MEMORY_MB:1024, VCPU:1}, traits=[], aggregates=[]) (suffix '') returned 2 matches {{(pid=110534) _get_by_requests /opt/stack/placement/placement/objects/allocation_candidate.py:145}}
Feb 19 01:25:49.724981 n-d-826750-2 devstack@placement-api.service[110534]: DEBUG placement.objects.allocation_candidate [req-56961686-7b82-46b9-a158-f9429b9e1699 req-e586df01-ac1c-439c-9ae2-4ad37a364a8d service placement] Merging candidates yields 2 allocation requests and 2 provider summaries {{(pid=110534) _merge_candidates /opt/stack/placement/placement/objects/allocation_candidate.py:783}}
Feb 19 01:25:49.726723 n-d-826750-2 devstack@placement-api.service[110534]: INFO placement.requestlog [req-56961686-7b82-46b9-a158-f9429b9e1699 req-e586df01-ac1c-439c-9ae2-4ad37a364a8d service placement] 10.222.0.129 "GET /placement/allocation_candidates?limit=1000&resources=MEMORY_MB%3A1024%2CVCPU%3A1&root_required=%21COMPUTE_STATUS_DISABLED" status: 200 len: 1278 microversion: 1.36
Feb 19 01:25:49.727679 n-d-826750-2 devstack@placement-api.service[110534]: [pid: 110534|app: 0|req: 565/1134] 10.222.0.129 () {60 vars in 1483 bytes} [Sat Feb 19 01:25:49 2022] GET /placement/allocation_candidates?limit=1000&resources=MEMORY_MB%3A1024%2CVCPU%3A1&root_required=%21COMPUTE_STATUS_DISABLED => generated 1278 bytes in 93 msecs (HTTP/1.1 200) 8 headers in 297 bytes (2 switches on core 0)
Feb 19 01:25:49.782598 n-d-826750-2 devstack@placement-api.service[110535]: DEBUG placement.requestlog [req-56961686-7b82-46b9-a158-f9429b9e1699 req-0bf621b7-af61-40c2-b962-8879e7e4d6ac None None] Starting request: 10.222.0.129 "GET /placement/allocations/857dff49-0322-4661-8635-43849f0af8e8" {{(pid=110535) __call__ /opt/stack/placement/placement/requestlog.py:55}}
Feb 19 01:25:49.795361 n-d-826750-2 devstack@placement-api.service[110535]: INFO placement.requestlog [req-56961686-7b82-46b9-a158-f9429b9e1699 req-0bf621b7-af61-40c2-b962-8879e7e4d6ac service placement] 10.222.0.129 "GET /placement/allocations/857dff49-0322-4661-8635-43849f0af8e8" status: 200 len: 19 microversion: 1.28
Feb 19 01:25:49.801110 n-d-826750-2 devstack@placement-api.service[110535]: [pid: 110535|app: 0|req: 570/1135] 10.222.0.129 () {60 vars in 1385 bytes} [Sat Feb 19 01:25:49 2022] GET /placement/allocations/857dff49-0322-4661-8635-43849f0af8e8 => generated 19 bytes in 19 msecs (HTTP/1.1 200) 8 headers in 295 bytes (1 switches on core 0)
Feb 19 01:25:49.802833 n-d-826750-2 devstack@placement-api.service[110534]: DEBUG placement.requestlog [req-56961686-7b82-46b9-a158-f9429b9e1699 req-ac0fb68c-a52e-4786-b511-41f211a0c073 None None] Starting request: 10.222.0.129 "PUT /placement/allocations/857dff49-0322-4661-8635-43849f0af8e8" {{(pid=110534) __call__ /opt/stack/placement/placement/requestlog.py:55}}
Feb 19 01:25:49.857020 n-d-826750-2 devstack@placement-api.service[110534]: DEBUG placement.handlers.allocation [req-56961686-7b82-46b9-a158-f9429b9e1699 req-ac0fb68c-a52e-4786-b511-41f211a0c073 service placement] Successfully wrote allocations [, ] {{(pid=110534) _update_consumers_and_create_allocations /opt/stack/placement/placement/handlers/allocation.py:462}}
Feb 19 01:25:49.865085 n-d-826750-2 devstack@placement-api.service[110534]: INFO placement.requestlog [req-56961686-7b82-46b9-a158-f9429b9e1699 req-ac0fb68c-a52e-4786-b511-41f211a0c073 service placement] 10.222.0.129 "PUT /placement/allocations/857dff49-0322-4661-8635-43849f0af8e8" status: 204 len: 0 microversion: 1.36
Feb 19 01:25:49.866035 n-d-826750-2 devstack@placement-api.service[110534]: [pid: 110534|app: 0|req: 566/1136] 10.222.0.129 () {64 vars in 1438 bytes} [Sat Feb 19 01:25:49 2022] PUT /placement/allocations/857dff49-0322-4661-8635-43849f0af8e8 => generated 0 bytes in 64 msecs (HTTP/1.1 204) 5 headers in 199 bytes (1 switches on core 0)
Feb 19 01:25:50.180838 n-d-826750-2 devstack@placement-api.service[110535]: DEBUG placement.requestlog [req-56961686-7b82-46b9-a158-f9429b9e1699 req-8959a1ac-dfe6-48a6-8809-e1320b3370e0 None None] Starting request: 10.222.0.130 "GET /placement/allocations/857dff49-0322-4661-8635-43849f0af8e8" {{(pid=110535) __call__ /opt/stack/placement/placement/requestlog.py:55}}
Feb 19 01:25:50.195495 n-d-826750-2 devstack@placement-api.service[110535]: INFO placement.requestlog [req-56961686-7b82-46b9-a158-f9429b9e1699 req-8959a1ac-dfe6-48a6-8809-e1320b3370e0 service placement] 10.222.0.130 "GET /placement/allocations/857dff49-0322-4661-8635-43849f0af8e8" status: 200 len: 246 microversion: 1.28
Feb 19 01:25:50.196502 n-d-826750-2 devstack@placement-api.service[110535]: [pid: 110535|app: 0|req: 571/1137] 10.222.0.130 () {60 vars in 1382 bytes} [Sat Feb 19 01:25:50 2022] GET /placement/allocations/857dff49-0322-4661-8635-43849f0af8e8 => generated 246 bytes in 16 msecs (HTTP/1.1 200) 8 headers in 296 bytes (1 switches on core 0)
Feb 19 01:26:03.518761 n-d-826750-2 devstack@placement-api.service[110534]: DEBUG placement.requestlog [req-c2d96f24-1942-4bf1-9a7e-80c9e47d81be req-282762fe-35eb-45b5-a51f-dd43c1cfd121 None None] Starting request: 10.222.0.130 "GET /placement/resource_providers/8f87693e-1717-466f-ae6e-21684c908804/allocations" {{(pid=110534) __call__ /opt/stack/placement/placement/requestlog.py:55}}
Feb 19 01:26:03.539173 n-d-826750-2 devstack@placement-api.service[110534]: INFO placement.requestlog [req-c2d96f24-1942-4bf1-9a7e-80c9e47d81be req-282762fe-35eb-45b5-a51f-dd43c1cfd121 service placement] 10.222.0.130 "GET /placement/resource_providers/8f87693e-1717-466f-ae6e-21684c908804/allocations" status: 200 len: 141 microversion: 1.0
