Feb 03 08:10:56.518931 n-d-826675-8 devstack@n-api.service[118250]: DEBUG nova.api.openstack.wsgi [None req-81d982fd-7f22-46c1-a9e8-040d6ce0c980 tempest-FlavorsExtraSpecsNegativeTestJSON-1979851143 tempest-FlavorsExtraSpecsNegativeTestJSON-1979851143-project] Returning 403 to user: Policy doesn't allow os_compute_api:os-flavor-extra-specs:delete to be performed. {{(pid=118250) __call__ /opt/stack/nova/nova/api/openstack/wsgi.py:936}}
Feb 03 08:10:56.525735 n-d-826675-8 devstack@n-api.service[118250]: INFO nova.api.openstack.requestlog [None req-81d982fd-7f22-46c1-a9e8-040d6ce0c980 tempest-FlavorsExtraSpecsNegativeTestJSON-1979851143 tempest-FlavorsExtraSpecsNegativeTestJSON-1979851143-project] 10.222.0.18 "DELETE /compute/v2.1/flavors/1042737823/os-extra_specs/hw:numa_nodes" status: 403 len: 124 microversion: 2.1 time: 0.022290
Feb 03 08:10:56.528564 n-d-826675-8 devstack@n-api.service[118250]: [pid: 118250|app: 0|req: 60/121] 10.222.0.18 () {58 vars in 1247 bytes} [Thu Feb 3 08:10:56 2022] DELETE /compute/v2.1/flavors/1042737823/os-extra_specs/hw:numa_nodes => generated 124 bytes in 30 msecs (HTTP/1.1 403) 9 headers in 379 bytes (1 switches on core 0)
Feb 03 08:10:56.547891 n-d-826675-8 devstack@n-api.service[118250]: DEBUG nova.api.openstack.wsgi [None req-70bcec88-4317-466e-bd9f-307f1e4f6133 tempest-DeleteServersAdminTestJSON-1874494849 tempest-DeleteServersAdminTestJSON-1874494849-project] Calling method '>' {{(pid=118250) _process_stack /opt/stack/nova/nova/api/openstack/wsgi.py:513}}
Feb 03 08:10:56.549357 n-d-826675-8 devstack@n-api.service[118250]: DEBUG nova.compute.api [None req-70bcec88-4317-466e-bd9f-307f1e4f6133 tempest-DeleteServersAdminTestJSON-1874494849 tempest-DeleteServersAdminTestJSON-1874494849-project] [instance: aacfd7e4-b545-496d-8dce-8d3c0605927a] Fetching instance by UUID {{(pid=118250) get /opt/stack/nova/nova/compute/api.py:2865}}
Feb 03 08:10:56.577161 n-d-826675-8 devstack@n-api.service[118250]: DEBUG oslo_concurrency.lockutils [None req-70bcec88-4317-466e-bd9f-307f1e4f6133 tempest-DeleteServersAdminTestJSON-1874494849 tempest-DeleteServersAdminTestJSON-1874494849-project] Lock "6260b7c1-d445-4c11-a85e-fc7e1a73721c" acquired by "nova.context.set_target_cell..get_or_set_cached_cell_and_set_connections" :: waited 0.008s {{(pid=118250) inner /usr/local/lib/python3.8/dist-packages/oslo_concurrency/lockutils.py:386}}
Feb 03 08:10:56.579451 n-d-826675-8 devstack@n-api.service[118250]: DEBUG oslo_concurrency.lockutils [None req-70bcec88-4317-466e-bd9f-307f1e4f6133 tempest-DeleteServersAdminTestJSON-1874494849 tempest-DeleteServersAdminTestJSON-1874494849-project] Lock "6260b7c1-d445-4c11-a85e-fc7e1a73721c" "released" by "nova.context.set_target_cell..get_or_set_cached_cell_and_set_connections" :: held 0.004s {{(pid=118250) inner /usr/local/lib/python3.8/dist-packages/oslo_concurrency/lockutils.py:400}}
Feb 03 08:10:56.580395 n-d-826675-8 devstack@n-api.service[118250]: DEBUG oslo_concurrency.lockutils [None req-70bcec88-4317-466e-bd9f-307f1e4f6133 tempest-DeleteServersAdminTestJSON-1874494849 tempest-DeleteServersAdminTestJSON-1874494849-project] Lock "6260b7c1-d445-4c11-a85e-fc7e1a73721c" acquired by "nova.context.set_target_cell..get_or_set_cached_cell_and_set_connections" :: waited 0.000s {{(pid=118250) inner /usr/local/lib/python3.8/dist-packages/oslo_concurrency/lockutils.py:386}}
Feb 03 08:10:56.582027 n-d-826675-8 devstack@n-api.service[118250]: DEBUG oslo_concurrency.lockutils [None req-70bcec88-4317-466e-bd9f-307f1e4f6133 tempest-DeleteServersAdminTestJSON-1874494849 tempest-DeleteServersAdminTestJSON-1874494849-project] Lock "6260b7c1-d445-4c11-a85e-fc7e1a73721c" "released" by "nova.context.set_target_cell..get_or_set_cached_cell_and_set_connections" :: held 0.000s {{(pid=118250) inner /usr/local/lib/python3.8/dist-packages/oslo_concurrency/lockutils.py:400}}
Feb 03 08:10:56.796183 n-d-826675-8 devstack@n-api.service[118249]: DEBUG nova.api.openstack.wsgi [None req-9b4877cb-96b9-41b8-a2fb-0454e1a79d45 tempest-FlavorsAccessTestJSON-2119865275 tempest-FlavorsAccessTestJSON-2119865275-project] Calling method '>' {{(pid=118249) _process_stack /opt/stack/nova/nova/api/openstack/wsgi.py:513}}
Feb 03 08:10:56.908768 n-d-826675-8 devstack@n-api.service[118249]: INFO nova.api.openstack.requestlog [None req-9b4877cb-96b9-41b8-a2fb-0454e1a79d45 tempest-FlavorsAccessTestJSON-2119865275 tempest-FlavorsAccessTestJSON-2119865275-project] 10.222.0.18 "GET /compute/v2.1/flavors/detail" status: 200 len: 6227 microversion: 2.1 time: 0.710455
Feb 03 08:10:56.921012 n-d-826675-8 devstack@n-api.service[118249]: [pid: 118249|app: 0|req: 62/122] 10.222.0.18 () {58 vars in 1145 bytes} [Thu Feb 3 08:10:56 2022] GET /compute/v2.1/flavors/detail => generated 6227 bytes in 725 msecs (HTTP/1.1 200) 9 headers in 358 bytes (1 switches on core 0)
Feb 03 08:10:56.925996 n-d-826675-8 devstack@n-api.service[118249]: DEBUG nova.api.openstack.wsgi [None req-186207a7-4ce4-4812-8916-dcb070dd6c18 tempest-ServersWithSpecificFlavorTestJSON-507973573 tempest-ServersWithSpecificFlavorTestJSON-507973573-project-admin] Calling method '>' {{(pid=118249) _process_stack /opt/stack/nova/nova/api/openstack/wsgi.py:513}}
Feb 03 08:10:56.934339 n-d-826675-8 devstack@n-api.service[118249]: INFO nova.api.openstack.requestlog [None req-186207a7-4ce4-4812-8916-dcb070dd6c18 tempest-ServersWithSpecificFlavorTestJSON-507973573 tempest-ServersWithSpecificFlavorTestJSON-507973573-project-admin] 10.222.0.18 "GET /compute/v2.1/flavors/452/os-extra_specs" status: 200 len: 19 microversion: 2.1 time: 0.011876
Feb 03 08:10:56.939421 n-d-826675-8 devstack@n-api.service[118249]: [pid: 118249|app: 0|req: 63/123] 10.222.0.18 () {58 vars in 1181 bytes} [Thu Feb 3 08:10:56 2022] GET /compute/v2.1/flavors/452/os-extra_specs => generated 19 bytes in 17 msecs (HTTP/1.1 200) 9 headers in 356 bytes (1 switches on core 0)
Feb 03 08:10:56.944260 n-d-826675-8 devstack@n-api.service[118249]: DEBUG nova.api.openstack.wsgi [None req-574c6291-f8b1-4ffc-934a-14ca84930e6a tempest-FlavorsExtraSpecsNegativeTestJSON-130191787 tempest-FlavorsExtraSpecsNegativeTestJSON-130191787-project-admin] Action: 'create', calling method: >, body: {"extra_specs": {"hw:numa_nodes": "1", "hw:cpu_policy": "shared"}} {{(pid=118249) _process_stack /opt/stack/nova/nova/api/openstack/wsgi.py:511}}
Feb 03 08:10:57.003404 n-d-826675-8 devstack@n-api.service[118249]: INFO nova.api.openstack.requestlog [None req-574c6291-f8b1-4ffc-934a-14ca84930e6a tempest-FlavorsExtraSpecsNegativeTestJSON-130191787 tempest-FlavorsExtraSpecsNegativeTestJSON-130191787-project-admin] 10.222.0.18 "POST /compute/v2.1/flavors/1042737823/os-extra_specs" status: 200 len: 66 microversion: 2.1 time: 0.062606
Feb 03 08:10:57.003998 n-d-826675-8 devstack@n-api.service[118249]: [pid: 118249|app: 0|req: 64/124] 10.222.0.18 () {60 vars in 1223 bytes} [Thu Feb 3 08:10:56 2022] POST /compute/v2.1/flavors/1042737823/os-extra_specs => generated 66 bytes in 64 msecs (HTTP/1.1 200) 9 headers in 356 bytes (1 switches on core 0)
Feb 03 08:10:57.013914 n-d-826675-8 devstack@n-api.service[118249]: DEBUG nova.api.openstack.wsgi [None req-dcfbfda1-4219-4732-ad46-72c1b3a6cc9e tempest-FlavorsAccessTestJSON-262538439 tempest-FlavorsAccessTestJSON-262538439-project-admin] Action: 'action', calling method: >, body: {"removeTenantAccess": {"tenant": "b402275d39a8448ea153c261dba2fd76"}} {{(pid=118249) _process_stack /opt/stack/nova/nova/api/openstack/wsgi.py:511}}
Feb 03 08:10:57.015422 n-d-826675-8 devstack@n-api.service[118249]: /usr/local/lib/python3.8/dist-packages/oslo_policy/policy.py:1119: UserWarning: Policy "os_compute_api:os-flavor-access:remove_tenant_access": "rule:system_admin_api" failed scope check. The token used to make the request was project scoped but the policy requires ['system'] scope. This behavior may change in the future where using the intended scope is required
Feb 03 08:10:57.015422 n-d-826675-8 devstack@n-api.service[118249]: warnings.warn(msg)
Feb 03 08:10:57.289872 n-d-826675-8 devstack@n-api.service[118249]: INFO nova.api.openstack.requestlog [None req-dcfbfda1-4219-4732-ad46-72c1b3a6cc9e tempest-FlavorsAccessTestJSON-262538439 tempest-FlavorsAccessTestJSON-262538439-project-admin] 10.222.0.18 "POST /compute/v2.1/flavors/99708333/action" status: 200 len: 21 microversion: 2.1 time: 0.279488
Feb 03 08:10:57.294947 n-d-826675-8 devstack@n-api.service[118249]: [pid: 118249|app: 0|req: 65/125] 10.222.0.18 () {60 vars in 1193 bytes} [Thu Feb 3 08:10:57 2022] POST /compute/v2.1/flavors/99708333/action => generated 21 bytes in 282 msecs (HTTP/1.1 200) 9 headers in 356 bytes (1 switches on core 0)
Feb 03 08:10:57.296915 n-d-826675-8 devstack@n-api.service[118249]: DEBUG nova.api.openstack.wsgi [None req-fd0b6631-0a03-4c77-965a-1b8107f5a6cc tempest-ServersWithSpecificFlavorTestJSON-507973573 tempest-ServersWithSpecificFlavorTestJSON-507973573-project-admin] Action: 'create', calling method: >, body: {"flavor": {"ram": 1024, "vcpus": 1, "disk": 1, "name": "tempest-flavor_with_ephemeral_0-199500685", "id": 586435639, "OS-FLV-EXT-DATA:ephemeral": 0, "os-flavor-access:is_public": "True"}} {{(pid=118249) _process_stack /opt/stack/nova/nova/api/openstack/wsgi.py:511}}
Feb 03 08:10:57.299091 n-d-826675-8 devstack@n-api.service[118249]: /usr/local/lib/python3.8/dist-packages/oslo_policy/policy.py:1119: UserWarning: Policy "os_compute_api:os-flavor-manage:create": "rule:system_admin_api" failed scope check. The token used to make the request was project scoped but the policy requires ['system'] scope. This behavior may change in the future where using the intended scope is required
Feb 03 08:10:57.299091 n-d-826675-8 devstack@n-api.service[118249]: warnings.warn(msg)
Feb 03 08:10:57.383695 n-d-826675-8 devstack@n-api.service[118250]: DEBUG nova.policy [None req-70bcec88-4317-466e-bd9f-307f1e4f6133 tempest-DeleteServersAdminTestJSON-1874494849 tempest-DeleteServersAdminTestJSON-1874494849-project] Policy check for os_compute_api:os-extended-server-attributes failed with credentials {'is_admin': False, 'user_id': 'fbe588535c174a929e5c2f33a0c62fc7', 'user_domain_id': 'default', 'system_scope': None, 'domain_id': None, 'project_id': '5c2986a029324a1a9e36a961ab0ecfd5', 'project_domain_id': 'default', 'roles': ['member', 'reader'], 'is_admin_project': True, 'service_user_id': None, 'service_user_domain_id': None, 'service_project_id': None, 'service_project_domain_id': None, 'service_roles': []} {{(pid=118250) authorize /opt/stack/nova/nova/policy.py:199}}
Feb 03 08:10:57.396646 n-d-826675-8 devstack@n-api.service[118250]: INFO nova.api.openstack.requestlog [None req-70bcec88-4317-466e-bd9f-307f1e4f6133 tempest-DeleteServersAdminTestJSON-1874494849 tempest-DeleteServersAdminTestJSON-1874494849-project] 10.222.0.18 "GET /compute/v2.1/servers/aacfd7e4-b545-496d-8dce-8d3c0605927a" status: 200 len: 1319 microversion: 2.1 time: 0.863213
Feb 03 08:10:57.411698 n-d-826675-8 devstack@n-api.service[118250]: [pid: 118250|app: 0|req: 61/126] 10.222.0.18 () {58 vars in 1235 bytes} [Thu Feb 3 08:10:56 2022] GET /compute/v2.1/servers/aacfd7e4-b545-496d-8dce-8d3c0605927a => generated 1319 bytes in 882 msecs (HTTP/1.1 200) 9 headers in 358 bytes (1 switches on core 0)
Feb 03 08:10:57.419048 n-d-826675-8 devstack@n-api.service[118249]: INFO nova.api.openstack.requestlog [None req-fd0b6631-0a03-4c77-965a-1b8107f5a6cc tempest-ServersWithSpecificFlavorTestJSON-507973573 tempest-ServersWithSpecificFlavorTestJSON-507973573-project-admin] 10.222.0.18 "POST /compute/v2.1/flavors" status: 200 len: 421 microversion: 2.1 time: 0.125684
Feb 03 08:10:57.424757 n-d-826675-8 devstack@n-api.service[118250]: DEBUG nova.api.openstack.wsgi [None req-4c32f844-0a5f-4ffa-9306-78fd40dcc7f8 tempest-FlavorsExtraSpecsNegativeTestJSON-1979851143 tempest-FlavorsExtraSpecsNegativeTestJSON-1979851143-project] Action: 'update', calling method: >, body: {"hw:numa_nodes": "1"} {{(pid=118250) _process_stack /opt/stack/nova/nova/api/openstack/wsgi.py:511}}
Feb 03 08:10:57.428224 n-d-826675-8 devstack@n-api.service[118249]: [pid: 118249|app: 0|req: 66/127] 10.222.0.18 () {60 vars in 1146 bytes} [Thu Feb 3 08:10:57 2022] POST /compute/v2.1/flavors => generated 421 bytes in 137 msecs (HTTP/1.1 200) 9 headers in 357 bytes (1 switches on core 0)
Feb 03 08:10:57.436574 n-d-826675-8 devstack@n-api.service[118250]: /usr/local/lib/python3.8/dist-packages/oslo_policy/policy.py:1119: UserWarning: Policy "os_compute_api:os-flavor-extra-specs:update": "rule:system_admin_api" failed scope check. The token used to make the request was project scoped but the policy requires ['system'] scope. This behavior may change in the future where using the intended scope is required
Feb 03 08:10:57.436574 n-d-826675-8 devstack@n-api.service[118250]: warnings.warn(msg)
Feb 03 08:10:57.442948 n-d-826675-8 devstack@n-api.service[118249]: DEBUG nova.api.openstack.wsgi [None req-705d6417-064e-499f-8cda-ab2ec4237340 tempest-AggregatesAdminTestJSON-1634696928 tempest-AggregatesAdminTestJSON-1634696928-project] Calling method '>' {{(pid=118249) _process_stack /opt/stack/nova/nova/api/openstack/wsgi.py:513}}
Feb 03 08:10:57.443183 n-d-826675-8 devstack@n-api.service[118250]: DEBUG nova.policy [None req-4c32f844-0a5f-4ffa-9306-78fd40dcc7f8 tempest-FlavorsExtraSpecsNegativeTestJSON-1979851143 tempest-FlavorsExtraSpecsNegativeTestJSON-1979851143-project] Policy check for os_compute_api:os-flavor-extra-specs:update failed with credentials {'is_admin': False, 'user_id': 'f502a26ad970421db24e0e3461dc2724', 'user_domain_id': 'default', 'system_scope': None, 'domain_id': None, 'project_id': '589875824c7944c687a15cfce9b7ac59', 'project_domain_id': 'default', 'roles': ['member', 'reader'], 'is_admin_project': True, 'service_user_id': None, 'service_user_domain_id': None, 'service_project_id': None, 'service_project_domain_id': None, 'service_roles': []} {{(pid=118250) authorize /opt/stack/nova/nova/policy.py:199}}
Feb 03 08:10:57.443269 n-d-826675-8 devstack@n-api.service[118249]: DEBUG nova.compute.api [None req-705d6417-064e-499f-8cda-ab2ec4237340 tempest-AggregatesAdminTestJSON-1634696928 tempest-AggregatesAdminTestJSON-1634696928-project] [instance: 82bd5180-2b9a-432c-b054-b5cc7cf6ada5] Fetching instance by UUID {{(pid=118249) get /opt/stack/nova/nova/compute/api.py:2865}}
Feb 03 08:10:57.448237 n-d-826675-8 devstack@n-api.service[118250]: DEBUG nova.api.openstack.wsgi [None req-4c32f844-0a5f-4ffa-9306-78fd40dcc7f8 tempest-FlavorsExtraSpecsNegativeTestJSON-1979851143 tempest-FlavorsExtraSpecsNegativeTestJSON-1979851143-project] Returning 403 to user: Policy doesn't allow os_compute_api:os-flavor-extra-specs:update to be performed. {{(pid=118250) __call__ /opt/stack/nova/nova/api/openstack/wsgi.py:936}}
Feb 03 08:10:57.452344 n-d-826675-8 devstack@n-api.service[118250]: INFO nova.api.openstack.requestlog [None req-4c32f844-0a5f-4ffa-9306-78fd40dcc7f8 tempest-FlavorsExtraSpecsNegativeTestJSON-1979851143 tempest-FlavorsExtraSpecsNegativeTestJSON-1979851143-project] 10.222.0.18 "PUT /compute/v2.1/flavors/1042737823/os-extra_specs/hw:numa_nodes" status: 403 len: 124 microversion: 2.1 time: 0.038771
Feb 03 08:10:57.453804 n-d-826675-8 devstack@n-api.service[118250]: [pid: 118250|app: 0|req: 62/128] 10.222.0.18 () {60 vars in 1264 bytes} [Thu Feb 3 08:10:57 2022] PUT /compute/v2.1/flavors/1042737823/os-extra_specs/hw:numa_nodes => generated 124 bytes in 41 msecs (HTTP/1.1 403) 9 headers in 379 bytes (1 switches on core 0)
Feb 03 08:10:57.474275 n-d-826675-8 devstack@n-api.service[118250]: DEBUG nova.api.openstack.wsgi [None req-3931d003-f8f3-4f9d-8516-e1eb8f396f70 tempest-FlavorsAccessTestJSON-2119865275 tempest-FlavorsAccessTestJSON-2119865275-project] Calling method '>' {{(pid=118250) _process_stack /opt/stack/nova/nova/api/openstack/wsgi.py:513}}
Feb 03 08:10:57.508996 n-d-826675-8 devstack@n-api.service[118249]: DEBUG oslo_concurrency.lockutils [None req-705d6417-064e-499f-8cda-ab2ec4237340 tempest-AggregatesAdminTestJSON-1634696928 tempest-AggregatesAdminTestJSON-1634696928-project] Lock "6260b7c1-d445-4c11-a85e-fc7e1a73721c" acquired by "nova.context.set_target_cell..get_or_set_cached_cell_and_set_connections" :: waited 0.000s {{(pid=118249) inner /usr/local/lib/python3.8/dist-packages/oslo_concurrency/lockutils.py:386}}
Feb 03 08:10:57.516576 n-d-826675-8 devstack@n-api.service[118249]: DEBUG oslo_concurrency.lockutils [None req-705d6417-064e-499f-8cda-ab2ec4237340 tempest-AggregatesAdminTestJSON-1634696928 tempest-AggregatesAdminTestJSON-1634696928-project] Lock "6260b7c1-d445-4c11-a85e-fc7e1a73721c" "released" by "nova.context.set_target_cell..get_or_set_cached_cell_and_set_connections" :: held 0.001s {{(pid=118249) inner /usr/local/lib/python3.8/dist-packages/oslo_concurrency/lockutils.py:400}}
Feb 03 08:10:57.521932 n-d-826675-8 devstack@n-api.service[118249]: DEBUG oslo_concurrency.lockutils [None req-705d6417-064e-499f-8cda-ab2ec4237340 tempest-AggregatesAdminTestJSON-1634696928 tempest-AggregatesAdminTestJSON-1634696928-project] Lock "6260b7c1-d445-4c11-a85e-fc7e1a73721c" acquired by "nova.context.set_target_cell..get_or_set_cached_cell_and_set_connections" :: waited 0.003s {{(pid=118249) inner /usr/local/lib/python3.8/dist-packages/oslo_concurrency/lockutils.py:386}}
Feb 03 08:10:57.524986 n-d-826675-8 devstack@n-api.service[118249]: DEBUG oslo_concurrency.lockutils [None req-705d6417-064e-499f-8cda-ab2ec4237340 tempest-AggregatesAdminTestJSON-1634696928 tempest-AggregatesAdminTestJSON-1634696928-project] Lock "6260b7c1-d445-4c11-a85e-fc7e1a73721c" "released" by "nova.context.set_target_cell..get_or_set_cached_cell_and_set_connections" :: held 0.002s {{(pid=118249) inner /usr/local/lib/python3.8/dist-packages/oslo_concurrency/lockutils.py:400}}
Feb 03 08:10:57.563161 n-d-826675-8 devstack@n-api.service[118250]: INFO nova.api.openstack.requestlog [None req-3931d003-f8f3-4f9d-8516-e1eb8f396f70 tempest-FlavorsAccessTestJSON-2119865275 tempest-FlavorsAccessTestJSON-2119865275-project] 10.222.0.18 "GET /compute/v2.1/flavors/detail" status: 200 len: 6223 microversion: 2.1 time: 0.105105
Feb 03 08:10:57.565627 n-d-826675-8 devstack@n-api.service[118250]: [pid: 118250|app: 0|req: 63/129] 10.222.0.18 () {58 vars in 1145 bytes} [Thu Feb 3 08:10:57 2022] GET /compute/v2.1/flavors/detail => generated 6223 bytes in 109 msecs (HTTP/1.1 200) 9 headers in 358 bytes (1 switches on core 0)
Feb 03 08:10:57.578921 n-d-826675-8 devstack@n-api.service[118250]: DEBUG nova.api.openstack.wsgi [None req-f379d134-3933-4b1e-b3bd-8f73bb1b3463 tempest-ServersWithSpecificFlavorTestJSON-507973573 tempest-ServersWithSpecificFlavorTestJSON-507973573-project-admin] Calling method '>' {{(pid=118250) _process_stack /opt/stack/nova/nova/api/openstack/wsgi.py:513}}
Feb 03 08:10:57.618514 n-d-826675-8 devstack@n-api.service[118250]: INFO nova.api.openstack.requestlog [None req-f379d134-3933-4b1e-b3bd-8f73bb1b3463 tempest-ServersWithSpecificFlavorTestJSON-507973573 tempest-ServersWithSpecificFlavorTestJSON-507973573-project-admin] 10.222.0.18 "GET /compute/v2.1/flavors/452/os-extra_specs" status: 200 len: 19 microversion: 2.1 time: 0.051544
Feb 03 08:10:57.619322 n-d-826675-8 devstack@n-api.service[118250]: [pid: 118250|app: 0|req: 64/130] 10.222.0.18 () {58 vars in 1181 bytes} [Thu Feb 3 08:10:57 2022] GET /compute/v2.1/flavors/452/os-extra_specs => generated 19 bytes in 53 msecs (HTTP/1.1 200) 9 headers in 356 bytes (1 switches on core 0)
Feb 03 08:10:57.639766 n-d-826675-8 devstack@n-api.service[118250]: DEBUG nova.api.openstack.wsgi [None req-96deb158-70c6-4f65-b2d2-9c09bb1204d7 tempest-FlavorsExtraSpecsNegativeTestJSON-130191787 tempest-FlavorsExtraSpecsNegativeTestJSON-130191787-project-admin] Calling method '>' {{(pid=118250) _process_stack /opt/stack/nova/nova/api/openstack/wsgi.py:513}}
Feb 03 08:10:57.641080 n-d-826675-8 devstack@n-api.service[118250]: /usr/local/lib/python3.8/dist-packages/oslo_policy/policy.py:1119: UserWarning: Policy "os_compute_api:os-flavor-extra-specs:delete": "rule:system_admin_api" failed scope check. The token used to make the request was project scoped but the policy requires ['system'] scope. This behavior may change in the future where using the intended scope is required
Feb 03 08:10:57.641080 n-d-826675-8 devstack@n-api.service[118250]: warnings.warn(msg)
Feb 03 08:10:57.655871 n-d-826675-8 devstack@n-api.service[118250]: INFO nova.api.openstack.wsgi [None req-96deb158-70c6-4f65-b2d2-9c09bb1204d7 tempest-FlavorsExtraSpecsNegativeTestJSON-130191787 tempest-FlavorsExtraSpecsNegativeTestJSON-130191787-project-admin] HTTP exception thrown: Flavor 1042737823 has no extra specs with key hw:cpu_thread_policy.
Feb 03 08:10:57.659685 n-d-826675-8 devstack@n-api.service[118250]: DEBUG nova.api.openstack.wsgi [None req-96deb158-70c6-4f65-b2d2-9c09bb1204d7 tempest-FlavorsExtraSpecsNegativeTestJSON-130191787 tempest-FlavorsExtraSpecsNegativeTestJSON-130191787-project-admin] Returning 404 to user: Flavor 1042737823 has no extra specs with key hw:cpu_thread_policy. {{(pid=118250) __call__ /opt/stack/nova/nova/api/openstack/wsgi.py:936}}
Feb 03 08:10:57.667541 n-d-826675-8 devstack@n-api.service[118250]: INFO nova.api.openstack.requestlog [None req-96deb158-70c6-4f65-b2d2-9c09bb1204d7 tempest-FlavorsExtraSpecsNegativeTestJSON-130191787 tempest-FlavorsExtraSpecsNegativeTestJSON-130191787-project-admin] 10.222.0.18 "DELETE /compute/v2.1/flavors/1042737823/os-extra_specs/hw:cpu_thread_policy" status: 404 len: 113 microversion: 2.1 time: 0.046023
Feb 03 08:10:57.673298 n-d-826675-8 devstack@n-api.service[118250]: [pid: 118250|app: 0|req: 65/131] 10.222.0.18 () {58 vars in 1268 bytes} [Thu Feb 3 08:10:57 2022] DELETE /compute/v2.1/flavors/1042737823/os-extra_specs/hw:cpu_thread_policy => generated 113 bytes in 53 msecs (HTTP/1.1 404) 9 headers in 379 bytes (1 switches on core 0)
Feb 03 08:10:57.689523 n-d-826675-8 devstack@n-api.service[118250]: DEBUG nova.api.openstack.wsgi [None req-670c2cfd-1746-4837-99f6-406c5525ac09 tempest-FlavorsAccessTestJSON-262538439 tempest-FlavorsAccessTestJSON-262538439-project-admin] Calling method '>' {{(pid=118250) _process_stack /opt/stack/nova/nova/api/openstack/wsgi.py:513}}
Feb 03 08:10:57.691960 n-d-826675-8 devstack@n-api.service[118250]: /usr/local/lib/python3.8/dist-packages/oslo_policy/policy.py:1119: UserWarning: Policy "os_compute_api:os-flavor-manage:delete": "rule:system_admin_api" failed scope check. The token used to make the request was project scoped but the policy requires ['system'] scope. This behavior may change in the future where using the intended scope is required
Feb 03 08:10:57.691960 n-d-826675-8 devstack@n-api.service[118250]: warnings.warn(msg)
Feb 03 08:10:57.813471 n-d-826675-8 devstack@n-api.service[118250]: INFO nova.api.openstack.requestlog [None req-670c2cfd-1746-4837-99f6-406c5525ac09 tempest-FlavorsAccessTestJSON-262538439 tempest-FlavorsAccessTestJSON-262538439-project-admin] 10.222.0.18 "DELETE /compute/v2.1/flavors/99708333" status: 202 len: 0 microversion: 2.1 time: 0.138465
Feb 03 08:10:57.816146 n-d-826675-8 devstack@n-api.service[118250]: [pid: 118250|app: 0|req: 66/132] 10.222.0.18 () {58 vars in 1154 bytes} [Thu Feb 3 08:10:57 2022] DELETE /compute/v2.1/flavors/99708333 => generated 0 bytes in 140 msecs (HTTP/1.1 202) 9 headers in 361 bytes (1 switches on core 0)
Feb 03 08:10:57.833647 n-d-826675-8 devstack@n-api.service[118250]: DEBUG nova.api.openstack.wsgi [None req-9d6eb07d-80f5-4a94-bd52-4246f73e2899 tempest-ServersWithSpecificFlavorTestJSON-112180987 tempest-ServersWithSpecificFlavorTestJSON-112180987-project] Action: 'create', calling method: .version_select at 0x7fa13c419af0>, body: {"keypair": {"name": "tempest-keypair-1727890357"}} {{(pid=118250) _process_stack /opt/stack/nova/nova/api/openstack/wsgi.py:511}}
Feb 03 08:10:57.933127 n-d-826675-8 devstack@n-api.service[118250]: DEBUG nova.quota [None req-9d6eb07d-80f5-4a94-bd52-4246f73e2899 tempest-ServersWithSpecificFlavorTestJSON-112180987 tempest-ServersWithSpecificFlavorTestJSON-112180987-project] Getting quotas for project 64bd6351ca8e439ba420efed233587f7. Resources: {'key_pairs'} {{(pid=118250) _get_quotas /opt/stack/nova/nova/quota.py:387}}
Feb 03 08:10:57.938800 n-d-826675-8 devstack@n-api.service[118250]: DEBUG nova.quota [None req-9d6eb07d-80f5-4a94-bd52-4246f73e2899 tempest-ServersWithSpecificFlavorTestJSON-112180987 tempest-ServersWithSpecificFlavorTestJSON-112180987-project] Getting quotas for user 9749110e0bc247019f7228ff1bef6497 and project 64bd6351ca8e439ba420efed233587f7. Resources: {'key_pairs'} {{(pid=118250) _get_quotas /opt/stack/nova/nova/quota.py:377}}
Feb 03 08:10:58.368169 n-d-826675-8 devstack@n-api.service[118250]: DEBUG nova.quota [None req-9d6eb07d-80f5-4a94-bd52-4246f73e2899 tempest-ServersWithSpecificFlavorTestJSON-112180987 tempest-ServersWithSpecificFlavorTestJSON-112180987-project] Getting quotas for project 64bd6351ca8e439ba420efed233587f7. Resources: {'key_pairs'} {{(pid=118250) _get_quotas /opt/stack/nova/nova/quota.py:387}}
Feb 03 08:10:58.390293 n-d-826675-8 devstack@n-api.service[118250]: DEBUG nova.quota [None req-9d6eb07d-80f5-4a94-bd52-4246f73e2899 tempest-ServersWithSpecificFlavorTestJSON-112180987 tempest-ServersWithSpecificFlavorTestJSON-112180987-project] Getting quotas for user 9749110e0bc247019f7228ff1bef6497 and project 64bd6351ca8e439ba420efed233587f7. Resources: {'key_pairs'} {{(pid=118250) _get_quotas /opt/stack/nova/nova/quota.py:377}}
Feb 03 08:10:58.438320 n-d-826675-8 devstack@n-api.service[118250]: INFO nova.api.openstack.requestlog [None req-9d6eb07d-80f5-4a94-bd52-4246f73e2899 tempest-ServersWithSpecificFlavorTestJSON-112180987 tempest-ServersWithSpecificFlavorTestJSON-112180987-project] 10.222.0.18 "POST /compute/v2.1/os-keypairs" status: 200 len: 2305 microversion: 2.1 time: 0.622613
Feb 03 08:10:58.440704 n-d-826675-8 devstack@n-api.service[118250]: [pid: 118250|app: 0|req: 67/133] 10.222.0.18 () {60 vars in 1157 bytes} [Thu Feb 3 08:10:57 2022] POST /compute/v2.1/os-keypairs => generated 2305 bytes in 626 msecs (HTTP/1.1 200) 9 headers in 358 bytes (1 switches on core 0)
Feb 03 08:10:58.445303 n-d-826675-8 devstack@n-api.service[118249]: DEBUG nova.policy [None req-705d6417-064e-499f-8cda-ab2ec4237340 tempest-AggregatesAdminTestJSON-1634696928 tempest-AggregatesAdminTestJSON-1634696928-project] Policy check for os_compute_api:os-extended-server-attributes failed with credentials {'is_admin': False, 'user_id': 'ac71e6297a824df0b4e2b61f47d5002c', 'user_domain_id': 'default', 'system_scope': None, 'domain_id': None, 'project_id': '5bbca3fa4c3a432f82cdb948948bd80e', 'project_domain_id': 'default', 'roles': ['member', 'reader'], 'is_admin_project': True, 'service_user_id': None, 'service_user_domain_id': None, 'service_project_id': None, 'service_project_domain_id': None, 'service_roles': []} {{(pid=118249) authorize /opt/stack/nova/nova/policy.py:199}}
Feb 03 08:10:58.453540 n-d-826675-8 devstack@n-api.service[118250]: DEBUG nova.api.openstack.wsgi [None req-5f5ed110-ba13-4074-99fc-2afa64b53143 tempest-FlavorsExtraSpecsNegativeTestJSON-130191787 tempest-FlavorsExtraSpecsNegativeTestJSON-130191787-project-admin] Action: 'update', calling method: >, body: {"hw:cpu_policy": "shared"} {{(pid=118250) _process_stack /opt/stack/nova/nova/api/openstack/wsgi.py:511}}
Feb 03 08:10:58.458407 n-d-826675-8 devstack@n-api.service[118250]: INFO nova.api.openstack.wsgi [None req-5f5ed110-ba13-4074-99fc-2afa64b53143 tempest-FlavorsExtraSpecsNegativeTestJSON-130191787 tempest-FlavorsExtraSpecsNegativeTestJSON-130191787-project-admin] HTTP exception thrown: Request body and URI mismatch
Feb 03 08:10:58.459869 n-d-826675-8 devstack@n-api.service[118250]: DEBUG nova.api.openstack.wsgi [None req-5f5ed110-ba13-4074-99fc-2afa64b53143 tempest-FlavorsExtraSpecsNegativeTestJSON-130191787 tempest-FlavorsExtraSpecsNegativeTestJSON-130191787-project-admin] Returning 400 to user: Request body and URI mismatch {{(pid=118250) __call__ /opt/stack/nova/nova/api/openstack/wsgi.py:936}}
Feb 03 08:10:58.462367 n-d-826675-8 devstack@n-api.service[118250]: INFO nova.api.openstack.requestlog [None req-5f5ed110-ba13-4074-99fc-2afa64b53143 tempest-FlavorsExtraSpecsNegativeTestJSON-130191787 tempest-FlavorsExtraSpecsNegativeTestJSON-130191787-project-admin] 10.222.0.18 "PUT /compute/v2.1/flavors/1042737823/os-extra_specs/hw:numa_nodes" status: 400 len: 73 microversion: 2.1 time: 0.018364
Feb 03 08:10:58.467932 n-d-826675-8 devstack@n-api.service[118250]: [pid: 118250|app: 0|req: 68/134] 10.222.0.18 () {60 vars in 1264 bytes} [Thu Feb 3 08:10:58 2022] PUT /compute/v2.1/flavors/1042737823/os-extra_specs/hw:numa_nodes => generated 73 bytes in 26 msecs (HTTP/1.1 400) 9 headers in 380 bytes (1 switches on core 0)
Feb 03 08:10:58.480104 n-d-826675-8 devstack@n-api.service[118250]: DEBUG nova.api.openstack.wsgi [None req-9c718620-60a9-4980-9dbe-132b42270ecd tempest-FlavorsAccessTestJSON-262538439 tempest-FlavorsAccessTestJSON-262538439-project-admin] Calling method '>' {{(pid=118250) _process_stack /opt/stack/nova/nova/api/openstack/wsgi.py:513}}
Feb 03 08:10:58.484298 n-d-826675-8 devstack@n-api.service[118249]: INFO nova.api.openstack.requestlog [None req-705d6417-064e-499f-8cda-ab2ec4237340 tempest-AggregatesAdminTestJSON-1634696928 tempest-AggregatesAdminTestJSON-1634696928-project] 10.222.0.18 "GET /compute/v2.1/servers/82bd5180-2b9a-432c-b054-b5cc7cf6ada5" status: 200 len: 1336 microversion: 2.1 time: 1.051998
Feb 03 08:10:58.501090 n-d-826675-8 devstack@n-api.service[118249]: [pid: 118249|app: 0|req: 67/135] 10.222.0.18 () {58 vars in 1235 bytes} [Thu Feb 3 08:10:57 2022] GET /compute/v2.1/servers/82bd5180-2b9a-432c-b054-b5cc7cf6ada5 => generated 1336 bytes in 1062 msecs (HTTP/1.1 200) 9 headers in 358 bytes (1 switches on core 0)
Feb 03 08:10:58.533312 n-d-826675-8 devstack@n-api.service[118249]: DEBUG nova.api.openstack.wsgi [None req-76d8d2ac-81ce-4075-bcb8-995e8207e096 tempest-DeleteServersAdminTestJSON-1874494849 tempest-DeleteServersAdminTestJSON-1874494849-project] Calling method '>' {{(pid=118249) _process_stack /opt/stack/nova/nova/api/openstack/wsgi.py:513}}
Feb 03 08:10:58.534590 n-d-826675-8 devstack@n-api.service[118249]: DEBUG nova.compute.api [None req-76d8d2ac-81ce-4075-bcb8-995e8207e096 tempest-DeleteServersAdminTestJSON-1874494849 tempest-DeleteServersAdminTestJSON-1874494849-project] [instance: aacfd7e4-b545-496d-8dce-8d3c0605927a] Fetching instance by UUID {{(pid=118249) get /opt/stack/nova/nova/compute/api.py:2865}}
Feb 03 08:10:58.568742 n-d-826675-8 devstack@n-api.service[118249]: DEBUG oslo_concurrency.lockutils [None req-76d8d2ac-81ce-4075-bcb8-995e8207e096 tempest-DeleteServersAdminTestJSON-1874494849 tempest-DeleteServersAdminTestJSON-1874494849-project] Lock "6260b7c1-d445-4c11-a85e-fc7e1a73721c" acquired by "nova.context.set_target_cell..get_or_set_cached_cell_and_set_connections" :: waited 0.000s {{(pid=118249) inner /usr/local/lib/python3.8/dist-packages/oslo_concurrency/lockutils.py:386}}
Feb 03 08:10:58.569547 n-d-826675-8 devstack@n-api.service[118249]: DEBUG oslo_concurrency.lockutils [None req-76d8d2ac-81ce-4075-bcb8-995e8207e096 tempest-DeleteServersAdminTestJSON-1874494849 tempest-DeleteServersAdminTestJSON-1874494849-project] Lock "6260b7c1-d445-4c11-a85e-fc7e1a73721c" "released" by "nova.context.set_target_cell..get_or_set_cached_cell_and_set_connections" :: held 0.003s {{(pid=118249) inner /usr/local/lib/python3.8/dist-packages/oslo_concurrency/lockutils.py:400}}
Feb 03 08:10:58.573778 n-d-826675-8 devstack@n-api.service[118249]: DEBUG oslo_concurrency.lockutils [None req-76d8d2ac-81ce-4075-bcb8-995e8207e096 tempest-DeleteServersAdminTestJSON-1874494849 tempest-DeleteServersAdminTestJSON-1874494849-project] Lock "6260b7c1-d445-4c11-a85e-fc7e1a73721c" acquired by "nova.context.set_target_cell..get_or_set_cached_cell_and_set_connections" :: waited 0.000s {{(pid=118249) inner /usr/local/lib/python3.8/dist-packages/oslo_concurrency/lockutils.py:386}}
Feb 03 08:10:58.574527 n-d-826675-8 devstack@n-api.service[118249]: DEBUG oslo_concurrency.lockutils [None req-76d8d2ac-81ce-4075-bcb8-995e8207e096 tempest-DeleteServersAdminTestJSON-1874494849 tempest-DeleteServersAdminTestJSON-1874494849-project] Lock "6260b7c1-d445-4c11-a85e-fc7e1a73721c" "released" by "nova.context.set_target_cell..get_or_set_cached_cell_and_set_connections" :: held 0.004s {{(pid=118249) inner /usr/local/lib/python3.8/dist-packages/oslo_concurrency/lockutils.py:400}}
Feb 03 08:10:58.608623 n-d-826675-8 devstack@n-api.service[118250]: INFO nova.api.openstack.requestlog [None req-9c718620-60a9-4980-9dbe-132b42270ecd tempest-FlavorsAccessTestJSON-262538439 tempest-FlavorsAccessTestJSON-262538439-project-admin] 10.222.0.18 "GET /compute/v2.1/flavors/detail" status: 200 len: 6223 microversion: 2.1 time: 0.135820
Feb 03 08:10:58.613746 n-d-826675-8 devstack@n-api.service[118250]: [pid: 118250|app: 0|req: 69/136] 10.222.0.18 () {58 vars in 1145 bytes} [Thu Feb 3 08:10:58 2022] GET /compute/v2.1/flavors/detail => generated 6223 bytes in 141 msecs (HTTP/1.1 200) 9 headers in 358 bytes (1 switches on core 0)
Feb 03 08:10:58.637492 n-d-826675-8 devstack@n-api.service[118250]: DEBUG nova.api.openstack.wsgi [None req-b733b2f9-c624-4471-885d-b7a4c4faca8a tempest-FlavorsExtraSpecsNegativeTestJSON-130191787 tempest-FlavorsExtraSpecsNegativeTestJSON-130191787-project-admin] Action: 'update', calling method: >, body: {"hw:numa_nodes": "1", "hw:cpu_policy": "shared"} {{(pid=118250) _process_stack /opt/stack/nova/nova/api/openstack/wsgi.py:511}}
Feb 03 08:10:58.644654 n-d-826675-8 devstack@n-api.service[118250]: DEBUG nova.api.openstack.wsgi [None req-b733b2f9-c624-4471-885d-b7a4c4faca8a tempest-FlavorsExtraSpecsNegativeTestJSON-130191787 tempest-FlavorsExtraSpecsNegativeTestJSON-130191787-project-admin] Returning 400 to user: {'hw:numa_nodes': '1', 'hw:cpu_policy': 'shared'} has too many properties {{(pid=118250) __call__ /opt/stack/nova/nova/api/openstack/wsgi.py:936}}
Feb 03 08:10:58.649777 n-d-826675-8 devstack@n-api.service[118250]: INFO nova.api.openstack.requestlog [None req-b733b2f9-c624-4471-885d-b7a4c4faca8a tempest-FlavorsExtraSpecsNegativeTestJSON-130191787 tempest-FlavorsExtraSpecsNegativeTestJSON-130191787-project-admin] 10.222.0.18 "PUT /compute/v2.1/flavors/1042737823/os-extra_specs/hw:numa_nodes" status: 400 len: 117 microversion: 2.1 time: 0.033531
Feb 03 08:10:58.660510 n-d-826675-8 devstack@n-api.service[118250]: [pid: 118250|app: 0|req: 70/137] 10.222.0.18 () {60 vars in 1264 bytes} [Thu Feb 3 08:10:58 2022] PUT /compute/v2.1/flavors/1042737823/os-extra_specs/hw:numa_nodes => generated 117 bytes in 49 msecs (HTTP/1.1 400) 9 headers in 381 bytes (1 switches on core 0)
Feb 03 08:10:58.683812 n-d-826675-8 devstack@n-api.service[118250]: DEBUG nova.api.openstack.wsgi [None req-e5f3a4b4-25fa-471a-9753-b10bd638abd0 tempest-FlavorsAccessTestJSON-262538439 tempest-FlavorsAccessTestJSON-262538439-project-admin] Action: 'create', calling method: >, body: {"flavor": {"ram": 512, "vcpus": 1, "disk": 10, "name": "tempest-FlavorsAccessTestJSON-flavor-12509904", "id": 518996580, "os-flavor-access:is_public": "False"}} {{(pid=118250) _process_stack /opt/stack/nova/nova/api/openstack/wsgi.py:511}}
Feb 03 08:10:58.694023 n-d-826675-8 devstack@n-api.service[118250]: /usr/local/lib/python3.8/dist-packages/oslo_policy/policy.py:1119: UserWarning: Policy "os_compute_api:os-flavor-manage:create": "rule:system_admin_api" failed scope check. The token used to make the request was project scoped but the policy requires ['system'] scope. This behavior may change in the future where using the intended scope is required
Feb 03 08:10:58.694023 n-d-826675-8 devstack@n-api.service[118250]: warnings.warn(msg)
Feb 03 08:10:58.843245 n-d-826675-8 devstack@n-api.service[118250]: INFO nova.api.openstack.requestlog [None req-e5f3a4b4-25fa-471a-9753-b10bd638abd0 tempest-FlavorsAccessTestJSON-262538439 tempest-FlavorsAccessTestJSON-262538439-project-admin] 10.222.0.18 "POST /compute/v2.1/flavors" status: 200 len: 426 microversion: 2.1 time: 0.179778
Feb 03 08:10:58.849022 n-d-826675-8 devstack@n-api.service[118250]: [pid: 118250|app: 0|req: 71/138] 10.222.0.18 () {60 vars in 1146 bytes} [Thu Feb 3 08:10:58 2022] POST /compute/v2.1/flavors => generated 426 bytes in 187 msecs (HTTP/1.1 200) 9 headers in 357 bytes (1 switches on core 0)
Feb 03 08:10:58.876952 n-d-826675-8 devstack@n-api.service[118250]: DEBUG nova.api.openstack.wsgi [None req-ea991235-5c1f-4666-8e9a-5067fcb553d2 tempest-FlavorsExtraSpecsNegativeTestJSON-130191787 tempest-FlavorsExtraSpecsNegativeTestJSON-130191787-project-admin] Calling method '>' {{(pid=118250) _process_stack /opt/stack/nova/nova/api/openstack/wsgi.py:513}}
Feb 03 08:10:59.006727 n-d-826675-8 devstack@n-api.service[118250]: INFO nova.api.openstack.requestlog [None req-ea991235-5c1f-4666-8e9a-5067fcb553d2 tempest-FlavorsExtraSpecsNegativeTestJSON-130191787 tempest-FlavorsExtraSpecsNegativeTestJSON-130191787-project-admin] 10.222.0.18 "DELETE /compute/v2.1/flavors/1042737823" status: 202 len: 0 microversion: 2.1 time: 0.155303
Feb 03 08:10:59.011850 n-d-826675-8 devstack@n-api.service[118250]: [pid: 118250|app: 0|req: 72/139] 10.222.0.18 () {58 vars in 1160 bytes} [Thu Feb 3 08:10:58 2022] DELETE /compute/v2.1/flavors/1042737823 => generated 0 bytes in 162 msecs (HTTP/1.1 202) 9 headers in 361 bytes (1 switches on core 0)
Feb 03 08:10:59.017238 n-d-826675-8 devstack@n-api.service[118250]: DEBUG nova.api.openstack.wsgi [None req-5dd6b4f8-3162-479e-bc38-1dc879ea323d tempest-FlavorsAccessTestJSON-262538439 tempest-FlavorsAccessTestJSON-262538439-project-admin] Calling method '>' {{(pid=118250) _process_stack /opt/stack/nova/nova/api/openstack/wsgi.py:513}}
Feb 03 08:10:59.018638 n-d-826675-8 devstack@n-api.service[118250]: /usr/local/lib/python3.8/dist-packages/oslo_policy/policy.py:1119: UserWarning: Policy "os_compute_api:os-flavor-access": "rule:system_reader_api" failed scope check. The token used to make the request was project scoped but the policy requires ['system'] scope. This behavior may change in the future where using the intended scope is required
Feb 03 08:10:59.018638 n-d-826675-8 devstack@n-api.service[118250]: warnings.warn(msg)
Feb 03 08:10:59.055574 n-d-826675-8 devstack@n-api.service[118250]: INFO nova.api.openstack.requestlog [None req-5dd6b4f8-3162-479e-bc38-1dc879ea323d tempest-FlavorsAccessTestJSON-262538439 tempest-FlavorsAccessTestJSON-262538439-project-admin] 10.222.0.18 "GET /compute/v2.1/flavors/518996580/os-flavor-access" status: 200 len: 21 microversion: 2.1 time: 0.041583
Feb 03 08:10:59.058921 n-d-826675-8 devstack@n-api.service[118250]: [pid: 118250|app: 0|req: 73/140] 10.222.0.18 () {58 vars in 1205 bytes} [Thu Feb 3 08:10:59 2022] GET /compute/v2.1/flavors/518996580/os-flavor-access => generated 21 bytes in 46 msecs (HTTP/1.1 200) 9 headers in 356 bytes (1 switches on core 0)
Feb 03 08:10:59.070070 n-d-826675-8 devstack@n-api.service[118250]: DEBUG nova.api.openstack.wsgi [None req-3ad3ea53-0b3f-4f7c-95b3-8076464242f7 tempest-FlavorsExtraSpecsNegativeTestJSON-130191787 tempest-FlavorsExtraSpecsNegativeTestJSON-130191787-project-admin] Calling method '>' {{(pid=118250) _process_stack /opt/stack/nova/nova/api/openstack/wsgi.py:513}}
Feb 03 08:10:59.117066 n-d-826675-8 devstack@n-api.service[118249]: DEBUG nova.policy [None req-76d8d2ac-81ce-4075-bcb8-995e8207e096 tempest-DeleteServersAdminTestJSON-1874494849 tempest-DeleteServersAdminTestJSON-1874494849-project] Policy check for os_compute_api:os-extended-server-attributes failed with credentials {'is_admin': False, 'user_id': 'fbe588535c174a929e5c2f33a0c62fc7', 'user_domain_id': 'default', 'system_scope': None, 'domain_id': None, 'project_id': '5c2986a029324a1a9e36a961ab0ecfd5', 'project_domain_id': 'default', 'roles': ['member', 'reader'], 'is_admin_project': True, 'service_user_id': None, 'service_user_domain_id': None, 'service_project_id': None, 'service_project_domain_id': None, 'service_roles': []} {{(pid=118249) authorize /opt/stack/nova/nova/policy.py:199}}
Feb 03 08:10:59.121065 n-d-826675-8 devstack@n-api.service[118250]: INFO nova.api.openstack.requestlog [None req-3ad3ea53-0b3f-4f7c-95b3-8076464242f7 tempest-FlavorsExtraSpecsNegativeTestJSON-130191787 tempest-FlavorsExtraSpecsNegativeTestJSON-130191787-project-admin] 10.222.0.18 "GET /compute/v2.1/flavors/detail" status: 200 len: 5817 microversion: 2.1 time: 0.060849
Feb 03 08:10:59.123955 n-d-826675-8 devstack@n-api.service[118250]: [pid: 118250|app: 0|req: 74/141] 10.222.0.18 () {58 vars in 1145 bytes} [Thu Feb 3 08:10:59 2022] GET /compute/v2.1/flavors/detail => generated 5817 bytes in 64 msecs (HTTP/1.1 200) 9 headers in 358 bytes (1 switches on core 0)
Feb 03 08:10:59.127191 n-d-826675-8 devstack@n-api.service[118249]: INFO nova.api.openstack.requestlog [None req-76d8d2ac-81ce-4075-bcb8-995e8207e096 tempest-DeleteServersAdminTestJSON-1874494849 tempest-DeleteServersAdminTestJSON-1874494849-project] 10.222.0.18 "GET /compute/v2.1/servers/aacfd7e4-b545-496d-8dce-8d3c0605927a" status: 200 len: 1319 microversion: 2.1 time: 0.628134
Feb 03 08:10:59.127763 n-d-826675-8 devstack@n-api.service[118249]: [pid: 118249|app: 0|req: 68/142] 10.222.0.18 () {58 vars in 1235 bytes} [Thu Feb 3 08:10:58 2022] GET /compute/v2.1/servers/aacfd7e4-b545-496d-8dce-8d3c0605927a => generated 1319 bytes in 636 msecs (HTTP/1.1 200) 9 headers in 358 bytes (1 switches on core 0)
Feb 03 08:10:59.140881 n-d-826675-8 devstack@n-api.service[118250]: DEBUG nova.api.openstack.wsgi [None req-6de0ae23-a67e-481e-aad9-58dc9b0e9db5 tempest-FlavorsAccessTestJSON-262538439 tempest-FlavorsAccessTestJSON-262538439-project-admin] Calling method '>' {{(pid=118250) _process_stack /opt/stack/nova/nova/api/openstack/wsgi.py:513}}
Feb 03 08:10:59.254047 n-d-826675-8 devstack@n-api.service[118250]: INFO nova.api.openstack.requestlog [None req-6de0ae23-a67e-481e-aad9-58dc9b0e9db5 tempest-FlavorsAccessTestJSON-262538439 tempest-FlavorsAccessTestJSON-262538439-project-admin] 10.222.0.18 "DELETE /compute/v2.1/flavors/518996580" status: 202 len: 0 microversion: 2.1 time: 0.116585
Feb 03 08:10:59.257931 n-d-826675-8 devstack@n-api.service[118250]: [pid: 118250|app: 0|req: 75/143] 10.222.0.18 () {58 vars in 1157 bytes} [Thu Feb 3 08:10:59 2022] DELETE /compute/v2.1/flavors/518996580 => generated 0 bytes in 131 msecs (HTTP/1.1 202) 9 headers in 361 bytes (1 switches on core 0)
Feb 03 08:10:59.263435 n-d-826675-8 devstack@n-api.service[118249]: DEBUG nova.api.openstack.wsgi [None req-8b5dd10c-0eb0-42a0-985e-0b435d2e2820 tempest-FlavorsAccessTestJSON-262538439 tempest-FlavorsAccessTestJSON-262538439-project-admin] Calling method '>' {{(pid=118249) _process_stack /opt/stack/nova/nova/api/openstack/wsgi.py:513}}
Feb 03 08:10:59.325431 n-d-826675-8 devstack@n-api.service[118249]: INFO nova.api.openstack.requestlog [None req-8b5dd10c-0eb0-42a0-985e-0b435d2e2820 tempest-FlavorsAccessTestJSON-262538439 tempest-FlavorsAccessTestJSON-262538439-project-admin] 10.222.0.18 "GET /compute/v2.1/flavors/detail" status: 200 len: 5817 microversion: 2.1 time: 0.057179
Feb 03 08:10:59.326118 n-d-826675-8 devstack@n-api.service[118249]: [pid: 118249|app: 0|req: 69/144] 10.222.0.18 () {58 vars in 1145 bytes} [Thu Feb 3 08:10:59 2022] GET /compute/v2.1/flavors/detail => generated 5817 bytes in 67 msecs (HTTP/1.1 200) 9 headers in 358 bytes (2 switches on core 0)
Feb 03 08:10:59.483993 n-d-826675-8 devstack@n-api.service[118250]: DEBUG nova.api.openstack.wsgi [req-baf7da28-67b2-4f9c-8f67-c0befb72c0e9 req-947d7092-6e0e-4376-8e60-3740b2b4383a service nova] Action: 'create', calling method: >, body: {"events": [{"name": "network-changed", "server_uuid": "aacfd7e4-b545-496d-8dce-8d3c0605927a", "tag": "408795c4-6af2-444d-832b-c1081a158e6f"}]} {{(pid=118250) _process_stack /opt/stack/nova/nova/api/openstack/wsgi.py:511}}
Feb 03 08:10:59.487285 n-d-826675-8 devstack@n-api.service[118250]: /usr/local/lib/python3.8/dist-packages/oslo_policy/policy.py:1119: UserWarning: Policy "os_compute_api:os-server-external-events:create": "rule:system_admin_api" failed scope check. The token used to make the request was project scoped but the policy requires ['system'] scope. This behavior may change in the future where using the intended scope is required
Feb 03 08:10:59.487285 n-d-826675-8 devstack@n-api.service[118250]: warnings.warn(msg)
Feb 03 08:10:59.522447 n-d-826675-8 devstack@n-api.service[118249]: DEBUG nova.api.openstack.wsgi [None req-315c6a20-ed9c-495e-95f4-24859c61c3af tempest-AggregatesAdminTestJSON-1634696928 tempest-AggregatesAdminTestJSON-1634696928-project] Calling method '>' {{(pid=118249) _process_stack /opt/stack/nova/nova/api/openstack/wsgi.py:513}}
Feb 03 08:10:59.523761 n-d-826675-8 devstack@n-api.service[118249]: DEBUG nova.compute.api [None req-315c6a20-ed9c-495e-95f4-24859c61c3af tempest-AggregatesAdminTestJSON-1634696928 tempest-AggregatesAdminTestJSON-1634696928-project] [instance: 82bd5180-2b9a-432c-b054-b5cc7cf6ada5] Fetching instance by UUID {{(pid=118249) get /opt/stack/nova/nova/compute/api.py:2865}}
Feb 03 08:10:59.533220 n-d-826675-8 devstack@n-api.service[118249]: DEBUG oslo_concurrency.lockutils [None req-315c6a20-ed9c-495e-95f4-24859c61c3af tempest-AggregatesAdminTestJSON-1634696928 tempest-AggregatesAdminTestJSON-1634696928-project] Lock "6260b7c1-d445-4c11-a85e-fc7e1a73721c" acquired by "nova.context.set_target_cell..get_or_set_cached_cell_and_set_connections" :: waited 0.001s {{(pid=118249) inner /usr/local/lib/python3.8/dist-packages/oslo_concurrency/lockutils.py:386}}
Feb 03 08:10:59.534690 n-d-826675-8 devstack@n-api.service[118249]: DEBUG oslo_concurrency.lockutils [None req-315c6a20-ed9c-495e-95f4-24859c61c3af tempest-AggregatesAdminTestJSON-1634696928 tempest-AggregatesAdminTestJSON-1634696928-project] Lock "6260b7c1-d445-4c11-a85e-fc7e1a73721c" "released" by "nova.context.set_target_cell..get_or_set_cached_cell_and_set_connections" :: held 0.003s {{(pid=118249) inner /usr/local/lib/python3.8/dist-packages/oslo_concurrency/lockutils.py:400}}
Feb 03 08:10:59.536980 n-d-826675-8 devstack@n-api.service[118249]: DEBUG oslo_concurrency.lockutils [None req-315c6a20-ed9c-495e-95f4-24859c61c3af tempest-AggregatesAdminTestJSON-1634696928 tempest-AggregatesAdminTestJSON-1634696928-project] Lock "6260b7c1-d445-4c11-a85e-fc7e1a73721c" acquired by "nova.context.set_target_cell..get_or_set_cached_cell_and_set_connections" :: waited 0.000s {{(pid=118249) inner /usr/local/lib/python3.8/dist-packages/oslo_concurrency/lockutils.py:386}}
Feb 03 08:10:59.537668 n-d-826675-8 devstack@n-api.service[118249]: DEBUG oslo_concurrency.lockutils [None req-315c6a20-ed9c-495e-95f4-24859c61c3af tempest-AggregatesAdminTestJSON-1634696928 tempest-AggregatesAdminTestJSON-1634696928-project] Lock "6260b7c1-d445-4c11-a85e-fc7e1a73721c" "released" by "nova.context.set_target_cell..get_or_set_cached_cell_and_set_connections" :: held 0.001s {{(pid=118249) inner /usr/local/lib/python3.8/dist-packages/oslo_concurrency/lockutils.py:400}}
Feb 03 08:10:59.554727 n-d-826675-8 devstack@n-api.service[118250]: DEBUG oslo_concurrency.lockutils [req-baf7da28-67b2-4f9c-8f67-c0befb72c0e9 req-947d7092-6e0e-4376-8e60-3740b2b4383a service nova] Lock "6260b7c1-d445-4c11-a85e-fc7e1a73721c" acquired by "nova.context.set_target_cell..get_or_set_cached_cell_and_set_connections" :: waited 0.000s {{(pid=118250) inner /usr/local/lib/python3.8/dist-packages/oslo_concurrency/lockutils.py:386}}
Feb 03 08:10:59.558093 n-d-826675-8 devstack@n-api.service[118250]: DEBUG oslo_concurrency.lockutils [req-baf7da28-67b2-4f9c-8f67-c0befb72c0e9 req-947d7092-6e0e-4376-8e60-3740b2b4383a service nova] Lock "6260b7c1-d445-4c11-a85e-fc7e1a73721c" "released" by "nova.context.set_target_cell..get_or_set_cached_cell_and_set_connections" :: held 0.006s {{(pid=118250) inner /usr/local/lib/python3.8/dist-packages/oslo_concurrency/lockutils.py:400}}
Feb 03 08:10:59.682452 n-d-826675-8 devstack@n-api.service[118250]: INFO nova.api.openstack.compute.server_external_events [req-baf7da28-67b2-4f9c-8f67-c0befb72c0e9 req-947d7092-6e0e-4376-8e60-3740b2b4383a service nova] Creating event network-changed:408795c4-6af2-444d-832b-c1081a158e6f for instance aacfd7e4-b545-496d-8dce-8d3c0605927a on n-h1-826675-8
Feb 03 08:10:59.693495 n-d-826675-8 devstack@n-api.service[118250]: DEBUG oslo_concurrency.lockutils [req-baf7da28-67b2-4f9c-8f67-c0befb72c0e9 req-947d7092-6e0e-4376-8e60-3740b2b4383a service nova] Acquired lock "compute-rpcapi-router" {{(pid=118250) lock /usr/local/lib/python3.8/dist-packages/oslo_concurrency/lockutils.py:294}}
Feb 03 08:10:59.701822 n-d-826675-8 devstack@n-api.service[118250]: DEBUG oslo_concurrency.lockutils [None req-b49de3e7-652f-49b5-9f6a-ba72176cdef1 None None] Lock "00000000-0000-0000-0000-000000000000" acquired by "nova.context.set_target_cell..get_or_set_cached_cell_and_set_connections" :: waited 0.000s {{(pid=118250) inner /usr/local/lib/python3.8/dist-packages/oslo_concurrency/lockutils.py:386}}
Feb 03 08:10:59.702365 n-d-826675-8 devstack@n-api.service[118250]: DEBUG oslo_concurrency.lockutils [None req-b49de3e7-652f-49b5-9f6a-ba72176cdef1 None None] Lock "00000000-0000-0000-0000-000000000000" "released" by "nova.context.set_target_cell..get_or_set_cached_cell_and_set_connections" :: held 0.009s {{(pid=118250) inner /usr/local/lib/python3.8/dist-packages/oslo_concurrency/lockutils.py:400}}
Feb 03 08:10:59.703341 n-d-826675-8 devstack@n-api.service[118250]: DEBUG oslo_concurrency.lockutils [None req-b49de3e7-652f-49b5-9f6a-ba72176cdef1 None None] Lock "6260b7c1-d445-4c11-a85e-fc7e1a73721c" acquired by "nova.context.set_target_cell..get_or_set_cached_cell_and_set_connections" :: waited 0.000s {{(pid=118250) inner /usr/local/lib/python3.8/dist-packages/oslo_concurrency/lockutils.py:386}}
