Feb 01 15:52:27.211575 n-d-826675-6 neutron-server[115039]: DEBUG neutron.pecan_wsgi.hooks.policy_enforcement [req-3a6af8b9-4f07-42cd-8183-302109014587 req-2d6657cd-0cfd-4d64-ba29-9b14f300f0d5 service neutron] Attributes excluded by policy engine: ['standard_attr_id', 'shared'] {{(pid=115039) _exclude_attributes_by_policy /opt/stack/neutron/neutron/pecan_wsgi/hooks/policy_enforcement.py:255}}
Feb 01 15:52:27.213504 n-d-826675-6 neutron-server[115039]: INFO neutron.wsgi [req-3a6af8b9-4f07-42cd-8183-302109014587 req-2d6657cd-0cfd-4d64-ba29-9b14f300f0d5 service neutron] 10.222.0.83 "GET /v2.0/subnets?id=7e3a7e3c-a76f-4869-a2d0-be31e1cfaee3 HTTP/1.1" status: 200 len: 863 time: 0.2260962
Feb 01 15:52:27.227765 n-d-826675-6 neutron-server[115038]: INFO neutron.wsgi [None req-44070f4b-8c7e-4088-ba42-7cd9c8e1325c admin admin] 10.222.0.50 "POST /v2.0/subnets HTTP/1.1" status: 201 len: 857 time: 0.6117616
Feb 01 15:52:27.271633 n-d-826675-6 neutron-server[115039]: DEBUG neutron.pecan_wsgi.hooks.policy_enforcement [req-99af7a10-1944-47ee-b6dd-a32dc0d08529 req-82671712-3023-4878-ba71-e6f801b13b00 service neutron] Attributes excluded by policy engine: ['standard_attr_id'] {{(pid=115039) _exclude_attributes_by_policy /opt/stack/neutron/neutron/pecan_wsgi/hooks/policy_enforcement.py:255}}
Feb 01 15:52:27.273354 n-d-826675-6 neutron-server[115039]: INFO neutron.wsgi [req-99af7a10-1944-47ee-b6dd-a32dc0d08529 req-82671712-3023-4878-ba71-e6f801b13b00 service neutron] 10.222.0.83 "GET /v2.0/ports?device_id=0e6c96bd-2f7a-45c2-8300-82b04417aead HTTP/1.1" status: 200 len: 1153 time: 0.2182217
Feb 01 15:52:27.286418 n-d-826675-6 neutron-server[115039]: DEBUG neutron.pecan_wsgi.hooks.policy_enforcement [req-bf7ed0c0-d41e-4e3b-94d2-9500b7278a7f req-8d3d8b09-0d8b-4f37-a7d9-01c3e4112ea8 tempest-ServersWithSpecificFlavorTestJSON-808250849 tempest-ServersWithSpecificFlavorTestJSON-808250849-project] Attributes excluded by policy engine: ['standard_attr_id', 'binding:profile', 'binding:host_id', 'binding:vif_type', 'binding:vif_details'] {{(pid=115039) _exclude_attributes_by_policy /opt/stack/neutron/neutron/pecan_wsgi/hooks/policy_enforcement.py:255}}
Feb 01 15:52:27.293945 n-d-826675-6 neutron-server[115039]: INFO neutron.wsgi [req-bf7ed0c0-d41e-4e3b-94d2-9500b7278a7f req-8d3d8b09-0d8b-4f37-a7d9-01c3e4112ea8 tempest-ServersWithSpecificFlavorTestJSON-808250849 tempest-ServersWithSpecificFlavorTestJSON-808250849-project] 10.222.0.50 "GET /v2.0/ports?device_id=7df2b885-8621-4d76-96f2-d73e4a258c53 HTTP/1.1" status: 200 len: 965 time: 0.1716185
Feb 01 15:52:27.325319 n-d-826675-6 neutron-server[115039]: DEBUG neutron_lib.callbacks.manager [req-99af7a10-1944-47ee-b6dd-a32dc0d08529 req-8b62ddf1-4398-4901-9d44-c8f079df98ee service neutron] Publish callbacks [] for security_group (None), before_create {{(pid=115039) _notify_loop /usr/local/lib/python3.8/dist-packages/neutron_lib/callbacks/manager.py:176}}
Feb 01 15:52:27.359603 n-d-826675-6 neutron-server[115038]: DEBUG neutron.wsgi [-] (115038) accepted ('10.222.0.50', 41782) {{(pid=115038) server /usr/local/lib/python3.8/dist-packages/eventlet/wsgi.py:1004}}
Feb 01 15:52:27.372810 n-d-826675-6 neutron-server[115040]: DEBUG neutron.api.rpc.handlers.dhcp_rpc [None req-03e98ba6-de39-4a3f-81dc-9b0b79d46e33 None None] Network 571ae093-d44b-4528-9f8a-9914737d50ca requested from n-d-826675-6 {{(pid=115040) get_network_info /opt/stack/neutron/neutron/api/rpc/handlers/dhcp_rpc.py:191}}
Feb 01 15:52:27.388923 n-d-826675-6 neutron-server[115038]: DEBUG neutron_lib.callbacks.manager [None req-a471677a-bdb8-43cd-bbb9-9f8880904aee admin admin] Publish callbacks [] for security_group (None), before_create {{(pid=115038) _notify_loop /usr/local/lib/python3.8/dist-packages/neutron_lib/callbacks/manager.py:176}}
Feb 01 15:52:27.397779 n-d-826675-6 neutron-server[115039]: DEBUG neutron.pecan_wsgi.hooks.policy_enforcement [req-3a6af8b9-4f07-42cd-8183-302109014587 req-b0195f33-ecd6-402d-a1c3-f707058c04c2 service neutron] Attributes excluded by policy engine: ['standard_attr_id'] {{(pid=115039) _exclude_attributes_by_policy /opt/stack/neutron/neutron/pecan_wsgi/hooks/policy_enforcement.py:255}}
Feb 01 15:52:27.399357 n-d-826675-6 neutron-server[115039]: INFO neutron.wsgi [req-3a6af8b9-4f07-42cd-8183-302109014587 req-b0195f33-ecd6-402d-a1c3-f707058c04c2 service neutron] 10.222.0.83 "GET /v2.0/ports?network_id=bcb2da65-3180-49eb-8239-494baf2c168c&device_owner=network%3Adhcp HTTP/1.1" status: 200 len: 1200 time: 0.1788564
Feb 01 15:52:27.461518 n-d-826675-6 neutron-server[115039]: INFO neutron.wsgi [req-bf7ed0c0-d41e-4e3b-94d2-9500b7278a7f req-b74347ed-1ea3-42aa-80b3-d07c39ef2136 tempest-ServersWithSpecificFlavorTestJSON-808250849 tempest-ServersWithSpecificFlavorTestJSON-808250849-project] 10.222.0.50 "GET /v2.0/security-groups?id=9b0c7d6f-c638-463b-8c23-b59be43cd259&fields=id&fields=name HTTP/1.1" status: 200 len: 313 time: 0.1615460
Feb 01 15:52:27.528071 n-d-826675-6 neutron-server[115038]: DEBUG neutron_lib.callbacks.manager [None req-a471677a-bdb8-43cd-bbb9-9f8880904aee admin admin] Publish callbacks [] for security_group (d6e53f36-5ff6-4cf7-9409-f12399cc7550), precommit_create {{(pid=115038) _notify_loop /usr/local/lib/python3.8/dist-packages/neutron_lib/callbacks/manager.py:176}}
Feb 01 15:52:27.535611 n-d-826675-6 neutron-server[115038]: DEBUG neutron_lib.callbacks.manager [None req-a471677a-bdb8-43cd-bbb9-9f8880904aee admin admin] Publish callbacks ['neutron.plugins.ml2.ovo_rpc._ObjectChangeHandler.handle_event-566961'] for security_group (d6e53f36-5ff6-4cf7-9409-f12399cc7550), after_create {{(pid=115038) _notify_loop /usr/local/lib/python3.8/dist-packages/neutron_lib/callbacks/manager.py:176}}
Feb 01 15:52:27.567369 n-d-826675-6 neutron-server[115039]: DEBUG neutron.pecan_wsgi.hooks.policy_enforcement [req-459afc9a-e68a-4656-afff-c14ffc1c1bce req-cec15fa8-d1cd-4303-bbda-936ff74e3870 tempest-DeleteServersAdminTestJSON-399345830 tempest-DeleteServersAdminTestJSON-399345830-project] Attributes excluded by policy engine: ['standard_attr_id', 'binding:profile', 'binding:host_id', 'binding:vif_type', 'binding:vif_details'] {{(pid=115039) _exclude_attributes_by_policy /opt/stack/neutron/neutron/pecan_wsgi/hooks/policy_enforcement.py:255}}
Feb 01 15:52:27.575933 n-d-826675-6 neutron-server[115039]: INFO neutron.wsgi [req-459afc9a-e68a-4656-afff-c14ffc1c1bce req-cec15fa8-d1cd-4303-bbda-936ff74e3870 tempest-DeleteServersAdminTestJSON-399345830 tempest-DeleteServersAdminTestJSON-399345830-project] 10.222.0.50 "GET /v2.0/ports?device_id=02814474-7d39-4eff-98e5-362f9c31df28 HTTP/1.1" status: 200 len: 947 time: 0.2389870
Feb 01 15:52:27.587645 n-d-826675-6 neutron-server[115038]: INFO neutron.wsgi [None req-a471677a-bdb8-43cd-bbb9-9f8880904aee admin admin] 10.222.0.50 "GET /v2.0/security-groups?tenant_id=b78628538bd542a7b16c9c1151db692c&name=default HTTP/1.1" status: 200 len: 2996 time: 0.2240005
Feb 01 15:52:27.588750 n-d-826675-6 neutron-server[115038]: DEBUG neutron.api.rpc.handlers.resources_rpc [None req-a471677a-bdb8-43cd-bbb9-9f8880904aee admin admin] Pushing event updated for resources: {'SecurityGroup': ['ID=d6e53f36-5ff6-4cf7-9409-f12399cc7550,revision_number=1']} {{(pid=115038) push /opt/stack/neutron/neutron/api/rpc/handlers/resources_rpc.py:237}}
Feb 01 15:52:27.591521 n-d-826675-6 neutron-server[115038]: DEBUG neutron.wsgi [-] (115038) accepted ('10.222.0.50', 41786) {{(pid=115038) server /usr/local/lib/python3.8/dist-packages/eventlet/wsgi.py:1004}}
Feb 01 15:52:27.647863 n-d-826675-6 neutron-server[115039]: INFO neutron.wsgi [req-3a6af8b9-4f07-42cd-8183-302109014587 req-25af5358-ad03-410f-804e-caaeacc9881f service neutron] 10.222.0.83 "GET /v2.0/networks/bcb2da65-3180-49eb-8239-494baf2c168c?fields=segments HTTP/1.1" status: 200 len: 212 time: 0.2344961
Feb 01 15:52:27.656165 n-d-826675-6 neutron-server[115038]: DEBUG neutron_lib.callbacks.manager [None req-143b40b3-26a9-4596-bcbd-ffe9f251026f admin admin] Publish callbacks [] for security_group (d6e53f36-5ff6-4cf7-9409-f12399cc7550), before_delete {{(pid=115038) _notify_loop /usr/local/lib/python3.8/dist-packages/neutron_lib/callbacks/manager.py:176}}
Feb 01 15:52:27.670275 n-d-826675-6 neutron-server[115039]: DEBUG neutron_lib.callbacks.manager [req-99af7a10-1944-47ee-b6dd-a32dc0d08529 req-8b62ddf1-4398-4901-9d44-c8f079df98ee service neutron] Publish callbacks [] for security_group (55319324-0d6f-4e19-a4d7-56a4971eddba), precommit_create {{(pid=115039) _notify_loop /usr/local/lib/python3.8/dist-packages/neutron_lib/callbacks/manager.py:176}}
Feb 01 15:52:27.681264 n-d-826675-6 neutron-server[115038]: DEBUG neutron_lib.callbacks.manager [None req-143b40b3-26a9-4596-bcbd-ffe9f251026f admin admin] Publish callbacks [] for security_group (d6e53f36-5ff6-4cf7-9409-f12399cc7550), precommit_delete {{(pid=115038) _notify_loop /usr/local/lib/python3.8/dist-packages/neutron_lib/callbacks/manager.py:176}}
Feb 01 15:52:27.691017 n-d-826675-6 neutron-server[115039]: DEBUG neutron_lib.callbacks.manager [req-99af7a10-1944-47ee-b6dd-a32dc0d08529 req-8b62ddf1-4398-4901-9d44-c8f079df98ee service neutron] Publish callbacks ['neutron.plugins.ml2.ovo_rpc._ObjectChangeHandler.handle_event-566961'] for security_group (55319324-0d6f-4e19-a4d7-56a4971eddba), after_create {{(pid=115039) _notify_loop /usr/local/lib/python3.8/dist-packages/neutron_lib/callbacks/manager.py:176}}
Feb 01 15:52:27.727937 n-d-826675-6 neutron-server[115039]: INFO neutron.wsgi [req-459afc9a-e68a-4656-afff-c14ffc1c1bce req-b1644425-f027-40e3-a3e5-f9fe5d2c868e tempest-DeleteServersAdminTestJSON-399345830 tempest-DeleteServersAdminTestJSON-399345830-project] 10.222.0.50 "GET /v2.0/security-groups?id=95b9a6c2-d207-4cca-a091-c478c9b6f8aa&fields=id&fields=name HTTP/1.1" status: 200 len: 286 time: 0.1502647
Feb 01 15:52:27.746955 n-d-826675-6 neutron-server[115038]: DEBUG neutron_lib.callbacks.manager [None req-143b40b3-26a9-4596-bcbd-ffe9f251026f admin admin] Publish callbacks ['neutron.plugins.ml2.ovo_rpc._ObjectChangeHandler.handle_event-566961'] for security_group (d6e53f36-5ff6-4cf7-9409-f12399cc7550), after_delete {{(pid=115038) _notify_loop /usr/local/lib/python3.8/dist-packages/neutron_lib/callbacks/manager.py:176}}
Feb 01 15:52:27.749707 n-d-826675-6 neutron-server[115038]: DEBUG neutron_lib.callbacks.manager [None req-143b40b3-26a9-4596-bcbd-ffe9f251026f admin admin] Publish callbacks [] for security_group (None), before_response {{(pid=115038) _notify_loop /usr/local/lib/python3.8/dist-packages/neutron_lib/callbacks/manager.py:176}}
Feb 01 15:52:27.753391 n-d-826675-6 neutron-server[115038]: INFO neutron.wsgi [None req-143b40b3-26a9-4596-bcbd-ffe9f251026f admin admin] 10.222.0.50 "DELETE /v2.0/security-groups/d6e53f36-5ff6-4cf7-9409-f12399cc7550 HTTP/1.1" status: 204 len: 168 time: 0.1586185
Feb 01 15:52:27.780218 n-d-826675-6 neutron-server[115038]: DEBUG neutron.api.rpc.handlers.resources_rpc [None req-143b40b3-26a9-4596-bcbd-ffe9f251026f admin admin] Pushing event deleted for resources: {'SecurityGroup': ['ID=d6e53f36-5ff6-4cf7-9409-f12399cc7550,revision_number=None']} {{(pid=115038) push /opt/stack/neutron/neutron/api/rpc/handlers/resources_rpc.py:237}}
Feb 01 15:52:28.011037 n-d-826675-6 neutron-server[115039]: INFO neutron.wsgi [req-99af7a10-1944-47ee-b6dd-a32dc0d08529 req-8b62ddf1-4398-4901-9d44-c8f079df98ee service neutron] 10.222.0.83 "GET /v2.0/security-groups?id=a27ac00c-1524-4002-9562-4a2d242282f2&fields=id&fields=name HTTP/1.1" status: 200 len: 286 time: 0.7148223
Feb 01 15:52:28.028873 n-d-826675-6 neutron-server[115039]: DEBUG neutron.api.rpc.handlers.resources_rpc [None req-8b62ddf1-4398-4901-9d44-c8f079df98ee service neutron] Pushing event updated for resources: {'SecurityGroup': ['ID=55319324-0d6f-4e19-a4d7-56a4971eddba,revision_number=1']} {{(pid=115039) push /opt/stack/neutron/neutron/api/rpc/handlers/resources_rpc.py:237}}
Feb 01 15:52:28.060059 n-d-826675-6 neutron-server[115039]: INFO neutron.wsgi [req-3a6af8b9-4f07-42cd-8183-302109014587 req-a6666ea4-b912-41a7-8220-79fe432585fc service neutron] 10.222.0.83 "GET /v2.0/networks/bcb2da65-3180-49eb-8239-494baf2c168c?fields=provider%3Aphysical_network&fields=provider%3Anetwork_type HTTP/1.1" status: 200 len: 281 time: 0.4012287
Feb 01 15:52:28.073435 n-d-826675-6 neutron-server[115038]: DEBUG neutron.wsgi [-] (115038) accepted ('10.222.0.50', 41808) {{(pid=115038) server /usr/local/lib/python3.8/dist-packages/eventlet/wsgi.py:1004}}
Feb 01 15:52:28.075889 n-d-826675-6 neutron-server[115039]: DEBUG neutron.pecan_wsgi.hooks.policy_enforcement [req-b190e82a-31fb-40ab-9f09-d712da9b6fc1 req-f4703233-a047-45c3-b9e8-c2843f7cb3a8 tempest-AggregatesAdminTestJSON-265850921 tempest-AggregatesAdminTestJSON-265850921-project] Attributes excluded by policy engine: ['standard_attr_id', 'binding:profile', 'binding:host_id', 'binding:vif_type', 'binding:vif_details'] {{(pid=115039) _exclude_attributes_by_policy /opt/stack/neutron/neutron/pecan_wsgi/hooks/policy_enforcement.py:255}}
Feb 01 15:52:28.078447 n-d-826675-6 neutron-server[115038]: DEBUG neutron.api.v2.base [None req-5cba6321-0891-46c6-abe7-97ec571eaeec admin admin] Request body: {'network': {'name': 'tempest-LiveAutoBlockMigrationV225Test-1381622058-network', 'tenant_id': '795ed126d154412ea029860dacbcb1d5'}} {{(pid=115038) prepare_request_body /opt/stack/neutron/neutron/api/v2/base.py:729}}
Feb 01 15:52:28.082545 n-d-826675-6 neutron-server[115039]: INFO neutron.wsgi [req-b190e82a-31fb-40ab-9f09-d712da9b6fc1 req-f4703233-a047-45c3-b9e8-c2843f7cb3a8 tempest-AggregatesAdminTestJSON-265850921 tempest-AggregatesAdminTestJSON-265850921-project] 10.222.0.50 "GET /v2.0/ports?device_id=0e6c96bd-2f7a-45c2-8300-82b04417aead HTTP/1.1" status: 200 len: 971 time: 0.1019118
Feb 01 15:52:28.102169 n-d-826675-6 neutron-server[115038]: DEBUG neutron.pecan_wsgi.hooks.quota_enforcement [None req-5cba6321-0891-46c6-abe7-97ec571eaeec admin admin] Made reservation on behalf of 795ed126d154412ea029860dacbcb1d5 for: {'network': 1} {{(pid=115038) before /opt/stack/neutron/neutron/pecan_wsgi/hooks/quota_enforcement.py:53}}
Feb 01 15:52:28.105264 n-d-826675-6 neutron-server[115038]: DEBUG neutron_lib.callbacks.manager [None req-5cba6321-0891-46c6-abe7-97ec571eaeec admin admin] Publish callbacks ['neutron.plugins.ml2.plugin.SecurityGroupDbMixin._ensure_default_security_group_handler-1611928'] for network (None), before_create {{(pid=115038) _notify_loop /usr/local/lib/python3.8/dist-packages/neutron_lib/callbacks/manager.py:176}}
Feb 01 15:52:28.113809 n-d-826675-6 neutron-server[115038]: DEBUG neutron_lib.callbacks.manager [None req-5cba6321-0891-46c6-abe7-97ec571eaeec admin admin] Publish callbacks [] for security_group (None), before_create {{(pid=115038) _notify_loop /usr/local/lib/python3.8/dist-packages/neutron_lib/callbacks/manager.py:176}}
Feb 01 15:52:28.129581 n-d-826675-6 neutron-server[115039]: INFO neutron.wsgi [req-b190e82a-31fb-40ab-9f09-d712da9b6fc1 req-82555815-c61f-4c52-9a08-b3500f67f8f8 tempest-AggregatesAdminTestJSON-265850921 tempest-AggregatesAdminTestJSON-265850921-project] 10.222.0.50 "GET /v2.0/security-groups?id=a27ac00c-1524-4002-9562-4a2d242282f2&fields=id&fields=name HTTP/1.1" status: 200 len: 286 time: 0.0461977
Feb 01 15:52:28.196873 n-d-826675-6 neutron-server[115038]: DEBUG neutron_lib.callbacks.manager [None req-5cba6321-0891-46c6-abe7-97ec571eaeec admin admin] Publish callbacks [] for security_group (9989407a-0d9d-4e0b-85f3-70c7d53ae87a), precommit_create {{(pid=115038) _notify_loop /usr/local/lib/python3.8/dist-packages/neutron_lib/callbacks/manager.py:176}}
Feb 01 15:52:28.201020 n-d-826675-6 neutron-server[115038]: DEBUG neutron_lib.callbacks.manager [None req-5cba6321-0891-46c6-abe7-97ec571eaeec admin admin] Publish callbacks ['neutron.plugins.ml2.ovo_rpc._ObjectChangeHandler.handle_event-566961'] for security_group (9989407a-0d9d-4e0b-85f3-70c7d53ae87a), after_create {{(pid=115038) _notify_loop /usr/local/lib/python3.8/dist-packages/neutron_lib/callbacks/manager.py:176}}
Feb 01 15:52:28.223144 n-d-826675-6 neutron-server[115038]: DEBUG neutron.plugins.ml2.drivers.helpers [None req-5cba6321-0891-46c6-abe7-97ec571eaeec admin admin] vlan segment allocate from pool success with {'vlan_id': 651, 'physical_network': 'physnet1'} {{(pid=115038) allocate_partially_specified_segment /opt/stack/neutron/neutron/plugins/ml2/drivers/helpers.py:153}}
Feb 01 15:52:28.238174 n-d-826675-6 neutron-server[115038]: DEBUG neutron.api.rpc.handlers.resources_rpc [None req-5cba6321-0891-46c6-abe7-97ec571eaeec admin admin] Pushing event updated for resources: {'SecurityGroup': ['ID=9989407a-0d9d-4e0b-85f3-70c7d53ae87a,revision_number=1']} {{(pid=115038) push /opt/stack/neutron/neutron/api/rpc/handlers/resources_rpc.py:237}}
Feb 01 15:52:28.245118 n-d-826675-6 neutron-server[115038]: DEBUG neutron_lib.callbacks.manager [None req-5cba6321-0891-46c6-abe7-97ec571eaeec admin admin] Publish callbacks ['neutron.plugins.ml2.plugin.Ml2Plugin._handle_segment_change-2046523'] for segment (be4897ce-796d-446f-8f95-da2f47163b99), precommit_create {{(pid=115038) _notify_loop /usr/local/lib/python3.8/dist-packages/neutron_lib/callbacks/manager.py:176}}
Feb 01 15:52:28.245520 n-d-826675-6 neutron-server[115038]: INFO neutron.db.segments_db [None req-5cba6321-0891-46c6-abe7-97ec571eaeec admin admin] Added segment be4897ce-796d-446f-8f95-da2f47163b99 of type vlan for network 1a3a4206-dd5a-456e-81c6-783bb638dc37
Feb 01 15:52:28.294773 n-d-826675-6 neutron-server[115038]: DEBUG neutron_lib.callbacks.manager [None req-5cba6321-0891-46c6-abe7-97ec571eaeec admin admin] Publish callbacks ['neutron.services.auto_allocate.db._ensure_external_network_default_value_callback-8741609341031'] for network (1a3a4206-dd5a-456e-81c6-783bb638dc37), precommit_create {{(pid=115038) _notify_loop /usr/local/lib/python3.8/dist-packages/neutron_lib/callbacks/manager.py:176}}
Feb 01 15:52:28.327520 n-d-826675-6 neutron-server[115038]: DEBUG neutron_lib.callbacks.manager [None req-5cba6321-0891-46c6-abe7-97ec571eaeec admin admin] Publish callbacks ['neutron.plugins.ml2.ovo_rpc._ObjectChangeHandler.handle_event-567006', 'neutron.api.rpc.agentnotifiers.dhcp_rpc_agent_api.DhcpAgentNotifyAPI._native_event_send_dhcp_notification-559133'] for network (1a3a4206-dd5a-456e-81c6-783bb638dc37), after_create {{(pid=115038) _notify_loop /usr/local/lib/python3.8/dist-packages/neutron_lib/callbacks/manager.py:176}}
Feb 01 15:52:28.328946 n-d-826675-6 neutron-server[115038]: DEBUG neutron.pecan_wsgi.hooks.policy_enforcement [None req-5cba6321-0891-46c6-abe7-97ec571eaeec admin admin] Attributes excluded by policy engine: ['standard_attr_id', 'vlan_transparent'] {{(pid=115038) _exclude_attributes_by_policy /opt/stack/neutron/neutron/pecan_wsgi/hooks/policy_enforcement.py:255}}
Feb 01 15:52:28.329975 n-d-826675-6 neutron-server[115038]: DEBUG neutron_lib.callbacks.manager [None req-5cba6321-0891-46c6-abe7-97ec571eaeec admin admin] Publish callbacks ['neutron.api.rpc.agentnotifiers.dhcp_rpc_agent_api.DhcpAgentNotifyAPI._send_dhcp_notification-559343'] for network (None), before_response {{(pid=115038) _notify_loop /usr/local/lib/python3.8/dist-packages/neutron_lib/callbacks/manager.py:176}}
Feb 01 15:52:28.372802 n-d-826675-6 neutron-server[115038]: INFO neutron.wsgi [None req-5cba6321-0891-46c6-abe7-97ec571eaeec admin admin] 10.222.0.50 "POST /v2.0/networks HTTP/1.1" status: 201 len: 894 time: 0.2939248
Feb 01 15:52:28.373077 n-d-826675-6 neutron-server[115039]: DEBUG neutron.wsgi [-] (115039) accepted ('10.222.0.50', 41816) {{(pid=115039) server /usr/local/lib/python3.8/dist-packages/eventlet/wsgi.py:1004}}
Feb 01 15:52:28.376803 n-d-826675-6 neutron-server[115039]: DEBUG neutron.api.v2.base [None req-e588d0d7-abc2-4b8a-bb4f-2f00beb94804 admin admin] Request body: {'subnet': {'network_id': '1a3a4206-dd5a-456e-81c6-783bb638dc37', 'cidr': '172.20.0.0/28', 'name': 'tempest-LiveAutoBlockMigrationV225Test-1381622058-subnet', 'tenant_id': '795ed126d154412ea029860dacbcb1d5', 'enable_dhcp': False, 'ip_version': 4}} {{(pid=115039) prepare_request_body /opt/stack/neutron/neutron/api/v2/base.py:729}}
Feb 01 15:52:28.405676 n-d-826675-6 neutron-server[115038]: DEBUG neutron.api.rpc.handlers.resources_rpc [None req-5cba6321-0891-46c6-abe7-97ec571eaeec admin admin] Pushing event updated for resources: {'Network': ['ID=1a3a4206-dd5a-456e-81c6-783bb638dc37,revision_number=1']} {{(pid=115038) push /opt/stack/neutron/neutron/api/rpc/handlers/resources_rpc.py:237}}
Feb 01 15:52:28.417390 n-d-826675-6 neutron-server[115040]: DEBUG neutron.plugins.ml2.rpc [None req-6918058d-503d-4018-a8ca-1e14b58d775c None None] Network 1a3a4206-dd5a-456e-81c6-783bb638dc37 details requested by agent ovs-agent-n-d-826675-6 with host n-d-826675-6 {{(pid=115040) get_network_details /opt/stack/neutron/neutron/plugins/ml2/rpc.py:248}}
Feb 01 15:52:28.433645 n-d-826675-6 neutron-server[115039]: DEBUG neutron.pecan_wsgi.hooks.quota_enforcement [None req-e588d0d7-abc2-4b8a-bb4f-2f00beb94804 admin admin] Made reservation on behalf of 795ed126d154412ea029860dacbcb1d5 for: {'subnet': 1} {{(pid=115039) before /opt/stack/neutron/neutron/pecan_wsgi/hooks/quota_enforcement.py:53}}
Feb 01 15:52:28.435376 n-d-826675-6 neutron-server[115039]: DEBUG neutron_lib.callbacks.manager [None req-e588d0d7-abc2-4b8a-bb4f-2f00beb94804 admin admin] Publish callbacks [] for subnet (None), before_create {{(pid=115039) _notify_loop /usr/local/lib/python3.8/dist-packages/neutron_lib/callbacks/manager.py:176}}
Feb 01 15:52:28.448807 n-d-826675-6 neutron-server[115039]: DEBUG neutron.pecan_wsgi.hooks.policy_enforcement [req-3d74254c-5190-44e8-806e-99d6b8a9306c req-d67af671-7083-47a8-a1cc-27b839674050 service neutron] Attributes excluded by policy engine: ['standard_attr_id'] {{(pid=115039) _exclude_attributes_by_policy /opt/stack/neutron/neutron/pecan_wsgi/hooks/policy_enforcement.py:255}}
Feb 01 15:52:28.450285 n-d-826675-6 neutron-server[115039]: INFO neutron.wsgi [req-3d74254c-5190-44e8-806e-99d6b8a9306c req-d67af671-7083-47a8-a1cc-27b839674050 service neutron] 10.222.0.83 "GET /v2.0/ports?tenant_id=3768f8713d5f4146bf0dd23e75493d97&device_id=7df2b885-8621-4d76-96f2-d73e4a258c53 HTTP/1.1" status: 200 len: 1147 time: 0.0914822
Feb 01 15:52:28.661146 n-d-826675-6 neutron-server[115039]: DEBUG neutron.pecan_wsgi.hooks.policy_enforcement [req-3d74254c-5190-44e8-806e-99d6b8a9306c req-bbfa1b02-b8f4-4daf-82b0-9330aa0aff7a service neutron] Attributes excluded by policy engine: ['standard_attr_id', 'vlan_transparent'] {{(pid=115039) _exclude_attributes_by_policy /opt/stack/neutron/neutron/pecan_wsgi/hooks/policy_enforcement.py:255}}
Feb 01 15:52:28.662630 n-d-826675-6 neutron-server[115039]: INFO neutron.wsgi [req-3d74254c-5190-44e8-806e-99d6b8a9306c req-bbfa1b02-b8f4-4daf-82b0-9330aa0aff7a service neutron] 10.222.0.83 "GET /v2.0/networks?id=bcb2da65-3180-49eb-8239-494baf2c168c HTTP/1.1" status: 200 len: 925 time: 0.2010846
Feb 01 15:52:28.692708 n-d-826675-6 neutron-server[115039]: DEBUG neutron.pecan_wsgi.hooks.policy_enforcement [req-c90fed0c-40e8-402f-ba4c-b3e46f38feda req-c7257daf-e478-4a51-8ef6-5cd8dff92d2d tempest-ServersWithSpecificFlavorTestJSON-808250849 tempest-ServersWithSpecificFlavorTestJSON-808250849-project] Attributes excluded by policy engine: ['standard_attr_id', 'binding:profile', 'binding:host_id', 'binding:vif_type', 'binding:vif_details'] {{(pid=115039) _exclude_attributes_by_policy /opt/stack/neutron/neutron/pecan_wsgi/hooks/policy_enforcement.py:255}}
Feb 01 15:52:28.694247 n-d-826675-6 neutron-server[115039]: INFO neutron.wsgi [req-c90fed0c-40e8-402f-ba4c-b3e46f38feda req-c7257daf-e478-4a51-8ef6-5cd8dff92d2d tempest-ServersWithSpecificFlavorTestJSON-808250849 tempest-ServersWithSpecificFlavorTestJSON-808250849-project] 10.222.0.50 "GET /v2.0/ports?device_id=7df2b885-8621-4d76-96f2-d73e4a258c53 HTTP/1.1" status: 200 len: 965 time: 0.1621523
Feb 01 15:52:28.755622 n-d-826675-6 neutron-server[115039]: INFO neutron.wsgi [req-3d74254c-5190-44e8-806e-99d6b8a9306c req-374577f7-1e48-41a1-998d-475e7602d7fc service neutron] 10.222.0.83 "GET /v2.0/floatingips?fixed_ip_address=172.20.0.5&port_id=8ba544c0-f008-48f5-b585-6ab550695ba1 HTTP/1.1" status: 200 len: 217 time: 0.0719645
Feb 01 15:52:28.890512 n-d-826675-6 neutron-server[115039]: INFO neutron.wsgi [req-c90fed0c-40e8-402f-ba4c-b3e46f38feda req-4131f8c6-3217-45f1-b5bf-9ee4daa90624 tempest-ServersWithSpecificFlavorTestJSON-808250849 tempest-ServersWithSpecificFlavorTestJSON-808250849-project] 10.222.0.50 "GET /v2.0/security-groups?id=9b0c7d6f-c638-463b-8c23-b59be43cd259&fields=id&fields=name HTTP/1.1" status: 200 len: 313 time: 0.1865377
Feb 01 15:52:28.907860 n-d-826675-6 neutron-server[115039]: DEBUG neutron_lib.callbacks.manager [None req-e588d0d7-abc2-4b8a-bb4f-2f00beb94804 admin admin] Publish callbacks ['neutron.plugins.ml2.ovo_rpc._ObjectChangeHandler.handle_event-561926', 'neutron.api.rpc.agentnotifiers.dhcp_rpc_agent_api.DhcpAgentNotifyAPI._native_event_send_dhcp_notification-559133'] for subnet (178663ef-c3a7-46ee-b39e-1226edb5f122), after_create {{(pid=115039) _notify_loop /usr/local/lib/python3.8/dist-packages/neutron_lib/callbacks/manager.py:176}}
Feb 01 15:52:28.920766 n-d-826675-6 neutron-server[115039]: DEBUG neutron.pecan_wsgi.hooks.policy_enforcement [req-3d74254c-5190-44e8-806e-99d6b8a9306c req-2ca34766-49a8-4bb3-b535-937143609e84 service neutron] Attributes excluded by policy engine: ['standard_attr_id', 'shared'] {{(pid=115039) _exclude_attributes_by_policy /opt/stack/neutron/neutron/pecan_wsgi/hooks/policy_enforcement.py:255}}
Feb 01 15:52:28.920766 n-d-826675-6 neutron-server[115039]: INFO neutron.wsgi [req-3d74254c-5190-44e8-806e-99d6b8a9306c req-2ca34766-49a8-4bb3-b535-937143609e84 service neutron] 10.222.0.83 "GET /v2.0/subnets?id=7e3a7e3c-a76f-4869-a2d0-be31e1cfaee3 HTTP/1.1" status: 200 len: 863 time: 0.1474118
Feb 01 15:52:29.014124 n-d-826675-6 neutron-server[115039]: DEBUG neutron.pecan_wsgi.hooks.policy_enforcement [req-4ead2803-83fe-42fe-8834-79ec6df69604 req-fddc0190-9ea0-4814-9eb6-3103b9a880c1 tempest-DeleteServersAdminTestJSON-399345830 tempest-DeleteServersAdminTestJSON-399345830-project] Attributes excluded by policy engine: ['standard_attr_id', 'binding:profile', 'binding:host_id', 'binding:vif_type', 'binding:vif_details'] {{(pid=115039) _exclude_attributes_by_policy /opt/stack/neutron/neutron/pecan_wsgi/hooks/policy_enforcement.py:255}}
Feb 01 15:52:29.015633 n-d-826675-6 neutron-server[115039]: INFO neutron.wsgi [req-4ead2803-83fe-42fe-8834-79ec6df69604 req-fddc0190-9ea0-4814-9eb6-3103b9a880c1 tempest-DeleteServersAdminTestJSON-399345830 tempest-DeleteServersAdminTestJSON-399345830-project] 10.222.0.50 "GET /v2.0/ports?device_id=02814474-7d39-4eff-98e5-362f9c31df28 HTTP/1.1" status: 200 len: 947 time: 0.2029045
Feb 01 15:52:29.026547 n-d-826675-6 neutron-server[115039]: DEBUG neutron.api.rpc.handlers.resources_rpc [None req-e588d0d7-abc2-4b8a-bb4f-2f00beb94804 admin admin] Pushing event updated for resources: {'Subnet': ['ID=178663ef-c3a7-46ee-b39e-1226edb5f122,revision_number=0']} {{(pid=115039) push /opt/stack/neutron/neutron/api/rpc/handlers/resources_rpc.py:237}}
Feb 01 15:52:29.057064 n-d-826675-6 neutron-server[115039]: DEBUG neutron.plugins.ml2.drivers.mech_agent [None req-e588d0d7-abc2-4b8a-bb4f-2f00beb94804 admin admin] Checking segment: {'id': 'be4897ce-796d-446f-8f95-da2f47163b99', 'network_type': 'vlan', 'physical_network': 'physnet1', 'segmentation_id': 651, 'network_id': '1a3a4206-dd5a-456e-81c6-783bb638dc37'} for mappings: {'physnet1': 'br-data'} with network types: ['local', 'flat', 'vlan'] {{(pid=115039) check_segment_for_agent /opt/stack/neutron/neutron/plugins/ml2/drivers/mech_agent.py:373}}
Feb 01 15:52:29.057436 n-d-826675-6 neutron-server[115039]: DEBUG neutron.scheduler.dhcp_agent_scheduler [None req-e588d0d7-abc2-4b8a-bb4f-2f00beb94804 admin admin] Network hostable DHCP agents. Network: 1a3a4206-dd5a-456e-81c6-783bb638dc37, hostable agents: ['ba955580-4907-4240-8ccc-1e192cdf9c7b'], hosted agents: [] {{(pid=115039) _get_network_hostable_dhcp_agents /opt/stack/neutron/neutron/scheduler/dhcp_agent_scheduler.py:329}}
Feb 01 15:52:29.069402 n-d-826675-6 neutron-server[115039]: DEBUG neutron.pecan_wsgi.hooks.policy_enforcement [req-3d74254c-5190-44e8-806e-99d6b8a9306c req-1fc757c8-4c94-4f93-ae17-94dd864f6e2a service neutron] Attributes excluded by policy engine: ['standard_attr_id'] {{(pid=115039) _exclude_attributes_by_policy /opt/stack/neutron/neutron/pecan_wsgi/hooks/policy_enforcement.py:255}}
Feb 01 15:52:29.070918 n-d-826675-6 neutron-server[115039]: INFO neutron.wsgi [req-3d74254c-5190-44e8-806e-99d6b8a9306c req-1fc757c8-4c94-4f93-ae17-94dd864f6e2a service neutron] 10.222.0.83 "GET /v2.0/ports?network_id=bcb2da65-3180-49eb-8239-494baf2c168c&device_owner=network%3Adhcp HTTP/1.1" status: 200 len: 1200 time: 0.1264331
Feb 01 15:52:29.123835 n-d-826675-6 neutron-server[115039]: INFO neutron.wsgi [req-4ead2803-83fe-42fe-8834-79ec6df69604 req-dbfdd690-08a9-4430-b2bc-647db47bd6fc tempest-DeleteServersAdminTestJSON-399345830 tempest-DeleteServersAdminTestJSON-399345830-project] 10.222.0.50 "GET /v2.0/security-groups?id=95b9a6c2-d207-4cca-a091-c478c9b6f8aa&fields=id&fields=name HTTP/1.1" status: 200 len: 286 time: 0.0921781
Feb 01 15:52:29.131031 n-d-826675-6 neutron-server[115039]: DEBUG neutron.scheduler.dhcp_agent_scheduler [None req-e588d0d7-abc2-4b8a-bb4f-2f00beb94804 admin admin] Network 1a3a4206-dd5a-456e-81c6-783bb638dc37 is scheduled to be hosted by DHCP agent ba955580-4907-4240-8ccc-1e192cdf9c7b with binding_index 1 {{(pid=115039) bind /opt/stack/neutron/neutron/scheduler/dhcp_agent_scheduler.py:227}}
Feb 01 15:52:29.206932 n-d-826675-6 neutron-server[115039]: INFO neutron.wsgi [req-3d74254c-5190-44e8-806e-99d6b8a9306c req-98806a94-5349-4dcd-ac02-34ffb4a81d08 service neutron] 10.222.0.83 "GET /v2.0/networks/bcb2da65-3180-49eb-8239-494baf2c168c?fields=segments HTTP/1.1" status: 200 len: 212 time: 0.1258814
Feb 01 15:52:29.207664 n-d-826675-6 neutron-server[115039]: DEBUG neutron.scheduler.base_scheduler [None req-e588d0d7-abc2-4b8a-bb4f-2f00beb94804 admin admin] Resources bound (agent type, host, resource id): (DHCP agent, n-d-826675-6, 1a3a4206-dd5a-456e-81c6-783bb638dc37) {{(pid=115039) schedule /opt/stack/neutron/neutron/scheduler/base_scheduler.py:57}}
Feb 01 15:52:29.211958 n-d-826675-6 neutron-server[115039]: DEBUG neutron.pecan_wsgi.hooks.policy_enforcement [None req-e588d0d7-abc2-4b8a-bb4f-2f00beb94804 admin admin] Attributes excluded by policy engine: ['standard_attr_id', 'shared', 'network'] {{(pid=115039) _exclude_attributes_by_policy /opt/stack/neutron/neutron/pecan_wsgi/hooks/policy_enforcement.py:255}}
Feb 01 15:52:29.212701 n-d-826675-6 neutron-server[115039]: DEBUG neutron_lib.callbacks.manager [None req-e588d0d7-abc2-4b8a-bb4f-2f00beb94804 admin admin] Publish callbacks ['neutron.api.rpc.agentnotifiers.dhcp_rpc_agent_api.DhcpAgentNotifyAPI._send_dhcp_notification-559343'] for subnet (None), before_response {{(pid=115039) _notify_loop /usr/local/lib/python3.8/dist-packages/neutron_lib/callbacks/manager.py:176}}
Feb 01 15:52:29.221426 n-d-826675-6 neutron-server[115040]: DEBUG neutron.api.rpc.handlers.dhcp_rpc [None req-e19c19ee-e4d9-4e65-ae8b-d28dccf8d54c None None] Network 1a3a4206-dd5a-456e-81c6-783bb638dc37 requested from n-d-826675-6 {{(pid=115040) get_network_info /opt/stack/neutron/neutron/api/rpc/handlers/dhcp_rpc.py:191}}
Feb 01 15:52:29.310393 n-d-826675-6 neutron-server[115039]: INFO neutron.wsgi [None req-e588d0d7-abc2-4b8a-bb4f-2f00beb94804 admin admin] 10.222.0.50 "POST /v2.0/subnets HTTP/1.1" status: 201 len: 858 time: 0.9378912
Feb 01 15:52:29.360329 n-d-826675-6 neutron-server[115040]: DEBUG neutron.api.rpc.handlers.dhcp_rpc [None req-ade0e4c0-9c72-4b6d-be08-802be096e667 None None] Network 1a3a4206-dd5a-456e-81c6-783bb638dc37 requested from n-d-826675-6 {{(pid=115040) get_network_info /opt/stack/neutron/neutron/api/rpc/handlers/dhcp_rpc.py:191}}
Feb 01 15:52:29.366079 n-d-826675-6 neutron-server[115039]: DEBUG neutron.pecan_wsgi.hooks.policy_enforcement [req-2b1487db-1bf3-4775-b64c-deba78f73684 req-35e7806f-a04c-43bd-b29a-4b72f51578be tempest-AggregatesAdminTestJSON-265850921 tempest-AggregatesAdminTestJSON-265850921-project] Attributes excluded by policy engine: ['standard_attr_id', 'binding:profile', 'binding:host_id', 'binding:vif_type', 'binding:vif_details'] {{(pid=115039) _exclude_attributes_by_policy /opt/stack/neutron/neutron/pecan_wsgi/hooks/policy_enforcement.py:255}}
Feb 01 15:52:29.367755 n-d-826675-6 neutron-server[115039]: INFO neutron.wsgi [req-2b1487db-1bf3-4775-b64c-deba78f73684 req-35e7806f-a04c-43bd-b29a-4b72f51578be tempest-AggregatesAdminTestJSON-265850921 tempest-AggregatesAdminTestJSON-265850921-project] 10.222.0.50 "GET /v2.0/ports?device_id=0e6c96bd-2f7a-45c2-8300-82b04417aead HTTP/1.1" status: 200 len: 971 time: 0.1506984
Feb 01 15:52:29.375275 n-d-826675-6 neutron-server[115039]: INFO neutron.wsgi [req-3d74254c-5190-44e8-806e-99d6b8a9306c req-3950c6aa-b975-495b-aacf-ddb7bee4a3f8 service neutron] 10.222.0.83 "GET /v2.0/networks/bcb2da65-3180-49eb-8239-494baf2c168c?fields=provider%3Aphysical_network&fields=provider%3Anetwork_type HTTP/1.1" status: 200 len: 281 time: 0.1591399
Feb 01 15:52:29.426090 n-d-826675-6 neutron-server[115039]: INFO neutron.wsgi [req-2b1487db-1bf3-4775-b64c-deba78f73684 req-7ebec1b4-54eb-4a36-b4cd-0d350ea1f5bc tempest-AggregatesAdminTestJSON-265850921 tempest-AggregatesAdminTestJSON-265850921-project] 10.222.0.50 "GET /v2.0/security-groups?id=a27ac00c-1524-4002-9562-4a2d242282f2&fields=id&fields=name HTTP/1.1" status: 200 len: 286 time: 0.0498867
Feb 01 15:52:29.553865 n-d-826675-6 neutron-server[115040]: DEBUG neutron.plugins.ml2.rpc [None req-33f4afe9-5a7b-4f1e-acfc-96d2897e295e None None] Device f580c96a-b095-4d28-8685-79509d64ec0c details requested by agent hyperv_n-h2-826675-6 with host n-h2-826675-6 {{(pid=115040) get_device_details /opt/stack/neutron/neutron/plugins/ml2/rpc.py:102}}
Feb 01 15:52:29.693735 n-d-826675-6 neutron-server[115040]: DEBUG neutron.plugins.ml2.db [None req-33f4afe9-5a7b-4f1e-acfc-96d2897e295e None None] For port f580c96a-b095-4d28-8685-79509d64ec0c, host n-h2-826675-6, got binding levels [PortBindingLevel(driver='hyperv',host='n-h2-826675-6',level=0,port_id=f580c96a-b095-4d28-8685-79509d64ec0c,segment=NetworkSegment(aefc3104-efdd-4c47-bf6d-b2acbe22dc6b),segment_id=aefc3104-efdd-4c47-bf6d-b2acbe22dc6b)] {{(pid=115040) get_binding_level_objs /opt/stack/neutron/neutron/plugins/ml2/db.py:74}}
Feb 01 15:52:29.707103 n-d-826675-6 neutron-server[115040]: DEBUG neutron.plugins.ml2.rpc [None req-33f4afe9-5a7b-4f1e-acfc-96d2897e295e None None] Returning: {'device': 'f580c96a-b095-4d28-8685-79509d64ec0c', 'network_id': 'a62faa1c-d141-4a43-b1ef-5c6c5a4a9650', 'port_id': 'f580c96a-b095-4d28-8685-79509d64ec0c', 'mac_address': 'fa:16:3e:59:eb:d0', 'admin_state_up': True, 'network_type': 'vlan', 'segmentation_id': 680, 'physical_network': 'physnet1', 'mtu': 1500, 'fixed_ips': [{'subnet_id': '4ff729b7-1108-4192-88d3-19c72f0ca899', 'ip_address': '192.168.233.48'}], 'device_owner': 'compute:nova', 'allowed_address_pairs': [], 'port_security_enabled': True, 'qos_policy_id': None, 'network_qos_policy_id': None, 'profile': {}, 'propagate_uplink_status': False} {{(pid=115040) _get_device_details /opt/stack/neutron/neutron/plugins/ml2/rpc.py:184}}
Feb 01 15:52:29.751620 n-d-826675-6 neutron-server[115040]: DEBUG neutron.plugins.ml2.plugin [None req-33f4afe9-5a7b-4f1e-acfc-96d2897e295e None None] Current status of the port f580c96a-b095-4d28-8685-79509d64ec0c is: DOWN; New status is: BUILD {{(pid=115040) _update_individual_port_db_status /opt/stack/neutron/neutron/plugins/ml2/plugin.py:2238}}
Feb 01 15:52:29.752016 n-d-826675-6 neutron-server[115040]: DEBUG neutron_lib.callbacks.manager [None req-33f4afe9-5a7b-4f1e-acfc-96d2897e295e None None] Publish callbacks ['neutron.plugins.ml2.plugin.SecurityGroupDbMixin._ensure_default_security_group_handler-1611928'] for port (f580c96a-b095-4d28-8685-79509d64ec0c), before_update {{(pid=115040) _notify_loop /usr/local/lib/python3.8/dist-packages/neutron_lib/callbacks/manager.py:176}}
Feb 01 15:52:29.766430 n-d-826675-6 neutron-server[115040]: DEBUG neutron.notifiers.nova [None req-33f4afe9-5a7b-4f1e-acfc-96d2897e295e None None] Ignoring state change previous_port_status: DOWN current_port_status: BUILD port_id f580c96a-b095-4d28-8685-79509d64ec0c {{(pid=115040) record_port_status_changed /opt/stack/neutron/neutron/notifiers/nova.py:228}}
Feb 01 15:52:29.788106 n-d-826675-6 neutron-server[115040]: DEBUG neutron.plugins.ml2.db [None req-33f4afe9-5a7b-4f1e-acfc-96d2897e295e None None] For port f580c96a-b095-4d28-8685-79509d64ec0c, host n-h2-826675-6, got binding levels [PortBindingLevel(driver='hyperv',host='n-h2-826675-6',level=0,port_id=f580c96a-b095-4d28-8685-79509d64ec0c,segment=NetworkSegment(aefc3104-efdd-4c47-bf6d-b2acbe22dc6b),segment_id=aefc3104-efdd-4c47-bf6d-b2acbe22dc6b)] {{(pid=115040) get_binding_level_objs /opt/stack/neutron/neutron/plugins/ml2/db.py:74}}
Feb 01 15:52:29.793390 n-d-826675-6 neutron-server[115040]: DEBUG neutron_lib.callbacks.manager [None req-33f4afe9-5a7b-4f1e-acfc-96d2897e295e None None] Publish callbacks ['neutron.plugins.ml2.plugin.SecurityGroupServerNotifierRpcMixin._notify_sg_on_port_change-1611591', 'neutron.plugins.ml2.ovo_rpc._ObjectChangeHandler.handle_event-429198', 'neutron.api.rpc.agentnotifiers.dhcp_rpc_agent_api.DhcpAgentNotifyAPI._native_event_send_dhcp_notification-559133', 'neutron.db.l3_db.L3RpcNotifierMixin._notify_gateway_port_ip_changed-8741609798858', 'neutron.db.l3_dvrscheduler_db._notify_l3_agent_port_update-8741609321768', 'neutron.db.l3_hascheduler_db._notify_l3_agent_ha_port_update-8741609321786'] for port (f580c96a-b095-4d28-8685-79509d64ec0c), after_update {{(pid=115040) _notify_loop /usr/local/lib/python3.8/dist-packages/neutron_lib/callbacks/manager.py:176}}
Feb 01 15:52:29.833132 n-d-826675-6 neutron-server[115039]: DEBUG neutron.pecan_wsgi.hooks.policy_enforcement [req-03d767a6-c38f-44e2-abc1-9fae5288c385 req-7243849b-2d3e-4b9a-8619-0a4a107f0bd8 tempest-LiveAutoBlockMigrationV225Test-1233754340 tempest-LiveAutoBlockMigrationV225Test-1233754340-project] Attributes excluded by policy engine: ['standard_attr_id', 'vlan_transparent', 'provider:network_type', 'provider:physical_network', 'provider:segmentation_id'] {{(pid=115039) _exclude_attributes_by_policy /opt/stack/neutron/neutron/pecan_wsgi/hooks/policy_enforcement.py:255}}
Feb 01 15:52:29.834936 n-d-826675-6 neutron-server[115039]: INFO neutron.wsgi [req-03d767a6-c38f-44e2-abc1-9fae5288c385 req-7243849b-2d3e-4b9a-8619-0a4a107f0bd8 tempest-LiveAutoBlockMigrationV225Test-1233754340 tempest-LiveAutoBlockMigrationV225Test-1233754340-project] 10.222.0.50 "GET /v2.0/networks?id=571ae093-d44b-4528-9f8a-9914737d50ca HTTP/1.1" status: 200 len: 820 time: 0.1131845
Feb 01 15:52:29.845583 n-d-826675-6 neutron-server[115040]: DEBUG neutron.api.rpc.handlers.resources_rpc [None req-33f4afe9-5a7b-4f1e-acfc-96d2897e295e None None] Pushing event updated for resources: {'Port': ['ID=f580c96a-b095-4d28-8685-79509d64ec0c,revision_number=4']} {{(pid=115040) push /opt/stack/neutron/neutron/api/rpc/handlers/resources_rpc.py:237}}
Feb 01 15:52:29.856268 n-d-826675-6 neutron-server[115039]: INFO neutron.wsgi [req-03d767a6-c38f-44e2-abc1-9fae5288c385 req-422bc65a-846d-4225-b862-530716115d1c tempest-LiveAutoBlockMigrationV225Test-1233754340 tempest-LiveAutoBlockMigrationV225Test-1233754340-project] 10.222.0.50 "GET /v2.0/quotas/b85604e82f814765b48cc0d62aa3cc07 HTTP/1.1" status: 200 len: 375 time: 0.0157983
Feb 01 15:52:29.889826 n-d-826675-6 neutron-server[115039]: INFO neutron.wsgi [req-03d767a6-c38f-44e2-abc1-9fae5288c385 req-d5b37490-4687-4ff0-a96b-bbdf813e912b tempest-LiveAutoBlockMigrationV225Test-1233754340 tempest-LiveAutoBlockMigrationV225Test-1233754340-project] 10.222.0.50 "GET /v2.0/ports?tenant_id=b85604e82f814765b48cc0d62aa3cc07&fields=id HTTP/1.1" status: 200 len: 210 time: 0.0326900
Feb 01 15:52:30.047616 n-d-826675-6 neutron-server[115039]: DEBUG neutron.pecan_wsgi.hooks.policy_enforcement [req-01a0f0ee-43da-4aa4-8984-f735380ac1e8 req-b8be921d-fae7-4a2b-84de-5c365dc9dc02 tempest-ServersWithSpecificFlavorTestJSON-808250849 tempest-ServersWithSpecificFlavorTestJSON-808250849-project] Attributes excluded by policy engine: ['standard_attr_id', 'binding:profile', 'binding:host_id', 'binding:vif_type', 'binding:vif_details'] {{(pid=115039) _exclude_attributes_by_policy /opt/stack/neutron/neutron/pecan_wsgi/hooks/policy_enforcement.py:255}}
Feb 01 15:52:30.049230 n-d-826675-6 neutron-server[115039]: INFO neutron.wsgi [req-01a0f0ee-43da-4aa4-8984-f735380ac1e8 req-b8be921d-fae7-4a2b-84de-5c365dc9dc02 tempest-ServersWithSpecificFlavorTestJSON-808250849 tempest-ServersWithSpecificFlavorTestJSON-808250849-project] 10.222.0.50 "GET /v2.0/ports?device_id=7df2b885-8621-4d76-96f2-d73e4a258c53 HTTP/1.1" status: 200 len: 965 time: 0.0681591
Feb 01 15:52:30.067430 n-d-826675-6 neutron-server[115039]: DEBUG neutron.wsgi [req-03d767a6-c38f-44e2-abc1-9fae5288c385 req-eaaf1cf0-3265-4a3b-9feb-4843bd20079d service neutron] http://10.222.0.50:9696/v2.0/extensions returned with HTTP 200 {{(pid=115039) __call__ /opt/stack/neutron/neutron/wsgi.py:730}}
Feb 01 15:52:30.068494 n-d-826675-6 neutron-server[115039]: INFO neutron.wsgi [req-03d767a6-c38f-44e2-abc1-9fae5288c385 req-eaaf1cf0-3265-4a3b-9feb-4843bd20079d service neutron] 10.222.0.50 "GET /v2.0/extensions HTTP/1.1" status: 200 len: 14082 time: 0.0571442
Feb 01 15:52:30.091111 n-d-826675-6 neutron-server[115040]: DEBUG neutron.plugins.ml2.db [None req-33f4afe9-5a7b-4f1e-acfc-96d2897e295e None None] get_ports_and_sgs() called for port_ids ['f580c96a-b095-4d28-8685-79509d64ec0c'] {{(pid=115040) get_ports_and_sgs /opt/stack/neutron/neutron/plugins/ml2/db.py:156}}
Feb 01 15:52:30.160168 n-d-826675-6 neutron-server[115039]: INFO neutron.wsgi [req-01a0f0ee-43da-4aa4-8984-f735380ac1e8 req-c76e8c31-3e2e-4fa2-9bd2-97f063f1a508 tempest-ServersWithSpecificFlavorTestJSON-808250849 tempest-ServersWithSpecificFlavorTestJSON-808250849-project] 10.222.0.50 "GET /v2.0/security-groups?id=9b0c7d6f-c638-463b-8c23-b59be43cd259&fields=id&fields=name HTTP/1.1" status: 200 len: 313 time: 0.1053791
Feb 01 15:52:30.206968 n-d-826675-6 neutron-server[115039]: INFO neutron.wsgi [req-03d767a6-c38f-44e2-abc1-9fae5288c385 req-ccdb29aa-0089-4802-b8de-b5bb9ef37cb8 service neutron] 10.222.0.50 "GET /v2.0/networks/571ae093-d44b-4528-9f8a-9914737d50ca?fields=segments HTTP/1.1" status: 200 len: 212 time: 0.1306365
Feb 01 15:52:30.225868 n-d-826675-6 neutron-server[115040]: DEBUG neutron_lib.callbacks.manager [None req-e00ce40f-6019-4dc5-b211-789fba1490e4 None None] Publish callbacks ['neutron.services.segments.db._update_segment_host_mapping_for_agent-8741609837424', 'neutron.plugins.ml2.plugin.Ml2Plugin._retry_binding_revived_agents-1697614'] for agent (ba955580-4907-4240-8ccc-1e192cdf9c7b), after_update {{(pid=115040) _notify_loop /usr/local/lib/python3.8/dist-packages/neutron_lib/callbacks/manager.py:176}}
Feb 01 15:52:30.294059 n-d-826675-6 neutron-server[115039]: INFO neutron.wsgi [req-03d767a6-c38f-44e2-abc1-9fae5288c385 req-89ce3443-9d24-4e6f-b193-12e23dbd7038 service neutron] 10.222.0.50 "GET /v2.0/networks/571ae093-d44b-4528-9f8a-9914737d50ca?fields=provider%3Aphysical_network&fields=provider%3Anetwork_type HTTP/1.1" status: 200 len: 281 time: 0.0861180
Feb 01 15:52:30.491687 n-d-826675-6 neutron-server[115039]: INFO neutron.wsgi [req-b0bbea17-0112-4c99-849d-18f248b9b57d req-9eb4b20b-7fbe-4e0a-baff-38c9e4a5be34 tempest-LiveAutoBlockMigrationV225Test-1233754340 tempest-LiveAutoBlockMigrationV225Test-1233754340-project] 10.222.0.50 "GET /v2.0/ports?device_id=233255db-1fdb-4380-b217-5bb21877507f HTTP/1.1" status: 200 len: 210 time: 0.0379035
Feb 01 15:52:30.503464 n-d-826675-6 neutron-server[115039]: DEBUG neutron.pecan_wsgi.hooks.policy_enforcement [req-0adf607a-a9ed-427a-bbbd-bc3c8fb91468 req-e6f5675b-3dac-4033-8f47-4f88aa09f86c tempest-DeleteServersAdminTestJSON-399345830 tempest-DeleteServersAdminTestJSON-399345830-project] Attributes excluded by policy engine: ['standard_attr_id', 'binding:profile', 'binding:host_id', 'binding:vif_type', 'binding:vif_details'] {{(pid=115039) _exclude_attributes_by_policy /opt/stack/neutron/neutron/pecan_wsgi/hooks/policy_enforcement.py:255}}
Feb 01 15:52:30.511305 n-d-826675-6 neutron-server[115039]: INFO neutron.wsgi [req-0adf607a-a9ed-427a-bbbd-bc3c8fb91468 req-e6f5675b-3dac-4033-8f47-4f88aa09f86c tempest-DeleteServersAdminTestJSON-399345830 tempest-DeleteServersAdminTestJSON-399345830-project] 10.222.0.50 "GET /v2.0/ports?device_id=02814474-7d39-4eff-98e5-362f9c31df28 HTTP/1.1" status: 200 len: 948 time: 0.1226034
Feb 01 15:52:30.579259 n-d-826675-6 neutron-server[115039]: INFO neutron.wsgi [req-0adf607a-a9ed-427a-bbbd-bc3c8fb91468 req-f19b010a-5054-4f15-bc5a-40c04fd6c4e2 tempest-DeleteServersAdminTestJSON-399345830 tempest-DeleteServersAdminTestJSON-399345830-project] 10.222.0.50 "GET /v2.0/security-groups?id=95b9a6c2-d207-4cca-a091-c478c9b6f8aa&fields=id&fields=name HTTP/1.1" status: 200 len: 286 time: 0.0633080
Feb 01 15:52:30.680680 n-d-826675-6 neutron-server[115039]: DEBUG neutron.pecan_wsgi.hooks.policy_enforcement [req-0c00da01-9699-4c34-b7e0-6ed0f0582037 req-b6ddc597-f14d-4c95-b812-87e03ec6a7e0 tempest-AggregatesAdminTestJSON-265850921 tempest-AggregatesAdminTestJSON-265850921-project] Attributes excluded by policy engine: ['standard_attr_id', 'binding:profile', 'binding:host_id', 'binding:vif_type', 'binding:vif_details'] {{(pid=115039) _exclude_attributes_by_policy /opt/stack/neutron/neutron/pecan_wsgi/hooks/policy_enforcement.py:255}}
Feb 01 15:52:30.682677 n-d-826675-6 neutron-server[115039]: INFO neutron.wsgi [req-0c00da01-9699-4c34-b7e0-6ed0f0582037 req-b6ddc597-f14d-4c95-b812-87e03ec6a7e0 tempest-AggregatesAdminTestJSON-265850921 tempest-AggregatesAdminTestJSON-265850921-project] 10.222.0.50 "GET /v2.0/ports?device_id=0e6c96bd-2f7a-45c2-8300-82b04417aead HTTP/1.1" status: 200 len: 971 time: 0.0728509
Feb 01 15:52:30.747758 n-d-826675-6 neutron-server[115039]: INFO neutron.wsgi [req-0c00da01-9699-4c34-b7e0-6ed0f0582037 req-a33a346c-201e-4f97-8cef-b3d7ea68086c tempest-AggregatesAdminTestJSON-265850921 tempest-AggregatesAdminTestJSON-265850921-project] 10.222.0.50 "GET /v2.0/security-groups?id=a27ac00c-1524-4002-9562-4a2d242282f2&fields=id&fields=name HTTP/1.1" status: 200 len: 286 time: 0.0584040
Feb 01 15:52:30.965728 n-d-826675-6 neutron-server[115039]: DEBUG neutron.pecan_wsgi.hooks.policy_enforcement [req-0f254a4d-dba4-4704-8f8b-6160370a0d4b req-31247a71-a7bf-4646-9eb2-bde4ead75233 tempest-AggregatesAdminTestJSON-126040186 tempest-AggregatesAdminTestJSON-126040186-project-admin] Attributes excluded by policy engine: ['standard_attr_id'] {{(pid=115039) _exclude_attributes_by_policy /opt/stack/neutron/neutron/pecan_wsgi/hooks/policy_enforcement.py:255}}
Feb 01 15:52:30.967448 n-d-826675-6 neutron-server[115039]: INFO neutron.wsgi [req-0f254a4d-dba4-4704-8f8b-6160370a0d4b req-31247a71-a7bf-4646-9eb2-bde4ead75233 tempest-AggregatesAdminTestJSON-126040186 tempest-AggregatesAdminTestJSON-126040186-project-admin] 10.222.0.50 "GET /v2.0/ports?device_id=0e6c96bd-2f7a-45c2-8300-82b04417aead HTTP/1.1" status: 200 len: 1153 time: 0.0662658
Feb 01 15:52:30.987745 n-d-826675-6 neutron-server[115039]: DEBUG neutron_lib.callbacks.manager [req-0f254a4d-dba4-4704-8f8b-6160370a0d4b req-6943dde0-1c8e-42d1-bd8c-363df81a489e tempest-AggregatesAdminTestJSON-126040186 tempest-AggregatesAdminTestJSON-126040186-project-admin] Publish callbacks [] for security_group (None), before_create {{(pid=115039) _notify_loop /usr/local/lib/python3.8/dist-packages/neutron_lib/callbacks/manager.py:176}}
Feb 01 15:52:31.014286 n-d-826675-6 neutron-server[115038]: DEBUG neutron.wsgi [-] (115038) accepted ('10.222.0.50', 41988) {{(pid=115038) server /usr/local/lib/python3.8/dist-packages/eventlet/wsgi.py:1004}}
Feb 01 15:52:31.072106 n-d-826675-6 neutron-server[115039]: DEBUG neutron_lib.callbacks.manager [req-0f254a4d-dba4-4704-8f8b-6160370a0d4b req-6943dde0-1c8e-42d1-bd8c-363df81a489e tempest-AggregatesAdminTestJSON-126040186 tempest-AggregatesAdminTestJSON-126040186-project-admin] Publish callbacks [] for security_group (f8bb55f9-bc5f-4659-9c25-5b2ecc0089b6), precommit_create {{(pid=115039) _notify_loop /usr/local/lib/python3.8/dist-packages/neutron_lib/callbacks/manager.py:176}}
Feb 01 15:52:31.077406 n-d-826675-6 neutron-server[115039]: DEBUG neutron_lib.callbacks.manager [req-0f254a4d-dba4-4704-8f8b-6160370a0d4b req-6943dde0-1c8e-42d1-bd8c-363df81a489e tempest-AggregatesAdminTestJSON-126040186 tempest-AggregatesAdminTestJSON-126040186-project-admin] Publish callbacks ['neutron.plugins.ml2.ovo_rpc._ObjectChangeHandler.handle_event-566961'] for security_group (f8bb55f9-bc5f-4659-9c25-5b2ecc0089b6), after_create {{(pid=115039) _notify_loop /usr/local/lib/python3.8/dist-packages/neutron_lib/callbacks/manager.py:176}}
Feb 01 15:52:31.123975 n-d-826675-6 neutron-server[115039]: INFO neutron.wsgi [req-0f254a4d-dba4-4704-8f8b-6160370a0d4b req-6943dde0-1c8e-42d1-bd8c-363df81a489e tempest-AggregatesAdminTestJSON-126040186 tempest-AggregatesAdminTestJSON-126040186-project-admin] 10.222.0.50 "GET /v2.0/security-groups?id=a27ac00c-1524-4002-9562-4a2d242282f2&fields=id&fields=name HTTP/1.1" status: 200 len: 286 time: 0.1503913
Feb 01 15:52:31.126194 n-d-826675-6 neutron-server[115039]: DEBUG neutron.api.rpc.handlers.resources_rpc [None req-6943dde0-1c8e-42d1-bd8c-363df81a489e tempest-AggregatesAdminTestJSON-126040186 tempest-AggregatesAdminTestJSON-126040186-project-admin] Pushing event updated for resources: {'SecurityGroup': ['ID=f8bb55f9-bc5f-4659-9c25-5b2ecc0089b6,revision_number=1']} {{(pid=115039) push /opt/stack/neutron/neutron/api/rpc/handlers/resources_rpc.py:237}}
