Feb 01 13:55:51.997414 n-d-826675-5 neutron-server[103285]: DEBUG neutron.api.rpc.handlers.resources_rpc [None req-45ec0b72-ceb7-42b8-af70-d8433069f3e0 admin admin] Pushing event updated for resources: {'Network': ['ID=b8147dbf-f873-48a1-a4be-a748c363da63,revision_number=1']} {{(pid=103285) push /opt/stack/neutron/neutron/api/rpc/handlers/resources_rpc.py:237}}
Feb 01 13:55:52.012912 n-d-826675-5 neutron-server[103287]: DEBUG neutron.plugins.ml2.rpc [None req-19fed73b-2fa0-432d-88dc-0ded309ae4f5 None None] Network b8147dbf-f873-48a1-a4be-a748c363da63 details requested by agent ovs-agent-n-d-826675-5 with host n-d-826675-5 {{(pid=103287) get_network_details /opt/stack/neutron/neutron/plugins/ml2/rpc.py:248}}
Feb 01 13:55:52.029242 n-d-826675-5 neutron-server[103285]: INFO neutron.wsgi [req-d24525c1-b4e5-463e-9fa4-a25ac8a573d3 req-c7f857ac-d916-430b-a8c8-e6e81f913c77 tempest-DeleteServersAdminTestJSON-1986925123 tempest-DeleteServersAdminTestJSON-1986925123-project] 10.222.0.47 "GET /v2.0/security-groups?id=605dc47c-8d5c-432f-ac7d-6e706a0531a4&fields=id&fields=name HTTP/1.1" status: 200 len: 286 time: 0.1187184
Feb 01 13:55:52.030300 n-d-826675-5 neutron-server[103285]: DEBUG neutron.pecan_wsgi.hooks.quota_enforcement [None req-ec82c41c-cf3e-42f0-8e5e-0017fdd027f0 admin admin] Made reservation on behalf of 106f1d30e57c4450acecb90a70eed807 for: {'subnet': 1} {{(pid=103285) before /opt/stack/neutron/neutron/pecan_wsgi/hooks/quota_enforcement.py:53}}
Feb 01 13:55:52.032873 n-d-826675-5 neutron-server[103285]: DEBUG neutron_lib.callbacks.manager [None req-ec82c41c-cf3e-42f0-8e5e-0017fdd027f0 admin admin] Publish callbacks [] for subnet (None), before_create {{(pid=103285) _notify_loop /usr/local/lib/python3.8/dist-packages/neutron_lib/callbacks/manager.py:176}}
Feb 01 13:55:52.062468 n-d-826675-5 neutron-server[103286]: DEBUG neutron.pecan_wsgi.hooks.policy_enforcement [req-3d547437-7e63-4112-8e73-1a45b69567b8 req-d46e5128-be86-4e71-8fc9-a7e27a1fe91b tempest-MigrationsAdminTest-2004327754 tempest-MigrationsAdminTest-2004327754-project] Attributes excluded by policy engine: ['standard_attr_id', 'vlan_transparent', 'provider:network_type', 'provider:physical_network', 'provider:segmentation_id'] {{(pid=103286) _exclude_attributes_by_policy /opt/stack/neutron/neutron/pecan_wsgi/hooks/policy_enforcement.py:255}}
Feb 01 13:55:52.065995 n-d-826675-5 neutron-server[103286]: INFO neutron.wsgi [req-3d547437-7e63-4112-8e73-1a45b69567b8 req-d46e5128-be86-4e71-8fc9-a7e27a1fe91b tempest-MigrationsAdminTest-2004327754 tempest-MigrationsAdminTest-2004327754-project] 10.222.0.46 "GET /v2.0/networks?shared=True HTTP/1.1" status: 200 len: 769 time: 0.2800462
Feb 01 13:55:52.084587 n-d-826675-5 neutron-server[103286]: DEBUG neutron.api.v2.base [req-3d547437-7e63-4112-8e73-1a45b69567b8 req-697e9fa2-b88e-4c5e-a720-0044c217002a tempest-MigrationsAdminTest-2004327754 tempest-MigrationsAdminTest-2004327754-project] Request body: {'port': {'device_id': '1d023bd5-d3da-4aa4-a112-6ec68e3a22b0', 'network_id': 'f3b673d2-4770-4389-b786-6f85d2467af1', 'admin_state_up': True, 'tenant_id': 'a048e0fd0679494099fc805fd5a5da4e'}} {{(pid=103286) prepare_request_body /opt/stack/neutron/neutron/api/v2/base.py:729}}
Feb 01 13:55:52.296422 n-d-826675-5 neutron-server[103287]: DEBUG neutron.plugins.ml2.rpc [None req-f3c38709-216f-401f-b07d-e68a088cd957 None None] Device 2cec894d-c746-489e-9434-8cc4dbb2cdd6 details requested by agent hyperv_n-h1-826675-5 with host n-h1-826675-5 {{(pid=103287) get_device_details /opt/stack/neutron/neutron/plugins/ml2/rpc.py:102}}
Feb 01 13:55:52.337756 n-d-826675-5 neutron-server[103286]: DEBUG neutron.pecan_wsgi.hooks.quota_enforcement [req-3d547437-7e63-4112-8e73-1a45b69567b8 req-697e9fa2-b88e-4c5e-a720-0044c217002a tempest-MigrationsAdminTest-2004327754 tempest-MigrationsAdminTest-2004327754-project] Made reservation on behalf of a048e0fd0679494099fc805fd5a5da4e for: {'port': 1} {{(pid=103286) before /opt/stack/neutron/neutron/pecan_wsgi/hooks/quota_enforcement.py:53}}
Feb 01 13:55:52.342210 n-d-826675-5 neutron-server[103286]: DEBUG neutron_lib.callbacks.manager [req-3d547437-7e63-4112-8e73-1a45b69567b8 req-697e9fa2-b88e-4c5e-a720-0044c217002a tempest-MigrationsAdminTest-2004327754 tempest-MigrationsAdminTest-2004327754-project] Publish callbacks ['neutron.plugins.ml2.plugin.SecurityGroupDbMixin._ensure_default_security_group_handler-3647617'] for port (None), before_create {{(pid=103286) _notify_loop /usr/local/lib/python3.8/dist-packages/neutron_lib/callbacks/manager.py:176}}
Feb 01 13:55:52.355590 n-d-826675-5 neutron-server[103286]: DEBUG neutron_lib.callbacks.manager [req-3d547437-7e63-4112-8e73-1a45b69567b8 req-697e9fa2-b88e-4c5e-a720-0044c217002a tempest-MigrationsAdminTest-2004327754 tempest-MigrationsAdminTest-2004327754-project] Publish callbacks [] for security_group (None), before_create {{(pid=103286) _notify_loop /usr/local/lib/python3.8/dist-packages/neutron_lib/callbacks/manager.py:176}}
Feb 01 13:55:52.359248 n-d-826675-5 neutron-server[103285]: DEBUG neutron_lib.callbacks.manager [None req-ec82c41c-cf3e-42f0-8e5e-0017fdd027f0 admin admin] Publish callbacks ['neutron.plugins.ml2.ovo_rpc._ObjectChangeHandler.handle_event-1514257', 'neutron.api.rpc.agentnotifiers.dhcp_rpc_agent_api.DhcpAgentNotifyAPI._native_event_send_dhcp_notification-1606662'] for subnet (397de905-52fa-42b5-9ecf-aa9b267434a7), after_create {{(pid=103285) _notify_loop /usr/local/lib/python3.8/dist-packages/neutron_lib/callbacks/manager.py:176}}
Feb 01 13:55:52.413773 n-d-826675-5 neutron-server[103285]: DEBUG neutron.api.rpc.handlers.resources_rpc [None req-ec82c41c-cf3e-42f0-8e5e-0017fdd027f0 admin admin] Pushing event updated for resources: {'Subnet': ['ID=397de905-52fa-42b5-9ecf-aa9b267434a7,revision_number=0']} {{(pid=103285) push /opt/stack/neutron/neutron/api/rpc/handlers/resources_rpc.py:237}}
Feb 01 13:55:52.423237 n-d-826675-5 neutron-server[103285]: DEBUG neutron.pecan_wsgi.hooks.policy_enforcement [req-8db03890-6cd0-49d9-8de6-28bb91db8612 req-75f36d33-28a5-4ad6-bba1-7ae4a5e2d41c tempest-ServersWithSpecificFlavorTestJSON-541547599 tempest-ServersWithSpecificFlavorTestJSON-541547599-project] Attributes excluded by policy engine: ['standard_attr_id', 'binding:profile', 'binding:host_id', 'binding:vif_type', 'binding:vif_details'] {{(pid=103285) _exclude_attributes_by_policy /opt/stack/neutron/neutron/pecan_wsgi/hooks/policy_enforcement.py:255}}
Feb 01 13:55:52.424496 n-d-826675-5 neutron-server[103285]: INFO neutron.wsgi [req-8db03890-6cd0-49d9-8de6-28bb91db8612 req-75f36d33-28a5-4ad6-bba1-7ae4a5e2d41c tempest-ServersWithSpecificFlavorTestJSON-541547599 tempest-ServersWithSpecificFlavorTestJSON-541547599-project] 10.222.0.47 "GET /v2.0/ports?device_id=60c0cbe2-e4fa-44e2-9032-14174d519b9e HTTP/1.1" status: 200 len: 967 time: 0.2244806
Feb 01 13:55:52.453527 n-d-826675-5 neutron-server[103287]: DEBUG neutron.plugins.ml2.db [None req-f3c38709-216f-401f-b07d-e68a088cd957 None None] For port 2cec894d-c746-489e-9434-8cc4dbb2cdd6, host n-h1-826675-5, got binding levels [PortBindingLevel(driver='hyperv',host='n-h1-826675-5',level=0,port_id=2cec894d-c746-489e-9434-8cc4dbb2cdd6,segment=NetworkSegment(08f4b9c3-891c-4fb0-95e6-03d71f18a8d7),segment_id=08f4b9c3-891c-4fb0-95e6-03d71f18a8d7)] {{(pid=103287) get_binding_level_objs /opt/stack/neutron/neutron/plugins/ml2/db.py:74}}
Feb 01 13:55:52.458042 n-d-826675-5 neutron-server[103286]: DEBUG neutron_lib.callbacks.manager [req-3d547437-7e63-4112-8e73-1a45b69567b8 req-697e9fa2-b88e-4c5e-a720-0044c217002a tempest-MigrationsAdminTest-2004327754 tempest-MigrationsAdminTest-2004327754-project] Publish callbacks [] for security_group (107a39ea-46d6-496e-ae9f-e6e10c4a3f18), precommit_create {{(pid=103286) _notify_loop /usr/local/lib/python3.8/dist-packages/neutron_lib/callbacks/manager.py:176}}
Feb 01 13:55:52.460457 n-d-826675-5 neutron-server[103285]: DEBUG neutron.plugins.ml2.drivers.mech_agent [None req-ec82c41c-cf3e-42f0-8e5e-0017fdd027f0 admin admin] Checking segment: {'id': 'c1893dab-bf8c-4448-bd81-74b4ed73941f', 'network_type': 'vlan', 'physical_network': 'physnet1', 'segmentation_id': 233, 'network_id': 'b8147dbf-f873-48a1-a4be-a748c363da63'} for mappings: {'physnet1': 'br-data'} with network types: ['local', 'flat', 'vlan'] {{(pid=103285) check_segment_for_agent /opt/stack/neutron/neutron/plugins/ml2/drivers/mech_agent.py:373}}
Feb 01 13:55:52.460818 n-d-826675-5 neutron-server[103285]: DEBUG neutron.scheduler.dhcp_agent_scheduler [None req-ec82c41c-cf3e-42f0-8e5e-0017fdd027f0 admin admin] Network hostable DHCP agents. Network: b8147dbf-f873-48a1-a4be-a748c363da63, hostable agents: ['5ca7bb06-85ec-472e-a74a-98940c4058a5'], hosted agents: [] {{(pid=103285) _get_network_hostable_dhcp_agents /opt/stack/neutron/neutron/scheduler/dhcp_agent_scheduler.py:329}}
Feb 01 13:55:52.462589 n-d-826675-5 neutron-server[103286]: DEBUG neutron_lib.callbacks.manager [req-3d547437-7e63-4112-8e73-1a45b69567b8 req-697e9fa2-b88e-4c5e-a720-0044c217002a tempest-MigrationsAdminTest-2004327754 tempest-MigrationsAdminTest-2004327754-project] Publish callbacks ['neutron.plugins.ml2.ovo_rpc._ObjectChangeHandler.handle_event-1511352'] for security_group (107a39ea-46d6-496e-ae9f-e6e10c4a3f18), after_create {{(pid=103286) _notify_loop /usr/local/lib/python3.8/dist-packages/neutron_lib/callbacks/manager.py:176}}
Feb 01 13:55:52.470210 n-d-826675-5 neutron-server[103287]: DEBUG neutron.plugins.ml2.rpc [None req-f3c38709-216f-401f-b07d-e68a088cd957 None None] Returning: {'device': '2cec894d-c746-489e-9434-8cc4dbb2cdd6', 'network_id': 'f3b673d2-4770-4389-b786-6f85d2467af1', 'port_id': '2cec894d-c746-489e-9434-8cc4dbb2cdd6', 'mac_address': 'fa:16:3e:f1:58:12', 'admin_state_up': True, 'network_type': 'vlan', 'segmentation_id': 219, 'physical_network': 'physnet1', 'mtu': 1500, 'fixed_ips': [{'subnet_id': '1fa504a9-c27c-405d-857a-b75112b75586', 'ip_address': '192.168.233.88'}], 'device_owner': 'compute:nova', 'allowed_address_pairs': [], 'port_security_enabled': True, 'qos_policy_id': None, 'network_qos_policy_id': None, 'profile': {}, 'propagate_uplink_status': False} {{(pid=103287) _get_device_details /opt/stack/neutron/neutron/plugins/ml2/rpc.py:184}}
Feb 01 13:55:52.487330 n-d-826675-5 neutron-server[103285]: DEBUG neutron.scheduler.dhcp_agent_scheduler [None req-ec82c41c-cf3e-42f0-8e5e-0017fdd027f0 admin admin] Network b8147dbf-f873-48a1-a4be-a748c363da63 is scheduled to be hosted by DHCP agent 5ca7bb06-85ec-472e-a74a-98940c4058a5 with binding_index 1 {{(pid=103285) bind /opt/stack/neutron/neutron/scheduler/dhcp_agent_scheduler.py:227}}
Feb 01 13:55:52.511167 n-d-826675-5 neutron-server[103285]: DEBUG neutron.scheduler.base_scheduler [None req-ec82c41c-cf3e-42f0-8e5e-0017fdd027f0 admin admin] Resources bound (agent type, host, resource id): (DHCP agent, n-d-826675-5, b8147dbf-f873-48a1-a4be-a748c363da63) {{(pid=103285) schedule /opt/stack/neutron/neutron/scheduler/base_scheduler.py:57}}
Feb 01 13:55:52.515817 n-d-826675-5 neutron-server[103285]: DEBUG neutron.pecan_wsgi.hooks.policy_enforcement [None req-ec82c41c-cf3e-42f0-8e5e-0017fdd027f0 admin admin] Attributes excluded by policy engine: ['standard_attr_id', 'shared', 'network'] {{(pid=103285) _exclude_attributes_by_policy /opt/stack/neutron/neutron/pecan_wsgi/hooks/policy_enforcement.py:255}}
Feb 01 13:55:52.516481 n-d-826675-5 neutron-server[103285]: DEBUG neutron_lib.callbacks.manager [None req-ec82c41c-cf3e-42f0-8e5e-0017fdd027f0 admin admin] Publish callbacks ['neutron.api.rpc.agentnotifiers.dhcp_rpc_agent_api.DhcpAgentNotifyAPI._send_dhcp_notification-1606900'] for subnet (None), before_response {{(pid=103285) _notify_loop /usr/local/lib/python3.8/dist-packages/neutron_lib/callbacks/manager.py:176}}
Feb 01 13:55:52.534082 n-d-826675-5 neutron-server[103287]: DEBUG neutron.api.rpc.handlers.dhcp_rpc [None req-90ec576c-4cba-4dec-a333-69575a31aff6 None None] Network b8147dbf-f873-48a1-a4be-a748c363da63 requested from n-d-826675-5 {{(pid=103287) get_network_info /opt/stack/neutron/neutron/api/rpc/handlers/dhcp_rpc.py:191}}
Feb 01 13:55:52.541253 n-d-826675-5 neutron-server[103285]: INFO neutron.wsgi [req-8db03890-6cd0-49d9-8de6-28bb91db8612 req-66637767-d580-4958-98a7-dcea70548771 tempest-ServersWithSpecificFlavorTestJSON-541547599 tempest-ServersWithSpecificFlavorTestJSON-541547599-project] 10.222.0.47 "GET /v2.0/security-groups?id=5a574155-e96e-4a05-9bb1-3ac1c504ba62&fields=id&fields=name HTTP/1.1" status: 200 len: 313 time: 0.1043899
Feb 01 13:55:52.549765 n-d-826675-5 neutron-server[103285]: INFO neutron.wsgi [None req-ec82c41c-cf3e-42f0-8e5e-0017fdd027f0 admin admin] 10.222.0.47 "POST /v2.0/subnets HTTP/1.1" status: 201 len: 850 time: 0.6027045
Feb 01 13:55:52.552818 n-d-826675-5 neutron-server[103285]: DEBUG neutron.wsgi [-] (103285) accepted ('10.222.0.47', 50744) {{(pid=103285) server /usr/local/lib/python3.8/dist-packages/eventlet/wsgi.py:1004}}
Feb 01 13:55:52.554516 n-d-826675-5 neutron-server[103286]: DEBUG neutron.api.rpc.handlers.resources_rpc [None req-697e9fa2-b88e-4c5e-a720-0044c217002a tempest-MigrationsAdminTest-2004327754 tempest-MigrationsAdminTest-2004327754-project] Pushing event updated for resources: {'SecurityGroup': ['ID=107a39ea-46d6-496e-ae9f-e6e10c4a3f18,revision_number=1']} {{(pid=103286) push /opt/stack/neutron/neutron/api/rpc/handlers/resources_rpc.py:237}}
Feb 01 13:55:52.557356 n-d-826675-5 neutron-server[103285]: DEBUG neutron.api.v2.base [None req-97315fe8-4c82-442c-a145-d66d742dd415 admin admin] Request body: {'router': {'name': 'tempest-AttachSCSIVolumeTestJSON-457210092-router', 'tenant_id': '106f1d30e57c4450acecb90a70eed807', 'external_gateway_info': {'network_id': '142cfc1b-e8d4-4a41-9e18-caf44ff19ea7'}}} {{(pid=103285) prepare_request_body /opt/stack/neutron/neutron/api/v2/base.py:729}}
Feb 01 13:55:52.566771 n-d-826675-5 neutron-server[103287]: DEBUG neutron.plugins.ml2.plugin [None req-f3c38709-216f-401f-b07d-e68a088cd957 None None] Current status of the port 2cec894d-c746-489e-9434-8cc4dbb2cdd6 is: DOWN; New status is: BUILD {{(pid=103287) _update_individual_port_db_status /opt/stack/neutron/neutron/plugins/ml2/plugin.py:2238}}
Feb 01 13:55:52.567162 n-d-826675-5 neutron-server[103287]: DEBUG neutron_lib.callbacks.manager [None req-f3c38709-216f-401f-b07d-e68a088cd957 None None] Publish callbacks ['neutron.plugins.ml2.plugin.SecurityGroupDbMixin._ensure_default_security_group_handler-3647617'] for port (2cec894d-c746-489e-9434-8cc4dbb2cdd6), before_update {{(pid=103287) _notify_loop /usr/local/lib/python3.8/dist-packages/neutron_lib/callbacks/manager.py:176}}
Feb 01 13:55:52.606116 n-d-826675-5 neutron-server[103285]: DEBUG neutron_lib.callbacks.manager [None req-97315fe8-4c82-442c-a145-d66d742dd415 admin admin] Publish callbacks ['neutron.services.l3_router.l3_router_plugin.L3_HA_NAT_db_mixin._before_router_create_handler-1618613', 'neutron.services.l3_router.service_providers.driver_controller.DriverController._check_router_request-449'] for router (5faff208-9d44-4650-a9b8-ed93b98ca8db), before_create {{(pid=103285) _notify_loop /usr/local/lib/python3.8/dist-packages/neutron_lib/callbacks/manager.py:176}}
Feb 01 13:55:52.607250 n-d-826675-5 neutron-server[103285]: DEBUG neutron_lib.callbacks.manager [None req-97315fe8-4c82-442c-a145-d66d742dd415 admin admin] Publish callbacks ['neutron.services.l3_router.l3_router_plugin.L3_HA_NAT_db_mixin._precommit_router_create-1621829', 'neutron.services.l3_router.l3_router_plugin.DVRResourceOperationHandler._set_distributed_flag-1589995', 'neutron.services.l3_router.l3_router_plugin.RouterAvailabilityZoneMixin._process_az_request-1676137', 'neutron.services.l3_router.service_providers.driver_controller.DriverController._set_router_provider-458'] for router (5faff208-9d44-4650-a9b8-ed93b98ca8db), precommit_create {{(pid=103285) _notify_loop /usr/local/lib/python3.8/dist-packages/neutron_lib/callbacks/manager.py:176}}
Feb 01 13:55:52.649089 n-d-826675-5 neutron-server[103287]: DEBUG neutron.notifiers.nova [None req-f3c38709-216f-401f-b07d-e68a088cd957 None None] Ignoring state change previous_port_status: DOWN current_port_status: BUILD port_id 2cec894d-c746-489e-9434-8cc4dbb2cdd6 {{(pid=103287) record_port_status_changed /opt/stack/neutron/neutron/notifiers/nova.py:228}}
Feb 01 13:55:52.687322 n-d-826675-5 neutron-server[103286]: DEBUG neutron.db.db_base_plugin_common [req-3d547437-7e63-4112-8e73-1a45b69567b8 req-697e9fa2-b88e-4c5e-a720-0044c217002a tempest-MigrationsAdminTest-2004327754 tempest-MigrationsAdminTest-2004327754-project] Allocated IP 192.168.233.78 (f3b673d2-4770-4389-b786-6f85d2467af1/1fa504a9-c27c-405d-857a-b75112b75586/75b630b8-28d8-4d56-a581-e6e70cd59555) {{(pid=103286) _store_ip_allocation /opt/stack/neutron/neutron/db/db_base_plugin_common.py:131}}
Feb 01 13:55:52.764977 n-d-826675-5 neutron-server[103286]: DEBUG neutron.wsgi [-] (103286) accepted ('10.222.0.47', 50754) {{(pid=103286) server /usr/local/lib/python3.8/dist-packages/eventlet/wsgi.py:1004}}
Feb 01 13:55:52.860546 n-d-826675-5 neutron-server[103287]: DEBUG neutron.notifiers.nova [-] Sending events: [{'server_uuid': '60c0cbe2-e4fa-44e2-9032-14174d519b9e', 'name': 'network-vif-plugged', 'status': 'completed', 'tag': '695787dd-a36e-46c9-9a5b-0df4d8f920cc'}] {{(pid=103287) send_events /opt/stack/neutron/neutron/notifiers/nova.py:266}}
Feb 01 13:55:52.863096 n-d-826675-5 neutron-server[103287]: DEBUG novaclient.v2.client [-] REQ: curl -g -i --cacert "/opt/stack/data/ca-bundle.pem" -X POST http://10.222.0.47/compute/v2.1/os-server-external-events -H "Accept: application/json" -H "Content-Type: application/json" -H "User-Agent: python-novaclient" -H "X-Auth-Token: {SHA256}05f67e5d3d448f3b9af5b35cb36c00a64849a0ee37bed4eb5d90a18619508161" -H "X-OpenStack-Nova-API-Version: 2.1" -H "X-OpenStack-Request-ID: req-a126cc73-f58c-4548-a28f-797622d5ca38" -d '{"events": [{"server_uuid": "60c0cbe2-e4fa-44e2-9032-14174d519b9e", "name": "network-vif-plugged", "status": "completed", "tag": "695787dd-a36e-46c9-9a5b-0df4d8f920cc"}]}' {{(pid=103287) _http_log_request /usr/local/lib/python3.8/dist-packages/keystoneauth1/session.py:519}}
Feb 01 13:55:52.872776 n-d-826675-5 neutron-server[103286]: DEBUG neutron.pecan_wsgi.hooks.policy_enforcement [req-ccde1cdf-5ec0-44ef-9386-0b2b21a9482f req-8182679c-b465-445c-9caf-acf1d4c4f995 tempest-TenantUsagesTestJSON-1512582248 tempest-TenantUsagesTestJSON-1512582248-project] Attributes excluded by policy engine: ['standard_attr_id', 'binding:profile', 'binding:host_id', 'binding:vif_type', 'binding:vif_details'] {{(pid=103286) _exclude_attributes_by_policy /opt/stack/neutron/neutron/pecan_wsgi/hooks/policy_enforcement.py:255}}
Feb 01 13:55:52.874473 n-d-826675-5 neutron-server[103286]: INFO neutron.wsgi [req-ccde1cdf-5ec0-44ef-9386-0b2b21a9482f req-8182679c-b465-445c-9caf-acf1d4c4f995 tempest-TenantUsagesTestJSON-1512582248 tempest-TenantUsagesTestJSON-1512582248-project] 10.222.0.47 "GET /v2.0/ports?device_id=4cc026a4-50cf-4123-998d-8eb31ebe42a0 HTTP/1.1" status: 200 len: 947 time: 0.1284821
Feb 01 13:55:52.887314 n-d-826675-5 neutron-server[103287]: DEBUG neutron.plugins.ml2.db [None req-f3c38709-216f-401f-b07d-e68a088cd957 None None] For port 2cec894d-c746-489e-9434-8cc4dbb2cdd6, host n-h1-826675-5, got binding levels [PortBindingLevel(driver='hyperv',host='n-h1-826675-5',level=0,port_id=2cec894d-c746-489e-9434-8cc4dbb2cdd6,segment=NetworkSegment(08f4b9c3-891c-4fb0-95e6-03d71f18a8d7),segment_id=08f4b9c3-891c-4fb0-95e6-03d71f18a8d7)] {{(pid=103287) get_binding_level_objs /opt/stack/neutron/neutron/plugins/ml2/db.py:74}}
Feb 01 13:55:52.899634 n-d-826675-5 neutron-server[103287]: DEBUG neutron_lib.callbacks.manager [None req-f3c38709-216f-401f-b07d-e68a088cd957 None None] Publish callbacks ['neutron.plugins.ml2.plugin.SecurityGroupServerNotifierRpcMixin._notify_sg_on_port_change-3651166', 'neutron.plugins.ml2.ovo_rpc._ObjectChangeHandler.handle_event-857497', 'neutron.api.rpc.agentnotifiers.dhcp_rpc_agent_api.DhcpAgentNotifyAPI._native_event_send_dhcp_notification-1606662', 'neutron.db.l3_db.L3RpcNotifierMixin._notify_gateway_port_ip_changed-8747834898122', 'neutron.db.l3_dvrscheduler_db._notify_l3_agent_port_update-8747834371624', 'neutron.db.l3_hascheduler_db._notify_l3_agent_ha_port_update-8747834371642'] for port (2cec894d-c746-489e-9434-8cc4dbb2cdd6), after_update {{(pid=103287) _notify_loop /usr/local/lib/python3.8/dist-packages/neutron_lib/callbacks/manager.py:176}}
Feb 01 13:55:52.961704 n-d-826675-5 neutron-server[103287]: DEBUG neutron.api.rpc.handlers.dhcp_rpc [None req-f7af3151-c57f-4ebd-81a6-3ebab9e9ef38 None None] Create dhcp port {'port': {'name': '', 'admin_state_up': True, 'device_id': 'dhcpb6d27b2c-814f-52c2-9ca3-bd65616c90d4-b8147dbf-f873-48a1-a4be-a748c363da63', 'network_id': 'b8147dbf-f873-48a1-a4be-a748c363da63', 'project_id': '106f1d30e57c4450acecb90a70eed807', 'fixed_ips': [{'subnet_id': '397de905-52fa-42b5-9ecf-aa9b267434a7'}]}} from n-d-826675-5. {{(pid=103287) create_dhcp_port /opt/stack/neutron/neutron/api/rpc/handlers/dhcp_rpc.py:268}}
Feb 01 13:55:52.963249 n-d-826675-5 neutron-server[103287]: DEBUG neutron_lib.callbacks.manager [None req-f7af3151-c57f-4ebd-81a6-3ebab9e9ef38 None None] Publish callbacks ['neutron.plugins.ml2.plugin.SecurityGroupDbMixin._ensure_default_security_group_handler-3647617'] for port (None), before_create {{(pid=103287) _notify_loop /usr/local/lib/python3.8/dist-packages/neutron_lib/callbacks/manager.py:176}}
Feb 01 13:55:53.091611 n-d-826675-5 neutron-server[103285]: DEBUG neutron_lib.callbacks.manager [None req-97315fe8-4c82-442c-a145-d66d742dd415 admin admin] Publish callbacks [] for router_controller (5faff208-9d44-4650-a9b8-ed93b98ca8db), precommit_add_association {{(pid=103285) _notify_loop /usr/local/lib/python3.8/dist-packages/neutron_lib/callbacks/manager.py:176}}
Feb 01 13:55:53.105444 n-d-826675-5 neutron-server[103286]: INFO neutron.wsgi [req-ccde1cdf-5ec0-44ef-9386-0b2b21a9482f req-98ca092e-b449-4097-8dcc-ef25d3a8d456 tempest-TenantUsagesTestJSON-1512582248 tempest-TenantUsagesTestJSON-1512582248-project] 10.222.0.47 "GET /v2.0/security-groups?id=9f847829-6040-42fc-8a7c-998def79ba5d&fields=id&fields=name HTTP/1.1" status: 200 len: 286 time: 0.2114496
Feb 01 13:55:53.135833 n-d-826675-5 neutron-server[103286]: DEBUG neutron_lib.callbacks.manager [None req-347d09e7-e8cf-4775-ad29-7d8186d93f4f admin admin] Publish callbacks [] for security_group (None), before_create {{(pid=103286) _notify_loop /usr/local/lib/python3.8/dist-packages/neutron_lib/callbacks/manager.py:176}}
Feb 01 13:55:53.164079 n-d-826675-5 neutron-server[103285]: INFO neutron.wsgi [req-f2b7d37e-0ed0-4074-ab5b-f2b792e43b4f req-eff09abb-b7c9-45c3-a34a-14b1504dd40d tempest-MigrationsAdminTest-2004327754 tempest-MigrationsAdminTest-2004327754-project] 10.222.0.47 "GET /v2.0/ports?device_id=1d023bd5-d3da-4aa4-a112-6ec68e3a22b0 HTTP/1.1" status: 200 len: 210 time: 0.1059861
Feb 01 13:55:53.170434 n-d-826675-5 neutron-server[103287]: DEBUG neutron.api.rpc.handlers.resources_rpc [None req-f3c38709-216f-401f-b07d-e68a088cd957 None None] Pushing event updated for resources: {'Port': ['ID=2cec894d-c746-489e-9434-8cc4dbb2cdd6,revision_number=4']} {{(pid=103287) push /opt/stack/neutron/neutron/api/rpc/handlers/resources_rpc.py:237}}
Feb 01 13:55:53.214598 n-d-826675-5 neutron-server[103287]: DEBUG neutron.db.db_base_plugin_common [None req-f7af3151-c57f-4ebd-81a6-3ebab9e9ef38 None None] Allocated IP 172.20.0.2 (b8147dbf-f873-48a1-a4be-a748c363da63/397de905-52fa-42b5-9ecf-aa9b267434a7/576af19f-1557-4648-806f-7fdfaa89628d) {{(pid=103287) _store_ip_allocation /opt/stack/neutron/neutron/db/db_base_plugin_common.py:131}}
Feb 01 13:55:53.222001 n-d-826675-5 neutron-server[103286]: DEBUG neutron_lib.callbacks.manager [req-3d547437-7e63-4112-8e73-1a45b69567b8 req-697e9fa2-b88e-4c5e-a720-0044c217002a tempest-MigrationsAdminTest-2004327754 tempest-MigrationsAdminTest-2004327754-project] Publish callbacks [] for port (75b630b8-28d8-4d56-a581-e6e70cd59555), precommit_create {{(pid=103286) _notify_loop /usr/local/lib/python3.8/dist-packages/neutron_lib/callbacks/manager.py:176}}
Feb 01 13:55:53.323120 n-d-826675-5 neutron-server[103286]: DEBUG neutron_lib.callbacks.manager [req-3d547437-7e63-4112-8e73-1a45b69567b8 req-697e9fa2-b88e-4c5e-a720-0044c217002a tempest-MigrationsAdminTest-2004327754 tempest-MigrationsAdminTest-2004327754-project] Publish callbacks ['neutron.plugins.ml2.plugin.SecurityGroupServerNotifierRpcMixin._notify_sg_on_port_change-3651166', 'neutron.plugins.ml2.ovo_rpc._ObjectChangeHandler.handle_event-857497', 'neutron.api.rpc.agentnotifiers.dhcp_rpc_agent_api.DhcpAgentNotifyAPI._native_event_send_dhcp_notification-1606662', 'neutron.db.l3_dvrscheduler_db._notify_l3_agent_new_port-8747834371606', 'neutron.services.segments.plugin.NovaSegmentNotifier._notify_port_created_or_deleted-16009050'] for port (75b630b8-28d8-4d56-a581-e6e70cd59555), after_create {{(pid=103286) _notify_loop /usr/local/lib/python3.8/dist-packages/neutron_lib/callbacks/manager.py:176}}
Feb 01 13:55:53.369238 n-d-826675-5 neutron-server[103286]: DEBUG neutron_lib.callbacks.manager [None req-347d09e7-e8cf-4775-ad29-7d8186d93f4f admin admin] Publish callbacks [] for security_group (dd3ff63e-cbf4-48f1-afca-f7dfae22f927), precommit_create {{(pid=103286) _notify_loop /usr/local/lib/python3.8/dist-packages/neutron_lib/callbacks/manager.py:176}}
Feb 01 13:55:53.383540 n-d-826675-5 neutron-server[103286]: DEBUG neutron.scheduler.dhcp_agent_scheduler [req-3d547437-7e63-4112-8e73-1a45b69567b8 req-697e9fa2-b88e-4c5e-a720-0044c217002a tempest-MigrationsAdminTest-2004327754 tempest-MigrationsAdminTest-2004327754-project] Network f3b673d2-4770-4389-b786-6f85d2467af1 is already hosted by enough agents. {{(pid=103286) _get_dhcp_agents_hosting_network /opt/stack/neutron/neutron/scheduler/dhcp_agent_scheduler.py:275}}
Feb 01 13:55:53.386466 n-d-826675-5 neutron-server[103286]: DEBUG neutron_lib.callbacks.manager [None req-347d09e7-e8cf-4775-ad29-7d8186d93f4f admin admin] Publish callbacks ['neutron.plugins.ml2.ovo_rpc._ObjectChangeHandler.handle_event-1511352'] for security_group (dd3ff63e-cbf4-48f1-afca-f7dfae22f927), after_create {{(pid=103286) _notify_loop /usr/local/lib/python3.8/dist-packages/neutron_lib/callbacks/manager.py:176}}
Feb 01 13:55:53.396722 n-d-826675-5 neutron-server[103287]: DEBUG novaclient.v2.client [-] RESP: [200] Connection: close Content-Length: 183 Content-Type: application/json Date: Tue, 01 Feb 2022 13:55:52 GMT OpenStack-API-Version: compute 2.1 Server: Apache/2.4.41 (Ubuntu) Vary: OpenStack-API-Version,X-OpenStack-Nova-API-Version X-OpenStack-Nova-API-Version: 2.1 x-compute-request-id: req-1fd8f088-e2e1-4840-aa2d-8a58a5b07fcc x-openstack-request-id: req-1fd8f088-e2e1-4840-aa2d-8a58a5b07fcc {{(pid=103287) _http_log_response /usr/local/lib/python3.8/dist-packages/keystoneauth1/session.py:550}}
Feb 01 13:55:53.399707 n-d-826675-5 neutron-server[103287]: DEBUG novaclient.v2.client [-] RESP BODY: {"events": [{"server_uuid": "60c0cbe2-e4fa-44e2-9032-14174d519b9e", "name": "network-vif-plugged", "status": "completed", "tag": "695787dd-a36e-46c9-9a5b-0df4d8f920cc", "code": 200}]} {{(pid=103287) _http_log_response /usr/local/lib/python3.8/dist-packages/keystoneauth1/session.py:582}}
Feb 01 13:55:53.399976 n-d-826675-5 neutron-server[103287]: DEBUG novaclient.v2.client [-] POST call to compute for http://10.222.0.47/compute/v2.1/os-server-external-events used request id req-1fd8f088-e2e1-4840-aa2d-8a58a5b07fcc {{(pid=103287) request /usr/local/lib/python3.8/dist-packages/keystoneauth1/session.py:954}}
Feb 01 13:55:53.401439 n-d-826675-5 neutron-server[103287]: INFO neutron.notifiers.nova [-] Nova event response: {'server_uuid': '60c0cbe2-e4fa-44e2-9032-14174d519b9e', 'name': 'network-vif-plugged', 'status': 'completed', 'tag': '695787dd-a36e-46c9-9a5b-0df4d8f920cc', 'code': 200}
Feb 01 13:55:53.402941 n-d-826675-5 neutron-server[103286]: DEBUG neutron.scheduler.base_scheduler [req-3d547437-7e63-4112-8e73-1a45b69567b8 req-697e9fa2-b88e-4c5e-a720-0044c217002a tempest-MigrationsAdminTest-2004327754 tempest-MigrationsAdminTest-2004327754-project] Resources bound (agent type, host, resource id): {{(pid=103286) schedule /opt/stack/neutron/neutron/scheduler/base_scheduler.py:57}}
Feb 01 13:55:53.409375 n-d-826675-5 neutron-server[103287]: DEBUG neutron.plugins.ml2.db [None req-f3c38709-216f-401f-b07d-e68a088cd957 None None] get_ports_and_sgs() called for port_ids ['2cec894d-c746-489e-9434-8cc4dbb2cdd6'] {{(pid=103287) get_ports_and_sgs /opt/stack/neutron/neutron/plugins/ml2/db.py:156}}
Feb 01 13:55:53.410106 n-d-826675-5 neutron-server[103286]: DEBUG neutron.db.l3_dvrscheduler_db [req-3d547437-7e63-4112-8e73-1a45b69567b8 req-697e9fa2-b88e-4c5e-a720-0044c217002a tempest-MigrationsAdminTest-2004327754 tempest-MigrationsAdminTest-2004327754-project] Received port after_create {{(pid=103286) _notify_l3_agent_new_port /opt/stack/neutron/neutron/db/l3_dvrscheduler_db.py:536}}
Feb 01 13:55:53.447909 n-d-826675-5 neutron-server[103286]: DEBUG neutron.api.rpc.handlers.resources_rpc [None req-697e9fa2-b88e-4c5e-a720-0044c217002a tempest-MigrationsAdminTest-2004327754 tempest-MigrationsAdminTest-2004327754-project] Pushing event updated for resources: {'Port': ['ID=75b630b8-28d8-4d56-a581-e6e70cd59555,revision_number=1']} {{(pid=103286) push /opt/stack/neutron/neutron/api/rpc/handlers/resources_rpc.py:237}}
Feb 01 13:55:53.505692 n-d-826675-5 neutron-server[103286]: INFO neutron.wsgi [None req-347d09e7-e8cf-4775-ad29-7d8186d93f4f admin admin] 10.222.0.47 "GET /v2.0/security-groups?tenant_id=0e0426624e674fd8bc64557d4c21f066&name=default HTTP/1.1" status: 200 len: 2996 time: 0.7377710
Feb 01 13:55:53.508998 n-d-826675-5 neutron-server[103286]: DEBUG neutron.wsgi [-] (103286) accepted ('10.222.0.47', 50782) {{(pid=103286) server /usr/local/lib/python3.8/dist-packages/eventlet/wsgi.py:1004}}
Feb 01 13:55:53.534845 n-d-826675-5 neutron-server[103286]: DEBUG neutron.api.rpc.handlers.resources_rpc [None req-347d09e7-e8cf-4775-ad29-7d8186d93f4f admin admin] Pushing event updated for resources: {'SecurityGroup': ['ID=dd3ff63e-cbf4-48f1-afca-f7dfae22f927,revision_number=1']} {{(pid=103286) push /opt/stack/neutron/neutron/api/rpc/handlers/resources_rpc.py:237}}
Feb 01 13:55:53.562152 n-d-826675-5 neutron-server[103285]: DEBUG neutron_lib.callbacks.manager [None req-97315fe8-4c82-442c-a145-d66d742dd415 admin admin] Publish callbacks [] for router_gateway (5faff208-9d44-4650-a9b8-ed93b98ca8db), precommit_update {{(pid=103285) _notify_loop /usr/local/lib/python3.8/dist-packages/neutron_lib/callbacks/manager.py:176}}
Feb 01 13:55:53.587337 n-d-826675-5 neutron-server[103286]: DEBUG neutron.pecan_wsgi.hooks.policy_enforcement [req-3d547437-7e63-4112-8e73-1a45b69567b8 req-697e9fa2-b88e-4c5e-a720-0044c217002a tempest-MigrationsAdminTest-2004327754 tempest-MigrationsAdminTest-2004327754-project] Attributes excluded by policy engine: ['standard_attr_id', 'binding:profile', 'binding:host_id', 'binding:vif_type', 'binding:vif_details', 'network'] {{(pid=103286) _exclude_attributes_by_policy /opt/stack/neutron/neutron/pecan_wsgi/hooks/policy_enforcement.py:255}}
Feb 01 13:55:53.588110 n-d-826675-5 neutron-server[103286]: DEBUG neutron_lib.callbacks.manager [req-3d547437-7e63-4112-8e73-1a45b69567b8 req-697e9fa2-b88e-4c5e-a720-0044c217002a tempest-MigrationsAdminTest-2004327754 tempest-MigrationsAdminTest-2004327754-project] Publish callbacks ['neutron.notifiers.nova.Notifier._send_nova_notification-41549', 'neutron.api.rpc.agentnotifiers.dhcp_rpc_agent_api.DhcpAgentNotifyAPI._send_dhcp_notification-1606900'] for port (None), before_response {{(pid=103286) _notify_loop /usr/local/lib/python3.8/dist-packages/neutron_lib/callbacks/manager.py:176}}
Feb 01 13:55:53.651424 n-d-826675-5 neutron-server[103286]: INFO neutron.wsgi [req-3d547437-7e63-4112-8e73-1a45b69567b8 req-697e9fa2-b88e-4c5e-a720-0044c217002a tempest-MigrationsAdminTest-2004327754 tempest-MigrationsAdminTest-2004327754-project] 10.222.0.46 "POST /v2.0/ports HTTP/1.1" status: 201 len: 937 time: 1.5750127
Feb 01 13:55:53.666352 n-d-826675-5 neutron-server[103285]: DEBUG neutron.pecan_wsgi.hooks.policy_enforcement [req-244b6e2d-2e97-4c48-9297-72ccb2cfe9fd req-479dcd2d-2204-41ca-acbc-7ce5c048ce59 tempest-DeleteServersAdminTestJSON-1986925123 tempest-DeleteServersAdminTestJSON-1986925123-project] Attributes excluded by policy engine: ['standard_attr_id', 'binding:profile', 'binding:host_id', 'binding:vif_type', 'binding:vif_details'] {{(pid=103285) _exclude_attributes_by_policy /opt/stack/neutron/neutron/pecan_wsgi/hooks/policy_enforcement.py:255}}
Feb 01 13:55:53.668137 n-d-826675-5 neutron-server[103286]: DEBUG neutron.api.v2.base [req-3d547437-7e63-4112-8e73-1a45b69567b8 req-9ec22f11-cc8e-491d-ac96-14731424c2ff service neutron] Request body: {'port': {'device_id': '1d023bd5-d3da-4aa4-a112-6ec68e3a22b0', 'device_owner': 'compute:nova', 'binding:host_id': 'n-h1-826675-5'}} {{(pid=103286) prepare_request_body /opt/stack/neutron/neutron/api/v2/base.py:729}}
Feb 01 13:55:53.670001 n-d-826675-5 neutron-server[103285]: INFO neutron.wsgi [req-244b6e2d-2e97-4c48-9297-72ccb2cfe9fd req-479dcd2d-2204-41ca-acbc-7ce5c048ce59 tempest-DeleteServersAdminTestJSON-1986925123 tempest-DeleteServersAdminTestJSON-1986925123-project] 10.222.0.47 "GET /v2.0/ports?device_id=60edfe40-754b-45d2-9a29-c0aa48cdfa24 HTTP/1.1" status: 200 len: 972 time: 0.3209319
Feb 01 13:55:53.719863 n-d-826675-5 neutron-server[103285]: DEBUG neutron.pecan_wsgi.hooks.policy_enforcement [req-3a07a766-36a7-4c8c-85b9-913489baf720 req-186c80d1-b02d-4a7d-a517-05e41efbe7df service neutron] Attributes excluded by policy engine: ['standard_attr_id'] {{(pid=103285) _exclude_attributes_by_policy /opt/stack/neutron/neutron/pecan_wsgi/hooks/policy_enforcement.py:255}}
Feb 01 13:55:53.721327 n-d-826675-5 neutron-server[103285]: INFO neutron.wsgi [req-3a07a766-36a7-4c8c-85b9-913489baf720 req-186c80d1-b02d-4a7d-a517-05e41efbe7df service neutron] 10.222.0.37 "GET /v2.0/ports?device_id=60c0cbe2-e4fa-44e2-9032-14174d519b9e HTTP/1.1" status: 200 len: 1149 time: 0.3586583
Feb 01 13:55:53.759769 n-d-826675-5 neutron-server[103286]: DEBUG neutron_lib.callbacks.manager [None req-3c75930e-075b-4575-abab-8fb2ddc0f03f admin admin] Publish callbacks [] for security_group (dd3ff63e-cbf4-48f1-afca-f7dfae22f927), before_delete {{(pid=103286) _notify_loop /usr/local/lib/python3.8/dist-packages/neutron_lib/callbacks/manager.py:176}}
Feb 01 13:55:53.766645 n-d-826675-5 neutron-server[103286]: DEBUG neutron_lib.callbacks.manager [req-3d547437-7e63-4112-8e73-1a45b69567b8 req-9ec22f11-cc8e-491d-ac96-14731424c2ff service neutron] Publish callbacks ['neutron.plugins.ml2.plugin.SecurityGroupDbMixin._ensure_default_security_group_handler-3647617'] for port (75b630b8-28d8-4d56-a581-e6e70cd59555), before_update {{(pid=103286) _notify_loop /usr/local/lib/python3.8/dist-packages/neutron_lib/callbacks/manager.py:176}}
Feb 01 13:55:53.777925 n-d-826675-5 neutron-server[103287]: DEBUG neutron_lib.callbacks.manager [None req-f7af3151-c57f-4ebd-81a6-3ebab9e9ef38 None None] Publish callbacks [] for port (576af19f-1557-4648-806f-7fdfaa89628d), precommit_create {{(pid=103287) _notify_loop /usr/local/lib/python3.8/dist-packages/neutron_lib/callbacks/manager.py:176}}
Feb 01 13:55:53.809707 n-d-826675-5 neutron-server[103287]: DEBUG neutron_lib.callbacks.manager [None req-f7af3151-c57f-4ebd-81a6-3ebab9e9ef38 None None] Publish callbacks ['neutron.plugins.ml2.plugin.SecurityGroupServerNotifierRpcMixin._notify_sg_on_port_change-3651166', 'neutron.plugins.ml2.ovo_rpc._ObjectChangeHandler.handle_event-857497', 'neutron.api.rpc.agentnotifiers.dhcp_rpc_agent_api.DhcpAgentNotifyAPI._native_event_send_dhcp_notification-1606662', 'neutron.db.l3_dvrscheduler_db._notify_l3_agent_new_port-8747834371606'] for port (576af19f-1557-4648-806f-7fdfaa89628d), after_create {{(pid=103287) _notify_loop /usr/local/lib/python3.8/dist-packages/neutron_lib/callbacks/manager.py:176}}
Feb 01 13:55:53.865123 n-d-826675-5 neutron-server[103285]: INFO neutron.wsgi [req-244b6e2d-2e97-4c48-9297-72ccb2cfe9fd req-ee3510e4-ba2a-4562-af12-33f9ea70c634 tempest-DeleteServersAdminTestJSON-1986925123 tempest-DeleteServersAdminTestJSON-1986925123-project] 10.222.0.47 "GET /v2.0/security-groups?id=605dc47c-8d5c-432f-ac7d-6e706a0531a4&fields=id&fields=name HTTP/1.1" status: 200 len: 286 time: 0.1771760
Feb 01 13:55:53.870049 n-d-826675-5 neutron-server[103287]: DEBUG neutron.db.provisioning_blocks [None req-bbae4d6d-4058-49f4-967f-08f992667908 None None] Provisioning complete for port 75b630b8-28d8-4d56-a581-e6e70cd59555 triggered by entity DHCP. {{(pid=103287) provisioning_complete /opt/stack/neutron/neutron/db/provisioning_blocks.py:139}}
Feb 01 13:55:53.870735 n-d-826675-5 neutron-server[103287]: DEBUG neutron_lib.callbacks.manager [None req-bbae4d6d-4058-49f4-967f-08f992667908 None None] Publish callbacks ['neutron.plugins.ml2.plugin.Ml2Plugin._port_provisioned-3529149'] for port (75b630b8-28d8-4d56-a581-e6e70cd59555), provisioning_complete {{(pid=103287) _notify_loop /usr/local/lib/python3.8/dist-packages/neutron_lib/callbacks/manager.py:176}}
Feb 01 13:55:53.891627 n-d-826675-5 neutron-server[103285]: INFO neutron.wsgi [req-3a07a766-36a7-4c8c-85b9-913489baf720 req-cc215df2-16c5-4cf9-841f-0bed104713d3 service neutron] 10.222.0.37 "GET /v2.0/security-groups?id=5a574155-e96e-4a05-9bb1-3ac1c504ba62&fields=id&fields=name HTTP/1.1" status: 200 len: 313 time: 0.1459503
Feb 01 13:55:53.945285 n-d-826675-5 neutron-server[103287]: DEBUG neutron.scheduler.dhcp_agent_scheduler [None req-f7af3151-c57f-4ebd-81a6-3ebab9e9ef38 None None] Network b8147dbf-f873-48a1-a4be-a748c363da63 is already hosted by enough agents. {{(pid=103287) _get_dhcp_agents_hosting_network /opt/stack/neutron/neutron/scheduler/dhcp_agent_scheduler.py:275}}
Feb 01 13:55:53.950021 n-d-826675-5 neutron-server[103287]: DEBUG neutron.scheduler.base_scheduler [None req-f7af3151-c57f-4ebd-81a6-3ebab9e9ef38 None None] Resources bound (agent type, host, resource id): {{(pid=103287) schedule /opt/stack/neutron/neutron/scheduler/base_scheduler.py:57}}
Feb 01 13:55:53.963935 n-d-826675-5 neutron-server[103287]: DEBUG neutron.api.rpc.handlers.resources_rpc [None req-f7af3151-c57f-4ebd-81a6-3ebab9e9ef38 None None] Pushing event updated for resources: {'Port': ['ID=576af19f-1557-4648-806f-7fdfaa89628d,revision_number=1']} {{(pid=103287) push /opt/stack/neutron/neutron/api/rpc/handlers/resources_rpc.py:237}}
Feb 01 13:55:53.977472 n-d-826675-5 neutron-server[103287]: DEBUG neutron.db.l3_dvrscheduler_db [None req-f7af3151-c57f-4ebd-81a6-3ebab9e9ef38 None None] Received port after_create {{(pid=103287) _notify_l3_agent_new_port /opt/stack/neutron/neutron/db/l3_dvrscheduler_db.py:536}}
Feb 01 13:55:54.030879 n-d-826675-5 neutron-server[103286]: DEBUG neutron_lib.callbacks.manager [None req-3c75930e-075b-4575-abab-8fb2ddc0f03f admin admin] Publish callbacks [] for security_group (dd3ff63e-cbf4-48f1-afca-f7dfae22f927), precommit_delete {{(pid=103286) _notify_loop /usr/local/lib/python3.8/dist-packages/neutron_lib/callbacks/manager.py:176}}
Feb 01 13:55:54.072990 n-d-826675-5 neutron-server[103287]: DEBUG neutron.plugins.ml2.plugin [None req-bbae4d6d-4058-49f4-967f-08f992667908 None None] Port 75b630b8-28d8-4d56-a581-e6e70cd59555 cannot update to ACTIVE because it is not bound. {{(pid=103287) _port_provisioned /opt/stack/neutron/neutron/plugins/ml2/plugin.py:343}}
Feb 01 13:55:54.101542 n-d-826675-5 neutron-server[103287]: DEBUG neutron.plugins.ml2.managers [None req-f7af3151-c57f-4ebd-81a6-3ebab9e9ef38 None None] Attempting to bind port 576af19f-1557-4648-806f-7fdfaa89628d on host n-d-826675-5 for vnic_type normal with profile {{(pid=103287) bind_port /opt/stack/neutron/neutron/plugins/ml2/managers.py:795}}
Feb 01 13:55:54.102085 n-d-826675-5 neutron-server[103287]: DEBUG neutron.plugins.ml2.managers [None req-f7af3151-c57f-4ebd-81a6-3ebab9e9ef38 None None] Attempting to bind port 576af19f-1557-4648-806f-7fdfaa89628d by drivers openvswitch,hyperv on host n-d-826675-5 at level 0 using segments [{'id': 'c1893dab-bf8c-4448-bd81-74b4ed73941f', 'network_type': 'vlan', 'physical_network': 'physnet1', 'segmentation_id': 233, 'network_id': 'b8147dbf-f873-48a1-a4be-a748c363da63'}] {{(pid=103287) _bind_port_level /opt/stack/neutron/neutron/plugins/ml2/managers.py:820}}
Feb 01 13:55:54.102551 n-d-826675-5 neutron-server[103287]: DEBUG neutron.plugins.ml2.drivers.mech_agent [None req-f7af3151-c57f-4ebd-81a6-3ebab9e9ef38 None None] Attempting to bind port 576af19f-1557-4648-806f-7fdfaa89628d on network b8147dbf-f873-48a1-a4be-a748c363da63 {{(pid=103287) bind_port /opt/stack/neutron/neutron/plugins/ml2/drivers/mech_agent.py:91}}
Feb 01 13:55:54.114839 n-d-826675-5 neutron-server[103287]: DEBUG neutron.plugins.ml2.drivers.mech_agent [None req-f7af3151-c57f-4ebd-81a6-3ebab9e9ef38 None None] Checking agent: {'id': '4a5112f5-420b-4475-966d-ef9eee0400df', 'agent_type': 'Open vSwitch agent', 'binary': 'neutron-openvswitch-agent', 'topic': 'N/A', 'host': 'n-d-826675-5', 'admin_state_up': True, 'created_at': datetime.datetime(2022, 2, 1, 13, 45, 17), 'started_at': datetime.datetime(2022, 2, 1, 13, 45, 47), 'heartbeat_timestamp': datetime.datetime(2022, 2, 1, 13, 55, 47), 'description': None, 'resources_synced': None, 'availability_zone': None, 'alive': True, 'configurations': {'arp_responder_enabled': False, 'baremetal_smartnic': False, 'bridge_mappings': {'physnet1': 'br-data'}, 'datapath_type': 'system', 'devices': 0, 'enable_distributed_routing': False, 'extensions': [], 'in_distributed_mode': False, 'integration_bridge': 'br-int', 'l2_population': False, 'log_agent_heartbeats': False, 'ovs_capabilities': {'datapath_types': ['netdev', 'system'], 'iface_types': ['erspan', 'geneve', 'gre', 'internal', 'ip6erspan', 'ip6gre', 'lisp', 'patch', 'stt', 'system', 'tap', 'vxlan']}, 'ovs_hybrid_plug': False, 'resource_provider_bandwidths': {}, 'resource_provider_hypervisors': {'br-data': 'n-d-826675-5'}, 'resource_provider_inventory_defaults': {'allocation_ratio': 1.0, 'min_unit': 1, 'step_size': 1, 'reserved': 0}, 'resource_provider_packet_processing_inventory_defaults': {'allocation_ratio': 1.0, 'min_unit': 1, 'step_size': 1, 'reserved': 0}, 'resource_provider_packet_processing_with_direction': {}, 'resource_provider_packet_processing_without_direction': {}, 'tunnel_types': [], 'tunneling_ip': None, 'vhostuser_socket_dir': '/var/run/openvswitch'}, 'resource_versions': {'AddressGroup': '1.2', 'ConntrackHelper': '1.0', 'LocalIPAssociation': '1.0', 'Log': '1.0', 'Network': '1.1', 'Port': '1.7', 'PortForwarding': '1.2', 'QosPolicy': '1.10', 'SecurityGroup': '1.5', 'SecurityGroupRule': '1.2', 'SubPort': '1.0', 'Subnet': '1.1', 'Trunk': '1.1'}} {{(pid=103287) bind_port /opt/stack/neutron/neutron/plugins/ml2/drivers/mech_agent.py:110}}
Feb 01 13:55:54.115224 n-d-826675-5 neutron-server[103287]: DEBUG neutron.plugins.ml2.drivers.mech_agent [None req-f7af3151-c57f-4ebd-81a6-3ebab9e9ef38 None None] Checking segment: {'id': 'c1893dab-bf8c-4448-bd81-74b4ed73941f', 'network_type': 'vlan', 'physical_network': 'physnet1', 'segmentation_id': 233, 'network_id': 'b8147dbf-f873-48a1-a4be-a748c363da63'} for mappings: {'physnet1': 'br-data'} with network types: ['local', 'flat', 'vlan'] {{(pid=103287) check_segment_for_agent /opt/stack/neutron/neutron/plugins/ml2/drivers/mech_agent.py:373}}
Feb 01 13:55:54.116311 n-d-826675-5 neutron-server[103287]: DEBUG neutron_lib.callbacks.manager [None req-f7af3151-c57f-4ebd-81a6-3ebab9e9ef38 None None] Publish callbacks [] for ovs_bridge_name (None), before_read {{(pid=103287) _notify_loop /usr/local/lib/python3.8/dist-packages/neutron_lib/callbacks/manager.py:176}}
Feb 01 13:55:54.116519 n-d-826675-5 neutron-server[103287]: DEBUG neutron.plugins.ml2.drivers.mech_agent [None req-f7af3151-c57f-4ebd-81a6-3ebab9e9ef38 None None] Bound using segment: {'id': 'c1893dab-bf8c-4448-bd81-74b4ed73941f', 'network_type': 'vlan', 'physical_network': 'physnet1', 'segmentation_id': 233, 'network_id': 'b8147dbf-f873-48a1-a4be-a748c363da63'} {{(pid=103287) bind_port /opt/stack/neutron/neutron/plugins/ml2/drivers/mech_agent.py:120}}
Feb 01 13:55:54.119175 n-d-826675-5 neutron-server[103287]: DEBUG neutron.plugins.ml2.managers [None req-f7af3151-c57f-4ebd-81a6-3ebab9e9ef38 None None] Bound port: 576af19f-1557-4648-806f-7fdfaa89628d, host: n-d-826675-5, vif_type: ovs, vif_details: {"connectivity": "l2", "port_filter": true, "ovs_hybrid_plug": false, "datapath_type": "system", "bridge_name": "br-int"}, binding_levels: [{'bound_driver': 'openvswitch', 'bound_segment': {'id': 'c1893dab-bf8c-4448-bd81-74b4ed73941f', 'network_type': 'vlan', 'physical_network': 'physnet1', 'segmentation_id': 233, 'network_id': 'b8147dbf-f873-48a1-a4be-a748c363da63'}}] {{(pid=103287) _bind_port_level /opt/stack/neutron/neutron/plugins/ml2/managers.py:932}}
Feb 01 13:55:54.120604 n-d-826675-5 neutron-server[103287]: DEBUG neutron_lib.callbacks.manager [None req-f7af3151-c57f-4ebd-81a6-3ebab9e9ef38 None None] Publish callbacks ['neutron.plugins.ml2.plugin.SecurityGroupDbMixin._ensure_default_security_group_handler-3647617'] for port (576af19f-1557-4648-806f-7fdfaa89628d), before_update {{(pid=103287) _notify_loop /usr/local/lib/python3.8/dist-packages/neutron_lib/callbacks/manager.py:176}}
Feb 01 13:55:54.121529 n-d-826675-5 neutron-server[103285]: DEBUG neutron_lib.callbacks.manager [None req-97315fe8-4c82-442c-a145-d66d742dd415 admin admin] Publish callbacks [] for router_gateway (5faff208-9d44-4650-a9b8-ed93b98ca8db), before_create {{(pid=103285) _notify_loop /usr/local/lib/python3.8/dist-packages/neutron_lib/callbacks/manager.py:176}}
Feb 01 13:55:54.158401 n-d-826675-5 neutron-server[103286]: DEBUG neutron.pecan_wsgi.hooks.policy_enforcement [req-c0c89cb3-eeb1-4fa1-919f-a2b7a8b1019b req-ea6069ca-9d73-4ccb-b5cb-2e7b103a5203 tempest-ServersWithSpecificFlavorTestJSON-541547599 tempest-ServersWithSpecificFlavorTestJSON-541547599-project] Attributes excluded by policy engine: ['standard_attr_id', 'binding:profile', 'binding:host_id', 'binding:vif_type', 'binding:vif_details'] {{(pid=103286) _exclude_attributes_by_policy /opt/stack/neutron/neutron/pecan_wsgi/hooks/policy_enforcement.py:255}}
Feb 01 13:55:54.159168 n-d-826675-5 neutron-server[103285]: DEBUG neutron_lib.callbacks.manager [None req-97315fe8-4c82-442c-a145-d66d742dd415 admin admin] Publish callbacks ['neutron.plugins.ml2.plugin.SecurityGroupDbMixin._ensure_default_security_group_handler-3647617'] for port (None), before_create {{(pid=103285) _notify_loop /usr/local/lib/python3.8/dist-packages/neutron_lib/callbacks/manager.py:176}}
Feb 01 13:55:54.160039 n-d-826675-5 neutron-server[103286]: INFO neutron.wsgi [req-c0c89cb3-eeb1-4fa1-919f-a2b7a8b1019b req-ea6069ca-9d73-4ccb-b5cb-2e7b103a5203 tempest-ServersWithSpecificFlavorTestJSON-541547599 tempest-ServersWithSpecificFlavorTestJSON-541547599-project] 10.222.0.47 "GET /v2.0/ports?device_id=60c0cbe2-e4fa-44e2-9032-14174d519b9e HTTP/1.1" status: 200 len: 967 time: 0.3963666
Feb 01 13:55:54.210920 n-d-826675-5 neutron-server[103287]: DEBUG neutron.plugins.ml2.db [None req-f7af3151-c57f-4ebd-81a6-3ebab9e9ef38 None None] For port 576af19f-1557-4648-806f-7fdfaa89628d, host n-d-826675-5, cleared binding levels {{(pid=103287) clear_binding_levels /opt/stack/neutron/neutron/plugins/ml2/db.py:87}}
Feb 01 13:55:54.214578 n-d-826675-5 neutron-server[103287]: DEBUG neutron.plugins.ml2.db [None req-f7af3151-c57f-4ebd-81a6-3ebab9e9ef38 None None] For port 576af19f-1557-4648-806f-7fdfaa89628d, host n-d-826675-5, set binding levels [PortBindingLevel(driver='openvswitch',host='n-d-826675-5',level=0,port_id=576af19f-1557-4648-806f-7fdfaa89628d,segment=NetworkSegment(c1893dab-bf8c-4448-bd81-74b4ed73941f),segment_id=c1893dab-bf8c-4448-bd81-74b4ed73941f)] {{(pid=103287) set_binding_levels /opt/stack/neutron/neutron/plugins/ml2/db.py:59}}
Feb 01 13:55:54.224987 n-d-826675-5 neutron-server[103287]: DEBUG neutron_lib.callbacks.manager [None req-f7af3151-c57f-4ebd-81a6-3ebab9e9ef38 None None] Publish callbacks ['neutron.plugins.ml2.plugin.SecurityGroupServerNotifierRpcMixin._notify_sg_on_port_change-3651166', 'neutron.plugins.ml2.ovo_rpc._ObjectChangeHandler.handle_event-857497', 'neutron.api.rpc.agentnotifiers.dhcp_rpc_agent_api.DhcpAgentNotifyAPI._native_event_send_dhcp_notification-1606662', 'neutron.db.l3_db.L3RpcNotifierMixin._notify_gateway_port_ip_changed-8747834898122', 'neutron.db.l3_dvrscheduler_db._notify_l3_agent_port_update-8747834371624', 'neutron.db.l3_hascheduler_db._notify_l3_agent_ha_port_update-8747834371642'] for port (576af19f-1557-4648-806f-7fdfaa89628d), after_update {{(pid=103287) _notify_loop /usr/local/lib/python3.8/dist-packages/neutron_lib/callbacks/manager.py:176}}
Feb 01 13:55:54.304983 n-d-826675-5 neutron-server[103286]: INFO neutron.wsgi [req-c0c89cb3-eeb1-4fa1-919f-a2b7a8b1019b req-86e98b5c-75e2-431a-ad39-edb33950812f tempest-ServersWithSpecificFlavorTestJSON-541547599 tempest-ServersWithSpecificFlavorTestJSON-541547599-project] 10.222.0.47 "GET /v2.0/security-groups?id=5a574155-e96e-4a05-9bb1-3ac1c504ba62&fields=id&fields=name HTTP/1.1" status: 200 len: 313 time: 0.1350682
Feb 01 13:55:54.313855 n-d-826675-5 neutron-server[103285]: DEBUG neutron.db.db_base_plugin_common [None req-97315fe8-4c82-442c-a145-d66d742dd415 admin admin] Allocated IP 172.25.7.153 (142cfc1b-e8d4-4a41-9e18-caf44ff19ea7/3cc34211-2479-4e61-b77b-46345d0ebd31/f6dffb57-8ffd-4fb8-b8d9-595487b37bcb) {{(pid=103285) _store_ip_allocation /opt/stack/neutron/neutron/db/db_base_plugin_common.py:131}}
