Jan 28 19:31:25.037117 n-d-826675-4 devstack@placement-api.service[104331]: INFO placement.requestlog [req-2094d954-eb75-4925-984f-12b3d9a75ea1 req-d90c5e12-020d-41d7-b65d-9da97a166aaa service placement] 10.222.0.32 "GET /placement/resource_providers/d77ddd11-3af4-4cff-81ee-61d626d29e22/aggregates" status: 200 len: 54 microversion: 1.19
Jan 28 19:31:25.039400 n-d-826675-4 devstack@placement-api.service[104331]: [pid: 104331|app: 0|req: 215/432] 10.222.0.32 () {60 vars in 1431 bytes} [Fri Jan 28 19:31:24 2022] GET /placement/resource_providers/d77ddd11-3af4-4cff-81ee-61d626d29e22/aggregates => generated 54 bytes in 39 msecs (HTTP/1.1 200) 8 headers in 295 bytes (1 switches on core 0)
Jan 28 19:31:25.053544 n-d-826675-4 devstack@placement-api.service[104332]: DEBUG placement.requestlog [req-2094d954-eb75-4925-984f-12b3d9a75ea1 req-5990b6a5-b1ad-412a-80f9-3626c50c1593 None None] Starting request: 10.222.0.32 "GET /placement/resource_providers/d77ddd11-3af4-4cff-81ee-61d626d29e22/traits" {{(pid=104332) __call__ /opt/stack/placement/placement/requestlog.py:55}}
Jan 28 19:31:25.114580 n-d-826675-4 devstack@placement-api.service[104332]: INFO placement.requestlog [req-2094d954-eb75-4925-984f-12b3d9a75ea1 req-5990b6a5-b1ad-412a-80f9-3626c50c1593 service placement] 10.222.0.32 "GET /placement/resource_providers/d77ddd11-3af4-4cff-81ee-61d626d29e22/traits" status: 200 len: 212 microversion: 1.6
Jan 28 19:31:25.115153 n-d-826675-4 devstack@placement-api.service[104332]: [pid: 104332|app: 0|req: 218/433] 10.222.0.32 () {60 vars in 1418 bytes} [Fri Jan 28 19:31:25 2022] GET /placement/resource_providers/d77ddd11-3af4-4cff-81ee-61d626d29e22/traits => generated 212 bytes in 62 msecs (HTTP/1.1 200) 6 headers in 224 bytes (1 switches on core 0)
Jan 28 19:31:31.463324 n-d-826675-4 devstack@placement-api.service[104331]: DEBUG placement.requestlog [req-e3b1ef73-ce4f-408a-9f83-bf17b607bc0f req-7f6296a9-4a39-4d3e-9acd-eb37e122fcf5 None None] Starting request: 10.222.0.72 "GET /placement/resource_providers/6a7557fe-4e8e-4cf7-af5e-7444c63177dc/allocations" {{(pid=104331) __call__ /opt/stack/placement/placement/requestlog.py:55}}
Jan 28 19:31:31.487270 n-d-826675-4 devstack@placement-api.service[104331]: INFO placement.requestlog [req-e3b1ef73-ce4f-408a-9f83-bf17b607bc0f req-7f6296a9-4a39-4d3e-9acd-eb37e122fcf5 service placement] 10.222.0.72 "GET /placement/resource_providers/6a7557fe-4e8e-4cf7-af5e-7444c63177dc/allocations" status: 200 len: 746 microversion: 1.0
Jan 28 19:31:31.492365 n-d-826675-4 devstack@placement-api.service[104331]: [pid: 104331|app: 0|req: 216/434] 10.222.0.72 () {58 vars in 1390 bytes} [Fri Jan 28 19:31:31 2022] GET /placement/resource_providers/6a7557fe-4e8e-4cf7-af5e-7444c63177dc/allocations => generated 746 bytes in 25 msecs (HTTP/1.1 200) 6 headers in 224 bytes (1 switches on core 0)
Jan 28 19:31:34.712583 n-d-826675-4 devstack@placement-api.service[104332]: DEBUG placement.requestlog [None req-85e24383-60ee-486a-a7e4-2c4170cd8806 None None] Starting request: 10.222.0.71 "GET /placement/" {{(pid=104332) __call__ /opt/stack/placement/placement/requestlog.py:55}}
Jan 28 19:31:34.714140 n-d-826675-4 devstack@placement-api.service[104332]: INFO placement.requestlog [None req-85e24383-60ee-486a-a7e4-2c4170cd8806 None None] 10.222.0.71 "GET /placement/" status: 200 len: 136 microversion: 1.0
Jan 28 19:31:34.714613 n-d-826675-4 devstack@placement-api.service[104332]: [pid: 104332|app: 0|req: 219/435] 10.222.0.71 () {54 vars in 916 bytes} [Fri Jan 28 19:31:34 2022] GET /placement => generated 136 bytes in 2 msecs (HTTP/1.1 200) 6 headers in 224 bytes (1 switches on core 0)
Jan 28 19:31:34.724165 n-d-826675-4 devstack@placement-api.service[104331]: DEBUG placement.requestlog [req-f9f0a1ea-ca0c-43f9-9093-a3cc8f7e4da2 req-ea5195e0-17a1-4ef9-9686-33d43132b4c5 None None] Starting request: 10.222.0.71 "GET /placement/allocations/45d8ddbe-4947-4fe2-9487-5e9df53aab76" {{(pid=104331) __call__ /opt/stack/placement/placement/requestlog.py:55}}
Jan 28 19:31:34.803335 n-d-826675-4 devstack@placement-api.service[104331]: INFO placement.requestlog [req-f9f0a1ea-ca0c-43f9-9093-a3cc8f7e4da2 req-ea5195e0-17a1-4ef9-9686-33d43132b4c5 service placement] 10.222.0.71 "GET /placement/allocations/45d8ddbe-4947-4fe2-9487-5e9df53aab76" status: 200 len: 245 microversion: 1.28
Jan 28 19:31:34.803788 n-d-826675-4 devstack@placement-api.service[104331]: [pid: 104331|app: 0|req: 217/436] 10.222.0.71 () {60 vars in 1380 bytes} [Fri Jan 28 19:31:34 2022] GET /placement/allocations/45d8ddbe-4947-4fe2-9487-5e9df53aab76 => generated 245 bytes in 80 msecs (HTTP/1.1 200) 8 headers in 296 bytes (1 switches on core 0)
Jan 28 19:31:34.810041 n-d-826675-4 devstack@placement-api.service[104332]: DEBUG placement.requestlog [req-f9f0a1ea-ca0c-43f9-9093-a3cc8f7e4da2 req-b986fff0-d2e4-492b-ab7e-eb5a5dc2d31b None None] Starting request: 10.222.0.71 "GET /placement/allocations/45d8ddbe-4947-4fe2-9487-5e9df53aab76" {{(pid=104332) __call__ /opt/stack/placement/placement/requestlog.py:55}}
Jan 28 19:31:34.836808 n-d-826675-4 devstack@placement-api.service[104332]: INFO placement.requestlog [req-f9f0a1ea-ca0c-43f9-9093-a3cc8f7e4da2 req-b986fff0-d2e4-492b-ab7e-eb5a5dc2d31b service placement] 10.222.0.71 "GET /placement/allocations/45d8ddbe-4947-4fe2-9487-5e9df53aab76" status: 200 len: 245 microversion: 1.28
Jan 28 19:31:34.837292 n-d-826675-4 devstack@placement-api.service[104332]: [pid: 104332|app: 0|req: 220/437] 10.222.0.71 () {60 vars in 1380 bytes} [Fri Jan 28 19:31:34 2022] GET /placement/allocations/45d8ddbe-4947-4fe2-9487-5e9df53aab76 => generated 245 bytes in 28 msecs (HTTP/1.1 200) 8 headers in 296 bytes (2 switches on core 0)
Jan 28 19:31:34.843185 n-d-826675-4 devstack@placement-api.service[104331]: DEBUG placement.requestlog [req-f9f0a1ea-ca0c-43f9-9093-a3cc8f7e4da2 req-6a8fd115-e586-46aa-ac89-7c21b08d68eb None None] Starting request: 10.222.0.71 "GET /placement/allocations/21f285b3-766e-4220-9a8b-2f4721c141f5" {{(pid=104331) __call__ /opt/stack/placement/placement/requestlog.py:55}}
Jan 28 19:31:34.854946 n-d-826675-4 devstack@placement-api.service[104331]: INFO placement.requestlog [req-f9f0a1ea-ca0c-43f9-9093-a3cc8f7e4da2 req-6a8fd115-e586-46aa-ac89-7c21b08d68eb service placement] 10.222.0.71 "GET /placement/allocations/21f285b3-766e-4220-9a8b-2f4721c141f5" status: 200 len: 19 microversion: 1.28
Jan 28 19:31:34.855302 n-d-826675-4 devstack@placement-api.service[104331]: [pid: 104331|app: 0|req: 218/438] 10.222.0.71 () {60 vars in 1380 bytes} [Fri Jan 28 19:31:34 2022] GET /placement/allocations/21f285b3-766e-4220-9a8b-2f4721c141f5 => generated 19 bytes in 12 msecs (HTTP/1.1 200) 8 headers in 295 bytes (1 switches on core 0)
Jan 28 19:31:34.861213 n-d-826675-4 devstack@placement-api.service[104332]: DEBUG placement.requestlog [req-f9f0a1ea-ca0c-43f9-9093-a3cc8f7e4da2 req-e6f8c057-6965-4cc3-a917-d4a5f654875b None None] Starting request: 10.222.0.71 "POST /placement/allocations" {{(pid=104332) __call__ /opt/stack/placement/placement/requestlog.py:55}}
Jan 28 19:31:35.037530 n-d-826675-4 devstack@placement-api.service[104332]: DEBUG placement.handlers.allocation [req-f9f0a1ea-ca0c-43f9-9093-a3cc8f7e4da2 req-e6f8c057-6965-4cc3-a917-d4a5f654875b service placement] Successfully wrote allocations [, , , ] {{(pid=104332) _update_consumers_and_create_allocations /opt/stack/placement/placement/handlers/allocation.py:572}}
Jan 28 19:31:35.112531 n-d-826675-4 devstack@placement-api.service[104332]: INFO placement.requestlog [req-f9f0a1ea-ca0c-43f9-9093-a3cc8f7e4da2 req-e6f8c057-6965-4cc3-a917-d4a5f654875b service placement] 10.222.0.71 "POST /placement/allocations" status: 204 len: 0 microversion: 1.28
Jan 28 19:31:35.113556 n-d-826675-4 devstack@placement-api.service[104332]: [pid: 104332|app: 0|req: 221/439] 10.222.0.71 () {64 vars in 1323 bytes} [Fri Jan 28 19:31:34 2022] POST /placement/allocations => generated 0 bytes in 252 msecs (HTTP/1.1 204) 5 headers in 199 bytes (2 switches on core 0)
Jan 28 19:31:35.157808 n-d-826675-4 devstack@placement-api.service[104331]: DEBUG placement.requestlog [req-f9f0a1ea-ca0c-43f9-9093-a3cc8f7e4da2 req-603e6fb6-fac6-4241-8ed6-e682659f0bff None None] Starting request: 10.222.0.71 "GET /placement/allocations/45d8ddbe-4947-4fe2-9487-5e9df53aab76" {{(pid=104331) __call__ /opt/stack/placement/placement/requestlog.py:55}}
Jan 28 19:31:35.240534 n-d-826675-4 devstack@placement-api.service[104331]: INFO placement.requestlog [req-f9f0a1ea-ca0c-43f9-9093-a3cc8f7e4da2 req-603e6fb6-fac6-4241-8ed6-e682659f0bff service placement] 10.222.0.71 "GET /placement/allocations/45d8ddbe-4947-4fe2-9487-5e9df53aab76" status: 200 len: 19 microversion: 1.28
Jan 28 19:31:35.241122 n-d-826675-4 devstack@placement-api.service[104331]: [pid: 104331|app: 0|req: 219/440] 10.222.0.71 () {60 vars in 1380 bytes} [Fri Jan 28 19:31:35 2022] GET /placement/allocations/45d8ddbe-4947-4fe2-9487-5e9df53aab76 => generated 19 bytes in 84 msecs (HTTP/1.1 200) 8 headers in 295 bytes (1 switches on core 0)
Jan 28 19:31:35.246910 n-d-826675-4 devstack@placement-api.service[104332]: DEBUG placement.requestlog [req-f9f0a1ea-ca0c-43f9-9093-a3cc8f7e4da2 req-f752b1e2-6770-4ffd-a36d-330d7461d7e2 None None] Starting request: 10.222.0.71 "PUT /placement/allocations/45d8ddbe-4947-4fe2-9487-5e9df53aab76" {{(pid=104332) __call__ /opt/stack/placement/placement/requestlog.py:55}}
Jan 28 19:31:35.438701 n-d-826675-4 devstack@placement-api.service[104332]: DEBUG placement.handlers.allocation [req-f9f0a1ea-ca0c-43f9-9093-a3cc8f7e4da2 req-f752b1e2-6770-4ffd-a36d-330d7461d7e2 service placement] Successfully wrote allocations [, ] {{(pid=104332) _update_consumers_and_create_allocations /opt/stack/placement/placement/handlers/allocation.py:462}}
Jan 28 19:31:35.528607 n-d-826675-4 devstack@placement-api.service[104332]: INFO placement.requestlog [req-f9f0a1ea-ca0c-43f9-9093-a3cc8f7e4da2 req-f752b1e2-6770-4ffd-a36d-330d7461d7e2 service placement] 10.222.0.71 "PUT /placement/allocations/45d8ddbe-4947-4fe2-9487-5e9df53aab76" status: 204 len: 0 microversion: 1.28
Jan 28 19:31:35.529453 n-d-826675-4 devstack@placement-api.service[104332]: [pid: 104332|app: 0|req: 222/441] 10.222.0.71 () {64 vars in 1433 bytes} [Fri Jan 28 19:31:35 2022] PUT /placement/allocations/45d8ddbe-4947-4fe2-9487-5e9df53aab76 => generated 0 bytes in 283 msecs (HTTP/1.1 204) 5 headers in 199 bytes (2 switches on core 0)
Jan 28 19:31:35.749439 n-d-826675-4 devstack@placement-api.service[104331]: DEBUG placement.requestlog [req-f9f0a1ea-ca0c-43f9-9093-a3cc8f7e4da2 req-a7e1cab4-8af6-4abc-952e-ede5c17ec522 None None] Starting request: 10.222.0.72 "GET /placement/allocations/45d8ddbe-4947-4fe2-9487-5e9df53aab76" {{(pid=104331) __call__ /opt/stack/placement/placement/requestlog.py:55}}
Jan 28 19:31:35.769610 n-d-826675-4 devstack@placement-api.service[104331]: INFO placement.requestlog [req-f9f0a1ea-ca0c-43f9-9093-a3cc8f7e4da2 req-a7e1cab4-8af6-4abc-952e-ede5c17ec522 service placement] 10.222.0.72 "GET /placement/allocations/45d8ddbe-4947-4fe2-9487-5e9df53aab76" status: 200 len: 245 microversion: 1.28
Jan 28 19:31:35.770457 n-d-826675-4 devstack@placement-api.service[104331]: [pid: 104331|app: 0|req: 220/442] 10.222.0.72 () {60 vars in 1377 bytes} [Fri Jan 28 19:31:35 2022] GET /placement/allocations/45d8ddbe-4947-4fe2-9487-5e9df53aab76 => generated 245 bytes in 21 msecs (HTTP/1.1 200) 8 headers in 296 bytes (1 switches on core 0)
Jan 28 19:31:36.098471 n-d-826675-4 devstack@placement-api.service[104332]: DEBUG placement.requestlog [req-9da22839-f4b0-43b8-ab4c-c4b6bd404870 req-b684c023-7439-4818-8071-fbf3265e37d4 None None] Starting request: 10.222.0.32 "DELETE /placement/allocations/cf24325f-b507-434f-988a-1e23c158eeb3" {{(pid=104332) __call__ /opt/stack/placement/placement/requestlog.py:55}}
Jan 28 19:31:36.465995 n-d-826675-4 devstack@placement-api.service[104332]: DEBUG placement.handlers.allocation [req-9da22839-f4b0-43b8-ab4c-c4b6bd404870 req-b684c023-7439-4818-8071-fbf3265e37d4 service placement] Successfully deleted allocations [, , ] {{(pid=104332) delete_allocations /opt/stack/placement/placement/handlers/allocation.py:627}}
Jan 28 19:31:36.468778 n-d-826675-4 devstack@placement-api.service[104332]: INFO placement.requestlog [req-9da22839-f4b0-43b8-ab4c-c4b6bd404870 req-b684c023-7439-4818-8071-fbf3265e37d4 service placement] 10.222.0.32 "DELETE /placement/allocations/cf24325f-b507-434f-988a-1e23c158eeb3" status: 204 len: 0 microversion: 1.0
Jan 28 19:31:36.468778 n-d-826675-4 devstack@placement-api.service[104332]: [pid: 104332|app: 0|req: 223/443] 10.222.0.32 () {60 vars in 1355 bytes} [Fri Jan 28 19:31:36 2022] DELETE /placement/allocations/cf24325f-b507-434f-988a-1e23c158eeb3 => generated 0 bytes in 370 msecs (HTTP/1.1 204) 5 headers in 198 bytes (1 switches on core 0)
Jan 28 19:31:37.294522 n-d-826675-4 devstack@placement-api.service[104331]: DEBUG placement.requestlog [req-f7137be0-20f3-43bf-82cb-bd81cf3800b2 req-ec60b87f-b7fb-4a55-943c-98747bd98dd8 None None] Starting request: 10.222.0.72 "DELETE /placement/allocations/1bd1f407-b7c2-46b7-b1f6-047fce2bff00" {{(pid=104331) __call__ /opt/stack/placement/placement/requestlog.py:55}}
Jan 28 19:31:37.534542 n-d-826675-4 devstack@placement-api.service[104331]: DEBUG placement.handlers.allocation [req-f7137be0-20f3-43bf-82cb-bd81cf3800b2 req-ec60b87f-b7fb-4a55-943c-98747bd98dd8 service placement] Successfully deleted allocations [, , ] {{(pid=104331) delete_allocations /opt/stack/placement/placement/handlers/allocation.py:627}}
Jan 28 19:31:37.535495 n-d-826675-4 devstack@placement-api.service[104331]: INFO placement.requestlog [req-f7137be0-20f3-43bf-82cb-bd81cf3800b2 req-ec60b87f-b7fb-4a55-943c-98747bd98dd8 service placement] 10.222.0.72 "DELETE /placement/allocations/1bd1f407-b7c2-46b7-b1f6-047fce2bff00" status: 204 len: 0 microversion: 1.0
Jan 28 19:31:37.536218 n-d-826675-4 devstack@placement-api.service[104331]: [pid: 104331|app: 0|req: 221/444] 10.222.0.72 () {60 vars in 1355 bytes} [Fri Jan 28 19:31:37 2022] DELETE /placement/allocations/1bd1f407-b7c2-46b7-b1f6-047fce2bff00 => generated 0 bytes in 244 msecs (HTTP/1.1 204) 5 headers in 198 bytes (2 switches on core 0)
Jan 28 19:31:38.876322 n-d-826675-4 devstack@placement-api.service[104332]: DEBUG placement.requestlog [req-6990e679-ae0b-4bba-9623-0d3019e97be7 req-a9f09681-2721-4497-b6da-966e41f7e744 None None] Starting request: 10.222.0.71 "GET /placement/allocation_candidates?resources=DISK_GB%3A1%2CMEMORY_MB%3A1024%2CVCPU%3A1&root_required=%21COMPUTE_STATUS_DISABLED" {{(pid=104332) __call__ /opt/stack/placement/placement/requestlog.py:55}}
Jan 28 19:31:38.912993 n-d-826675-4 devstack@placement-api.service[104332]: DEBUG placement.objects.research_context [req-6990e679-ae0b-4bba-9623-0d3019e97be7 req-a9f09681-2721-4497-b6da-966e41f7e744 service placement] getting providers with 1 DISK_GB {{(pid=104332) __init__ /opt/stack/placement/placement/objects/research_context.py:126}}
Jan 28 19:31:38.919553 n-d-826675-4 devstack@placement-api.service[104332]: DEBUG placement.objects.research_context [req-6990e679-ae0b-4bba-9623-0d3019e97be7 req-a9f09681-2721-4497-b6da-966e41f7e744 service placement] getting providers with 1024 MEMORY_MB {{(pid=104332) __init__ /opt/stack/placement/placement/objects/research_context.py:126}}
Jan 28 19:31:38.926323 n-d-826675-4 devstack@placement-api.service[104332]: DEBUG placement.objects.research_context [req-6990e679-ae0b-4bba-9623-0d3019e97be7 req-a9f09681-2721-4497-b6da-966e41f7e744 service placement] getting providers with 1 VCPU {{(pid=104332) __init__ /opt/stack/placement/placement/objects/research_context.py:126}}
Jan 28 19:31:38.938066 n-d-826675-4 devstack@placement-api.service[104332]: DEBUG placement.objects.research_context [req-6990e679-ae0b-4bba-9623-0d3019e97be7 req-a9f09681-2721-4497-b6da-966e41f7e744 service placement] found 2 providers with available 1 DISK_GB {{(pid=104332) get_provider_ids_matching /opt/stack/placement/placement/objects/research_context.py:549}}
Jan 28 19:31:38.938066 n-d-826675-4 devstack@placement-api.service[104332]: DEBUG placement.objects.research_context [req-6990e679-ae0b-4bba-9623-0d3019e97be7 req-a9f09681-2721-4497-b6da-966e41f7e744 service placement] found 2 providers with available 1024 MEMORY_MB {{(pid=104332) get_provider_ids_matching /opt/stack/placement/placement/objects/research_context.py:549}}
Jan 28 19:31:38.938066 n-d-826675-4 devstack@placement-api.service[104332]: DEBUG placement.objects.research_context [req-6990e679-ae0b-4bba-9623-0d3019e97be7 req-a9f09681-2721-4497-b6da-966e41f7e744 service placement] found 2 providers after filtering by previous result {{(pid=104332) get_provider_ids_matching /opt/stack/placement/placement/objects/research_context.py:580}}
Jan 28 19:31:38.938066 n-d-826675-4 devstack@placement-api.service[104332]: DEBUG placement.objects.research_context [req-6990e679-ae0b-4bba-9623-0d3019e97be7 req-a9f09681-2721-4497-b6da-966e41f7e744 service placement] found 2 providers with available 1 VCPU {{(pid=104332) get_provider_ids_matching /opt/stack/placement/placement/objects/research_context.py:549}}
Jan 28 19:31:38.938066 n-d-826675-4 devstack@placement-api.service[104332]: DEBUG placement.objects.research_context [req-6990e679-ae0b-4bba-9623-0d3019e97be7 req-a9f09681-2721-4497-b6da-966e41f7e744 service placement] found 2 providers after filtering by previous result {{(pid=104332) get_provider_ids_matching /opt/stack/placement/placement/objects/research_context.py:580}}
Jan 28 19:31:38.946242 n-d-826675-4 devstack@placement-api.service[104332]: DEBUG placement.objects.allocation_candidate [req-6990e679-ae0b-4bba-9623-0d3019e97be7 req-a9f09681-2721-4497-b6da-966e41f7e744 service placement] RequestGroup(use_same_provider=False, resources={DISK_GB:1, MEMORY_MB:1024, VCPU:1}, traits=[], aggregates=[]) (suffix '') returned 2 matches {{(pid=104332) _get_by_requests /opt/stack/placement/placement/objects/allocation_candidate.py:145}}
Jan 28 19:31:38.946623 n-d-826675-4 devstack@placement-api.service[104332]: DEBUG placement.objects.allocation_candidate [req-6990e679-ae0b-4bba-9623-0d3019e97be7 req-a9f09681-2721-4497-b6da-966e41f7e744 service placement] Merging candidates yields 2 allocation requests and 2 provider summaries {{(pid=104332) _merge_candidates /opt/stack/placement/placement/objects/allocation_candidate.py:783}}
Jan 28 19:31:38.948337 n-d-826675-4 devstack@placement-api.service[104332]: INFO placement.requestlog [req-6990e679-ae0b-4bba-9623-0d3019e97be7 req-a9f09681-2721-4497-b6da-966e41f7e744 service placement] 10.222.0.71 "GET /placement/allocation_candidates?resources=DISK_GB%3A1%2CMEMORY_MB%3A1024%2CVCPU%3A1&root_required=%21COMPUTE_STATUS_DISABLED" status: 200 len: 1309 microversion: 1.36
Jan 28 19:31:38.949048 n-d-826675-4 devstack@placement-api.service[104332]: [pid: 104332|app: 0|req: 224/445] 10.222.0.71 () {60 vars in 1484 bytes} [Fri Jan 28 19:31:38 2022] GET /placement/allocation_candidates?resources=DISK_GB%3A1%2CMEMORY_MB%3A1024%2CVCPU%3A1&root_required=%21COMPUTE_STATUS_DISABLED => generated 1309 bytes in 73 msecs (HTTP/1.1 200) 8 headers in 297 bytes (1 switches on core 0)
Jan 28 19:31:39.044422 n-d-826675-4 devstack@placement-api.service[104331]: DEBUG placement.requestlog [req-6990e679-ae0b-4bba-9623-0d3019e97be7 req-3197f4f3-c297-4724-bbac-cc6a1651bc5b None None] Starting request: 10.222.0.71 "GET /placement/allocations/14b5db32-a104-4192-8d84-cac221ec8ddd" {{(pid=104331) __call__ /opt/stack/placement/placement/requestlog.py:55}}
Jan 28 19:31:39.068593 n-d-826675-4 devstack@placement-api.service[104331]: INFO placement.requestlog [req-6990e679-ae0b-4bba-9623-0d3019e97be7 req-3197f4f3-c297-4724-bbac-cc6a1651bc5b service placement] 10.222.0.71 "GET /placement/allocations/14b5db32-a104-4192-8d84-cac221ec8ddd" status: 200 len: 19 microversion: 1.28
Jan 28 19:31:39.069126 n-d-826675-4 devstack@placement-api.service[104331]: [pid: 104331|app: 0|req: 222/446] 10.222.0.71 () {60 vars in 1380 bytes} [Fri Jan 28 19:31:39 2022] GET /placement/allocations/14b5db32-a104-4192-8d84-cac221ec8ddd => generated 19 bytes in 25 msecs (HTTP/1.1 200) 8 headers in 295 bytes (2 switches on core 0)
Jan 28 19:31:39.075793 n-d-826675-4 devstack@placement-api.service[104332]: DEBUG placement.requestlog [req-6990e679-ae0b-4bba-9623-0d3019e97be7 req-f9cef118-f040-4ea7-9ade-79b8d4a3011b None None] Starting request: 10.222.0.71 "PUT /placement/allocations/14b5db32-a104-4192-8d84-cac221ec8ddd" {{(pid=104332) __call__ /opt/stack/placement/placement/requestlog.py:55}}
Jan 28 19:31:39.196424 n-d-826675-4 devstack@placement-api.service[104332]: DEBUG placement.handlers.allocation [req-6990e679-ae0b-4bba-9623-0d3019e97be7 req-f9cef118-f040-4ea7-9ade-79b8d4a3011b service placement] Successfully wrote allocations [, , ] {{(pid=104332) _update_consumers_and_create_allocations /opt/stack/placement/placement/handlers/allocation.py:462}}
Jan 28 19:31:39.288959 n-d-826675-4 devstack@placement-api.service[104332]: INFO placement.requestlog [req-6990e679-ae0b-4bba-9623-0d3019e97be7 req-f9cef118-f040-4ea7-9ade-79b8d4a3011b service placement] 10.222.0.71 "PUT /placement/allocations/14b5db32-a104-4192-8d84-cac221ec8ddd" status: 204 len: 0 microversion: 1.36
Jan 28 19:31:39.289911 n-d-826675-4 devstack@placement-api.service[104332]: [pid: 104332|app: 0|req: 225/447] 10.222.0.71 () {64 vars in 1433 bytes} [Fri Jan 28 19:31:39 2022] PUT /placement/allocations/14b5db32-a104-4192-8d84-cac221ec8ddd => generated 0 bytes in 214 msecs (HTTP/1.1 204) 5 headers in 199 bytes (2 switches on core 0)
Jan 28 19:31:39.303007 n-d-826675-4 devstack@placement-api.service[104331]: DEBUG placement.requestlog [req-6990e679-ae0b-4bba-9623-0d3019e97be7 req-d0ffddf0-8d9b-4b48-89fa-3f16531d21a5 None None] Starting request: 10.222.0.71 "GET /placement/allocations/0fff142c-def5-45ea-850c-5c7c3898d070" {{(pid=104331) __call__ /opt/stack/placement/placement/requestlog.py:55}}
Jan 28 19:31:39.318177 n-d-826675-4 devstack@placement-api.service[104331]: INFO placement.requestlog [req-6990e679-ae0b-4bba-9623-0d3019e97be7 req-d0ffddf0-8d9b-4b48-89fa-3f16531d21a5 service placement] 10.222.0.71 "GET /placement/allocations/0fff142c-def5-45ea-850c-5c7c3898d070" status: 200 len: 19 microversion: 1.28
Jan 28 19:31:39.318701 n-d-826675-4 devstack@placement-api.service[104331]: [pid: 104331|app: 0|req: 223/448] 10.222.0.71 () {60 vars in 1380 bytes} [Fri Jan 28 19:31:39 2022] GET /placement/allocations/0fff142c-def5-45ea-850c-5c7c3898d070 => generated 19 bytes in 17 msecs (HTTP/1.1 200) 8 headers in 295 bytes (1 switches on core 0)
Jan 28 19:31:39.324888 n-d-826675-4 devstack@placement-api.service[104332]: DEBUG placement.requestlog [req-6990e679-ae0b-4bba-9623-0d3019e97be7 req-f853bee5-802f-4d33-abab-8945bcdd9658 None None] Starting request: 10.222.0.71 "PUT /placement/allocations/0fff142c-def5-45ea-850c-5c7c3898d070" {{(pid=104332) __call__ /opt/stack/placement/placement/requestlog.py:55}}
Jan 28 19:31:39.505257 n-d-826675-4 devstack@placement-api.service[104332]: DEBUG placement.handlers.allocation [req-6990e679-ae0b-4bba-9623-0d3019e97be7 req-f853bee5-802f-4d33-abab-8945bcdd9658 service placement] Successfully wrote allocations [, , ] {{(pid=104332) _update_consumers_and_create_allocations /opt/stack/placement/placement/handlers/allocation.py:462}}
Jan 28 19:31:39.591849 n-d-826675-4 devstack@placement-api.service[104332]: INFO placement.requestlog [req-6990e679-ae0b-4bba-9623-0d3019e97be7 req-f853bee5-802f-4d33-abab-8945bcdd9658 service placement] 10.222.0.71 "PUT /placement/allocations/0fff142c-def5-45ea-850c-5c7c3898d070" status: 204 len: 0 microversion: 1.36
Jan 28 19:31:39.592692 n-d-826675-4 devstack@placement-api.service[104332]: [pid: 104332|app: 0|req: 226/449] 10.222.0.71 () {64 vars in 1433 bytes} [Fri Jan 28 19:31:39 2022] PUT /placement/allocations/0fff142c-def5-45ea-850c-5c7c3898d070 => generated 0 bytes in 268 msecs (HTTP/1.1 204) 5 headers in 199 bytes (1 switches on core 0)
Jan 28 19:31:40.849498 n-d-826675-4 devstack@placement-api.service[104331]: DEBUG placement.requestlog [req-6990e679-ae0b-4bba-9623-0d3019e97be7 req-54193365-212e-4819-b029-bf648320f4b9 None None] Starting request: 10.222.0.72 "GET /placement/allocations/14b5db32-a104-4192-8d84-cac221ec8ddd" {{(pid=104331) __call__ /opt/stack/placement/placement/requestlog.py:55}}
Jan 28 19:31:40.873744 n-d-826675-4 devstack@placement-api.service[104331]: INFO placement.requestlog [req-6990e679-ae0b-4bba-9623-0d3019e97be7 req-54193365-212e-4819-b029-bf648320f4b9 service placement] 10.222.0.72 "GET /placement/allocations/14b5db32-a104-4192-8d84-cac221ec8ddd" status: 200 len: 259 microversion: 1.28
Jan 28 19:31:40.877736 n-d-826675-4 devstack@placement-api.service[104331]: [pid: 104331|app: 0|req: 224/450] 10.222.0.72 () {60 vars in 1377 bytes} [Fri Jan 28 19:31:40 2022] GET /placement/allocations/14b5db32-a104-4192-8d84-cac221ec8ddd => generated 259 bytes in 28 msecs (HTTP/1.1 200) 8 headers in 296 bytes (1 switches on core 0)
Jan 28 19:31:41.372971 n-d-826675-4 devstack@placement-api.service[104332]: DEBUG placement.requestlog [req-6990e679-ae0b-4bba-9623-0d3019e97be7 req-d9e8b96d-9cad-4a8e-b945-a5bc92447d69 None None] Starting request: 10.222.0.72 "GET /placement/allocations/0fff142c-def5-45ea-850c-5c7c3898d070" {{(pid=104332) __call__ /opt/stack/placement/placement/requestlog.py:55}}
Jan 28 19:31:41.396212 n-d-826675-4 devstack@placement-api.service[104332]: INFO placement.requestlog [req-6990e679-ae0b-4bba-9623-0d3019e97be7 req-d9e8b96d-9cad-4a8e-b945-a5bc92447d69 service placement] 10.222.0.72 "GET /placement/allocations/0fff142c-def5-45ea-850c-5c7c3898d070" status: 200 len: 259 microversion: 1.28
Jan 28 19:31:41.398397 n-d-826675-4 devstack@placement-api.service[104332]: [pid: 104332|app: 0|req: 227/451] 10.222.0.72 () {60 vars in 1377 bytes} [Fri Jan 28 19:31:41 2022] GET /placement/allocations/0fff142c-def5-45ea-850c-5c7c3898d070 => generated 259 bytes in 24 msecs (HTTP/1.1 200) 8 headers in 296 bytes (1 switches on core 0)
Jan 28 19:31:45.347958 n-d-826675-4 devstack@placement-api.service[104331]: DEBUG placement.requestlog [req-8b3d55b3-1ffd-4760-b4dd-ee80d691047c req-87ad75da-8eba-46b0-9721-80bd3341423a None None] Starting request: 10.222.0.32 "DELETE /placement/allocations/9db186a7-cc06-4e4f-8ef7-a917b604124f" {{(pid=104331) __call__ /opt/stack/placement/placement/requestlog.py:55}}
Jan 28 19:31:45.535690 n-d-826675-4 devstack@placement-api.service[104331]: DEBUG placement.handlers.allocation [req-8b3d55b3-1ffd-4760-b4dd-ee80d691047c req-87ad75da-8eba-46b0-9721-80bd3341423a service placement] Successfully deleted allocations [, , ] {{(pid=104331) delete_allocations /opt/stack/placement/placement/handlers/allocation.py:627}}
Jan 28 19:31:45.537003 n-d-826675-4 devstack@placement-api.service[104331]: INFO placement.requestlog [req-8b3d55b3-1ffd-4760-b4dd-ee80d691047c req-87ad75da-8eba-46b0-9721-80bd3341423a service placement] 10.222.0.32 "DELETE /placement/allocations/9db186a7-cc06-4e4f-8ef7-a917b604124f" status: 204 len: 0 microversion: 1.0
Jan 28 19:31:45.537571 n-d-826675-4 devstack@placement-api.service[104331]: [pid: 104331|app: 0|req: 225/452] 10.222.0.32 () {60 vars in 1355 bytes} [Fri Jan 28 19:31:45 2022] DELETE /placement/allocations/9db186a7-cc06-4e4f-8ef7-a917b604124f => generated 0 bytes in 190 msecs (HTTP/1.1 204) 5 headers in 198 bytes (1 switches on core 0)
Jan 28 19:31:49.018185 n-d-826675-4 devstack@placement-api.service[104332]: DEBUG placement.requestlog [req-745d087c-7464-42c1-870f-48debc4757f8 req-42c61edb-57a1-4d96-92d8-70298dc5aafb None None] Starting request: 10.222.0.71 "GET /placement/allocation_candidates?limit=1000&resources=DISK_GB%3A1%2CMEMORY_MB%3A1024%2CVCPU%3A1&root_required=%21COMPUTE_STATUS_DISABLED" {{(pid=104332) __call__ /opt/stack/placement/placement/requestlog.py:55}}
Jan 28 19:31:49.091199 n-d-826675-4 devstack@placement-api.service[104332]: DEBUG placement.objects.research_context [req-745d087c-7464-42c1-870f-48debc4757f8 req-42c61edb-57a1-4d96-92d8-70298dc5aafb service placement] getting providers with 1 DISK_GB {{(pid=104332) __init__ /opt/stack/placement/placement/objects/research_context.py:126}}
Jan 28 19:31:49.110717 n-d-826675-4 devstack@placement-api.service[104332]: DEBUG placement.objects.research_context [req-745d087c-7464-42c1-870f-48debc4757f8 req-42c61edb-57a1-4d96-92d8-70298dc5aafb service placement] getting providers with 1024 MEMORY_MB {{(pid=104332) __init__ /opt/stack/placement/placement/objects/research_context.py:126}}
Jan 28 19:31:49.132168 n-d-826675-4 devstack@placement-api.service[104332]: DEBUG placement.objects.research_context [req-745d087c-7464-42c1-870f-48debc4757f8 req-42c61edb-57a1-4d96-92d8-70298dc5aafb service placement] getting providers with 1 VCPU {{(pid=104332) __init__ /opt/stack/placement/placement/objects/research_context.py:126}}
Jan 28 19:31:49.158387 n-d-826675-4 devstack@placement-api.service[104332]: DEBUG placement.objects.research_context [req-745d087c-7464-42c1-870f-48debc4757f8 req-42c61edb-57a1-4d96-92d8-70298dc5aafb service placement] found 2 providers with available 1 DISK_GB {{(pid=104332) get_provider_ids_matching /opt/stack/placement/placement/objects/research_context.py:549}}
Jan 28 19:31:49.161156 n-d-826675-4 devstack@placement-api.service[104332]: DEBUG placement.objects.research_context [req-745d087c-7464-42c1-870f-48debc4757f8 req-42c61edb-57a1-4d96-92d8-70298dc5aafb service placement] found 2 providers with available 1024 MEMORY_MB {{(pid=104332) get_provider_ids_matching /opt/stack/placement/placement/objects/research_context.py:549}}
Jan 28 19:31:49.161843 n-d-826675-4 devstack@placement-api.service[104332]: DEBUG placement.objects.research_context [req-745d087c-7464-42c1-870f-48debc4757f8 req-42c61edb-57a1-4d96-92d8-70298dc5aafb service placement] found 2 providers after filtering by previous result {{(pid=104332) get_provider_ids_matching /opt/stack/placement/placement/objects/research_context.py:580}}
Jan 28 19:31:49.162314 n-d-826675-4 devstack@placement-api.service[104332]: DEBUG placement.objects.research_context [req-745d087c-7464-42c1-870f-48debc4757f8 req-42c61edb-57a1-4d96-92d8-70298dc5aafb service placement] found 2 providers with available 1 VCPU {{(pid=104332) get_provider_ids_matching /opt/stack/placement/placement/objects/research_context.py:549}}
Jan 28 19:31:49.162797 n-d-826675-4 devstack@placement-api.service[104332]: DEBUG placement.objects.research_context [req-745d087c-7464-42c1-870f-48debc4757f8 req-42c61edb-57a1-4d96-92d8-70298dc5aafb service placement] found 2 providers after filtering by previous result {{(pid=104332) get_provider_ids_matching /opt/stack/placement/placement/objects/research_context.py:580}}
Jan 28 19:31:49.192473 n-d-826675-4 devstack@placement-api.service[104332]: DEBUG placement.objects.allocation_candidate [req-745d087c-7464-42c1-870f-48debc4757f8 req-42c61edb-57a1-4d96-92d8-70298dc5aafb service placement] RequestGroup(use_same_provider=False, resources={DISK_GB:1, MEMORY_MB:1024, VCPU:1}, traits=[], aggregates=[]) (suffix '') returned 2 matches {{(pid=104332) _get_by_requests /opt/stack/placement/placement/objects/allocation_candidate.py:145}}
Jan 28 19:31:49.193205 n-d-826675-4 devstack@placement-api.service[104332]: DEBUG placement.objects.allocation_candidate [req-745d087c-7464-42c1-870f-48debc4757f8 req-42c61edb-57a1-4d96-92d8-70298dc5aafb service placement] Merging candidates yields 2 allocation requests and 2 provider summaries {{(pid=104332) _merge_candidates /opt/stack/placement/placement/objects/allocation_candidate.py:783}}
Jan 28 19:31:49.195111 n-d-826675-4 devstack@placement-api.service[104332]: INFO placement.requestlog [req-745d087c-7464-42c1-870f-48debc4757f8 req-42c61edb-57a1-4d96-92d8-70298dc5aafb service placement] 10.222.0.71 "GET /placement/allocation_candidates?limit=1000&resources=DISK_GB%3A1%2CMEMORY_MB%3A1024%2CVCPU%3A1&root_required=%21COMPUTE_STATUS_DISABLED" status: 200 len: 1309 microversion: 1.36
Jan 28 19:31:49.196150 n-d-826675-4 devstack@placement-api.service[104332]: [pid: 104332|app: 0|req: 228/453] 10.222.0.71 () {60 vars in 1506 bytes} [Fri Jan 28 19:31:49 2022] GET /placement/allocation_candidates?limit=1000&resources=DISK_GB%3A1%2CMEMORY_MB%3A1024%2CVCPU%3A1&root_required=%21COMPUTE_STATUS_DISABLED => generated 1309 bytes in 178 msecs (HTTP/1.1 200) 8 headers in 297 bytes (1 switches on core 0)
Jan 28 19:31:49.306747 n-d-826675-4 devstack@placement-api.service[104331]: DEBUG placement.requestlog [req-745d087c-7464-42c1-870f-48debc4757f8 req-a2f3d065-27c0-44cc-a84b-d6fed101db1c None None] Starting request: 10.222.0.71 "GET /placement/allocations/652ca80d-3be6-4084-8c72-ff3d1bcbc2ce" {{(pid=104331) __call__ /opt/stack/placement/placement/requestlog.py:55}}
Jan 28 19:31:49.324598 n-d-826675-4 devstack@placement-api.service[104331]: INFO placement.requestlog [req-745d087c-7464-42c1-870f-48debc4757f8 req-a2f3d065-27c0-44cc-a84b-d6fed101db1c service placement] 10.222.0.71 "GET /placement/allocations/652ca80d-3be6-4084-8c72-ff3d1bcbc2ce" status: 200 len: 19 microversion: 1.28
Jan 28 19:31:49.324989 n-d-826675-4 devstack@placement-api.service[104331]: [pid: 104331|app: 0|req: 226/454] 10.222.0.71 () {60 vars in 1380 bytes} [Fri Jan 28 19:31:49 2022] GET /placement/allocations/652ca80d-3be6-4084-8c72-ff3d1bcbc2ce => generated 19 bytes in 19 msecs (HTTP/1.1 200) 8 headers in 295 bytes (1 switches on core 0)
Jan 28 19:31:49.332211 n-d-826675-4 devstack@placement-api.service[104332]: DEBUG placement.requestlog [req-745d087c-7464-42c1-870f-48debc4757f8 req-bd083fe1-3484-417d-85e2-d0cc4621100c None None] Starting request: 10.222.0.71 "PUT /placement/allocations/652ca80d-3be6-4084-8c72-ff3d1bcbc2ce" {{(pid=104332) __call__ /opt/stack/placement/placement/requestlog.py:55}}
Jan 28 19:31:49.514428 n-d-826675-4 devstack@placement-api.service[104332]: DEBUG placement.handlers.allocation [req-745d087c-7464-42c1-870f-48debc4757f8 req-bd083fe1-3484-417d-85e2-d0cc4621100c service placement] Successfully wrote allocations [, , ] {{(pid=104332) _update_consumers_and_create_allocations /opt/stack/placement/placement/handlers/allocation.py:462}}
Jan 28 19:31:49.595603 n-d-826675-4 devstack@placement-api.service[104332]: INFO placement.requestlog [req-745d087c-7464-42c1-870f-48debc4757f8 req-bd083fe1-3484-417d-85e2-d0cc4621100c service placement] 10.222.0.71 "PUT /placement/allocations/652ca80d-3be6-4084-8c72-ff3d1bcbc2ce" status: 204 len: 0 microversion: 1.36
Jan 28 19:31:49.596340 n-d-826675-4 devstack@placement-api.service[104332]: [pid: 104332|app: 0|req: 229/455] 10.222.0.71 () {64 vars in 1433 bytes} [Fri Jan 28 19:31:49 2022] PUT /placement/allocations/652ca80d-3be6-4084-8c72-ff3d1bcbc2ce => generated 0 bytes in 265 msecs (HTTP/1.1 204) 5 headers in 199 bytes (1 switches on core 0)
Jan 28 19:31:50.761170 n-d-826675-4 devstack@placement-api.service[104331]: DEBUG placement.requestlog [req-745d087c-7464-42c1-870f-48debc4757f8 req-993b9bcf-9bb0-4172-89c5-5c51cbccba50 None None] Starting request: 10.222.0.32 "GET /placement/allocations/652ca80d-3be6-4084-8c72-ff3d1bcbc2ce" {{(pid=104331) __call__ /opt/stack/placement/placement/requestlog.py:55}}
Jan 28 19:31:50.786245 n-d-826675-4 devstack@placement-api.service[104331]: INFO placement.requestlog [req-745d087c-7464-42c1-870f-48debc4757f8 req-993b9bcf-9bb0-4172-89c5-5c51cbccba50 service placement] 10.222.0.32 "GET /placement/allocations/652ca80d-3be6-4084-8c72-ff3d1bcbc2ce" status: 200 len: 259 microversion: 1.28
Jan 28 19:31:50.787677 n-d-826675-4 devstack@placement-api.service[104331]: [pid: 104331|app: 0|req: 227/456] 10.222.0.32 () {60 vars in 1377 bytes} [Fri Jan 28 19:31:50 2022] GET /placement/allocations/652ca80d-3be6-4084-8c72-ff3d1bcbc2ce => generated 259 bytes in 27 msecs (HTTP/1.1 200) 8 headers in 296 bytes (1 switches on core 0)
Jan 28 19:32:04.813150 n-d-826675-4 devstack@placement-api.service[104332]: DEBUG placement.requestlog [req-0419e4b0-fcc8-4923-8578-f7ff2805bb12 req-73be5ee4-45d2-44e5-852b-183653966005 None None] Starting request: 10.222.0.71 "GET /placement/allocation_candidates?limit=1000&resources=DISK_GB%3A1%2CMEMORY_MB%3A1024%2CVCPU%3A1&root_required=%21COMPUTE_STATUS_DISABLED" {{(pid=104332) __call__ /opt/stack/placement/placement/requestlog.py:55}}
Jan 28 19:32:04.849426 n-d-826675-4 devstack@placement-api.service[104332]: DEBUG placement.objects.research_context [req-0419e4b0-fcc8-4923-8578-f7ff2805bb12 req-73be5ee4-45d2-44e5-852b-183653966005 service placement] getting providers with 1 DISK_GB {{(pid=104332) __init__ /opt/stack/placement/placement/objects/research_context.py:126}}
Jan 28 19:32:04.855773 n-d-826675-4 devstack@placement-api.service[104332]: DEBUG placement.objects.research_context [req-0419e4b0-fcc8-4923-8578-f7ff2805bb12 req-73be5ee4-45d2-44e5-852b-183653966005 service placement] getting providers with 1024 MEMORY_MB {{(pid=104332) __init__ /opt/stack/placement/placement/objects/research_context.py:126}}
Jan 28 19:32:04.862689 n-d-826675-4 devstack@placement-api.service[104332]: DEBUG placement.objects.research_context [req-0419e4b0-fcc8-4923-8578-f7ff2805bb12 req-73be5ee4-45d2-44e5-852b-183653966005 service placement] getting providers with 1 VCPU {{(pid=104332) __init__ /opt/stack/placement/placement/objects/research_context.py:126}}
Jan 28 19:32:04.869014 n-d-826675-4 devstack@placement-api.service[104332]: DEBUG placement.objects.research_context [req-0419e4b0-fcc8-4923-8578-f7ff2805bb12 req-73be5ee4-45d2-44e5-852b-183653966005 service placement] found 2 providers with available 1 DISK_GB {{(pid=104332) get_provider_ids_matching /opt/stack/placement/placement/objects/research_context.py:549}}
Jan 28 19:32:04.869603 n-d-826675-4 devstack@placement-api.service[104332]: DEBUG placement.objects.research_context [req-0419e4b0-fcc8-4923-8578-f7ff2805bb12 req-73be5ee4-45d2-44e5-852b-183653966005 service placement] found 2 providers with available 1024 MEMORY_MB {{(pid=104332) get_provider_ids_matching /opt/stack/placement/placement/objects/research_context.py:549}}
Jan 28 19:32:04.870103 n-d-826675-4 devstack@placement-api.service[104332]: DEBUG placement.objects.research_context [req-0419e4b0-fcc8-4923-8578-f7ff2805bb12 req-73be5ee4-45d2-44e5-852b-183653966005 service placement] found 2 providers after filtering by previous result {{(pid=104332) get_provider_ids_matching /opt/stack/placement/placement/objects/research_context.py:580}}
Jan 28 19:32:04.870587 n-d-826675-4 devstack@placement-api.service[104332]: DEBUG placement.objects.research_context [req-0419e4b0-fcc8-4923-8578-f7ff2805bb12 req-73be5ee4-45d2-44e5-852b-183653966005 service placement] found 2 providers with available 1 VCPU {{(pid=104332) get_provider_ids_matching /opt/stack/placement/placement/objects/research_context.py:549}}
Jan 28 19:32:04.871061 n-d-826675-4 devstack@placement-api.service[104332]: DEBUG placement.objects.research_context [req-0419e4b0-fcc8-4923-8578-f7ff2805bb12 req-73be5ee4-45d2-44e5-852b-183653966005 service placement] found 2 providers after filtering by previous result {{(pid=104332) get_provider_ids_matching /opt/stack/placement/placement/objects/research_context.py:580}}
Jan 28 19:32:04.883536 n-d-826675-4 devstack@placement-api.service[104332]: DEBUG placement.objects.allocation_candidate [req-0419e4b0-fcc8-4923-8578-f7ff2805bb12 req-73be5ee4-45d2-44e5-852b-183653966005 service placement] RequestGroup(use_same_provider=False, resources={DISK_GB:1, MEMORY_MB:1024, VCPU:1}, traits=[], aggregates=[]) (suffix '') returned 2 matches {{(pid=104332) _get_by_requests /opt/stack/placement/placement/objects/allocation_candidate.py:145}}
Jan 28 19:32:04.884356 n-d-826675-4 devstack@placement-api.service[104332]: DEBUG placement.objects.allocation_candidate [req-0419e4b0-fcc8-4923-8578-f7ff2805bb12 req-73be5ee4-45d2-44e5-852b-183653966005 service placement] Merging candidates yields 2 allocation requests and 2 provider summaries {{(pid=104332) _merge_candidates /opt/stack/placement/placement/objects/allocation_candidate.py:783}}
Jan 28 19:32:04.886184 n-d-826675-4 devstack@placement-api.service[104332]: INFO placement.requestlog [req-0419e4b0-fcc8-4923-8578-f7ff2805bb12 req-73be5ee4-45d2-44e5-852b-183653966005 service placement] 10.222.0.71 "GET /placement/allocation_candidates?limit=1000&resources=DISK_GB%3A1%2CMEMORY_MB%3A1024%2CVCPU%3A1&root_required=%21COMPUTE_STATUS_DISABLED" status: 200 len: 1309 microversion: 1.36
Jan 28 19:32:04.886858 n-d-826675-4 devstack@placement-api.service[104332]: [pid: 104332|app: 0|req: 230/457] 10.222.0.71 () {60 vars in 1506 bytes} [Fri Jan 28 19:32:04 2022] GET /placement/allocation_candidates?limit=1000&resources=DISK_GB%3A1%2CMEMORY_MB%3A1024%2CVCPU%3A1&root_required=%21COMPUTE_STATUS_DISABLED => generated 1309 bytes in 75 msecs (HTTP/1.1 200) 8 headers in 297 bytes (1 switches on core 0)
Jan 28 19:32:04.941643 n-d-826675-4 devstack@placement-api.service[104331]: DEBUG placement.requestlog [req-0419e4b0-fcc8-4923-8578-f7ff2805bb12 req-e9c2788d-a21a-4039-a74d-3d3d440e1452 None None] Starting request: 10.222.0.71 "GET /placement/allocations/70baa058-4638-4f13-a021-175589f600eb" {{(pid=104331) __call__ /opt/stack/placement/placement/requestlog.py:55}}
Jan 28 19:32:04.958792 n-d-826675-4 devstack@placement-api.service[104331]: INFO placement.requestlog [req-0419e4b0-fcc8-4923-8578-f7ff2805bb12 req-e9c2788d-a21a-4039-a74d-3d3d440e1452 service placement] 10.222.0.71 "GET /placement/allocations/70baa058-4638-4f13-a021-175589f600eb" status: 200 len: 19 microversion: 1.28
Jan 28 19:32:04.959687 n-d-826675-4 devstack@placement-api.service[104331]: [pid: 104331|app: 0|req: 228/458] 10.222.0.71 () {60 vars in 1380 bytes} [Fri Jan 28 19:32:04 2022] GET /placement/allocations/70baa058-4638-4f13-a021-175589f600eb => generated 19 bytes in 19 msecs (HTTP/1.1 200) 8 headers in 295 bytes (1 switches on core 0)
Jan 28 19:32:04.967688 n-d-826675-4 devstack@placement-api.service[104332]: DEBUG placement.requestlog [req-0419e4b0-fcc8-4923-8578-f7ff2805bb12 req-be8c36c7-47f3-4d73-a9d4-82bf6d55e8be None None] Starting request: 10.222.0.71 "PUT /placement/allocations/70baa058-4638-4f13-a021-175589f600eb" {{(pid=104332) __call__ /opt/stack/placement/placement/requestlog.py:55}}
Jan 28 19:32:05.262109 n-d-826675-4 devstack@placement-api.service[104332]: DEBUG placement.handlers.allocation [req-0419e4b0-fcc8-4923-8578-f7ff2805bb12 req-be8c36c7-47f3-4d73-a9d4-82bf6d55e8be service placement] Successfully wrote allocations [, , ] {{(pid=104332) _update_consumers_and_create_allocations /opt/stack/placement/placement/handlers/allocation.py:462}}
Jan 28 19:32:05.368660 n-d-826675-4 devstack@placement-api.service[104332]: INFO placement.requestlog [req-0419e4b0-fcc8-4923-8578-f7ff2805bb12 req-be8c36c7-47f3-4d73-a9d4-82bf6d55e8be service placement] 10.222.0.71 "PUT /placement/allocations/70baa058-4638-4f13-a021-175589f600eb" status: 204 len: 0 microversion: 1.36
Jan 28 19:32:05.368660 n-d-826675-4 devstack@placement-api.service[104332]: [pid: 104332|app: 0|req: 231/459] 10.222.0.71 () {64 vars in 1433 bytes} [Fri Jan 28 19:32:04 2022] PUT /placement/allocations/70baa058-4638-4f13-a021-175589f600eb => generated 0 bytes in 401 msecs (HTTP/1.1 204) 5 headers in 199 bytes (1 switches on core 0)
Jan 28 19:32:06.470587 n-d-826675-4 devstack@placement-api.service[104331]: DEBUG placement.requestlog [req-0419e4b0-fcc8-4923-8578-f7ff2805bb12 req-98ec5fd6-7e85-42b4-8950-34d396526968 None None] Starting request: 10.222.0.32 "GET /placement/allocations/70baa058-4638-4f13-a021-175589f600eb" {{(pid=104331) __call__ /opt/stack/placement/placement/requestlog.py:55}}
Jan 28 19:32:06.496277 n-d-826675-4 devstack@placement-api.service[104331]: INFO placement.requestlog [req-0419e4b0-fcc8-4923-8578-f7ff2805bb12 req-98ec5fd6-7e85-42b4-8950-34d396526968 service placement] 10.222.0.32 "GET /placement/allocations/70baa058-4638-4f13-a021-175589f600eb" status: 200 len: 259 microversion: 1.28
Jan 28 19:32:06.497851 n-d-826675-4 devstack@placement-api.service[104331]: [pid: 104331|app: 0|req: 229/460] 10.222.0.32 () {60 vars in 1377 bytes} [Fri Jan 28 19:32:06 2022] GET /placement/allocations/70baa058-4638-4f13-a021-175589f600eb => generated 259 bytes in 27 msecs (HTTP/1.1 200) 8 headers in 296 bytes (1 switches on core 0)
Jan 28 19:32:08.122208 n-d-826675-4 devstack@placement-api.service[104332]: DEBUG placement.requestlog [None req-baf88df9-a897-404a-96d3-4ddd5aae1477 None None] Starting request: 10.222.0.71 "GET /placement/" {{(pid=104332) __call__ /opt/stack/placement/placement/requestlog.py:55}}
Jan 28 19:32:08.123904 n-d-826675-4 devstack@placement-api.service[104332]: INFO placement.requestlog [None req-baf88df9-a897-404a-96d3-4ddd5aae1477 None None] 10.222.0.71 "GET /placement/" status: 200 len: 136 microversion: 1.0
Jan 28 19:32:08.125405 n-d-826675-4 devstack@placement-api.service[104332]: [pid: 104332|app: 0|req: 232/461] 10.222.0.71 () {54 vars in 916 bytes} [Fri Jan 28 19:32:08 2022] GET /placement => generated 136 bytes in 3 msecs (HTTP/1.1 200) 6 headers in 224 bytes (1 switches on core 0)
Jan 28 19:32:08.139605 n-d-826675-4 devstack@placement-api.service[104331]: DEBUG placement.requestlog [req-4c1773ff-c735-402f-a661-3ba1315909e6 req-4964823d-2a4e-4be6-a6ab-e729fa149bb2 None None] Starting request: 10.222.0.71 "GET /placement/allocations/ae5a0b96-2363-4cb2-a952-db65d22f7178" {{(pid=104331) __call__ /opt/stack/placement/placement/requestlog.py:55}}
Jan 28 19:32:08.214838 n-d-826675-4 devstack@placement-api.service[104331]: INFO placement.requestlog [req-4c1773ff-c735-402f-a661-3ba1315909e6 req-4964823d-2a4e-4be6-a6ab-e729fa149bb2 service placement] 10.222.0.71 "GET /placement/allocations/ae5a0b96-2363-4cb2-a952-db65d22f7178" status: 200 len: 245 microversion: 1.28
Jan 28 19:32:08.215541 n-d-826675-4 devstack@placement-api.service[104331]: [pid: 104331|app: 0|req: 230/462] 10.222.0.71 () {60 vars in 1380 bytes} [Fri Jan 28 19:32:08 2022] GET /placement/allocations/ae5a0b96-2363-4cb2-a952-db65d22f7178 => generated 245 bytes in 76 msecs (HTTP/1.1 200) 8 headers in 296 bytes (1 switches on core 0)
Jan 28 19:32:08.223715 n-d-826675-4 devstack@placement-api.service[104332]: DEBUG placement.requestlog [req-4c1773ff-c735-402f-a661-3ba1315909e6 req-a999ad35-b123-4e0f-b0a7-67c7842de7bd None None] Starting request: 10.222.0.71 "GET /placement/allocations/ae5a0b96-2363-4cb2-a952-db65d22f7178" {{(pid=104332) __call__ /opt/stack/placement/placement/requestlog.py:55}}
Jan 28 19:32:08.239340 n-d-826675-4 devstack@placement-api.service[104332]: INFO placement.requestlog [req-4c1773ff-c735-402f-a661-3ba1315909e6 req-a999ad35-b123-4e0f-b0a7-67c7842de7bd service placement] 10.222.0.71 "GET /placement/allocations/ae5a0b96-2363-4cb2-a952-db65d22f7178" status: 200 len: 245 microversion: 1.28
Jan 28 19:32:08.245758 n-d-826675-4 devstack@placement-api.service[104331]: DEBUG placement.requestlog [req-4c1773ff-c735-402f-a661-3ba1315909e6 req-4dc0f997-574b-457c-8ade-dde9c29703e4 None None] Starting request: 10.222.0.71 "GET /placement/allocations/ffcfc3a0-8e37-4d98-8b04-3ea9ee0d64d7" {{(pid=104331) __call__ /opt/stack/placement/placement/requestlog.py:55}}
Jan 28 19:32:08.262251 n-d-826675-4 devstack@placement-api.service[104332]: [pid: 104332|app: 0|req: 233/463] 10.222.0.71 () {60 vars in 1380 bytes} [Fri Jan 28 19:32:08 2022] GET /placement/allocations/ae5a0b96-2363-4cb2-a952-db65d22f7178 => generated 245 bytes in 40 msecs (HTTP/1.1 200) 8 headers in 296 bytes (1 switches on core 0)
Jan 28 19:32:08.268654 n-d-826675-4 devstack@placement-api.service[104331]: INFO placement.requestlog [req-4c1773ff-c735-402f-a661-3ba1315909e6 req-4dc0f997-574b-457c-8ade-dde9c29703e4 service placement] 10.222.0.71 "GET /placement/allocations/ffcfc3a0-8e37-4d98-8b04-3ea9ee0d64d7" status: 200 len: 19 microversion: 1.28
Jan 28 19:32:08.276563 n-d-826675-4 devstack@placement-api.service[104332]: DEBUG placement.requestlog [req-4c1773ff-c735-402f-a661-3ba1315909e6 req-2802e63b-868b-4081-8a98-6bbfb2bb301a None None] Starting request: 10.222.0.71 "POST /placement/allocations" {{(pid=104332) __call__ /opt/stack/placement/placement/requestlog.py:55}}
Jan 28 19:32:08.283299 n-d-826675-4 devstack@placement-api.service[104331]: [pid: 104331|app: 0|req: 231/464] 10.222.0.71 () {60 vars in 1380 bytes} [Fri Jan 28 19:32:08 2022] GET /placement/allocations/ffcfc3a0-8e37-4d98-8b04-3ea9ee0d64d7 => generated 19 bytes in 38 msecs (HTTP/1.1 200) 8 headers in 295 bytes (2 switches on core 0)
Jan 28 19:32:08.448687 n-d-826675-4 devstack@placement-api.service[104332]: DEBUG placement.handlers.allocation [req-4c1773ff-c735-402f-a661-3ba1315909e6 req-2802e63b-868b-4081-8a98-6bbfb2bb301a service placement] Successfully wrote allocations [, , , ] {{(pid=104332) _update_consumers_and_create_allocations /opt/stack/placement/placement/handlers/allocation.py:572}}
Jan 28 19:32:08.528469 n-d-826675-4 devstack@placement-api.service[104332]: INFO placement.requestlog [req-4c1773ff-c735-402f-a661-3ba1315909e6 req-2802e63b-868b-4081-8a98-6bbfb2bb301a service placement] 10.222.0.71 "POST /placement/allocations" status: 204 len: 0 microversion: 1.28
Jan 28 19:32:08.541062 n-d-826675-4 devstack@placement-api.service[104332]: [pid: 104332|app: 0|req: 234/465] 10.222.0.71 () {64 vars in 1323 bytes} [Fri Jan 28 19:32:08 2022] POST /placement/allocations => generated 0 bytes in 253 msecs (HTTP/1.1 204) 5 headers in 199 bytes (1 switches on core 0)
Jan 28 19:32:08.569390 n-d-826675-4 devstack@placement-api.service[104331]: DEBUG placement.requestlog [req-4c1773ff-c735-402f-a661-3ba1315909e6 req-c669702d-1578-49ea-b07d-07bf6702ac17 None None] Starting request: 10.222.0.71 "GET /placement/allocations/ae5a0b96-2363-4cb2-a952-db65d22f7178" {{(pid=104331) __call__ /opt/stack/placement/placement/requestlog.py:55}}
