Jan 28 19:32:08.582686 n-d-826675-4 devstack@placement-api.service[104331]: INFO placement.requestlog [req-4c1773ff-c735-402f-a661-3ba1315909e6 req-c669702d-1578-49ea-b07d-07bf6702ac17 service placement] 10.222.0.71 "GET /placement/allocations/ae5a0b96-2363-4cb2-a952-db65d22f7178" status: 200 len: 19 microversion: 1.28
Jan 28 19:32:08.587745 n-d-826675-4 devstack@placement-api.service[104331]: [pid: 104331|app: 0|req: 232/466] 10.222.0.71 () {60 vars in 1380 bytes} [Fri Jan 28 19:32:08 2022] GET /placement/allocations/ae5a0b96-2363-4cb2-a952-db65d22f7178 => generated 19 bytes in 18 msecs (HTTP/1.1 200) 8 headers in 295 bytes (1 switches on core 0)
Jan 28 19:32:08.590996 n-d-826675-4 devstack@placement-api.service[104332]: DEBUG placement.requestlog [req-4c1773ff-c735-402f-a661-3ba1315909e6 req-81e68e5f-a96a-4fc5-a875-124a3d1976ec None None] Starting request: 10.222.0.71 "PUT /placement/allocations/ae5a0b96-2363-4cb2-a952-db65d22f7178" {{(pid=104332) __call__ /opt/stack/placement/placement/requestlog.py:55}}
Jan 28 19:32:08.783863 n-d-826675-4 devstack@placement-api.service[104332]: DEBUG placement.handlers.allocation [req-4c1773ff-c735-402f-a661-3ba1315909e6 req-81e68e5f-a96a-4fc5-a875-124a3d1976ec service placement] Successfully wrote allocations [, ] {{(pid=104332) _update_consumers_and_create_allocations /opt/stack/placement/placement/handlers/allocation.py:462}}
Jan 28 19:32:08.861626 n-d-826675-4 devstack@placement-api.service[104332]: INFO placement.requestlog [req-4c1773ff-c735-402f-a661-3ba1315909e6 req-81e68e5f-a96a-4fc5-a875-124a3d1976ec service placement] 10.222.0.71 "PUT /placement/allocations/ae5a0b96-2363-4cb2-a952-db65d22f7178" status: 204 len: 0 microversion: 1.28
Jan 28 19:32:08.861626 n-d-826675-4 devstack@placement-api.service[104332]: [pid: 104332|app: 0|req: 235/467] 10.222.0.71 () {64 vars in 1433 bytes} [Fri Jan 28 19:32:08 2022] PUT /placement/allocations/ae5a0b96-2363-4cb2-a952-db65d22f7178 => generated 0 bytes in 271 msecs (HTTP/1.1 204) 5 headers in 199 bytes (2 switches on core 0)
Jan 28 19:32:09.091767 n-d-826675-4 devstack@placement-api.service[104331]: DEBUG placement.requestlog [req-95b251f5-343d-4aeb-8e42-43f5d931ca21 req-0645774a-1f3e-4294-99ca-4bd55b51d96e None None] Starting request: 10.222.0.71 "GET /placement/allocation_candidates?resources=DISK_GB%3A1%2CMEMORY_MB%3A1024%2CVCPU%3A1&root_required=%21COMPUTE_STATUS_DISABLED" {{(pid=104331) __call__ /opt/stack/placement/placement/requestlog.py:55}}
Jan 28 19:32:09.130986 n-d-826675-4 devstack@placement-api.service[104331]: DEBUG placement.objects.research_context [req-95b251f5-343d-4aeb-8e42-43f5d931ca21 req-0645774a-1f3e-4294-99ca-4bd55b51d96e service placement] getting providers with 1 DISK_GB {{(pid=104331) __init__ /opt/stack/placement/placement/objects/research_context.py:126}}
Jan 28 19:32:09.137887 n-d-826675-4 devstack@placement-api.service[104331]: DEBUG placement.objects.research_context [req-95b251f5-343d-4aeb-8e42-43f5d931ca21 req-0645774a-1f3e-4294-99ca-4bd55b51d96e service placement] getting providers with 1024 MEMORY_MB {{(pid=104331) __init__ /opt/stack/placement/placement/objects/research_context.py:126}}
Jan 28 19:32:09.138628 n-d-826675-4 devstack@placement-api.service[104332]: DEBUG placement.requestlog [req-4c1773ff-c735-402f-a661-3ba1315909e6 req-d8736bff-9e3d-490b-ade3-c2186f466b54 None None] Starting request: 10.222.0.72 "GET /placement/allocations/ae5a0b96-2363-4cb2-a952-db65d22f7178" {{(pid=104332) __call__ /opt/stack/placement/placement/requestlog.py:55}}
Jan 28 19:32:09.146287 n-d-826675-4 devstack@placement-api.service[104331]: DEBUG placement.objects.research_context [req-95b251f5-343d-4aeb-8e42-43f5d931ca21 req-0645774a-1f3e-4294-99ca-4bd55b51d96e service placement] getting providers with 1 VCPU {{(pid=104331) __init__ /opt/stack/placement/placement/objects/research_context.py:126}}
Jan 28 19:32:09.167024 n-d-826675-4 devstack@placement-api.service[104331]: DEBUG placement.objects.research_context [req-95b251f5-343d-4aeb-8e42-43f5d931ca21 req-0645774a-1f3e-4294-99ca-4bd55b51d96e service placement] found 2 providers with available 1 DISK_GB {{(pid=104331) get_provider_ids_matching /opt/stack/placement/placement/objects/research_context.py:549}}
Jan 28 19:32:09.168770 n-d-826675-4 devstack@placement-api.service[104331]: DEBUG placement.objects.research_context [req-95b251f5-343d-4aeb-8e42-43f5d931ca21 req-0645774a-1f3e-4294-99ca-4bd55b51d96e service placement] found 2 providers with available 1024 MEMORY_MB {{(pid=104331) get_provider_ids_matching /opt/stack/placement/placement/objects/research_context.py:549}}
Jan 28 19:32:09.169424 n-d-826675-4 devstack@placement-api.service[104331]: DEBUG placement.objects.research_context [req-95b251f5-343d-4aeb-8e42-43f5d931ca21 req-0645774a-1f3e-4294-99ca-4bd55b51d96e service placement] found 2 providers after filtering by previous result {{(pid=104331) get_provider_ids_matching /opt/stack/placement/placement/objects/research_context.py:580}}
Jan 28 19:32:09.172914 n-d-826675-4 devstack@placement-api.service[104331]: DEBUG placement.objects.research_context [req-95b251f5-343d-4aeb-8e42-43f5d931ca21 req-0645774a-1f3e-4294-99ca-4bd55b51d96e service placement] found 2 providers with available 1 VCPU {{(pid=104331) get_provider_ids_matching /opt/stack/placement/placement/objects/research_context.py:549}}
Jan 28 19:32:09.173636 n-d-826675-4 devstack@placement-api.service[104331]: DEBUG placement.objects.research_context [req-95b251f5-343d-4aeb-8e42-43f5d931ca21 req-0645774a-1f3e-4294-99ca-4bd55b51d96e service placement] found 2 providers after filtering by previous result {{(pid=104331) get_provider_ids_matching /opt/stack/placement/placement/objects/research_context.py:580}}
Jan 28 19:32:09.193529 n-d-826675-4 devstack@placement-api.service[104331]: DEBUG placement.objects.allocation_candidate [req-95b251f5-343d-4aeb-8e42-43f5d931ca21 req-0645774a-1f3e-4294-99ca-4bd55b51d96e service placement] RequestGroup(use_same_provider=False, resources={DISK_GB:1, MEMORY_MB:1024, VCPU:1}, traits=[], aggregates=[]) (suffix '') returned 2 matches {{(pid=104331) _get_by_requests /opt/stack/placement/placement/objects/allocation_candidate.py:145}}
Jan 28 19:32:09.194269 n-d-826675-4 devstack@placement-api.service[104331]: DEBUG placement.objects.allocation_candidate [req-95b251f5-343d-4aeb-8e42-43f5d931ca21 req-0645774a-1f3e-4294-99ca-4bd55b51d96e service placement] Merging candidates yields 2 allocation requests and 2 provider summaries {{(pid=104331) _merge_candidates /opt/stack/placement/placement/objects/allocation_candidate.py:783}}
Jan 28 19:32:09.202523 n-d-826675-4 devstack@placement-api.service[104331]: INFO placement.requestlog [req-95b251f5-343d-4aeb-8e42-43f5d931ca21 req-0645774a-1f3e-4294-99ca-4bd55b51d96e service placement] 10.222.0.71 "GET /placement/allocation_candidates?resources=DISK_GB%3A1%2CMEMORY_MB%3A1024%2CVCPU%3A1&root_required=%21COMPUTE_STATUS_DISABLED" status: 200 len: 1311 microversion: 1.36
Jan 28 19:32:09.206569 n-d-826675-4 devstack@placement-api.service[104331]: [pid: 104331|app: 0|req: 233/468] 10.222.0.71 () {60 vars in 1484 bytes} [Fri Jan 28 19:32:09 2022] GET /placement/allocation_candidates?resources=DISK_GB%3A1%2CMEMORY_MB%3A1024%2CVCPU%3A1&root_required=%21COMPUTE_STATUS_DISABLED => generated 1311 bytes in 116 msecs (HTTP/1.1 200) 8 headers in 297 bytes (1 switches on core 0)
Jan 28 19:32:09.278634 n-d-826675-4 devstack@placement-api.service[104331]: DEBUG placement.requestlog [req-95b251f5-343d-4aeb-8e42-43f5d931ca21 req-21f56a6a-9aab-4610-9ddc-847a6da93410 None None] Starting request: 10.222.0.71 "GET /placement/allocations/9478ab2a-e5bb-478d-92d2-67d3f09b8754" {{(pid=104331) __call__ /opt/stack/placement/placement/requestlog.py:55}}
Jan 28 19:32:09.284209 n-d-826675-4 devstack@placement-api.service[104332]: INFO placement.requestlog [req-4c1773ff-c735-402f-a661-3ba1315909e6 req-d8736bff-9e3d-490b-ade3-c2186f466b54 service placement] 10.222.0.72 "GET /placement/allocations/ae5a0b96-2363-4cb2-a952-db65d22f7178" status: 200 len: 245 microversion: 1.28
Jan 28 19:32:09.285596 n-d-826675-4 devstack@placement-api.service[104332]: [pid: 104332|app: 0|req: 236/469] 10.222.0.72 () {60 vars in 1377 bytes} [Fri Jan 28 19:32:09 2022] GET /placement/allocations/ae5a0b96-2363-4cb2-a952-db65d22f7178 => generated 245 bytes in 147 msecs (HTTP/1.1 200) 8 headers in 296 bytes (2 switches on core 0)
Jan 28 19:32:09.292539 n-d-826675-4 devstack@placement-api.service[104331]: INFO placement.requestlog [req-95b251f5-343d-4aeb-8e42-43f5d931ca21 req-21f56a6a-9aab-4610-9ddc-847a6da93410 service placement] 10.222.0.71 "GET /placement/allocations/9478ab2a-e5bb-478d-92d2-67d3f09b8754" status: 200 len: 19 microversion: 1.28
Jan 28 19:32:09.297201 n-d-826675-4 devstack@placement-api.service[104331]: [pid: 104331|app: 0|req: 234/470] 10.222.0.71 () {60 vars in 1380 bytes} [Fri Jan 28 19:32:09 2022] GET /placement/allocations/9478ab2a-e5bb-478d-92d2-67d3f09b8754 => generated 19 bytes in 19 msecs (HTTP/1.1 200) 8 headers in 295 bytes (1 switches on core 0)
Jan 28 19:32:09.299594 n-d-826675-4 devstack@placement-api.service[104332]: DEBUG placement.requestlog [req-95b251f5-343d-4aeb-8e42-43f5d931ca21 req-e54fb04b-36f7-4d46-8176-fc01a9f4945e None None] Starting request: 10.222.0.71 "PUT /placement/allocations/9478ab2a-e5bb-478d-92d2-67d3f09b8754" {{(pid=104332) __call__ /opt/stack/placement/placement/requestlog.py:55}}
Jan 28 19:32:09.513443 n-d-826675-4 devstack@placement-api.service[104332]: DEBUG placement.handlers.allocation [req-95b251f5-343d-4aeb-8e42-43f5d931ca21 req-e54fb04b-36f7-4d46-8176-fc01a9f4945e service placement] Successfully wrote allocations [, , ] {{(pid=104332) _update_consumers_and_create_allocations /opt/stack/placement/placement/handlers/allocation.py:462}}
Jan 28 19:32:09.678626 n-d-826675-4 devstack@placement-api.service[104332]: INFO placement.requestlog [req-95b251f5-343d-4aeb-8e42-43f5d931ca21 req-e54fb04b-36f7-4d46-8176-fc01a9f4945e service placement] 10.222.0.71 "PUT /placement/allocations/9478ab2a-e5bb-478d-92d2-67d3f09b8754" status: 204 len: 0 microversion: 1.36
Jan 28 19:32:09.679402 n-d-826675-4 devstack@placement-api.service[104332]: [pid: 104332|app: 0|req: 237/471] 10.222.0.71 () {64 vars in 1433 bytes} [Fri Jan 28 19:32:09 2022] PUT /placement/allocations/9478ab2a-e5bb-478d-92d2-67d3f09b8754 => generated 0 bytes in 380 msecs (HTTP/1.1 204) 5 headers in 199 bytes (1 switches on core 0)
Jan 28 19:32:09.704413 n-d-826675-4 devstack@placement-api.service[104331]: DEBUG placement.requestlog [req-95b251f5-343d-4aeb-8e42-43f5d931ca21 req-d14691a2-5df5-4940-96f5-761f026e1869 None None] Starting request: 10.222.0.71 "GET /placement/allocations/9e1cc3b9-e8e2-4873-af0b-f5c36b08f30c" {{(pid=104331) __call__ /opt/stack/placement/placement/requestlog.py:55}}
Jan 28 19:32:09.727023 n-d-826675-4 devstack@placement-api.service[104331]: INFO placement.requestlog [req-95b251f5-343d-4aeb-8e42-43f5d931ca21 req-d14691a2-5df5-4940-96f5-761f026e1869 service placement] 10.222.0.71 "GET /placement/allocations/9e1cc3b9-e8e2-4873-af0b-f5c36b08f30c" status: 200 len: 19 microversion: 1.28
Jan 28 19:32:09.727721 n-d-826675-4 devstack@placement-api.service[104331]: [pid: 104331|app: 0|req: 235/472] 10.222.0.71 () {60 vars in 1380 bytes} [Fri Jan 28 19:32:09 2022] GET /placement/allocations/9e1cc3b9-e8e2-4873-af0b-f5c36b08f30c => generated 19 bytes in 24 msecs (HTTP/1.1 200) 8 headers in 295 bytes (1 switches on core 0)
Jan 28 19:32:09.742866 n-d-826675-4 devstack@placement-api.service[104332]: DEBUG placement.requestlog [req-95b251f5-343d-4aeb-8e42-43f5d931ca21 req-da427be8-968f-432d-b16c-6d37f88b3fac None None] Starting request: 10.222.0.71 "PUT /placement/allocations/9e1cc3b9-e8e2-4873-af0b-f5c36b08f30c" {{(pid=104332) __call__ /opt/stack/placement/placement/requestlog.py:55}}
Jan 28 19:32:09.954622 n-d-826675-4 devstack@placement-api.service[104332]: DEBUG placement.handlers.allocation [req-95b251f5-343d-4aeb-8e42-43f5d931ca21 req-da427be8-968f-432d-b16c-6d37f88b3fac service placement] Successfully wrote allocations [, , ] {{(pid=104332) _update_consumers_and_create_allocations /opt/stack/placement/placement/handlers/allocation.py:462}}
Jan 28 19:32:10.102671 n-d-826675-4 devstack@placement-api.service[104332]: INFO placement.requestlog [req-95b251f5-343d-4aeb-8e42-43f5d931ca21 req-da427be8-968f-432d-b16c-6d37f88b3fac service placement] 10.222.0.71 "PUT /placement/allocations/9e1cc3b9-e8e2-4873-af0b-f5c36b08f30c" status: 204 len: 0 microversion: 1.36
Jan 28 19:32:10.109965 n-d-826675-4 devstack@placement-api.service[104332]: [pid: 104332|app: 0|req: 238/473] 10.222.0.71 () {64 vars in 1433 bytes} [Fri Jan 28 19:32:09 2022] PUT /placement/allocations/9e1cc3b9-e8e2-4873-af0b-f5c36b08f30c => generated 0 bytes in 361 msecs (HTTP/1.1 204) 5 headers in 199 bytes (1 switches on core 0)
Jan 28 19:32:11.712401 n-d-826675-4 devstack@placement-api.service[104331]: DEBUG placement.requestlog [req-95b251f5-343d-4aeb-8e42-43f5d931ca21 req-14a6751d-6dca-44d5-902d-d2f4df51528c None None] Starting request: 10.222.0.72 "GET /placement/allocations/9478ab2a-e5bb-478d-92d2-67d3f09b8754" {{(pid=104331) __call__ /opt/stack/placement/placement/requestlog.py:55}}
Jan 28 19:32:11.740134 n-d-826675-4 devstack@placement-api.service[104331]: INFO placement.requestlog [req-95b251f5-343d-4aeb-8e42-43f5d931ca21 req-14a6751d-6dca-44d5-902d-d2f4df51528c service placement] 10.222.0.72 "GET /placement/allocations/9478ab2a-e5bb-478d-92d2-67d3f09b8754" status: 200 len: 259 microversion: 1.28
Jan 28 19:32:11.740666 n-d-826675-4 devstack@placement-api.service[104331]: [pid: 104331|app: 0|req: 236/474] 10.222.0.72 () {60 vars in 1377 bytes} [Fri Jan 28 19:32:11 2022] GET /placement/allocations/9478ab2a-e5bb-478d-92d2-67d3f09b8754 => generated 259 bytes in 29 msecs (HTTP/1.1 200) 8 headers in 296 bytes (1 switches on core 0)
Jan 28 19:32:12.245622 n-d-826675-4 devstack@placement-api.service[104332]: DEBUG placement.requestlog [req-95b251f5-343d-4aeb-8e42-43f5d931ca21 req-bffee08b-7e64-45a1-8120-8d445a80d40c None None] Starting request: 10.222.0.32 "GET /placement/allocations/9e1cc3b9-e8e2-4873-af0b-f5c36b08f30c" {{(pid=104332) __call__ /opt/stack/placement/placement/requestlog.py:55}}
Jan 28 19:32:12.267853 n-d-826675-4 devstack@placement-api.service[104331]: DEBUG placement.requestlog [req-95b251f5-343d-4aeb-8e42-43f5d931ca21 req-c28fe232-29a8-45fc-94b8-6bcf437455d7 None None] Starting request: 10.222.0.72 "GET /placement/resource_providers?in_tree=6a7557fe-4e8e-4cf7-af5e-7444c63177dc" {{(pid=104331) __call__ /opt/stack/placement/placement/requestlog.py:55}}
Jan 28 19:32:12.272507 n-d-826675-4 devstack@placement-api.service[104332]: INFO placement.requestlog [req-95b251f5-343d-4aeb-8e42-43f5d931ca21 req-bffee08b-7e64-45a1-8120-8d445a80d40c service placement] 10.222.0.32 "GET /placement/allocations/9e1cc3b9-e8e2-4873-af0b-f5c36b08f30c" status: 200 len: 259 microversion: 1.28
Jan 28 19:32:12.273713 n-d-826675-4 devstack@placement-api.service[104332]: [pid: 104332|app: 0|req: 239/475] 10.222.0.32 () {60 vars in 1377 bytes} [Fri Jan 28 19:32:12 2022] GET /placement/allocations/9e1cc3b9-e8e2-4873-af0b-f5c36b08f30c => generated 259 bytes in 28 msecs (HTTP/1.1 200) 8 headers in 296 bytes (1 switches on core 0)
Jan 28 19:32:12.287542 n-d-826675-4 devstack@placement-api.service[104331]: INFO placement.requestlog [req-95b251f5-343d-4aeb-8e42-43f5d931ca21 req-c28fe232-29a8-45fc-94b8-6bcf437455d7 service placement] 10.222.0.72 "GET /placement/resource_providers?in_tree=6a7557fe-4e8e-4cf7-af5e-7444c63177dc" status: 200 len: 863 microversion: 1.14
Jan 28 19:32:12.288444 n-d-826675-4 devstack@placement-api.service[104331]: [pid: 104331|app: 0|req: 237/476] 10.222.0.72 () {60 vars in 1376 bytes} [Fri Jan 28 19:32:12 2022] GET /placement/resource_providers?in_tree=6a7557fe-4e8e-4cf7-af5e-7444c63177dc => generated 863 bytes in 37 msecs (HTTP/1.1 200) 6 headers in 225 bytes (2 switches on core 0)
Jan 28 19:32:12.299338 n-d-826675-4 devstack@placement-api.service[104332]: DEBUG placement.requestlog [req-95b251f5-343d-4aeb-8e42-43f5d931ca21 req-0038d3be-d3fe-44d6-b662-fba3dbd7a5bc None None] Starting request: 10.222.0.72 "GET /placement/resource_providers/6a7557fe-4e8e-4cf7-af5e-7444c63177dc/inventories" {{(pid=104332) __call__ /opt/stack/placement/placement/requestlog.py:55}}
Jan 28 19:32:12.340348 n-d-826675-4 devstack@placement-api.service[104332]: INFO placement.requestlog [req-95b251f5-343d-4aeb-8e42-43f5d931ca21 req-0038d3be-d3fe-44d6-b662-fba3dbd7a5bc service placement] 10.222.0.72 "GET /placement/resource_providers/6a7557fe-4e8e-4cf7-af5e-7444c63177dc/inventories" status: 200 len: 398 microversion: 1.0
Jan 28 19:32:12.344937 n-d-826675-4 devstack@placement-api.service[104332]: [pid: 104332|app: 0|req: 240/477] 10.222.0.72 () {58 vars in 1390 bytes} [Fri Jan 28 19:32:12 2022] GET /placement/resource_providers/6a7557fe-4e8e-4cf7-af5e-7444c63177dc/inventories => generated 398 bytes in 43 msecs (HTTP/1.1 200) 6 headers in 224 bytes (2 switches on core 0)
Jan 28 19:32:12.354391 n-d-826675-4 devstack@placement-api.service[104331]: DEBUG placement.requestlog [req-95b251f5-343d-4aeb-8e42-43f5d931ca21 req-ab931047-bbb7-40cf-a731-c8242a78e4bf None None] Starting request: 10.222.0.72 "GET /placement/resource_providers/6a7557fe-4e8e-4cf7-af5e-7444c63177dc/aggregates" {{(pid=104331) __call__ /opt/stack/placement/placement/requestlog.py:55}}
Jan 28 19:32:12.368400 n-d-826675-4 devstack@placement-api.service[104331]: INFO placement.requestlog [req-95b251f5-343d-4aeb-8e42-43f5d931ca21 req-ab931047-bbb7-40cf-a731-c8242a78e4bf service placement] 10.222.0.72 "GET /placement/resource_providers/6a7557fe-4e8e-4cf7-af5e-7444c63177dc/aggregates" status: 200 len: 54 microversion: 1.19
Jan 28 19:32:12.373634 n-d-826675-4 devstack@placement-api.service[104331]: [pid: 104331|app: 0|req: 238/478] 10.222.0.72 () {60 vars in 1431 bytes} [Fri Jan 28 19:32:12 2022] GET /placement/resource_providers/6a7557fe-4e8e-4cf7-af5e-7444c63177dc/aggregates => generated 54 bytes in 15 msecs (HTTP/1.1 200) 8 headers in 295 bytes (1 switches on core 0)
Jan 28 19:32:12.382534 n-d-826675-4 devstack@placement-api.service[104332]: DEBUG placement.requestlog [req-95b251f5-343d-4aeb-8e42-43f5d931ca21 req-f5f90e15-be2d-4020-ad7d-b78082c68006 None None] Starting request: 10.222.0.72 "GET /placement/resource_providers/6a7557fe-4e8e-4cf7-af5e-7444c63177dc/traits" {{(pid=104332) __call__ /opt/stack/placement/placement/requestlog.py:55}}
Jan 28 19:32:12.420657 n-d-826675-4 devstack@placement-api.service[104332]: INFO placement.requestlog [req-95b251f5-343d-4aeb-8e42-43f5d931ca21 req-f5f90e15-be2d-4020-ad7d-b78082c68006 service placement] 10.222.0.72 "GET /placement/resource_providers/6a7557fe-4e8e-4cf7-af5e-7444c63177dc/traits" status: 200 len: 212 microversion: 1.6
Jan 28 19:32:12.421069 n-d-826675-4 devstack@placement-api.service[104332]: [pid: 104332|app: 0|req: 241/479] 10.222.0.72 () {60 vars in 1418 bytes} [Fri Jan 28 19:32:12 2022] GET /placement/resource_providers/6a7557fe-4e8e-4cf7-af5e-7444c63177dc/traits => generated 212 bytes in 39 msecs (HTTP/1.1 200) 6 headers in 224 bytes (2 switches on core 0)
Jan 28 19:32:15.914967 n-d-826675-4 devstack@placement-api.service[104331]: DEBUG placement.requestlog [req-405aafa8-35de-43ba-b74a-521d7934a253 req-37a46458-0479-4abe-b416-820286e098d0 None None] Starting request: 10.222.0.32 "DELETE /placement/allocations/652ca80d-3be6-4084-8c72-ff3d1bcbc2ce" {{(pid=104331) __call__ /opt/stack/placement/placement/requestlog.py:55}}
Jan 28 19:32:16.122452 n-d-826675-4 devstack@placement-api.service[104331]: DEBUG placement.handlers.allocation [req-405aafa8-35de-43ba-b74a-521d7934a253 req-37a46458-0479-4abe-b416-820286e098d0 service placement] Successfully deleted allocations [, , ] {{(pid=104331) delete_allocations /opt/stack/placement/placement/handlers/allocation.py:627}}
Jan 28 19:32:16.123234 n-d-826675-4 devstack@placement-api.service[104331]: INFO placement.requestlog [req-405aafa8-35de-43ba-b74a-521d7934a253 req-37a46458-0479-4abe-b416-820286e098d0 service placement] 10.222.0.32 "DELETE /placement/allocations/652ca80d-3be6-4084-8c72-ff3d1bcbc2ce" status: 204 len: 0 microversion: 1.0
Jan 28 19:32:16.124839 n-d-826675-4 devstack@placement-api.service[104331]: [pid: 104331|app: 0|req: 239/480] 10.222.0.32 () {60 vars in 1355 bytes} [Fri Jan 28 19:32:15 2022] DELETE /placement/allocations/652ca80d-3be6-4084-8c72-ff3d1bcbc2ce => generated 0 bytes in 210 msecs (HTTP/1.1 204) 5 headers in 198 bytes (1 switches on core 0)
Jan 28 19:32:24.839203 n-d-826675-4 devstack@placement-api.service[104332]: DEBUG placement.requestlog [req-7f4fee0b-e7d0-44c4-a2c8-3811e76948bf req-11fd7485-05c4-4dad-a50c-c60e919551e3 None None] Starting request: 10.222.0.32 "GET /placement/resource_providers/d77ddd11-3af4-4cff-81ee-61d626d29e22/allocations" {{(pid=104332) __call__ /opt/stack/placement/placement/requestlog.py:55}}
Jan 28 19:32:24.886224 n-d-826675-4 devstack@placement-api.service[104332]: INFO placement.requestlog [req-7f4fee0b-e7d0-44c4-a2c8-3811e76948bf req-11fd7485-05c4-4dad-a50c-c60e919551e3 service placement] 10.222.0.32 "GET /placement/resource_providers/d77ddd11-3af4-4cff-81ee-61d626d29e22/allocations" status: 200 len: 732 microversion: 1.0
Jan 28 19:32:24.886887 n-d-826675-4 devstack@placement-api.service[104332]: [pid: 104332|app: 0|req: 242/481] 10.222.0.32 () {58 vars in 1390 bytes} [Fri Jan 28 19:32:24 2022] GET /placement/resource_providers/d77ddd11-3af4-4cff-81ee-61d626d29e22/allocations => generated 732 bytes in 48 msecs (HTTP/1.1 200) 6 headers in 224 bytes (2 switches on core 0)
Jan 28 19:32:25.689474 n-d-826675-4 devstack@placement-api.service[104331]: DEBUG placement.requestlog [req-4239cc4d-cbff-4bc4-afe6-fa4c8139315c req-99b10654-9a67-4048-8bf5-d7ecdb3e02ea None None] Starting request: 10.222.0.71 "GET /placement/allocation_candidates?limit=1000&resources=DISK_GB%3A1%2CMEMORY_MB%3A1024%2CVCPU%3A1&root_required=%21COMPUTE_STATUS_DISABLED" {{(pid=104331) __call__ /opt/stack/placement/placement/requestlog.py:55}}
Jan 28 19:32:25.768055 n-d-826675-4 devstack@placement-api.service[104331]: DEBUG placement.objects.research_context [req-4239cc4d-cbff-4bc4-afe6-fa4c8139315c req-99b10654-9a67-4048-8bf5-d7ecdb3e02ea service placement] getting providers with 1 DISK_GB {{(pid=104331) __init__ /opt/stack/placement/placement/objects/research_context.py:126}}
Jan 28 19:32:25.786447 n-d-826675-4 devstack@placement-api.service[104331]: DEBUG placement.objects.research_context [req-4239cc4d-cbff-4bc4-afe6-fa4c8139315c req-99b10654-9a67-4048-8bf5-d7ecdb3e02ea service placement] getting providers with 1024 MEMORY_MB {{(pid=104331) __init__ /opt/stack/placement/placement/objects/research_context.py:126}}
Jan 28 19:32:25.803242 n-d-826675-4 devstack@placement-api.service[104331]: DEBUG placement.objects.research_context [req-4239cc4d-cbff-4bc4-afe6-fa4c8139315c req-99b10654-9a67-4048-8bf5-d7ecdb3e02ea service placement] getting providers with 1 VCPU {{(pid=104331) __init__ /opt/stack/placement/placement/objects/research_context.py:126}}
Jan 28 19:32:25.813594 n-d-826675-4 devstack@placement-api.service[104331]: DEBUG placement.objects.research_context [req-4239cc4d-cbff-4bc4-afe6-fa4c8139315c req-99b10654-9a67-4048-8bf5-d7ecdb3e02ea service placement] found 2 providers with available 1 DISK_GB {{(pid=104331) get_provider_ids_matching /opt/stack/placement/placement/objects/research_context.py:549}}
Jan 28 19:32:25.816861 n-d-826675-4 devstack@placement-api.service[104331]: DEBUG placement.objects.research_context [req-4239cc4d-cbff-4bc4-afe6-fa4c8139315c req-99b10654-9a67-4048-8bf5-d7ecdb3e02ea service placement] found 2 providers with available 1024 MEMORY_MB {{(pid=104331) get_provider_ids_matching /opt/stack/placement/placement/objects/research_context.py:549}}
Jan 28 19:32:25.817351 n-d-826675-4 devstack@placement-api.service[104331]: DEBUG placement.objects.research_context [req-4239cc4d-cbff-4bc4-afe6-fa4c8139315c req-99b10654-9a67-4048-8bf5-d7ecdb3e02ea service placement] found 2 providers after filtering by previous result {{(pid=104331) get_provider_ids_matching /opt/stack/placement/placement/objects/research_context.py:580}}
Jan 28 19:32:25.824795 n-d-826675-4 devstack@placement-api.service[104331]: DEBUG placement.objects.research_context [req-4239cc4d-cbff-4bc4-afe6-fa4c8139315c req-99b10654-9a67-4048-8bf5-d7ecdb3e02ea service placement] found 2 providers with available 1 VCPU {{(pid=104331) get_provider_ids_matching /opt/stack/placement/placement/objects/research_context.py:549}}
Jan 28 19:32:25.825364 n-d-826675-4 devstack@placement-api.service[104331]: DEBUG placement.objects.research_context [req-4239cc4d-cbff-4bc4-afe6-fa4c8139315c req-99b10654-9a67-4048-8bf5-d7ecdb3e02ea service placement] found 2 providers after filtering by previous result {{(pid=104331) get_provider_ids_matching /opt/stack/placement/placement/objects/research_context.py:580}}
Jan 28 19:32:25.856308 n-d-826675-4 devstack@placement-api.service[104331]: DEBUG placement.objects.allocation_candidate [req-4239cc4d-cbff-4bc4-afe6-fa4c8139315c req-99b10654-9a67-4048-8bf5-d7ecdb3e02ea service placement] RequestGroup(use_same_provider=False, resources={DISK_GB:1, MEMORY_MB:1024, VCPU:1}, traits=[], aggregates=[]) (suffix '') returned 2 matches {{(pid=104331) _get_by_requests /opt/stack/placement/placement/objects/allocation_candidate.py:145}}
Jan 28 19:32:25.857152 n-d-826675-4 devstack@placement-api.service[104331]: DEBUG placement.objects.allocation_candidate [req-4239cc4d-cbff-4bc4-afe6-fa4c8139315c req-99b10654-9a67-4048-8bf5-d7ecdb3e02ea service placement] Merging candidates yields 2 allocation requests and 2 provider summaries {{(pid=104331) _merge_candidates /opt/stack/placement/placement/objects/allocation_candidate.py:783}}
Jan 28 19:32:25.885568 n-d-826675-4 devstack@placement-api.service[104331]: INFO placement.requestlog [req-4239cc4d-cbff-4bc4-afe6-fa4c8139315c req-99b10654-9a67-4048-8bf5-d7ecdb3e02ea service placement] 10.222.0.71 "GET /placement/allocation_candidates?limit=1000&resources=DISK_GB%3A1%2CMEMORY_MB%3A1024%2CVCPU%3A1&root_required=%21COMPUTE_STATUS_DISABLED" status: 200 len: 1311 microversion: 1.36
Jan 28 19:32:25.891306 n-d-826675-4 devstack@placement-api.service[104331]: [pid: 104331|app: 0|req: 240/482] 10.222.0.71 () {60 vars in 1506 bytes} [Fri Jan 28 19:32:25 2022] GET /placement/allocation_candidates?limit=1000&resources=DISK_GB%3A1%2CMEMORY_MB%3A1024%2CVCPU%3A1&root_required=%21COMPUTE_STATUS_DISABLED => generated 1311 bytes in 202 msecs (HTTP/1.1 200) 8 headers in 297 bytes (1 switches on core 0)
Jan 28 19:32:25.949326 n-d-826675-4 devstack@placement-api.service[104332]: DEBUG placement.requestlog [req-4239cc4d-cbff-4bc4-afe6-fa4c8139315c req-1871f51e-5d86-4a3a-805f-096e9a764b70 None None] Starting request: 10.222.0.71 "GET /placement/allocations/35851dfe-bfcb-4f3d-8551-f7a38a09cd67" {{(pid=104332) __call__ /opt/stack/placement/placement/requestlog.py:55}}
Jan 28 19:32:25.964627 n-d-826675-4 devstack@placement-api.service[104332]: INFO placement.requestlog [req-4239cc4d-cbff-4bc4-afe6-fa4c8139315c req-1871f51e-5d86-4a3a-805f-096e9a764b70 service placement] 10.222.0.71 "GET /placement/allocations/35851dfe-bfcb-4f3d-8551-f7a38a09cd67" status: 200 len: 19 microversion: 1.28
Jan 28 19:32:25.965377 n-d-826675-4 devstack@placement-api.service[104332]: [pid: 104332|app: 0|req: 243/483] 10.222.0.71 () {60 vars in 1380 bytes} [Fri Jan 28 19:32:25 2022] GET /placement/allocations/35851dfe-bfcb-4f3d-8551-f7a38a09cd67 => generated 19 bytes in 16 msecs (HTTP/1.1 200) 8 headers in 295 bytes (1 switches on core 0)
Jan 28 19:32:25.971490 n-d-826675-4 devstack@placement-api.service[104331]: DEBUG placement.requestlog [req-4239cc4d-cbff-4bc4-afe6-fa4c8139315c req-b64ba456-1fde-4812-8bdb-89815da938eb None None] Starting request: 10.222.0.71 "PUT /placement/allocations/35851dfe-bfcb-4f3d-8551-f7a38a09cd67" {{(pid=104331) __call__ /opt/stack/placement/placement/requestlog.py:55}}
Jan 28 19:32:26.370749 n-d-826675-4 devstack@placement-api.service[104331]: DEBUG placement.handlers.allocation [req-4239cc4d-cbff-4bc4-afe6-fa4c8139315c req-b64ba456-1fde-4812-8bdb-89815da938eb service placement] Successfully wrote allocations [, , ] {{(pid=104331) _update_consumers_and_create_allocations /opt/stack/placement/placement/handlers/allocation.py:462}}
Jan 28 19:32:26.442683 n-d-826675-4 devstack@placement-api.service[104331]: INFO placement.requestlog [req-4239cc4d-cbff-4bc4-afe6-fa4c8139315c req-b64ba456-1fde-4812-8bdb-89815da938eb service placement] 10.222.0.71 "PUT /placement/allocations/35851dfe-bfcb-4f3d-8551-f7a38a09cd67" status: 204 len: 0 microversion: 1.36
Jan 28 19:32:26.443439 n-d-826675-4 devstack@placement-api.service[104331]: [pid: 104331|app: 0|req: 241/484] 10.222.0.71 () {64 vars in 1433 bytes} [Fri Jan 28 19:32:25 2022] PUT /placement/allocations/35851dfe-bfcb-4f3d-8551-f7a38a09cd67 => generated 0 bytes in 472 msecs (HTTP/1.1 204) 5 headers in 199 bytes (1 switches on core 0)
Jan 28 19:32:27.723025 n-d-826675-4 devstack@placement-api.service[104332]: DEBUG placement.requestlog [req-4239cc4d-cbff-4bc4-afe6-fa4c8139315c req-08237c30-9c97-473c-87c9-4996b74d742a None None] Starting request: 10.222.0.32 "GET /placement/allocations/35851dfe-bfcb-4f3d-8551-f7a38a09cd67" {{(pid=104332) __call__ /opt/stack/placement/placement/requestlog.py:55}}
Jan 28 19:32:27.761264 n-d-826675-4 devstack@placement-api.service[104332]: INFO placement.requestlog [req-4239cc4d-cbff-4bc4-afe6-fa4c8139315c req-08237c30-9c97-473c-87c9-4996b74d742a service placement] 10.222.0.32 "GET /placement/allocations/35851dfe-bfcb-4f3d-8551-f7a38a09cd67" status: 200 len: 259 microversion: 1.28
Jan 28 19:32:27.761567 n-d-826675-4 devstack@placement-api.service[104332]: [pid: 104332|app: 0|req: 244/485] 10.222.0.32 () {60 vars in 1377 bytes} [Fri Jan 28 19:32:27 2022] GET /placement/allocations/35851dfe-bfcb-4f3d-8551-f7a38a09cd67 => generated 259 bytes in 39 msecs (HTTP/1.1 200) 8 headers in 296 bytes (1 switches on core 0)
Jan 28 19:32:31.866499 n-d-826675-4 devstack@placement-api.service[104331]: DEBUG placement.requestlog [req-f9f0a1ea-ca0c-43f9-9093-a3cc8f7e4da2 req-7b870800-f53f-4064-95e0-4e2c9cf4bd9c None None] Starting request: 10.222.0.32 "GET /placement/resource_providers/d77ddd11-3af4-4cff-81ee-61d626d29e22/allocations" {{(pid=104331) __call__ /opt/stack/placement/placement/requestlog.py:55}}
Jan 28 19:32:31.904772 n-d-826675-4 devstack@placement-api.service[104331]: INFO placement.requestlog [req-f9f0a1ea-ca0c-43f9-9093-a3cc8f7e4da2 req-7b870800-f53f-4064-95e0-4e2c9cf4bd9c service placement] 10.222.0.32 "GET /placement/resource_providers/d77ddd11-3af4-4cff-81ee-61d626d29e22/allocations" status: 200 len: 833 microversion: 1.0
Jan 28 19:32:31.905531 n-d-826675-4 devstack@placement-api.service[104331]: [pid: 104331|app: 0|req: 242/486] 10.222.0.32 () {58 vars in 1390 bytes} [Fri Jan 28 19:32:31 2022] GET /placement/resource_providers/d77ddd11-3af4-4cff-81ee-61d626d29e22/allocations => generated 833 bytes in 39 msecs (HTTP/1.1 200) 6 headers in 224 bytes (1 switches on core 0)
Jan 28 19:32:32.692525 n-d-826675-4 devstack@placement-api.service[104332]: DEBUG placement.requestlog [req-1a15edf5-62cb-4991-91f1-93cc87e18df0 req-f524e526-d5b0-40ca-ac08-77c26189f3db None None] Starting request: 10.222.0.72 "GET /placement/resource_providers/6a7557fe-4e8e-4cf7-af5e-7444c63177dc/allocations" {{(pid=104332) __call__ /opt/stack/placement/placement/requestlog.py:55}}
Jan 28 19:32:32.727898 n-d-826675-4 devstack@placement-api.service[104332]: INFO placement.requestlog [req-1a15edf5-62cb-4991-91f1-93cc87e18df0 req-f524e526-d5b0-40ca-ac08-77c26189f3db service placement] 10.222.0.72 "GET /placement/resource_providers/6a7557fe-4e8e-4cf7-af5e-7444c63177dc/allocations" status: 200 len: 1122 microversion: 1.0
Jan 28 19:32:32.728916 n-d-826675-4 devstack@placement-api.service[104332]: [pid: 104332|app: 0|req: 245/487] 10.222.0.72 () {58 vars in 1390 bytes} [Fri Jan 28 19:32:32 2022] GET /placement/resource_providers/6a7557fe-4e8e-4cf7-af5e-7444c63177dc/allocations => generated 1122 bytes in 37 msecs (HTTP/1.1 200) 6 headers in 225 bytes (1 switches on core 0)
Jan 28 19:32:32.775164 n-d-826675-4 devstack@placement-api.service[104331]: DEBUG placement.requestlog [req-f9f0a1ea-ca0c-43f9-9093-a3cc8f7e4da2 req-710c5ce6-1b4f-4b81-a1cf-e2ff2b43ef3b None None] Starting request: 10.222.0.32 "GET /placement/allocations/21f285b3-766e-4220-9a8b-2f4721c141f5" {{(pid=104331) __call__ /opt/stack/placement/placement/requestlog.py:55}}
Jan 28 19:32:32.835191 n-d-826675-4 devstack@placement-api.service[104331]: INFO placement.requestlog [req-f9f0a1ea-ca0c-43f9-9093-a3cc8f7e4da2 req-710c5ce6-1b4f-4b81-a1cf-e2ff2b43ef3b service placement] 10.222.0.32 "GET /placement/allocations/21f285b3-766e-4220-9a8b-2f4721c141f5" status: 200 len: 245 microversion: 1.28
Jan 28 19:32:32.835905 n-d-826675-4 devstack@placement-api.service[104331]: [pid: 104331|app: 0|req: 243/488] 10.222.0.32 () {60 vars in 1377 bytes} [Fri Jan 28 19:32:32 2022] GET /placement/allocations/21f285b3-766e-4220-9a8b-2f4721c141f5 => generated 245 bytes in 61 msecs (HTTP/1.1 200) 8 headers in 296 bytes (1 switches on core 0)
Jan 28 19:32:32.844469 n-d-826675-4 devstack@placement-api.service[104332]: DEBUG placement.requestlog [req-f9f0a1ea-ca0c-43f9-9093-a3cc8f7e4da2 req-8e66959c-eee7-4a9b-a978-cabc9783b315 None None] Starting request: 10.222.0.32 "PUT /placement/allocations/21f285b3-766e-4220-9a8b-2f4721c141f5" {{(pid=104332) __call__ /opt/stack/placement/placement/requestlog.py:55}}
Jan 28 19:32:33.066280 n-d-826675-4 devstack@placement-api.service[104332]: DEBUG placement.handlers.allocation [req-f9f0a1ea-ca0c-43f9-9093-a3cc8f7e4da2 req-8e66959c-eee7-4a9b-a978-cabc9783b315 service placement] Successfully wrote allocations [, ] {{(pid=104332) _update_consumers_and_create_allocations /opt/stack/placement/placement/handlers/allocation.py:462}}
Jan 28 19:32:33.150651 n-d-826675-4 devstack@placement-api.service[104332]: INFO placement.requestlog [req-f9f0a1ea-ca0c-43f9-9093-a3cc8f7e4da2 req-8e66959c-eee7-4a9b-a978-cabc9783b315 service placement] 10.222.0.32 "PUT /placement/allocations/21f285b3-766e-4220-9a8b-2f4721c141f5" status: 204 len: 0 microversion: 1.28
Jan 28 19:32:33.151895 n-d-826675-4 devstack@placement-api.service[104332]: [pid: 104332|app: 0|req: 246/489] 10.222.0.32 () {64 vars in 1430 bytes} [Fri Jan 28 19:32:32 2022] PUT /placement/allocations/21f285b3-766e-4220-9a8b-2f4721c141f5 => generated 0 bytes in 309 msecs (HTTP/1.1 204) 5 headers in 199 bytes (2 switches on core 0)
Jan 28 19:32:44.080310 n-d-826675-4 devstack@placement-api.service[104331]: DEBUG placement.requestlog [req-550f09e0-d8e1-4cfd-9f5a-2d3454fd8186 req-fb40b882-02ec-467a-8bab-04f48fa690f4 None None] Starting request: 10.222.0.71 "GET /placement/allocation_candidates?limit=1000&resources=DISK_GB%3A1%2CMEMORY_MB%3A1024%2CVCPU%3A1&root_required=%21COMPUTE_STATUS_DISABLED" {{(pid=104331) __call__ /opt/stack/placement/placement/requestlog.py:55}}
Jan 28 19:32:44.119858 n-d-826675-4 devstack@placement-api.service[104331]: DEBUG placement.objects.research_context [req-550f09e0-d8e1-4cfd-9f5a-2d3454fd8186 req-fb40b882-02ec-467a-8bab-04f48fa690f4 service placement] getting providers with 1 DISK_GB {{(pid=104331) __init__ /opt/stack/placement/placement/objects/research_context.py:126}}
Jan 28 19:32:44.127743 n-d-826675-4 devstack@placement-api.service[104331]: DEBUG placement.objects.research_context [req-550f09e0-d8e1-4cfd-9f5a-2d3454fd8186 req-fb40b882-02ec-467a-8bab-04f48fa690f4 service placement] getting providers with 1024 MEMORY_MB {{(pid=104331) __init__ /opt/stack/placement/placement/objects/research_context.py:126}}
Jan 28 19:32:44.145745 n-d-826675-4 devstack@placement-api.service[104331]: DEBUG placement.objects.research_context [req-550f09e0-d8e1-4cfd-9f5a-2d3454fd8186 req-fb40b882-02ec-467a-8bab-04f48fa690f4 service placement] getting providers with 1 VCPU {{(pid=104331) __init__ /opt/stack/placement/placement/objects/research_context.py:126}}
Jan 28 19:32:44.160333 n-d-826675-4 devstack@placement-api.service[104331]: DEBUG placement.objects.research_context [req-550f09e0-d8e1-4cfd-9f5a-2d3454fd8186 req-fb40b882-02ec-467a-8bab-04f48fa690f4 service placement] found 2 providers with available 1 DISK_GB {{(pid=104331) get_provider_ids_matching /opt/stack/placement/placement/objects/research_context.py:549}}
Jan 28 19:32:44.160720 n-d-826675-4 devstack@placement-api.service[104331]: DEBUG placement.objects.research_context [req-550f09e0-d8e1-4cfd-9f5a-2d3454fd8186 req-fb40b882-02ec-467a-8bab-04f48fa690f4 service placement] found 2 providers with available 1024 MEMORY_MB {{(pid=104331) get_provider_ids_matching /opt/stack/placement/placement/objects/research_context.py:549}}
Jan 28 19:32:44.167596 n-d-826675-4 devstack@placement-api.service[104331]: DEBUG placement.objects.research_context [req-550f09e0-d8e1-4cfd-9f5a-2d3454fd8186 req-fb40b882-02ec-467a-8bab-04f48fa690f4 service placement] found 2 providers after filtering by previous result {{(pid=104331) get_provider_ids_matching /opt/stack/placement/placement/objects/research_context.py:580}}
Jan 28 19:32:44.168067 n-d-826675-4 devstack@placement-api.service[104331]: DEBUG placement.objects.research_context [req-550f09e0-d8e1-4cfd-9f5a-2d3454fd8186 req-fb40b882-02ec-467a-8bab-04f48fa690f4 service placement] found 2 providers with available 1 VCPU {{(pid=104331) get_provider_ids_matching /opt/stack/placement/placement/objects/research_context.py:549}}
Jan 28 19:32:44.168427 n-d-826675-4 devstack@placement-api.service[104331]: DEBUG placement.objects.research_context [req-550f09e0-d8e1-4cfd-9f5a-2d3454fd8186 req-fb40b882-02ec-467a-8bab-04f48fa690f4 service placement] found 2 providers after filtering by previous result {{(pid=104331) get_provider_ids_matching /opt/stack/placement/placement/objects/research_context.py:580}}
Jan 28 19:32:44.186244 n-d-826675-4 devstack@placement-api.service[104331]: DEBUG placement.objects.allocation_candidate [req-550f09e0-d8e1-4cfd-9f5a-2d3454fd8186 req-fb40b882-02ec-467a-8bab-04f48fa690f4 service placement] RequestGroup(use_same_provider=False, resources={DISK_GB:1, MEMORY_MB:1024, VCPU:1}, traits=[], aggregates=[]) (suffix '') returned 2 matches {{(pid=104331) _get_by_requests /opt/stack/placement/placement/objects/allocation_candidate.py:145}}
Jan 28 19:32:44.187897 n-d-826675-4 devstack@placement-api.service[104331]: DEBUG placement.objects.allocation_candidate [req-550f09e0-d8e1-4cfd-9f5a-2d3454fd8186 req-fb40b882-02ec-467a-8bab-04f48fa690f4 service placement] Merging candidates yields 2 allocation requests and 2 provider summaries {{(pid=104331) _merge_candidates /opt/stack/placement/placement/objects/allocation_candidate.py:783}}
Jan 28 19:32:44.193967 n-d-826675-4 devstack@placement-api.service[104331]: INFO placement.requestlog [req-550f09e0-d8e1-4cfd-9f5a-2d3454fd8186 req-fb40b882-02ec-467a-8bab-04f48fa690f4 service placement] 10.222.0.71 "GET /placement/allocation_candidates?limit=1000&resources=DISK_GB%3A1%2CMEMORY_MB%3A1024%2CVCPU%3A1&root_required=%21COMPUTE_STATUS_DISABLED" status: 200 len: 1311 microversion: 1.36
Jan 28 19:32:44.194773 n-d-826675-4 devstack@placement-api.service[104331]: [pid: 104331|app: 0|req: 244/490] 10.222.0.71 () {60 vars in 1506 bytes} [Fri Jan 28 19:32:44 2022] GET /placement/allocation_candidates?limit=1000&resources=DISK_GB%3A1%2CMEMORY_MB%3A1024%2CVCPU%3A1&root_required=%21COMPUTE_STATUS_DISABLED => generated 1311 bytes in 115 msecs (HTTP/1.1 200) 8 headers in 297 bytes (1 switches on core 0)
Jan 28 19:32:44.309920 n-d-826675-4 devstack@placement-api.service[104332]: DEBUG placement.requestlog [req-550f09e0-d8e1-4cfd-9f5a-2d3454fd8186 req-167bfc4b-d078-437d-8468-b2dfca57b92d None None] Starting request: 10.222.0.71 "GET /placement/allocations/ea277e34-c41e-4f94-8215-0643759ccb85" {{(pid=104332) __call__ /opt/stack/placement/placement/requestlog.py:55}}
Jan 28 19:32:44.326335 n-d-826675-4 devstack@placement-api.service[104332]: INFO placement.requestlog [req-550f09e0-d8e1-4cfd-9f5a-2d3454fd8186 req-167bfc4b-d078-437d-8468-b2dfca57b92d service placement] 10.222.0.71 "GET /placement/allocations/ea277e34-c41e-4f94-8215-0643759ccb85" status: 200 len: 19 microversion: 1.28
Jan 28 19:32:44.327409 n-d-826675-4 devstack@placement-api.service[104332]: [pid: 104332|app: 0|req: 247/491] 10.222.0.71 () {60 vars in 1380 bytes} [Fri Jan 28 19:32:44 2022] GET /placement/allocations/ea277e34-c41e-4f94-8215-0643759ccb85 => generated 19 bytes in 18 msecs (HTTP/1.1 200) 8 headers in 295 bytes (1 switches on core 0)
Jan 28 19:32:44.337450 n-d-826675-4 devstack@placement-api.service[104331]: DEBUG placement.requestlog [req-550f09e0-d8e1-4cfd-9f5a-2d3454fd8186 req-b6af8e40-6a1d-4b92-9457-5996a942c38b None None] Starting request: 10.222.0.71 "PUT /placement/allocations/ea277e34-c41e-4f94-8215-0643759ccb85" {{(pid=104331) __call__ /opt/stack/placement/placement/requestlog.py:55}}
Jan 28 19:32:44.650670 n-d-826675-4 devstack@placement-api.service[104331]: DEBUG placement.handlers.allocation [req-550f09e0-d8e1-4cfd-9f5a-2d3454fd8186 req-b6af8e40-6a1d-4b92-9457-5996a942c38b service placement] Successfully wrote allocations [, , ] {{(pid=104331) _update_consumers_and_create_allocations /opt/stack/placement/placement/handlers/allocation.py:462}}
Jan 28 19:32:44.722369 n-d-826675-4 devstack@placement-api.service[104331]: INFO placement.requestlog [req-550f09e0-d8e1-4cfd-9f5a-2d3454fd8186 req-b6af8e40-6a1d-4b92-9457-5996a942c38b service placement] 10.222.0.71 "PUT /placement/allocations/ea277e34-c41e-4f94-8215-0643759ccb85" status: 204 len: 0 microversion: 1.36
Jan 28 19:32:44.723254 n-d-826675-4 devstack@placement-api.service[104331]: [pid: 104331|app: 0|req: 245/492] 10.222.0.71 () {64 vars in 1433 bytes} [Fri Jan 28 19:32:44 2022] PUT /placement/allocations/ea277e34-c41e-4f94-8215-0643759ccb85 => generated 0 bytes in 386 msecs (HTTP/1.1 204) 5 headers in 199 bytes (1 switches on core 0)
Jan 28 19:32:45.051479 n-d-826675-4 devstack@placement-api.service[104332]: DEBUG placement.requestlog [req-6b371f32-55b0-4ab8-b8a8-91ec786239af req-aa0f27bd-ebbb-4e64-8e5d-0781ff156418 None None] Starting request: 10.222.0.71 "GET /placement/allocation_candidates?resources=DISK_GB%3A1%2CMEMORY_MB%3A1024%2CVCPU%3A1&root_required=%21COMPUTE_STATUS_DISABLED" {{(pid=104332) __call__ /opt/stack/placement/placement/requestlog.py:55}}
Jan 28 19:32:45.118335 n-d-826675-4 devstack@placement-api.service[104332]: DEBUG placement.objects.research_context [req-6b371f32-55b0-4ab8-b8a8-91ec786239af req-aa0f27bd-ebbb-4e64-8e5d-0781ff156418 service placement] getting providers with 1 DISK_GB {{(pid=104332) __init__ /opt/stack/placement/placement/objects/research_context.py:126}}
Jan 28 19:32:45.127731 n-d-826675-4 devstack@placement-api.service[104332]: DEBUG placement.objects.research_context [req-6b371f32-55b0-4ab8-b8a8-91ec786239af req-aa0f27bd-ebbb-4e64-8e5d-0781ff156418 service placement] getting providers with 1024 MEMORY_MB {{(pid=104332) __init__ /opt/stack/placement/placement/objects/research_context.py:126}}
Jan 28 19:32:45.136525 n-d-826675-4 devstack@placement-api.service[104332]: DEBUG placement.objects.research_context [req-6b371f32-55b0-4ab8-b8a8-91ec786239af req-aa0f27bd-ebbb-4e64-8e5d-0781ff156418 service placement] getting providers with 1 VCPU {{(pid=104332) __init__ /opt/stack/placement/placement/objects/research_context.py:126}}
Jan 28 19:32:45.143993 n-d-826675-4 devstack@placement-api.service[104332]: DEBUG placement.objects.research_context [req-6b371f32-55b0-4ab8-b8a8-91ec786239af req-aa0f27bd-ebbb-4e64-8e5d-0781ff156418 service placement] found 2 providers with available 1 DISK_GB {{(pid=104332) get_provider_ids_matching /opt/stack/placement/placement/objects/research_context.py:549}}
Jan 28 19:32:45.144458 n-d-826675-4 devstack@placement-api.service[104332]: DEBUG placement.objects.research_context [req-6b371f32-55b0-4ab8-b8a8-91ec786239af req-aa0f27bd-ebbb-4e64-8e5d-0781ff156418 service placement] found 2 providers with available 1024 MEMORY_MB {{(pid=104332) get_provider_ids_matching /opt/stack/placement/placement/objects/research_context.py:549}}
Jan 28 19:32:45.144888 n-d-826675-4 devstack@placement-api.service[104332]: DEBUG placement.objects.research_context [req-6b371f32-55b0-4ab8-b8a8-91ec786239af req-aa0f27bd-ebbb-4e64-8e5d-0781ff156418 service placement] found 2 providers after filtering by previous result {{(pid=104332) get_provider_ids_matching /opt/stack/placement/placement/objects/research_context.py:580}}
Jan 28 19:32:45.145366 n-d-826675-4 devstack@placement-api.service[104332]: DEBUG placement.objects.research_context [req-6b371f32-55b0-4ab8-b8a8-91ec786239af req-aa0f27bd-ebbb-4e64-8e5d-0781ff156418 service placement] found 2 providers with available 1 VCPU {{(pid=104332) get_provider_ids_matching /opt/stack/placement/placement/objects/research_context.py:549}}
Jan 28 19:32:45.145809 n-d-826675-4 devstack@placement-api.service[104332]: DEBUG placement.objects.research_context [req-6b371f32-55b0-4ab8-b8a8-91ec786239af req-aa0f27bd-ebbb-4e64-8e5d-0781ff156418 service placement] found 2 providers after filtering by previous result {{(pid=104332) get_provider_ids_matching /opt/stack/placement/placement/objects/research_context.py:580}}
Jan 28 19:32:45.167775 n-d-826675-4 devstack@placement-api.service[104332]: DEBUG placement.objects.allocation_candidate [req-6b371f32-55b0-4ab8-b8a8-91ec786239af req-aa0f27bd-ebbb-4e64-8e5d-0781ff156418 service placement] RequestGroup(use_same_provider=False, resources={DISK_GB:1, MEMORY_MB:1024, VCPU:1}, traits=[], aggregates=[]) (suffix '') returned 2 matches {{(pid=104332) _get_by_requests /opt/stack/placement/placement/objects/allocation_candidate.py:145}}
Jan 28 19:32:45.168444 n-d-826675-4 devstack@placement-api.service[104332]: DEBUG placement.objects.allocation_candidate [req-6b371f32-55b0-4ab8-b8a8-91ec786239af req-aa0f27bd-ebbb-4e64-8e5d-0781ff156418 service placement] Merging candidates yields 2 allocation requests and 2 provider summaries {{(pid=104332) _merge_candidates /opt/stack/placement/placement/objects/allocation_candidate.py:783}}
Jan 28 19:32:45.173415 n-d-826675-4 devstack@placement-api.service[104332]: INFO placement.requestlog [req-6b371f32-55b0-4ab8-b8a8-91ec786239af req-aa0f27bd-ebbb-4e64-8e5d-0781ff156418 service placement] 10.222.0.71 "GET /placement/allocation_candidates?resources=DISK_GB%3A1%2CMEMORY_MB%3A1024%2CVCPU%3A1&root_required=%21COMPUTE_STATUS_DISABLED" status: 200 len: 1311 microversion: 1.36
Jan 28 19:32:45.173415 n-d-826675-4 devstack@placement-api.service[104332]: [pid: 104332|app: 0|req: 248/493] 10.222.0.71 () {60 vars in 1484 bytes} [Fri Jan 28 19:32:45 2022] GET /placement/allocation_candidates?resources=DISK_GB%3A1%2CMEMORY_MB%3A1024%2CVCPU%3A1&root_required=%21COMPUTE_STATUS_DISABLED => generated 1311 bytes in 120 msecs (HTTP/1.1 200) 8 headers in 297 bytes (1 switches on core 0)
Jan 28 19:32:45.259060 n-d-826675-4 devstack@placement-api.service[104331]: DEBUG placement.requestlog [req-6b371f32-55b0-4ab8-b8a8-91ec786239af req-0943d821-71cf-467f-9028-c4fb57425c85 None None] Starting request: 10.222.0.71 "GET /placement/allocations/26665307-5cf7-4a2e-b4c8-a2aad6c2e36e" {{(pid=104331) __call__ /opt/stack/placement/placement/requestlog.py:55}}
Jan 28 19:32:45.289976 n-d-826675-4 devstack@placement-api.service[104331]: INFO placement.requestlog [req-6b371f32-55b0-4ab8-b8a8-91ec786239af req-0943d821-71cf-467f-9028-c4fb57425c85 service placement] 10.222.0.71 "GET /placement/allocations/26665307-5cf7-4a2e-b4c8-a2aad6c2e36e" status: 200 len: 19 microversion: 1.28
Jan 28 19:32:45.290753 n-d-826675-4 devstack@placement-api.service[104331]: [pid: 104331|app: 0|req: 246/494] 10.222.0.71 () {60 vars in 1380 bytes} [Fri Jan 28 19:32:45 2022] GET /placement/allocations/26665307-5cf7-4a2e-b4c8-a2aad6c2e36e => generated 19 bytes in 32 msecs (HTTP/1.1 200) 8 headers in 295 bytes (1 switches on core 0)
Jan 28 19:32:45.296817 n-d-826675-4 devstack@placement-api.service[104332]: DEBUG placement.requestlog [req-6b371f32-55b0-4ab8-b8a8-91ec786239af req-5331de0f-ff3e-4612-b497-33aff0a801fb None None] Starting request: 10.222.0.71 "PUT /placement/allocations/26665307-5cf7-4a2e-b4c8-a2aad6c2e36e" {{(pid=104332) __call__ /opt/stack/placement/placement/requestlog.py:55}}
Jan 28 19:32:45.470679 n-d-826675-4 devstack@placement-api.service[104332]: DEBUG placement.handlers.allocation [req-6b371f32-55b0-4ab8-b8a8-91ec786239af req-5331de0f-ff3e-4612-b497-33aff0a801fb service placement] Successfully wrote allocations [, , ] {{(pid=104332) _update_consumers_and_create_allocations /opt/stack/placement/placement/handlers/allocation.py:462}}
Jan 28 19:32:45.585012 n-d-826675-4 devstack@placement-api.service[104332]: INFO placement.requestlog [req-6b371f32-55b0-4ab8-b8a8-91ec786239af req-5331de0f-ff3e-4612-b497-33aff0a801fb service placement] 10.222.0.71 "PUT /placement/allocations/26665307-5cf7-4a2e-b4c8-a2aad6c2e36e" status: 204 len: 0 microversion: 1.36
Jan 28 19:32:45.585672 n-d-826675-4 devstack@placement-api.service[104332]: [pid: 104332|app: 0|req: 249/495] 10.222.0.71 () {64 vars in 1433 bytes} [Fri Jan 28 19:32:45 2022] PUT /placement/allocations/26665307-5cf7-4a2e-b4c8-a2aad6c2e36e => generated 0 bytes in 289 msecs (HTTP/1.1 204) 5 headers in 199 bytes (2 switches on core 0)
Jan 28 19:32:46.290276 n-d-826675-4 devstack@placement-api.service[104331]: DEBUG placement.requestlog [req-550f09e0-d8e1-4cfd-9f5a-2d3454fd8186 req-461e16fa-3b4a-4f4c-9a83-3fb8a583bd34 None None] Starting request: 10.222.0.32 "GET /placement/allocations/ea277e34-c41e-4f94-8215-0643759ccb85" {{(pid=104331) __call__ /opt/stack/placement/placement/requestlog.py:55}}
