Jan 28 16:59:01.816837 n-d-826675-3 devstack@placement-api.service[104180]: [pid: 104180|app: 0|req: 401/801] 10.222.0.10 () {60 vars in 1506 bytes} [Fri Jan 28 16:59:01 2022] GET /placement/allocation_candidates?limit=1000&resources=DISK_GB%3A1%2CMEMORY_MB%3A1024%2CVCPU%3A1&root_required=%21COMPUTE_STATUS_DISABLED => generated 1309 bytes in 155 msecs (HTTP/1.1 200) 8 headers in 297 bytes (1 switches on core 0)
Jan 28 16:59:01.886106 n-d-826675-3 devstack@placement-api.service[104181]: DEBUG placement.requestlog [req-3b5d960c-b33e-4855-8fb9-c2639952e856 req-72253b6e-833c-4971-9bc2-e7e4158fb2d0 None None] Starting request: 10.222.0.10 "GET /placement/allocations/5f79abf3-9e5a-4225-9119-b6478a2350c7" {{(pid=104181) __call__ /opt/stack/placement/placement/requestlog.py:55}}
Jan 28 16:59:01.896782 n-d-826675-3 devstack@placement-api.service[104181]: INFO placement.requestlog [req-3b5d960c-b33e-4855-8fb9-c2639952e856 req-72253b6e-833c-4971-9bc2-e7e4158fb2d0 service placement] 10.222.0.10 "GET /placement/allocations/5f79abf3-9e5a-4225-9119-b6478a2350c7" status: 200 len: 19 microversion: 1.28
Jan 28 16:59:01.897531 n-d-826675-3 devstack@placement-api.service[104181]: [pid: 104181|app: 0|req: 401/802] 10.222.0.10 () {60 vars in 1380 bytes} [Fri Jan 28 16:59:01 2022] GET /placement/allocations/5f79abf3-9e5a-4225-9119-b6478a2350c7 => generated 19 bytes in 12 msecs (HTTP/1.1 200) 8 headers in 295 bytes (1 switches on core 0)
Jan 28 16:59:01.905609 n-d-826675-3 devstack@placement-api.service[104180]: DEBUG placement.requestlog [req-3b5d960c-b33e-4855-8fb9-c2639952e856 req-32234a27-0a26-4263-bfaa-271924d0ca74 None None] Starting request: 10.222.0.10 "PUT /placement/allocations/5f79abf3-9e5a-4225-9119-b6478a2350c7" {{(pid=104180) __call__ /opt/stack/placement/placement/requestlog.py:55}}
Jan 28 16:59:02.201274 n-d-826675-3 devstack@placement-api.service[104181]: DEBUG placement.requestlog [req-a3a72881-3aae-470d-af65-568c6bbeb2e4 req-9ebf7e7e-204d-43a3-bc84-0d91d8ea6233 None None] Starting request: 10.222.0.21 "DELETE /placement/allocations/9fc2ba4d-ea8e-430c-9aa2-ac95becbc146" {{(pid=104181) __call__ /opt/stack/placement/placement/requestlog.py:55}}
Jan 28 16:59:02.260863 n-d-826675-3 devstack@placement-api.service[104180]: DEBUG placement.handlers.allocation [req-3b5d960c-b33e-4855-8fb9-c2639952e856 req-32234a27-0a26-4263-bfaa-271924d0ca74 service placement] Successfully wrote allocations [, , ] {{(pid=104180) _update_consumers_and_create_allocations /opt/stack/placement/placement/handlers/allocation.py:462}}
Jan 28 16:59:02.353459 n-d-826675-3 devstack@placement-api.service[104180]: INFO placement.requestlog [req-3b5d960c-b33e-4855-8fb9-c2639952e856 req-32234a27-0a26-4263-bfaa-271924d0ca74 service placement] 10.222.0.10 "PUT /placement/allocations/5f79abf3-9e5a-4225-9119-b6478a2350c7" status: 204 len: 0 microversion: 1.36
Jan 28 16:59:02.356136 n-d-826675-3 devstack@placement-api.service[104180]: [pid: 104180|app: 0|req: 402/803] 10.222.0.10 () {64 vars in 1433 bytes} [Fri Jan 28 16:59:01 2022] PUT /placement/allocations/5f79abf3-9e5a-4225-9119-b6478a2350c7 => generated 0 bytes in 449 msecs (HTTP/1.1 204) 5 headers in 199 bytes (1 switches on core 0)
Jan 28 16:59:02.416424 n-d-826675-3 devstack@placement-api.service[104181]: DEBUG placement.handlers.allocation [req-a3a72881-3aae-470d-af65-568c6bbeb2e4 req-9ebf7e7e-204d-43a3-bc84-0d91d8ea6233 service placement] Successfully deleted allocations [, , ] {{(pid=104181) delete_allocations /opt/stack/placement/placement/handlers/allocation.py:627}}
Jan 28 16:59:02.417210 n-d-826675-3 devstack@placement-api.service[104181]: INFO placement.requestlog [req-a3a72881-3aae-470d-af65-568c6bbeb2e4 req-9ebf7e7e-204d-43a3-bc84-0d91d8ea6233 service placement] 10.222.0.21 "DELETE /placement/allocations/9fc2ba4d-ea8e-430c-9aa2-ac95becbc146" status: 204 len: 0 microversion: 1.0
Jan 28 16:59:02.417751 n-d-826675-3 devstack@placement-api.service[104181]: [pid: 104181|app: 0|req: 402/804] 10.222.0.21 () {60 vars in 1355 bytes} [Fri Jan 28 16:59:02 2022] DELETE /placement/allocations/9fc2ba4d-ea8e-430c-9aa2-ac95becbc146 => generated 0 bytes in 217 msecs (HTTP/1.1 204) 5 headers in 198 bytes (2 switches on core 0)
Jan 28 16:59:03.527172 n-d-826675-3 devstack@placement-api.service[104180]: DEBUG placement.requestlog [req-3b5d960c-b33e-4855-8fb9-c2639952e856 req-9bb3300f-9ad7-43f5-a144-6d24d6aff1d7 None None] Starting request: 10.222.0.21 "GET /placement/allocations/5f79abf3-9e5a-4225-9119-b6478a2350c7" {{(pid=104180) __call__ /opt/stack/placement/placement/requestlog.py:55}}
Jan 28 16:59:03.543039 n-d-826675-3 devstack@placement-api.service[104180]: INFO placement.requestlog [req-3b5d960c-b33e-4855-8fb9-c2639952e856 req-9bb3300f-9ad7-43f5-a144-6d24d6aff1d7 service placement] 10.222.0.21 "GET /placement/allocations/5f79abf3-9e5a-4225-9119-b6478a2350c7" status: 200 len: 259 microversion: 1.28
Jan 28 16:59:03.543809 n-d-826675-3 devstack@placement-api.service[104180]: [pid: 104180|app: 0|req: 403/805] 10.222.0.21 () {60 vars in 1377 bytes} [Fri Jan 28 16:59:03 2022] GET /placement/allocations/5f79abf3-9e5a-4225-9119-b6478a2350c7 => generated 259 bytes in 30 msecs (HTTP/1.1 200) 8 headers in 296 bytes (1 switches on core 0)
Jan 28 16:59:21.108155 n-d-826675-3 devstack@placement-api.service[104181]: DEBUG placement.requestlog [req-b20649b0-70fe-40f7-88a2-b3842eb5b0e6 req-7924be62-56a6-42bf-bc34-43f779f52734 None None] Starting request: 10.222.0.21 "DELETE /placement/allocations/5f79abf3-9e5a-4225-9119-b6478a2350c7" {{(pid=104181) __call__ /opt/stack/placement/placement/requestlog.py:55}}
Jan 28 16:59:21.358829 n-d-826675-3 devstack@placement-api.service[104181]: DEBUG placement.handlers.allocation [req-b20649b0-70fe-40f7-88a2-b3842eb5b0e6 req-7924be62-56a6-42bf-bc34-43f779f52734 service placement] Successfully deleted allocations [, , ] {{(pid=104181) delete_allocations /opt/stack/placement/placement/handlers/allocation.py:627}}
Jan 28 16:59:21.359527 n-d-826675-3 devstack@placement-api.service[104181]: INFO placement.requestlog [req-b20649b0-70fe-40f7-88a2-b3842eb5b0e6 req-7924be62-56a6-42bf-bc34-43f779f52734 service placement] 10.222.0.21 "DELETE /placement/allocations/5f79abf3-9e5a-4225-9119-b6478a2350c7" status: 204 len: 0 microversion: 1.0
Jan 28 16:59:21.360367 n-d-826675-3 devstack@placement-api.service[104181]: [pid: 104181|app: 0|req: 403/806] 10.222.0.21 () {60 vars in 1355 bytes} [Fri Jan 28 16:59:21 2022] DELETE /placement/allocations/5f79abf3-9e5a-4225-9119-b6478a2350c7 => generated 0 bytes in 252 msecs (HTTP/1.1 204) 5 headers in 198 bytes (1 switches on core 0)
Jan 28 16:59:31.637185 n-d-826675-3 devstack@placement-api.service[104180]: DEBUG placement.requestlog [req-c79e6a63-ef5f-41da-883f-48e3f24ee998 req-a9d78ec2-5dfe-4d3e-95bf-ee2771988e79 None None] Starting request: 10.222.0.10 "GET /placement/allocation_candidates?limit=1000&resources=DISK_GB%3A1%2CMEMORY_MB%3A1024%2CVCPU%3A1&root_required=%21COMPUTE_STATUS_DISABLED" {{(pid=104180) __call__ /opt/stack/placement/placement/requestlog.py:55}}
Jan 28 16:59:31.725630 n-d-826675-3 devstack@placement-api.service[104180]: DEBUG placement.objects.research_context [req-c79e6a63-ef5f-41da-883f-48e3f24ee998 req-a9d78ec2-5dfe-4d3e-95bf-ee2771988e79 service placement] getting providers with 1 DISK_GB {{(pid=104180) __init__ /opt/stack/placement/placement/objects/research_context.py:126}}
Jan 28 16:59:31.732737 n-d-826675-3 devstack@placement-api.service[104180]: DEBUG placement.objects.research_context [req-c79e6a63-ef5f-41da-883f-48e3f24ee998 req-a9d78ec2-5dfe-4d3e-95bf-ee2771988e79 service placement] getting providers with 1024 MEMORY_MB {{(pid=104180) __init__ /opt/stack/placement/placement/objects/research_context.py:126}}
Jan 28 16:59:31.743715 n-d-826675-3 devstack@placement-api.service[104180]: DEBUG placement.objects.research_context [req-c79e6a63-ef5f-41da-883f-48e3f24ee998 req-a9d78ec2-5dfe-4d3e-95bf-ee2771988e79 service placement] getting providers with 1 VCPU {{(pid=104180) __init__ /opt/stack/placement/placement/objects/research_context.py:126}}
Jan 28 16:59:31.745577 n-d-826675-3 devstack@placement-api.service[104180]: DEBUG placement.objects.research_context [req-c79e6a63-ef5f-41da-883f-48e3f24ee998 req-a9d78ec2-5dfe-4d3e-95bf-ee2771988e79 service placement] found 2 providers with available 1 DISK_GB {{(pid=104180) get_provider_ids_matching /opt/stack/placement/placement/objects/research_context.py:549}}
Jan 28 16:59:31.748355 n-d-826675-3 devstack@placement-api.service[104180]: DEBUG placement.objects.research_context [req-c79e6a63-ef5f-41da-883f-48e3f24ee998 req-a9d78ec2-5dfe-4d3e-95bf-ee2771988e79 service placement] found 2 providers with available 1024 MEMORY_MB {{(pid=104180) get_provider_ids_matching /opt/stack/placement/placement/objects/research_context.py:549}}
Jan 28 16:59:31.748635 n-d-826675-3 devstack@placement-api.service[104180]: DEBUG placement.objects.research_context [req-c79e6a63-ef5f-41da-883f-48e3f24ee998 req-a9d78ec2-5dfe-4d3e-95bf-ee2771988e79 service placement] found 2 providers after filtering by previous result {{(pid=104180) get_provider_ids_matching /opt/stack/placement/placement/objects/research_context.py:580}}
Jan 28 16:59:31.748969 n-d-826675-3 devstack@placement-api.service[104180]: DEBUG placement.objects.research_context [req-c79e6a63-ef5f-41da-883f-48e3f24ee998 req-a9d78ec2-5dfe-4d3e-95bf-ee2771988e79 service placement] found 2 providers with available 1 VCPU {{(pid=104180) get_provider_ids_matching /opt/stack/placement/placement/objects/research_context.py:549}}
Jan 28 16:59:31.749235 n-d-826675-3 devstack@placement-api.service[104180]: DEBUG placement.objects.research_context [req-c79e6a63-ef5f-41da-883f-48e3f24ee998 req-a9d78ec2-5dfe-4d3e-95bf-ee2771988e79 service placement] found 2 providers after filtering by previous result {{(pid=104180) get_provider_ids_matching /opt/stack/placement/placement/objects/research_context.py:580}}
Jan 28 16:59:31.787704 n-d-826675-3 devstack@placement-api.service[104180]: DEBUG placement.objects.allocation_candidate [req-c79e6a63-ef5f-41da-883f-48e3f24ee998 req-a9d78ec2-5dfe-4d3e-95bf-ee2771988e79 service placement] RequestGroup(use_same_provider=False, resources={DISK_GB:1, MEMORY_MB:1024, VCPU:1}, traits=[], aggregates=[]) (suffix '') returned 2 matches {{(pid=104180) _get_by_requests /opt/stack/placement/placement/objects/allocation_candidate.py:145}}
Jan 28 16:59:31.788107 n-d-826675-3 devstack@placement-api.service[104180]: DEBUG placement.objects.allocation_candidate [req-c79e6a63-ef5f-41da-883f-48e3f24ee998 req-a9d78ec2-5dfe-4d3e-95bf-ee2771988e79 service placement] Merging candidates yields 2 allocation requests and 2 provider summaries {{(pid=104180) _merge_candidates /opt/stack/placement/placement/objects/allocation_candidate.py:783}}
Jan 28 16:59:31.789871 n-d-826675-3 devstack@placement-api.service[104180]: INFO placement.requestlog [req-c79e6a63-ef5f-41da-883f-48e3f24ee998 req-a9d78ec2-5dfe-4d3e-95bf-ee2771988e79 service placement] 10.222.0.10 "GET /placement/allocation_candidates?limit=1000&resources=DISK_GB%3A1%2CMEMORY_MB%3A1024%2CVCPU%3A1&root_required=%21COMPUTE_STATUS_DISABLED" status: 200 len: 1309 microversion: 1.36
Jan 28 16:59:31.790252 n-d-826675-3 devstack@placement-api.service[104180]: [pid: 104180|app: 0|req: 404/807] 10.222.0.10 () {60 vars in 1506 bytes} [Fri Jan 28 16:59:31 2022] GET /placement/allocation_candidates?limit=1000&resources=DISK_GB%3A1%2CMEMORY_MB%3A1024%2CVCPU%3A1&root_required=%21COMPUTE_STATUS_DISABLED => generated 1309 bytes in 157 msecs (HTTP/1.1 200) 8 headers in 297 bytes (1 switches on core 0)
Jan 28 16:59:31.851152 n-d-826675-3 devstack@placement-api.service[104181]: DEBUG placement.requestlog [req-c79e6a63-ef5f-41da-883f-48e3f24ee998 req-78e41bf5-9821-4157-95f2-ab2d0bbda283 None None] Starting request: 10.222.0.10 "GET /placement/allocations/7a668ece-4098-4301-b03d-30f828d148b1" {{(pid=104181) __call__ /opt/stack/placement/placement/requestlog.py:55}}
Jan 28 16:59:31.866388 n-d-826675-3 devstack@placement-api.service[104181]: INFO placement.requestlog [req-c79e6a63-ef5f-41da-883f-48e3f24ee998 req-78e41bf5-9821-4157-95f2-ab2d0bbda283 service placement] 10.222.0.10 "GET /placement/allocations/7a668ece-4098-4301-b03d-30f828d148b1" status: 200 len: 19 microversion: 1.28
Jan 28 16:59:31.867104 n-d-826675-3 devstack@placement-api.service[104181]: [pid: 104181|app: 0|req: 404/808] 10.222.0.10 () {60 vars in 1380 bytes} [Fri Jan 28 16:59:31 2022] GET /placement/allocations/7a668ece-4098-4301-b03d-30f828d148b1 => generated 19 bytes in 16 msecs (HTTP/1.1 200) 8 headers in 295 bytes (2 switches on core 0)
Jan 28 16:59:31.874455 n-d-826675-3 devstack@placement-api.service[104180]: DEBUG placement.requestlog [req-c79e6a63-ef5f-41da-883f-48e3f24ee998 req-418b9392-a051-4073-86e2-252710bb4f5a None None] Starting request: 10.222.0.10 "PUT /placement/allocations/7a668ece-4098-4301-b03d-30f828d148b1" {{(pid=104180) __call__ /opt/stack/placement/placement/requestlog.py:55}}
Jan 28 16:59:32.442407 n-d-826675-3 devstack@placement-api.service[104180]: DEBUG placement.handlers.allocation [req-c79e6a63-ef5f-41da-883f-48e3f24ee998 req-418b9392-a051-4073-86e2-252710bb4f5a service placement] Successfully wrote allocations [, , ] {{(pid=104180) _update_consumers_and_create_allocations /opt/stack/placement/placement/handlers/allocation.py:462}}
Jan 28 16:59:32.630855 n-d-826675-3 devstack@placement-api.service[104180]: INFO placement.requestlog [req-c79e6a63-ef5f-41da-883f-48e3f24ee998 req-418b9392-a051-4073-86e2-252710bb4f5a service placement] 10.222.0.10 "PUT /placement/allocations/7a668ece-4098-4301-b03d-30f828d148b1" status: 204 len: 0 microversion: 1.36
Jan 28 16:59:32.631262 n-d-826675-3 devstack@placement-api.service[104180]: [pid: 104180|app: 0|req: 405/809] 10.222.0.10 () {64 vars in 1433 bytes} [Fri Jan 28 16:59:31 2022] PUT /placement/allocations/7a668ece-4098-4301-b03d-30f828d148b1 => generated 0 bytes in 757 msecs (HTTP/1.1 204) 5 headers in 199 bytes (2 switches on core 0)
Jan 28 16:59:34.197929 n-d-826675-3 devstack@placement-api.service[104181]: DEBUG placement.requestlog [req-c79e6a63-ef5f-41da-883f-48e3f24ee998 req-c5bea88b-b4f1-45e1-b76d-32334d424d2b None None] Starting request: 10.222.0.21 "GET /placement/allocations/7a668ece-4098-4301-b03d-30f828d148b1" {{(pid=104181) __call__ /opt/stack/placement/placement/requestlog.py:55}}
Jan 28 16:59:34.254245 n-d-826675-3 devstack@placement-api.service[104181]: INFO placement.requestlog [req-c79e6a63-ef5f-41da-883f-48e3f24ee998 req-c5bea88b-b4f1-45e1-b76d-32334d424d2b service placement] 10.222.0.21 "GET /placement/allocations/7a668ece-4098-4301-b03d-30f828d148b1" status: 200 len: 259 microversion: 1.28
Jan 28 16:59:34.263426 n-d-826675-3 devstack@placement-api.service[104181]: [pid: 104181|app: 0|req: 405/810] 10.222.0.21 () {60 vars in 1377 bytes} [Fri Jan 28 16:59:34 2022] GET /placement/allocations/7a668ece-4098-4301-b03d-30f828d148b1 => generated 259 bytes in 66 msecs (HTTP/1.1 200) 8 headers in 296 bytes (1 switches on core 0)
Jan 28 16:59:52.827480 n-d-826675-3 devstack@placement-api.service[104180]: DEBUG placement.requestlog [req-623c3421-e633-4c25-b30d-d9d08b9bd18e req-99ae6920-1d77-4f02-82a2-1168bbcbdd5b None None] Starting request: 10.222.0.21 "DELETE /placement/allocations/7a668ece-4098-4301-b03d-30f828d148b1" {{(pid=104180) __call__ /opt/stack/placement/placement/requestlog.py:55}}
Jan 28 16:59:53.055032 n-d-826675-3 devstack@placement-api.service[104180]: DEBUG placement.handlers.allocation [req-623c3421-e633-4c25-b30d-d9d08b9bd18e req-99ae6920-1d77-4f02-82a2-1168bbcbdd5b service placement] Successfully deleted allocations [, , ] {{(pid=104180) delete_allocations /opt/stack/placement/placement/handlers/allocation.py:627}}
Jan 28 16:59:53.055734 n-d-826675-3 devstack@placement-api.service[104180]: INFO placement.requestlog [req-623c3421-e633-4c25-b30d-d9d08b9bd18e req-99ae6920-1d77-4f02-82a2-1168bbcbdd5b service placement] 10.222.0.21 "DELETE /placement/allocations/7a668ece-4098-4301-b03d-30f828d148b1" status: 204 len: 0 microversion: 1.0
Jan 28 16:59:53.056501 n-d-826675-3 devstack@placement-api.service[104180]: [pid: 104180|app: 0|req: 406/811] 10.222.0.21 () {60 vars in 1355 bytes} [Fri Jan 28 16:59:52 2022] DELETE /placement/allocations/7a668ece-4098-4301-b03d-30f828d148b1 => generated 0 bytes in 229 msecs (HTTP/1.1 204) 5 headers in 198 bytes (1 switches on core 0)
Jan 28 16:59:55.089681 n-d-826675-3 devstack@placement-api.service[104181]: DEBUG placement.requestlog [req-fdbc5fb6-e8ca-41c5-9c02-a3803bc463ac req-324cbdc5-a1ca-465b-8b5c-ccc1a8e61ee5 None None] Starting request: 10.222.0.20 "GET /placement/resource_providers/4b87dc58-465e-4a2a-a238-c599c381044d/allocations" {{(pid=104181) __call__ /opt/stack/placement/placement/requestlog.py:55}}
Jan 28 16:59:55.146402 n-d-826675-3 devstack@placement-api.service[104181]: INFO placement.requestlog [req-fdbc5fb6-e8ca-41c5-9c02-a3803bc463ac req-324cbdc5-a1ca-465b-8b5c-ccc1a8e61ee5 service placement] 10.222.0.20 "GET /placement/resource_providers/4b87dc58-465e-4a2a-a238-c599c381044d/allocations" status: 200 len: 544 microversion: 1.0
Jan 28 16:59:55.146402 n-d-826675-3 devstack@placement-api.service[104181]: [pid: 104181|app: 0|req: 406/812] 10.222.0.20 () {58 vars in 1390 bytes} [Fri Jan 28 16:59:55 2022] GET /placement/resource_providers/4b87dc58-465e-4a2a-a238-c599c381044d/allocations => generated 544 bytes in 55 msecs (HTTP/1.1 200) 6 headers in 224 bytes (1 switches on core 0)
Jan 28 16:59:58.066631 n-d-826675-3 devstack@placement-api.service[104180]: DEBUG placement.requestlog [req-0d511e4f-39ff-4152-b78d-7a3f6a8f0cdd req-6f25c174-1cef-41ba-a6ab-a61ec5b9b8c9 None None] Starting request: 10.222.0.21 "GET /placement/resource_providers/ad4cf3e7-e758-4567-9ab1-f680415d1316/allocations" {{(pid=104180) __call__ /opt/stack/placement/placement/requestlog.py:55}}
Jan 28 16:59:58.104613 n-d-826675-3 devstack@placement-api.service[104180]: INFO placement.requestlog [req-0d511e4f-39ff-4152-b78d-7a3f6a8f0cdd req-6f25c174-1cef-41ba-a6ab-a61ec5b9b8c9 service placement] 10.222.0.21 "GET /placement/resource_providers/ad4cf3e7-e758-4567-9ab1-f680415d1316/allocations" status: 200 len: 356 microversion: 1.0
Jan 28 16:59:58.106118 n-d-826675-3 devstack@placement-api.service[104180]: [pid: 104180|app: 0|req: 407/813] 10.222.0.21 () {58 vars in 1390 bytes} [Fri Jan 28 16:59:58 2022] GET /placement/resource_providers/ad4cf3e7-e758-4567-9ab1-f680415d1316/allocations => generated 356 bytes in 40 msecs (HTTP/1.1 200) 6 headers in 224 bytes (1 switches on core 0)
Jan 28 17:00:04.911801 n-d-826675-3 devstack@placement-api.service[104181]: DEBUG placement.requestlog [req-b4791c68-1b37-4b67-92aa-871a6ef22833 req-5b79bae7-d7a9-46af-9ce8-fb624e504487 None None] Starting request: 10.222.0.10 "GET /placement/allocation_candidates?limit=1000&resources=DISK_GB%3A1%2CMEMORY_MB%3A1024%2CVCPU%3A1&root_required=%21COMPUTE_STATUS_DISABLED" {{(pid=104181) __call__ /opt/stack/placement/placement/requestlog.py:55}}
Jan 28 17:00:04.962730 n-d-826675-3 devstack@placement-api.service[104181]: DEBUG placement.objects.research_context [req-b4791c68-1b37-4b67-92aa-871a6ef22833 req-5b79bae7-d7a9-46af-9ce8-fb624e504487 service placement] getting providers with 1 DISK_GB {{(pid=104181) __init__ /opt/stack/placement/placement/objects/research_context.py:126}}
Jan 28 17:00:04.974365 n-d-826675-3 devstack@placement-api.service[104181]: DEBUG placement.objects.research_context [req-b4791c68-1b37-4b67-92aa-871a6ef22833 req-5b79bae7-d7a9-46af-9ce8-fb624e504487 service placement] getting providers with 1024 MEMORY_MB {{(pid=104181) __init__ /opt/stack/placement/placement/objects/research_context.py:126}}
Jan 28 17:00:04.983325 n-d-826675-3 devstack@placement-api.service[104181]: DEBUG placement.objects.research_context [req-b4791c68-1b37-4b67-92aa-871a6ef22833 req-5b79bae7-d7a9-46af-9ce8-fb624e504487 service placement] getting providers with 1 VCPU {{(pid=104181) __init__ /opt/stack/placement/placement/objects/research_context.py:126}}
Jan 28 17:00:04.990117 n-d-826675-3 devstack@placement-api.service[104181]: DEBUG placement.objects.research_context [req-b4791c68-1b37-4b67-92aa-871a6ef22833 req-5b79bae7-d7a9-46af-9ce8-fb624e504487 service placement] found 2 providers with available 1 DISK_GB {{(pid=104181) get_provider_ids_matching /opt/stack/placement/placement/objects/research_context.py:549}}
Jan 28 17:00:04.991713 n-d-826675-3 devstack@placement-api.service[104181]: DEBUG placement.objects.research_context [req-b4791c68-1b37-4b67-92aa-871a6ef22833 req-5b79bae7-d7a9-46af-9ce8-fb624e504487 service placement] found 2 providers with available 1024 MEMORY_MB {{(pid=104181) get_provider_ids_matching /opt/stack/placement/placement/objects/research_context.py:549}}
Jan 28 17:00:04.991713 n-d-826675-3 devstack@placement-api.service[104181]: DEBUG placement.objects.research_context [req-b4791c68-1b37-4b67-92aa-871a6ef22833 req-5b79bae7-d7a9-46af-9ce8-fb624e504487 service placement] found 2 providers after filtering by previous result {{(pid=104181) get_provider_ids_matching /opt/stack/placement/placement/objects/research_context.py:580}}
Jan 28 17:00:04.991713 n-d-826675-3 devstack@placement-api.service[104181]: DEBUG placement.objects.research_context [req-b4791c68-1b37-4b67-92aa-871a6ef22833 req-5b79bae7-d7a9-46af-9ce8-fb624e504487 service placement] found 2 providers with available 1 VCPU {{(pid=104181) get_provider_ids_matching /opt/stack/placement/placement/objects/research_context.py:549}}
Jan 28 17:00:04.991713 n-d-826675-3 devstack@placement-api.service[104181]: DEBUG placement.objects.research_context [req-b4791c68-1b37-4b67-92aa-871a6ef22833 req-5b79bae7-d7a9-46af-9ce8-fb624e504487 service placement] found 2 providers after filtering by previous result {{(pid=104181) get_provider_ids_matching /opt/stack/placement/placement/objects/research_context.py:580}}
Jan 28 17:00:05.006708 n-d-826675-3 devstack@placement-api.service[104181]: DEBUG placement.objects.allocation_candidate [req-b4791c68-1b37-4b67-92aa-871a6ef22833 req-5b79bae7-d7a9-46af-9ce8-fb624e504487 service placement] RequestGroup(use_same_provider=False, resources={DISK_GB:1, MEMORY_MB:1024, VCPU:1}, traits=[], aggregates=[]) (suffix '') returned 2 matches {{(pid=104181) _get_by_requests /opt/stack/placement/placement/objects/allocation_candidate.py:145}}
Jan 28 17:00:05.007486 n-d-826675-3 devstack@placement-api.service[104181]: DEBUG placement.objects.allocation_candidate [req-b4791c68-1b37-4b67-92aa-871a6ef22833 req-5b79bae7-d7a9-46af-9ce8-fb624e504487 service placement] Merging candidates yields 2 allocation requests and 2 provider summaries {{(pid=104181) _merge_candidates /opt/stack/placement/placement/objects/allocation_candidate.py:783}}
Jan 28 17:00:05.009967 n-d-826675-3 devstack@placement-api.service[104181]: INFO placement.requestlog [req-b4791c68-1b37-4b67-92aa-871a6ef22833 req-5b79bae7-d7a9-46af-9ce8-fb624e504487 service placement] 10.222.0.10 "GET /placement/allocation_candidates?limit=1000&resources=DISK_GB%3A1%2CMEMORY_MB%3A1024%2CVCPU%3A1&root_required=%21COMPUTE_STATUS_DISABLED" status: 200 len: 1309 microversion: 1.36
Jan 28 17:00:05.011488 n-d-826675-3 devstack@placement-api.service[104181]: [pid: 104181|app: 0|req: 407/814] 10.222.0.10 () {60 vars in 1506 bytes} [Fri Jan 28 17:00:04 2022] GET /placement/allocation_candidates?limit=1000&resources=DISK_GB%3A1%2CMEMORY_MB%3A1024%2CVCPU%3A1&root_required=%21COMPUTE_STATUS_DISABLED => generated 1309 bytes in 100 msecs (HTTP/1.1 200) 8 headers in 297 bytes (1 switches on core 0)
Jan 28 17:00:05.055984 n-d-826675-3 devstack@placement-api.service[104180]: DEBUG placement.requestlog [req-b4791c68-1b37-4b67-92aa-871a6ef22833 req-79427c79-7630-4d06-ace1-d991639c96a7 None None] Starting request: 10.222.0.10 "GET /placement/allocations/ed7e06b9-3bf3-4626-8dcc-0237c227b4e5" {{(pid=104180) __call__ /opt/stack/placement/placement/requestlog.py:55}}
Jan 28 17:00:05.067122 n-d-826675-3 devstack@placement-api.service[104180]: INFO placement.requestlog [req-b4791c68-1b37-4b67-92aa-871a6ef22833 req-79427c79-7630-4d06-ace1-d991639c96a7 service placement] 10.222.0.10 "GET /placement/allocations/ed7e06b9-3bf3-4626-8dcc-0237c227b4e5" status: 200 len: 19 microversion: 1.28
Jan 28 17:00:05.067703 n-d-826675-3 devstack@placement-api.service[104180]: [pid: 104180|app: 0|req: 408/815] 10.222.0.10 () {60 vars in 1380 bytes} [Fri Jan 28 17:00:05 2022] GET /placement/allocations/ed7e06b9-3bf3-4626-8dcc-0237c227b4e5 => generated 19 bytes in 12 msecs (HTTP/1.1 200) 8 headers in 295 bytes (1 switches on core 0)
Jan 28 17:00:05.074324 n-d-826675-3 devstack@placement-api.service[104181]: DEBUG placement.requestlog [req-b4791c68-1b37-4b67-92aa-871a6ef22833 req-fd025166-5bf3-41ee-9f4c-1947ec6c6b2b None None] Starting request: 10.222.0.10 "PUT /placement/allocations/ed7e06b9-3bf3-4626-8dcc-0237c227b4e5" {{(pid=104181) __call__ /opt/stack/placement/placement/requestlog.py:55}}
Jan 28 17:00:05.504962 n-d-826675-3 devstack@placement-api.service[104181]: DEBUG placement.handlers.allocation [req-b4791c68-1b37-4b67-92aa-871a6ef22833 req-fd025166-5bf3-41ee-9f4c-1947ec6c6b2b service placement] Successfully wrote allocations [, , ] {{(pid=104181) _update_consumers_and_create_allocations /opt/stack/placement/placement/handlers/allocation.py:462}}
Jan 28 17:00:05.594479 n-d-826675-3 devstack@placement-api.service[104181]: INFO placement.requestlog [req-b4791c68-1b37-4b67-92aa-871a6ef22833 req-fd025166-5bf3-41ee-9f4c-1947ec6c6b2b service placement] 10.222.0.10 "PUT /placement/allocations/ed7e06b9-3bf3-4626-8dcc-0237c227b4e5" status: 204 len: 0 microversion: 1.36
Jan 28 17:00:05.594479 n-d-826675-3 devstack@placement-api.service[104181]: [pid: 104181|app: 0|req: 408/816] 10.222.0.10 () {64 vars in 1433 bytes} [Fri Jan 28 17:00:05 2022] PUT /placement/allocations/ed7e06b9-3bf3-4626-8dcc-0237c227b4e5 => generated 0 bytes in 520 msecs (HTTP/1.1 204) 5 headers in 199 bytes (1 switches on core 0)
Jan 28 17:00:06.672549 n-d-826675-3 devstack@placement-api.service[104180]: DEBUG placement.requestlog [req-b4791c68-1b37-4b67-92aa-871a6ef22833 req-8fcf6245-68f0-4d8d-8777-851f8a29e738 None None] Starting request: 10.222.0.21 "GET /placement/allocations/ed7e06b9-3bf3-4626-8dcc-0237c227b4e5" {{(pid=104180) __call__ /opt/stack/placement/placement/requestlog.py:55}}
Jan 28 17:00:06.689015 n-d-826675-3 devstack@placement-api.service[104180]: INFO placement.requestlog [req-b4791c68-1b37-4b67-92aa-871a6ef22833 req-8fcf6245-68f0-4d8d-8777-851f8a29e738 service placement] 10.222.0.21 "GET /placement/allocations/ed7e06b9-3bf3-4626-8dcc-0237c227b4e5" status: 200 len: 259 microversion: 1.28
Jan 28 17:00:06.689776 n-d-826675-3 devstack@placement-api.service[104180]: [pid: 104180|app: 0|req: 409/817] 10.222.0.21 () {60 vars in 1377 bytes} [Fri Jan 28 17:00:06 2022] GET /placement/allocations/ed7e06b9-3bf3-4626-8dcc-0237c227b4e5 => generated 259 bytes in 17 msecs (HTTP/1.1 200) 8 headers in 296 bytes (1 switches on core 0)
Jan 28 17:00:22.383280 n-d-826675-3 devstack@placement-api.service[104181]: DEBUG placement.requestlog [req-ba454c2f-d43c-4894-a3f3-e2020707c8ce req-5e266964-b8a3-42e3-8466-42f02723ee4a None None] Starting request: 10.222.0.21 "DELETE /placement/allocations/ed7e06b9-3bf3-4626-8dcc-0237c227b4e5" {{(pid=104181) __call__ /opt/stack/placement/placement/requestlog.py:55}}
Jan 28 17:00:22.634973 n-d-826675-3 devstack@placement-api.service[104181]: DEBUG placement.handlers.allocation [req-ba454c2f-d43c-4894-a3f3-e2020707c8ce req-5e266964-b8a3-42e3-8466-42f02723ee4a service placement] Successfully deleted allocations [, , ] {{(pid=104181) delete_allocations /opt/stack/placement/placement/handlers/allocation.py:627}}
Jan 28 17:00:22.635470 n-d-826675-3 devstack@placement-api.service[104181]: INFO placement.requestlog [req-ba454c2f-d43c-4894-a3f3-e2020707c8ce req-5e266964-b8a3-42e3-8466-42f02723ee4a service placement] 10.222.0.21 "DELETE /placement/allocations/ed7e06b9-3bf3-4626-8dcc-0237c227b4e5" status: 204 len: 0 microversion: 1.0
Jan 28 17:00:22.635847 n-d-826675-3 devstack@placement-api.service[104181]: [pid: 104181|app: 0|req: 409/818] 10.222.0.21 () {60 vars in 1355 bytes} [Fri Jan 28 17:00:22 2022] DELETE /placement/allocations/ed7e06b9-3bf3-4626-8dcc-0237c227b4e5 => generated 0 bytes in 253 msecs (HTTP/1.1 204) 5 headers in 198 bytes (2 switches on core 0)
Jan 28 17:00:54.885768 n-d-826675-3 devstack@placement-api.service[104180]: DEBUG placement.requestlog [req-bcb45599-f1a7-47f8-8830-a41e7b249055 req-6fa0f939-2abc-4cf1-8835-a2f6cc907746 None None] Starting request: 10.222.0.20 "GET /placement/resource_providers/4b87dc58-465e-4a2a-a238-c599c381044d/allocations" {{(pid=104180) __call__ /opt/stack/placement/placement/requestlog.py:55}}
Jan 28 17:00:54.921186 n-d-826675-3 devstack@placement-api.service[104180]: INFO placement.requestlog [req-bcb45599-f1a7-47f8-8830-a41e7b249055 req-6fa0f939-2abc-4cf1-8835-a2f6cc907746 service placement] 10.222.0.20 "GET /placement/resource_providers/4b87dc58-465e-4a2a-a238-c599c381044d/allocations" status: 200 len: 544 microversion: 1.0
Jan 28 17:00:54.921570 n-d-826675-3 devstack@placement-api.service[104180]: [pid: 104180|app: 0|req: 410/819] 10.222.0.20 () {58 vars in 1390 bytes} [Fri Jan 28 17:00:54 2022] GET /placement/resource_providers/4b87dc58-465e-4a2a-a238-c599c381044d/allocations => generated 544 bytes in 36 msecs (HTTP/1.1 200) 6 headers in 224 bytes (1 switches on core 0)
Jan 28 17:00:56.124148 n-d-826675-3 devstack@placement-api.service[104181]: DEBUG placement.requestlog [req-6519563a-3557-4798-968b-027346c7f603 req-1d05fc78-a304-43e4-b8be-82be21662ca9 None None] Starting request: 10.222.0.10 "GET /placement/allocation_candidates?limit=1000&resources=DISK_GB%3A1%2CMEMORY_MB%3A1024%2CVCPU%3A1&root_required=%21COMPUTE_STATUS_DISABLED" {{(pid=104181) __call__ /opt/stack/placement/placement/requestlog.py:55}}
Jan 28 17:00:56.506436 n-d-826675-3 devstack@placement-api.service[104181]: DEBUG placement.objects.research_context [req-6519563a-3557-4798-968b-027346c7f603 req-1d05fc78-a304-43e4-b8be-82be21662ca9 service placement] getting providers with 1 DISK_GB {{(pid=104181) __init__ /opt/stack/placement/placement/objects/research_context.py:126}}
Jan 28 17:00:56.514385 n-d-826675-3 devstack@placement-api.service[104181]: DEBUG placement.objects.research_context [req-6519563a-3557-4798-968b-027346c7f603 req-1d05fc78-a304-43e4-b8be-82be21662ca9 service placement] getting providers with 1024 MEMORY_MB {{(pid=104181) __init__ /opt/stack/placement/placement/objects/research_context.py:126}}
Jan 28 17:00:56.525761 n-d-826675-3 devstack@placement-api.service[104181]: DEBUG placement.objects.research_context [req-6519563a-3557-4798-968b-027346c7f603 req-1d05fc78-a304-43e4-b8be-82be21662ca9 service placement] getting providers with 1 VCPU {{(pid=104181) __init__ /opt/stack/placement/placement/objects/research_context.py:126}}
Jan 28 17:00:56.539737 n-d-826675-3 devstack@placement-api.service[104181]: DEBUG placement.objects.research_context [req-6519563a-3557-4798-968b-027346c7f603 req-1d05fc78-a304-43e4-b8be-82be21662ca9 service placement] found 2 providers with available 1 DISK_GB {{(pid=104181) get_provider_ids_matching /opt/stack/placement/placement/objects/research_context.py:549}}
Jan 28 17:00:56.540443 n-d-826675-3 devstack@placement-api.service[104181]: DEBUG placement.objects.research_context [req-6519563a-3557-4798-968b-027346c7f603 req-1d05fc78-a304-43e4-b8be-82be21662ca9 service placement] found 2 providers with available 1024 MEMORY_MB {{(pid=104181) get_provider_ids_matching /opt/stack/placement/placement/objects/research_context.py:549}}
Jan 28 17:00:56.540933 n-d-826675-3 devstack@placement-api.service[104181]: DEBUG placement.objects.research_context [req-6519563a-3557-4798-968b-027346c7f603 req-1d05fc78-a304-43e4-b8be-82be21662ca9 service placement] found 2 providers after filtering by previous result {{(pid=104181) get_provider_ids_matching /opt/stack/placement/placement/objects/research_context.py:580}}
Jan 28 17:00:56.541359 n-d-826675-3 devstack@placement-api.service[104181]: DEBUG placement.objects.research_context [req-6519563a-3557-4798-968b-027346c7f603 req-1d05fc78-a304-43e4-b8be-82be21662ca9 service placement] found 2 providers with available 1 VCPU {{(pid=104181) get_provider_ids_matching /opt/stack/placement/placement/objects/research_context.py:549}}
Jan 28 17:00:56.541816 n-d-826675-3 devstack@placement-api.service[104181]: DEBUG placement.objects.research_context [req-6519563a-3557-4798-968b-027346c7f603 req-1d05fc78-a304-43e4-b8be-82be21662ca9 service placement] found 2 providers after filtering by previous result {{(pid=104181) get_provider_ids_matching /opt/stack/placement/placement/objects/research_context.py:580}}
Jan 28 17:00:56.565303 n-d-826675-3 devstack@placement-api.service[104181]: DEBUG placement.objects.allocation_candidate [req-6519563a-3557-4798-968b-027346c7f603 req-1d05fc78-a304-43e4-b8be-82be21662ca9 service placement] RequestGroup(use_same_provider=False, resources={DISK_GB:1, MEMORY_MB:1024, VCPU:1}, traits=[], aggregates=[]) (suffix '') returned 2 matches {{(pid=104181) _get_by_requests /opt/stack/placement/placement/objects/allocation_candidate.py:145}}
Jan 28 17:00:56.566922 n-d-826675-3 devstack@placement-api.service[104181]: DEBUG placement.objects.allocation_candidate [req-6519563a-3557-4798-968b-027346c7f603 req-1d05fc78-a304-43e4-b8be-82be21662ca9 service placement] Merging candidates yields 2 allocation requests and 2 provider summaries {{(pid=104181) _merge_candidates /opt/stack/placement/placement/objects/allocation_candidate.py:783}}
Jan 28 17:00:56.574769 n-d-826675-3 devstack@placement-api.service[104181]: INFO placement.requestlog [req-6519563a-3557-4798-968b-027346c7f603 req-1d05fc78-a304-43e4-b8be-82be21662ca9 service placement] 10.222.0.10 "GET /placement/allocation_candidates?limit=1000&resources=DISK_GB%3A1%2CMEMORY_MB%3A1024%2CVCPU%3A1&root_required=%21COMPUTE_STATUS_DISABLED" status: 200 len: 1309 microversion: 1.36
Jan 28 17:00:56.575000 n-d-826675-3 devstack@placement-api.service[104181]: [pid: 104181|app: 0|req: 410/820] 10.222.0.10 () {60 vars in 1506 bytes} [Fri Jan 28 17:00:56 2022] GET /placement/allocation_candidates?limit=1000&resources=DISK_GB%3A1%2CMEMORY_MB%3A1024%2CVCPU%3A1&root_required=%21COMPUTE_STATUS_DISABLED => generated 1309 bytes in 450 msecs (HTTP/1.1 200) 8 headers in 297 bytes (1 switches on core 0)
Jan 28 17:00:56.649143 n-d-826675-3 devstack@placement-api.service[104180]: DEBUG placement.requestlog [req-6519563a-3557-4798-968b-027346c7f603 req-327a6654-38ff-405e-b3f2-020307191603 None None] Starting request: 10.222.0.10 "GET /placement/allocations/d71fedbd-5c21-4d24-88b3-1108530b332d" {{(pid=104180) __call__ /opt/stack/placement/placement/requestlog.py:55}}
Jan 28 17:00:56.661165 n-d-826675-3 devstack@placement-api.service[104180]: INFO placement.requestlog [req-6519563a-3557-4798-968b-027346c7f603 req-327a6654-38ff-405e-b3f2-020307191603 service placement] 10.222.0.10 "GET /placement/allocations/d71fedbd-5c21-4d24-88b3-1108530b332d" status: 200 len: 19 microversion: 1.28
Jan 28 17:00:56.667298 n-d-826675-3 devstack@placement-api.service[104180]: [pid: 104180|app: 0|req: 411/821] 10.222.0.10 () {60 vars in 1380 bytes} [Fri Jan 28 17:00:56 2022] GET /placement/allocations/d71fedbd-5c21-4d24-88b3-1108530b332d => generated 19 bytes in 18 msecs (HTTP/1.1 200) 8 headers in 295 bytes (1 switches on core 0)
Jan 28 17:00:56.669645 n-d-826675-3 devstack@placement-api.service[104181]: DEBUG placement.requestlog [req-6519563a-3557-4798-968b-027346c7f603 req-f39e23ae-7e85-4c5a-b544-1f96ce64c47c None None] Starting request: 10.222.0.10 "PUT /placement/allocations/d71fedbd-5c21-4d24-88b3-1108530b332d" {{(pid=104181) __call__ /opt/stack/placement/placement/requestlog.py:55}}
Jan 28 17:00:56.890255 n-d-826675-3 devstack@placement-api.service[104181]: DEBUG placement.handlers.allocation [req-6519563a-3557-4798-968b-027346c7f603 req-f39e23ae-7e85-4c5a-b544-1f96ce64c47c service placement] Successfully wrote allocations [, , ] {{(pid=104181) _update_consumers_and_create_allocations /opt/stack/placement/placement/handlers/allocation.py:462}}
Jan 28 17:00:57.011587 n-d-826675-3 devstack@placement-api.service[104181]: INFO placement.requestlog [req-6519563a-3557-4798-968b-027346c7f603 req-f39e23ae-7e85-4c5a-b544-1f96ce64c47c service placement] 10.222.0.10 "PUT /placement/allocations/d71fedbd-5c21-4d24-88b3-1108530b332d" status: 204 len: 0 microversion: 1.36
Jan 28 17:00:57.015240 n-d-826675-3 devstack@placement-api.service[104181]: [pid: 104181|app: 0|req: 411/822] 10.222.0.10 () {64 vars in 1433 bytes} [Fri Jan 28 17:00:56 2022] PUT /placement/allocations/d71fedbd-5c21-4d24-88b3-1108530b332d => generated 0 bytes in 343 msecs (HTTP/1.1 204) 5 headers in 199 bytes (1 switches on core 0)
Jan 28 17:00:57.418593 n-d-826675-3 devstack@placement-api.service[104180]: DEBUG placement.requestlog [req-7d9098c1-4377-4100-bab5-149758bcc4c1 req-1e58099a-6a77-4654-a3a9-2fc4c857100b None None] Starting request: 10.222.0.20 "DELETE /placement/allocations/4624aeab-b574-4246-9364-0104684f3676" {{(pid=104180) __call__ /opt/stack/placement/placement/requestlog.py:55}}
Jan 28 17:00:57.705542 n-d-826675-3 devstack@placement-api.service[104180]: DEBUG placement.handlers.allocation [req-7d9098c1-4377-4100-bab5-149758bcc4c1 req-1e58099a-6a77-4654-a3a9-2fc4c857100b service placement] Successfully deleted allocations [, , ] {{(pid=104180) delete_allocations /opt/stack/placement/placement/handlers/allocation.py:627}}
Jan 28 17:00:57.706087 n-d-826675-3 devstack@placement-api.service[104180]: INFO placement.requestlog [req-7d9098c1-4377-4100-bab5-149758bcc4c1 req-1e58099a-6a77-4654-a3a9-2fc4c857100b service placement] 10.222.0.20 "DELETE /placement/allocations/4624aeab-b574-4246-9364-0104684f3676" status: 204 len: 0 microversion: 1.0
Jan 28 17:00:57.706534 n-d-826675-3 devstack@placement-api.service[104180]: [pid: 104180|app: 0|req: 412/823] 10.222.0.20 () {60 vars in 1355 bytes} [Fri Jan 28 17:00:57 2022] DELETE /placement/allocations/4624aeab-b574-4246-9364-0104684f3676 => generated 0 bytes in 288 msecs (HTTP/1.1 204) 5 headers in 198 bytes (1 switches on core 0)
Jan 28 17:00:58.103045 n-d-826675-3 devstack@placement-api.service[104181]: DEBUG placement.requestlog [req-e356d945-d282-4854-aec1-113eea1945b8 req-da9ee776-c040-416e-a91a-ea0654dacbb3 None None] Starting request: 10.222.0.21 "GET /placement/resource_providers/ad4cf3e7-e758-4567-9ab1-f680415d1316/allocations" {{(pid=104181) __call__ /opt/stack/placement/placement/requestlog.py:55}}
Jan 28 17:00:58.161252 n-d-826675-3 devstack@placement-api.service[104181]: INFO placement.requestlog [req-e356d945-d282-4854-aec1-113eea1945b8 req-da9ee776-c040-416e-a91a-ea0654dacbb3 service placement] 10.222.0.21 "GET /placement/resource_providers/ad4cf3e7-e758-4567-9ab1-f680415d1316/allocations" status: 200 len: 457 microversion: 1.0
Jan 28 17:00:58.162170 n-d-826675-3 devstack@placement-api.service[104181]: [pid: 104181|app: 0|req: 412/824] 10.222.0.21 () {58 vars in 1390 bytes} [Fri Jan 28 17:00:58 2022] GET /placement/resource_providers/ad4cf3e7-e758-4567-9ab1-f680415d1316/allocations => generated 457 bytes in 59 msecs (HTTP/1.1 200) 6 headers in 224 bytes (1 switches on core 0)
Jan 28 17:00:58.450835 n-d-826675-3 devstack@placement-api.service[104180]: DEBUG placement.requestlog [req-6519563a-3557-4798-968b-027346c7f603 req-52239f13-6c6f-4b96-aca3-00880159fbb8 None None] Starting request: 10.222.0.21 "GET /placement/allocations/d71fedbd-5c21-4d24-88b3-1108530b332d" {{(pid=104180) __call__ /opt/stack/placement/placement/requestlog.py:55}}
Jan 28 17:00:58.479037 n-d-826675-3 devstack@placement-api.service[104180]: INFO placement.requestlog [req-6519563a-3557-4798-968b-027346c7f603 req-52239f13-6c6f-4b96-aca3-00880159fbb8 service placement] 10.222.0.21 "GET /placement/allocations/d71fedbd-5c21-4d24-88b3-1108530b332d" status: 200 len: 259 microversion: 1.28
Jan 28 17:00:58.480699 n-d-826675-3 devstack@placement-api.service[104180]: [pid: 104180|app: 0|req: 413/825] 10.222.0.21 () {60 vars in 1377 bytes} [Fri Jan 28 17:00:58 2022] GET /placement/allocations/d71fedbd-5c21-4d24-88b3-1108530b332d => generated 259 bytes in 31 msecs (HTTP/1.1 200) 8 headers in 296 bytes (1 switches on core 0)
Jan 28 17:01:07.090012 n-d-826675-3 devstack@placement-api.service[104181]: DEBUG placement.requestlog [req-0568a145-10cf-4f60-bfe4-a89cb3d3b7af req-57131808-abad-4a66-ad4d-699d8fa49314 None None] Starting request: 10.222.0.21 "DELETE /placement/allocations/a13684f8-c835-4dba-b3ec-c91c97fd9302" {{(pid=104181) __call__ /opt/stack/placement/placement/requestlog.py:55}}
Jan 28 17:01:07.459840 n-d-826675-3 devstack@placement-api.service[104181]: DEBUG placement.handlers.allocation [req-0568a145-10cf-4f60-bfe4-a89cb3d3b7af req-57131808-abad-4a66-ad4d-699d8fa49314 service placement] Successfully deleted allocations [, , ] {{(pid=104181) delete_allocations /opt/stack/placement/placement/handlers/allocation.py:627}}
Jan 28 17:01:07.460727 n-d-826675-3 devstack@placement-api.service[104181]: INFO placement.requestlog [req-0568a145-10cf-4f60-bfe4-a89cb3d3b7af req-57131808-abad-4a66-ad4d-699d8fa49314 service placement] 10.222.0.21 "DELETE /placement/allocations/a13684f8-c835-4dba-b3ec-c91c97fd9302" status: 204 len: 0 microversion: 1.0
Jan 28 17:01:07.461794 n-d-826675-3 devstack@placement-api.service[104181]: [pid: 104181|app: 0|req: 413/826] 10.222.0.21 () {60 vars in 1355 bytes} [Fri Jan 28 17:01:07 2022] DELETE /placement/allocations/a13684f8-c835-4dba-b3ec-c91c97fd9302 => generated 0 bytes in 372 msecs (HTTP/1.1 204) 5 headers in 198 bytes (1 switches on core 0)
Jan 28 17:01:11.231694 n-d-826675-3 devstack@placement-api.service[104180]: DEBUG placement.requestlog [req-f0be059a-ced6-4ff4-ad76-7b7bfd916b9c req-340c864d-20ed-4041-892b-6055e6c478a3 None None] Starting request: 10.222.0.20 "DELETE /placement/allocations/d48d80b4-60f1-4a10-a9d7-100f6d8eafd4" {{(pid=104180) __call__ /opt/stack/placement/placement/requestlog.py:55}}
Jan 28 17:01:11.496918 n-d-826675-3 devstack@placement-api.service[104180]: DEBUG placement.handlers.allocation [req-f0be059a-ced6-4ff4-ad76-7b7bfd916b9c req-340c864d-20ed-4041-892b-6055e6c478a3 service placement] Successfully deleted allocations [, , ] {{(pid=104180) delete_allocations /opt/stack/placement/placement/handlers/allocation.py:627}}
Jan 28 17:01:11.500144 n-d-826675-3 devstack@placement-api.service[104180]: INFO placement.requestlog [req-f0be059a-ced6-4ff4-ad76-7b7bfd916b9c req-340c864d-20ed-4041-892b-6055e6c478a3 service placement] 10.222.0.20 "DELETE /placement/allocations/d48d80b4-60f1-4a10-a9d7-100f6d8eafd4" status: 204 len: 0 microversion: 1.0
Jan 28 17:01:11.500144 n-d-826675-3 devstack@placement-api.service[104180]: [pid: 104180|app: 0|req: 414/827] 10.222.0.20 () {60 vars in 1355 bytes} [Fri Jan 28 17:01:11 2022] DELETE /placement/allocations/d48d80b4-60f1-4a10-a9d7-100f6d8eafd4 => generated 0 bytes in 268 msecs (HTTP/1.1 204) 5 headers in 198 bytes (2 switches on core 0)
Jan 28 17:01:18.907918 n-d-826675-3 devstack@placement-api.service[104181]: DEBUG placement.requestlog [req-91b63a77-a401-4b8b-af62-61bb3236dcc0 req-ea6224b8-d8bd-43da-bd23-345b3e59c8f6 None None] Starting request: 10.222.0.10 "GET /placement/allocation_candidates?limit=1000&resources=DISK_GB%3A1%2CMEMORY_MB%3A1024%2CVCPU%3A1&root_required=%21COMPUTE_STATUS_DISABLED" {{(pid=104181) __call__ /opt/stack/placement/placement/requestlog.py:55}}
Jan 28 17:01:18.980814 n-d-826675-3 devstack@placement-api.service[104181]: DEBUG placement.objects.research_context [req-91b63a77-a401-4b8b-af62-61bb3236dcc0 req-ea6224b8-d8bd-43da-bd23-345b3e59c8f6 service placement] getting providers with 1 DISK_GB {{(pid=104181) __init__ /opt/stack/placement/placement/objects/research_context.py:126}}
Jan 28 17:01:18.993887 n-d-826675-3 devstack@placement-api.service[104181]: DEBUG placement.objects.research_context [req-91b63a77-a401-4b8b-af62-61bb3236dcc0 req-ea6224b8-d8bd-43da-bd23-345b3e59c8f6 service placement] getting providers with 1024 MEMORY_MB {{(pid=104181) __init__ /opt/stack/placement/placement/objects/research_context.py:126}}
Jan 28 17:01:19.003130 n-d-826675-3 devstack@placement-api.service[104181]: DEBUG placement.objects.research_context [req-91b63a77-a401-4b8b-af62-61bb3236dcc0 req-ea6224b8-d8bd-43da-bd23-345b3e59c8f6 service placement] getting providers with 1 VCPU {{(pid=104181) __init__ /opt/stack/placement/placement/objects/research_context.py:126}}
Jan 28 17:01:19.010436 n-d-826675-3 devstack@placement-api.service[104181]: DEBUG placement.objects.research_context [req-91b63a77-a401-4b8b-af62-61bb3236dcc0 req-ea6224b8-d8bd-43da-bd23-345b3e59c8f6 service placement] found 2 providers with available 1 DISK_GB {{(pid=104181) get_provider_ids_matching /opt/stack/placement/placement/objects/research_context.py:549}}
Jan 28 17:01:19.010742 n-d-826675-3 devstack@placement-api.service[104181]: DEBUG placement.objects.research_context [req-91b63a77-a401-4b8b-af62-61bb3236dcc0 req-ea6224b8-d8bd-43da-bd23-345b3e59c8f6 service placement] found 2 providers with available 1024 MEMORY_MB {{(pid=104181) get_provider_ids_matching /opt/stack/placement/placement/objects/research_context.py:549}}
Jan 28 17:01:19.013009 n-d-826675-3 devstack@placement-api.service[104181]: DEBUG placement.objects.research_context [req-91b63a77-a401-4b8b-af62-61bb3236dcc0 req-ea6224b8-d8bd-43da-bd23-345b3e59c8f6 service placement] found 2 providers after filtering by previous result {{(pid=104181) get_provider_ids_matching /opt/stack/placement/placement/objects/research_context.py:580}}
Jan 28 17:01:19.014318 n-d-826675-3 devstack@placement-api.service[104181]: DEBUG placement.objects.research_context [req-91b63a77-a401-4b8b-af62-61bb3236dcc0 req-ea6224b8-d8bd-43da-bd23-345b3e59c8f6 service placement] found 2 providers with available 1 VCPU {{(pid=104181) get_provider_ids_matching /opt/stack/placement/placement/objects/research_context.py:549}}
Jan 28 17:01:19.014595 n-d-826675-3 devstack@placement-api.service[104181]: DEBUG placement.objects.research_context [req-91b63a77-a401-4b8b-af62-61bb3236dcc0 req-ea6224b8-d8bd-43da-bd23-345b3e59c8f6 service placement] found 2 providers after filtering by previous result {{(pid=104181) get_provider_ids_matching /opt/stack/placement/placement/objects/research_context.py:580}}
Jan 28 17:01:19.043627 n-d-826675-3 devstack@placement-api.service[104181]: DEBUG placement.objects.allocation_candidate [req-91b63a77-a401-4b8b-af62-61bb3236dcc0 req-ea6224b8-d8bd-43da-bd23-345b3e59c8f6 service placement] RequestGroup(use_same_provider=False, resources={DISK_GB:1, MEMORY_MB:1024, VCPU:1}, traits=[], aggregates=[]) (suffix '') returned 2 matches {{(pid=104181) _get_by_requests /opt/stack/placement/placement/objects/allocation_candidate.py:145}}
Jan 28 17:01:19.044359 n-d-826675-3 devstack@placement-api.service[104181]: DEBUG placement.objects.allocation_candidate [req-91b63a77-a401-4b8b-af62-61bb3236dcc0 req-ea6224b8-d8bd-43da-bd23-345b3e59c8f6 service placement] Merging candidates yields 2 allocation requests and 2 provider summaries {{(pid=104181) _merge_candidates /opt/stack/placement/placement/objects/allocation_candidate.py:783}}
Jan 28 17:01:19.046405 n-d-826675-3 devstack@placement-api.service[104181]: INFO placement.requestlog [req-91b63a77-a401-4b8b-af62-61bb3236dcc0 req-ea6224b8-d8bd-43da-bd23-345b3e59c8f6 service placement] 10.222.0.10 "GET /placement/allocation_candidates?limit=1000&resources=DISK_GB%3A1%2CMEMORY_MB%3A1024%2CVCPU%3A1&root_required=%21COMPUTE_STATUS_DISABLED" status: 200 len: 1309 microversion: 1.36
Jan 28 17:01:19.047123 n-d-826675-3 devstack@placement-api.service[104181]: [pid: 104181|app: 0|req: 414/828] 10.222.0.10 () {60 vars in 1506 bytes} [Fri Jan 28 17:01:18 2022] GET /placement/allocation_candidates?limit=1000&resources=DISK_GB%3A1%2CMEMORY_MB%3A1024%2CVCPU%3A1&root_required=%21COMPUTE_STATUS_DISABLED => generated 1309 bytes in 140 msecs (HTTP/1.1 200) 8 headers in 297 bytes (1 switches on core 0)
Jan 28 17:01:19.122879 n-d-826675-3 devstack@placement-api.service[104180]: DEBUG placement.requestlog [req-91b63a77-a401-4b8b-af62-61bb3236dcc0 req-2a8dfed5-eeff-4c0c-a68c-f14a160e8348 None None] Starting request: 10.222.0.10 "GET /placement/allocations/05f44ab4-2035-4d0a-9d09-d9544387091b" {{(pid=104180) __call__ /opt/stack/placement/placement/requestlog.py:55}}
Jan 28 17:01:19.145661 n-d-826675-3 devstack@placement-api.service[104180]: INFO placement.requestlog [req-91b63a77-a401-4b8b-af62-61bb3236dcc0 req-2a8dfed5-eeff-4c0c-a68c-f14a160e8348 service placement] 10.222.0.10 "GET /placement/allocations/05f44ab4-2035-4d0a-9d09-d9544387091b" status: 200 len: 19 microversion: 1.28
Jan 28 17:01:19.146689 n-d-826675-3 devstack@placement-api.service[104180]: [pid: 104180|app: 0|req: 415/829] 10.222.0.10 () {60 vars in 1380 bytes} [Fri Jan 28 17:01:19 2022] GET /placement/allocations/05f44ab4-2035-4d0a-9d09-d9544387091b => generated 19 bytes in 25 msecs (HTTP/1.1 200) 8 headers in 295 bytes (1 switches on core 0)
Jan 28 17:01:19.165202 n-d-826675-3 devstack@placement-api.service[104181]: DEBUG placement.requestlog [req-91b63a77-a401-4b8b-af62-61bb3236dcc0 req-2d999924-56a2-41e9-99d1-7d1609ec183f None None] Starting request: 10.222.0.10 "PUT /placement/allocations/05f44ab4-2035-4d0a-9d09-d9544387091b" {{(pid=104181) __call__ /opt/stack/placement/placement/requestlog.py:55}}
Jan 28 17:01:19.275680 n-d-826675-3 devstack@placement-api.service[104181]: DEBUG placement.handlers.allocation [req-91b63a77-a401-4b8b-af62-61bb3236dcc0 req-2d999924-56a2-41e9-99d1-7d1609ec183f service placement] Successfully wrote allocations [, , ] {{(pid=104181) _update_consumers_and_create_allocations /opt/stack/placement/placement/handlers/allocation.py:462}}
