Jan 28 16:45:39.499822 n-d-826675-3 devstack@placement-api.service[104181]: DEBUG placement.requestlog [req-71331ad0-15bd-4767-adcf-756684b29ad0 req-08eb81fe-9a3b-48c4-9b9c-3a5fae120018 None None] Starting request: 10.222.0.10 "GET /placement/allocations/191a16dd-4e22-4227-9dbc-d39c372323da" {{(pid=104181) __call__ /opt/stack/placement/placement/requestlog.py:55}}
Jan 28 16:45:39.512398 n-d-826675-3 devstack@placement-api.service[104181]: INFO placement.requestlog [req-71331ad0-15bd-4767-adcf-756684b29ad0 req-08eb81fe-9a3b-48c4-9b9c-3a5fae120018 service placement] 10.222.0.10 "GET /placement/allocations/191a16dd-4e22-4227-9dbc-d39c372323da" status: 200 len: 19 microversion: 1.28
Jan 28 16:45:39.513024 n-d-826675-3 devstack@placement-api.service[104181]: [pid: 104181|app: 0|req: 168/336] 10.222.0.10 () {60 vars in 1380 bytes} [Fri Jan 28 16:45:39 2022] GET /placement/allocations/191a16dd-4e22-4227-9dbc-d39c372323da => generated 19 bytes in 14 msecs (HTTP/1.1 200) 8 headers in 295 bytes (1 switches on core 0)
Jan 28 16:45:39.519240 n-d-826675-3 devstack@placement-api.service[104180]: DEBUG placement.requestlog [req-71331ad0-15bd-4767-adcf-756684b29ad0 req-8fa21012-c164-4ff7-933a-3f7506c0fb76 None None] Starting request: 10.222.0.10 "PUT /placement/allocations/191a16dd-4e22-4227-9dbc-d39c372323da" {{(pid=104180) __call__ /opt/stack/placement/placement/requestlog.py:55}}
Jan 28 16:45:39.647267 n-d-826675-3 devstack@placement-api.service[104181]: DEBUG placement.requestlog [req-a484792d-ca16-491d-a483-1f2cc0f14093 req-a627d184-a4ad-4904-b2ff-9cd080fc68f9 None None] Starting request: 10.222.0.21 "DELETE /placement/allocations/681a31bb-f2f8-469f-b07c-663998fbfe9d" {{(pid=104181) __call__ /opt/stack/placement/placement/requestlog.py:55}}
Jan 28 16:45:39.679660 n-d-826675-3 devstack@placement-api.service[104180]: DEBUG placement.handlers.allocation [req-71331ad0-15bd-4767-adcf-756684b29ad0 req-8fa21012-c164-4ff7-933a-3f7506c0fb76 service placement] Successfully wrote allocations [, , ] {{(pid=104180) _update_consumers_and_create_allocations /opt/stack/placement/placement/handlers/allocation.py:462}}
Jan 28 16:45:39.774378 n-d-826675-3 devstack@placement-api.service[104180]: INFO placement.requestlog [req-71331ad0-15bd-4767-adcf-756684b29ad0 req-8fa21012-c164-4ff7-933a-3f7506c0fb76 service placement] 10.222.0.10 "PUT /placement/allocations/191a16dd-4e22-4227-9dbc-d39c372323da" status: 204 len: 0 microversion: 1.36
Jan 28 16:45:39.775344 n-d-826675-3 devstack@placement-api.service[104180]: [pid: 104180|app: 0|req: 169/337] 10.222.0.10 () {64 vars in 1433 bytes} [Fri Jan 28 16:45:39 2022] PUT /placement/allocations/191a16dd-4e22-4227-9dbc-d39c372323da => generated 0 bytes in 256 msecs (HTTP/1.1 204) 5 headers in 199 bytes (1 switches on core 0)
Jan 28 16:45:39.871330 n-d-826675-3 devstack@placement-api.service[104181]: DEBUG placement.handlers.allocation [req-a484792d-ca16-491d-a483-1f2cc0f14093 req-a627d184-a4ad-4904-b2ff-9cd080fc68f9 service placement] Successfully deleted allocations [, , ] {{(pid=104181) delete_allocations /opt/stack/placement/placement/handlers/allocation.py:627}}
Jan 28 16:45:39.871845 n-d-826675-3 devstack@placement-api.service[104181]: INFO placement.requestlog [req-a484792d-ca16-491d-a483-1f2cc0f14093 req-a627d184-a4ad-4904-b2ff-9cd080fc68f9 service placement] 10.222.0.21 "DELETE /placement/allocations/681a31bb-f2f8-469f-b07c-663998fbfe9d" status: 204 len: 0 microversion: 1.0
Jan 28 16:45:39.872332 n-d-826675-3 devstack@placement-api.service[104181]: [pid: 104181|app: 0|req: 169/338] 10.222.0.21 () {60 vars in 1355 bytes} [Fri Jan 28 16:45:39 2022] DELETE /placement/allocations/681a31bb-f2f8-469f-b07c-663998fbfe9d => generated 0 bytes in 225 msecs (HTTP/1.1 204) 5 headers in 198 bytes (2 switches on core 0)
Jan 28 16:45:40.243259 n-d-826675-3 devstack@placement-api.service[104180]: DEBUG placement.requestlog [req-09dddee6-e7c4-4a03-a4c0-99e5c2d2beb8 req-eea94265-bacd-4f5e-814f-78e9d3c8cee9 None None] Starting request: 10.222.0.20 "GET /placement/resource_providers/4b87dc58-465e-4a2a-a238-c599c381044d/allocations" {{(pid=104180) __call__ /opt/stack/placement/placement/requestlog.py:55}}
Jan 28 16:45:40.277894 n-d-826675-3 devstack@placement-api.service[104180]: INFO placement.requestlog [req-09dddee6-e7c4-4a03-a4c0-99e5c2d2beb8 req-eea94265-bacd-4f5e-814f-78e9d3c8cee9 service placement] 10.222.0.20 "GET /placement/resource_providers/4b87dc58-465e-4a2a-a238-c599c381044d/allocations" status: 200 len: 947 microversion: 1.0
Jan 28 16:45:40.278839 n-d-826675-3 devstack@placement-api.service[104180]: [pid: 104180|app: 0|req: 170/339] 10.222.0.20 () {58 vars in 1390 bytes} [Fri Jan 28 16:45:40 2022] GET /placement/resource_providers/4b87dc58-465e-4a2a-a238-c599c381044d/allocations => generated 947 bytes in 36 msecs (HTTP/1.1 200) 6 headers in 224 bytes (1 switches on core 0)
Jan 28 16:45:40.922322 n-d-826675-3 devstack@placement-api.service[104181]: DEBUG placement.requestlog [req-71331ad0-15bd-4767-adcf-756684b29ad0 req-8e21b510-c5b5-4f0d-b42f-fe3bebe2828e None None] Starting request: 10.222.0.21 "GET /placement/allocations/191a16dd-4e22-4227-9dbc-d39c372323da" {{(pid=104181) __call__ /opt/stack/placement/placement/requestlog.py:55}}
Jan 28 16:45:40.955066 n-d-826675-3 devstack@placement-api.service[104181]: INFO placement.requestlog [req-71331ad0-15bd-4767-adcf-756684b29ad0 req-8e21b510-c5b5-4f0d-b42f-fe3bebe2828e service placement] 10.222.0.21 "GET /placement/allocations/191a16dd-4e22-4227-9dbc-d39c372323da" status: 200 len: 259 microversion: 1.28
Jan 28 16:45:40.956513 n-d-826675-3 devstack@placement-api.service[104181]: [pid: 104181|app: 0|req: 170/340] 10.222.0.21 () {60 vars in 1377 bytes} [Fri Jan 28 16:45:40 2022] GET /placement/allocations/191a16dd-4e22-4227-9dbc-d39c372323da => generated 259 bytes in 37 msecs (HTTP/1.1 200) 8 headers in 296 bytes (1 switches on core 0)
Jan 28 16:45:43.110988 n-d-826675-3 devstack@placement-api.service[104180]: DEBUG placement.requestlog [req-7e7702bd-132a-4a7f-b38c-d4e58972e4d3 req-d32e4b7c-09ce-48fe-9cac-a6977a607690 None None] Starting request: 10.222.0.21 "GET /placement/resource_providers/ad4cf3e7-e758-4567-9ab1-f680415d1316/allocations" {{(pid=104180) __call__ /opt/stack/placement/placement/requestlog.py:55}}
Jan 28 16:45:43.154766 n-d-826675-3 devstack@placement-api.service[104180]: INFO placement.requestlog [req-7e7702bd-132a-4a7f-b38c-d4e58972e4d3 req-d32e4b7c-09ce-48fe-9cac-a6977a607690 service placement] 10.222.0.21 "GET /placement/resource_providers/ad4cf3e7-e758-4567-9ab1-f680415d1316/allocations" status: 200 len: 558 microversion: 1.0
Jan 28 16:45:43.156187 n-d-826675-3 devstack@placement-api.service[104180]: [pid: 104180|app: 0|req: 171/341] 10.222.0.21 () {58 vars in 1390 bytes} [Fri Jan 28 16:45:43 2022] GET /placement/resource_providers/ad4cf3e7-e758-4567-9ab1-f680415d1316/allocations => generated 558 bytes in 46 msecs (HTTP/1.1 200) 6 headers in 224 bytes (1 switches on core 0)
Jan 28 16:45:46.075468 n-d-826675-3 devstack@placement-api.service[104181]: DEBUG placement.requestlog [req-4867d610-65e9-4569-be56-4509f46f23d4 req-ded01527-9648-43c3-b487-b2d13fd00ff1 None None] Starting request: 10.222.0.20 "DELETE /placement/allocations/f70fcb5c-5bf3-4cf6-bf33-86768f8a72be" {{(pid=104181) __call__ /opt/stack/placement/placement/requestlog.py:55}}
Jan 28 16:45:46.283027 n-d-826675-3 devstack@placement-api.service[104181]: DEBUG placement.handlers.allocation [req-4867d610-65e9-4569-be56-4509f46f23d4 req-ded01527-9648-43c3-b487-b2d13fd00ff1 service placement] Successfully deleted allocations [, , ] {{(pid=104181) delete_allocations /opt/stack/placement/placement/handlers/allocation.py:627}}
Jan 28 16:45:46.283765 n-d-826675-3 devstack@placement-api.service[104181]: INFO placement.requestlog [req-4867d610-65e9-4569-be56-4509f46f23d4 req-ded01527-9648-43c3-b487-b2d13fd00ff1 service placement] 10.222.0.20 "DELETE /placement/allocations/f70fcb5c-5bf3-4cf6-bf33-86768f8a72be" status: 204 len: 0 microversion: 1.0
Jan 28 16:45:46.284643 n-d-826675-3 devstack@placement-api.service[104181]: [pid: 104181|app: 0|req: 171/342] 10.222.0.20 () {60 vars in 1355 bytes} [Fri Jan 28 16:45:46 2022] DELETE /placement/allocations/f70fcb5c-5bf3-4cf6-bf33-86768f8a72be => generated 0 bytes in 209 msecs (HTTP/1.1 204) 5 headers in 198 bytes (1 switches on core 0)
Jan 28 16:45:49.965100 n-d-826675-3 devstack@placement-api.service[104180]: DEBUG placement.requestlog [req-554fef94-1827-497a-ae8d-c2e8a887133a req-1dc9d102-b2c4-450c-8941-0b3876c88944 None None] Starting request: 10.222.0.10 "GET /placement/allocation_candidates?limit=1000&resources=DISK_GB%3A1%2CMEMORY_MB%3A1024%2CVCPU%3A1&root_required=%21COMPUTE_STATUS_DISABLED" {{(pid=104180) __call__ /opt/stack/placement/placement/requestlog.py:55}}
Jan 28 16:45:50.012665 n-d-826675-3 devstack@placement-api.service[104180]: DEBUG placement.objects.research_context [req-554fef94-1827-497a-ae8d-c2e8a887133a req-1dc9d102-b2c4-450c-8941-0b3876c88944 service placement] getting providers with 1 DISK_GB {{(pid=104180) __init__ /opt/stack/placement/placement/objects/research_context.py:126}}
Jan 28 16:45:50.038340 n-d-826675-3 devstack@placement-api.service[104180]: DEBUG placement.objects.research_context [req-554fef94-1827-497a-ae8d-c2e8a887133a req-1dc9d102-b2c4-450c-8941-0b3876c88944 service placement] getting providers with 1024 MEMORY_MB {{(pid=104180) __init__ /opt/stack/placement/placement/objects/research_context.py:126}}
Jan 28 16:45:50.045203 n-d-826675-3 devstack@placement-api.service[104180]: DEBUG placement.objects.research_context [req-554fef94-1827-497a-ae8d-c2e8a887133a req-1dc9d102-b2c4-450c-8941-0b3876c88944 service placement] getting providers with 1 VCPU {{(pid=104180) __init__ /opt/stack/placement/placement/objects/research_context.py:126}}
Jan 28 16:45:50.066039 n-d-826675-3 devstack@placement-api.service[104180]: DEBUG placement.objects.research_context [req-554fef94-1827-497a-ae8d-c2e8a887133a req-1dc9d102-b2c4-450c-8941-0b3876c88944 service placement] found 2 providers with available 1 DISK_GB {{(pid=104180) get_provider_ids_matching /opt/stack/placement/placement/objects/research_context.py:549}}
Jan 28 16:45:50.066328 n-d-826675-3 devstack@placement-api.service[104180]: DEBUG placement.objects.research_context [req-554fef94-1827-497a-ae8d-c2e8a887133a req-1dc9d102-b2c4-450c-8941-0b3876c88944 service placement] found 2 providers with available 1024 MEMORY_MB {{(pid=104180) get_provider_ids_matching /opt/stack/placement/placement/objects/research_context.py:549}}
Jan 28 16:45:50.074803 n-d-826675-3 devstack@placement-api.service[104180]: DEBUG placement.objects.research_context [req-554fef94-1827-497a-ae8d-c2e8a887133a req-1dc9d102-b2c4-450c-8941-0b3876c88944 service placement] found 2 providers after filtering by previous result {{(pid=104180) get_provider_ids_matching /opt/stack/placement/placement/objects/research_context.py:580}}
Jan 28 16:45:50.075164 n-d-826675-3 devstack@placement-api.service[104180]: DEBUG placement.objects.research_context [req-554fef94-1827-497a-ae8d-c2e8a887133a req-1dc9d102-b2c4-450c-8941-0b3876c88944 service placement] found 2 providers with available 1 VCPU {{(pid=104180) get_provider_ids_matching /opt/stack/placement/placement/objects/research_context.py:549}}
Jan 28 16:45:50.075459 n-d-826675-3 devstack@placement-api.service[104180]: DEBUG placement.objects.research_context [req-554fef94-1827-497a-ae8d-c2e8a887133a req-1dc9d102-b2c4-450c-8941-0b3876c88944 service placement] found 2 providers after filtering by previous result {{(pid=104180) get_provider_ids_matching /opt/stack/placement/placement/objects/research_context.py:580}}
Jan 28 16:45:50.105062 n-d-826675-3 devstack@placement-api.service[104180]: DEBUG placement.objects.allocation_candidate [req-554fef94-1827-497a-ae8d-c2e8a887133a req-1dc9d102-b2c4-450c-8941-0b3876c88944 service placement] RequestGroup(use_same_provider=False, resources={DISK_GB:1, MEMORY_MB:1024, VCPU:1}, traits=[], aggregates=[]) (suffix '') returned 2 matches {{(pid=104180) _get_by_requests /opt/stack/placement/placement/objects/allocation_candidate.py:145}}
Jan 28 16:45:50.105817 n-d-826675-3 devstack@placement-api.service[104180]: DEBUG placement.objects.allocation_candidate [req-554fef94-1827-497a-ae8d-c2e8a887133a req-1dc9d102-b2c4-450c-8941-0b3876c88944 service placement] Merging candidates yields 2 allocation requests and 2 provider summaries {{(pid=104180) _merge_candidates /opt/stack/placement/placement/objects/allocation_candidate.py:783}}
Jan 28 16:45:50.107942 n-d-826675-3 devstack@placement-api.service[104180]: INFO placement.requestlog [req-554fef94-1827-497a-ae8d-c2e8a887133a req-1dc9d102-b2c4-450c-8941-0b3876c88944 service placement] 10.222.0.10 "GET /placement/allocation_candidates?limit=1000&resources=DISK_GB%3A1%2CMEMORY_MB%3A1024%2CVCPU%3A1&root_required=%21COMPUTE_STATUS_DISABLED" status: 200 len: 1309 microversion: 1.36
Jan 28 16:45:50.115568 n-d-826675-3 devstack@placement-api.service[104180]: [pid: 104180|app: 0|req: 172/343] 10.222.0.10 () {60 vars in 1506 bytes} [Fri Jan 28 16:45:49 2022] GET /placement/allocation_candidates?limit=1000&resources=DISK_GB%3A1%2CMEMORY_MB%3A1024%2CVCPU%3A1&root_required=%21COMPUTE_STATUS_DISABLED => generated 1309 bytes in 158 msecs (HTTP/1.1 200) 8 headers in 297 bytes (1 switches on core 0)
Jan 28 16:45:50.209912 n-d-826675-3 devstack@placement-api.service[104181]: DEBUG placement.requestlog [req-554fef94-1827-497a-ae8d-c2e8a887133a req-1beac174-e3b3-4b71-a94e-8e41dfc02984 None None] Starting request: 10.222.0.10 "GET /placement/allocations/29b31b1e-9f79-4915-8d56-b79461ec7c1b" {{(pid=104181) __call__ /opt/stack/placement/placement/requestlog.py:55}}
Jan 28 16:45:50.233896 n-d-826675-3 devstack@placement-api.service[104181]: INFO placement.requestlog [req-554fef94-1827-497a-ae8d-c2e8a887133a req-1beac174-e3b3-4b71-a94e-8e41dfc02984 service placement] 10.222.0.10 "GET /placement/allocations/29b31b1e-9f79-4915-8d56-b79461ec7c1b" status: 200 len: 19 microversion: 1.28
Jan 28 16:45:50.234654 n-d-826675-3 devstack@placement-api.service[104181]: [pid: 104181|app: 0|req: 172/344] 10.222.0.10 () {60 vars in 1380 bytes} [Fri Jan 28 16:45:50 2022] GET /placement/allocations/29b31b1e-9f79-4915-8d56-b79461ec7c1b => generated 19 bytes in 25 msecs (HTTP/1.1 200) 8 headers in 295 bytes (1 switches on core 0)
Jan 28 16:45:50.242422 n-d-826675-3 devstack@placement-api.service[104180]: DEBUG placement.requestlog [req-554fef94-1827-497a-ae8d-c2e8a887133a req-5cf4baa6-57b5-4ab4-aa48-deea1379669f None None] Starting request: 10.222.0.10 "PUT /placement/allocations/29b31b1e-9f79-4915-8d56-b79461ec7c1b" {{(pid=104180) __call__ /opt/stack/placement/placement/requestlog.py:55}}
Jan 28 16:45:50.664794 n-d-826675-3 devstack@placement-api.service[104180]: DEBUG placement.handlers.allocation [req-554fef94-1827-497a-ae8d-c2e8a887133a req-5cf4baa6-57b5-4ab4-aa48-deea1379669f service placement] Successfully wrote allocations [, , ] {{(pid=104180) _update_consumers_and_create_allocations /opt/stack/placement/placement/handlers/allocation.py:462}}
Jan 28 16:45:50.733955 n-d-826675-3 devstack@placement-api.service[104180]: INFO placement.requestlog [req-554fef94-1827-497a-ae8d-c2e8a887133a req-5cf4baa6-57b5-4ab4-aa48-deea1379669f service placement] 10.222.0.10 "PUT /placement/allocations/29b31b1e-9f79-4915-8d56-b79461ec7c1b" status: 204 len: 0 microversion: 1.36
Jan 28 16:45:50.735740 n-d-826675-3 devstack@placement-api.service[104180]: [pid: 104180|app: 0|req: 173/345] 10.222.0.10 () {64 vars in 1433 bytes} [Fri Jan 28 16:45:50 2022] PUT /placement/allocations/29b31b1e-9f79-4915-8d56-b79461ec7c1b => generated 0 bytes in 494 msecs (HTTP/1.1 204) 5 headers in 199 bytes (1 switches on core 0)
Jan 28 16:45:50.899225 n-d-826675-3 devstack@placement-api.service[104181]: DEBUG placement.requestlog [None req-c1ba176a-4d78-48e3-985f-14aa0d4d0041 None None] Starting request: 10.222.0.10 "GET /placement/" {{(pid=104181) __call__ /opt/stack/placement/placement/requestlog.py:55}}
Jan 28 16:45:50.900316 n-d-826675-3 devstack@placement-api.service[104181]: INFO placement.requestlog [None req-c1ba176a-4d78-48e3-985f-14aa0d4d0041 None None] 10.222.0.10 "GET /placement/" status: 200 len: 136 microversion: 1.0
Jan 28 16:45:50.900647 n-d-826675-3 devstack@placement-api.service[104181]: [pid: 104181|app: 0|req: 173/346] 10.222.0.10 () {54 vars in 916 bytes} [Fri Jan 28 16:45:50 2022] GET /placement => generated 136 bytes in 2 msecs (HTTP/1.1 200) 6 headers in 224 bytes (1 switches on core 0)
Jan 28 16:45:50.936569 n-d-826675-3 devstack@placement-api.service[104180]: DEBUG placement.requestlog [req-389b15c8-eed8-4e8c-8c5d-2f4cc87a7444 req-9510c4b1-97db-4f00-b3d6-2a7504854768 None None] Starting request: 10.222.0.10 "GET /placement/allocations/effdc163-5588-4823-b11c-e2bfd93ae3bc" {{(pid=104180) __call__ /opt/stack/placement/placement/requestlog.py:55}}
Jan 28 16:45:51.125882 n-d-826675-3 devstack@placement-api.service[104180]: INFO placement.requestlog [req-389b15c8-eed8-4e8c-8c5d-2f4cc87a7444 req-9510c4b1-97db-4f00-b3d6-2a7504854768 service placement] 10.222.0.10 "GET /placement/allocations/effdc163-5588-4823-b11c-e2bfd93ae3bc" status: 200 len: 259 microversion: 1.28
Jan 28 16:45:51.135995 n-d-826675-3 devstack@placement-api.service[104180]: [pid: 104180|app: 0|req: 174/347] 10.222.0.10 () {60 vars in 1380 bytes} [Fri Jan 28 16:45:50 2022] GET /placement/allocations/effdc163-5588-4823-b11c-e2bfd93ae3bc => generated 259 bytes in 200 msecs (HTTP/1.1 200) 8 headers in 296 bytes (1 switches on core 0)
Jan 28 16:45:51.136201 n-d-826675-3 devstack@placement-api.service[104181]: DEBUG placement.requestlog [req-389b15c8-eed8-4e8c-8c5d-2f4cc87a7444 req-378f9ac9-04f9-47ee-9385-0c8fa9c78f4c None None] Starting request: 10.222.0.10 "GET /placement/allocations/effdc163-5588-4823-b11c-e2bfd93ae3bc" {{(pid=104181) __call__ /opt/stack/placement/placement/requestlog.py:55}}
Jan 28 16:45:51.162254 n-d-826675-3 devstack@placement-api.service[104181]: INFO placement.requestlog [req-389b15c8-eed8-4e8c-8c5d-2f4cc87a7444 req-378f9ac9-04f9-47ee-9385-0c8fa9c78f4c service placement] 10.222.0.10 "GET /placement/allocations/effdc163-5588-4823-b11c-e2bfd93ae3bc" status: 200 len: 259 microversion: 1.28
Jan 28 16:45:51.167158 n-d-826675-3 devstack@placement-api.service[104180]: DEBUG placement.requestlog [req-389b15c8-eed8-4e8c-8c5d-2f4cc87a7444 req-8df8c055-1ce9-4751-89f1-44561f3267bf None None] Starting request: 10.222.0.10 "GET /placement/allocations/8bd048df-e6cb-4a01-853e-13ae1571b526" {{(pid=104180) __call__ /opt/stack/placement/placement/requestlog.py:55}}
Jan 28 16:45:51.179327 n-d-826675-3 devstack@placement-api.service[104181]: [pid: 104181|app: 0|req: 174/348] 10.222.0.10 () {60 vars in 1380 bytes} [Fri Jan 28 16:45:51 2022] GET /placement/allocations/effdc163-5588-4823-b11c-e2bfd93ae3bc => generated 259 bytes in 40 msecs (HTTP/1.1 200) 8 headers in 296 bytes (1 switches on core 0)
Jan 28 16:45:51.186717 n-d-826675-3 devstack@placement-api.service[104180]: INFO placement.requestlog [req-389b15c8-eed8-4e8c-8c5d-2f4cc87a7444 req-8df8c055-1ce9-4751-89f1-44561f3267bf service placement] 10.222.0.10 "GET /placement/allocations/8bd048df-e6cb-4a01-853e-13ae1571b526" status: 200 len: 19 microversion: 1.28
Jan 28 16:45:51.194183 n-d-826675-3 devstack@placement-api.service[104181]: DEBUG placement.requestlog [req-389b15c8-eed8-4e8c-8c5d-2f4cc87a7444 req-d9334141-4468-46f9-b3ca-2da3300099f0 None None] Starting request: 10.222.0.10 "POST /placement/allocations" {{(pid=104181) __call__ /opt/stack/placement/placement/requestlog.py:55}}
Jan 28 16:45:51.208279 n-d-826675-3 devstack@placement-api.service[104180]: [pid: 104180|app: 0|req: 175/349] 10.222.0.10 () {60 vars in 1380 bytes} [Fri Jan 28 16:45:51 2022] GET /placement/allocations/8bd048df-e6cb-4a01-853e-13ae1571b526 => generated 19 bytes in 41 msecs (HTTP/1.1 200) 8 headers in 295 bytes (1 switches on core 0)
Jan 28 16:45:51.406152 n-d-826675-3 devstack@placement-api.service[104181]: DEBUG placement.handlers.allocation [req-389b15c8-eed8-4e8c-8c5d-2f4cc87a7444 req-d9334141-4468-46f9-b3ca-2da3300099f0 service placement] Successfully wrote allocations [, , , , , ] {{(pid=104181) _update_consumers_and_create_allocations /opt/stack/placement/placement/handlers/allocation.py:572}}
Jan 28 16:45:51.486414 n-d-826675-3 devstack@placement-api.service[104181]: INFO placement.requestlog [req-389b15c8-eed8-4e8c-8c5d-2f4cc87a7444 req-d9334141-4468-46f9-b3ca-2da3300099f0 service placement] 10.222.0.10 "POST /placement/allocations" status: 204 len: 0 microversion: 1.28
Jan 28 16:45:51.486882 n-d-826675-3 devstack@placement-api.service[104181]: [pid: 104181|app: 0|req: 175/350] 10.222.0.10 () {64 vars in 1323 bytes} [Fri Jan 28 16:45:51 2022] POST /placement/allocations => generated 0 bytes in 293 msecs (HTTP/1.1 204) 5 headers in 199 bytes (1 switches on core 0)
Jan 28 16:45:51.529374 n-d-826675-3 devstack@placement-api.service[104180]: DEBUG placement.requestlog [req-389b15c8-eed8-4e8c-8c5d-2f4cc87a7444 req-f76eb633-14cd-46a0-a88a-d34b3f7e357b None None] Starting request: 10.222.0.10 "GET /placement/allocations/effdc163-5588-4823-b11c-e2bfd93ae3bc" {{(pid=104180) __call__ /opt/stack/placement/placement/requestlog.py:55}}
Jan 28 16:45:51.551770 n-d-826675-3 devstack@placement-api.service[104180]: INFO placement.requestlog [req-389b15c8-eed8-4e8c-8c5d-2f4cc87a7444 req-f76eb633-14cd-46a0-a88a-d34b3f7e357b service placement] 10.222.0.10 "GET /placement/allocations/effdc163-5588-4823-b11c-e2bfd93ae3bc" status: 200 len: 19 microversion: 1.28
Jan 28 16:45:51.553199 n-d-826675-3 devstack@placement-api.service[104180]: [pid: 104180|app: 0|req: 176/351] 10.222.0.10 () {60 vars in 1380 bytes} [Fri Jan 28 16:45:51 2022] GET /placement/allocations/effdc163-5588-4823-b11c-e2bfd93ae3bc => generated 19 bytes in 24 msecs (HTTP/1.1 200) 8 headers in 295 bytes (1 switches on core 0)
Jan 28 16:45:51.561031 n-d-826675-3 devstack@placement-api.service[104181]: DEBUG placement.requestlog [req-389b15c8-eed8-4e8c-8c5d-2f4cc87a7444 req-35a35ea1-1ad0-4bd1-b6e8-e11c9595c0c3 None None] Starting request: 10.222.0.10 "PUT /placement/allocations/effdc163-5588-4823-b11c-e2bfd93ae3bc" {{(pid=104181) __call__ /opt/stack/placement/placement/requestlog.py:55}}
Jan 28 16:45:51.694317 n-d-826675-3 devstack@placement-api.service[104181]: DEBUG placement.handlers.allocation [req-389b15c8-eed8-4e8c-8c5d-2f4cc87a7444 req-35a35ea1-1ad0-4bd1-b6e8-e11c9595c0c3 service placement] Successfully wrote allocations [, , ] {{(pid=104181) _update_consumers_and_create_allocations /opt/stack/placement/placement/handlers/allocation.py:462}}
Jan 28 16:45:51.749230 n-d-826675-3 devstack@placement-api.service[104181]: INFO placement.requestlog [req-389b15c8-eed8-4e8c-8c5d-2f4cc87a7444 req-35a35ea1-1ad0-4bd1-b6e8-e11c9595c0c3 service placement] 10.222.0.10 "PUT /placement/allocations/effdc163-5588-4823-b11c-e2bfd93ae3bc" status: 204 len: 0 microversion: 1.28
Jan 28 16:45:51.750840 n-d-826675-3 devstack@placement-api.service[104181]: [pid: 104181|app: 0|req: 176/352] 10.222.0.10 () {64 vars in 1433 bytes} [Fri Jan 28 16:45:51 2022] PUT /placement/allocations/effdc163-5588-4823-b11c-e2bfd93ae3bc => generated 0 bytes in 189 msecs (HTTP/1.1 204) 5 headers in 199 bytes (1 switches on core 0)
Jan 28 16:45:51.829120 n-d-826675-3 devstack@placement-api.service[104180]: DEBUG placement.requestlog [req-7e9b004c-ce53-4197-981f-4be961b00b57 req-55854057-ba2f-47e5-9637-c4e49ca41921 None None] Starting request: 10.222.0.21 "DELETE /placement/allocations/ad3099b1-7f1d-45f6-ad8f-06da78f67a82" {{(pid=104180) __call__ /opt/stack/placement/placement/requestlog.py:55}}
Jan 28 16:45:51.898772 n-d-826675-3 devstack@placement-api.service[104181]: DEBUG placement.requestlog [req-554fef94-1827-497a-ae8d-c2e8a887133a req-fcb6fdb2-d922-46fd-b0f4-be2c8b403a6e None None] Starting request: 10.222.0.21 "GET /placement/allocations/29b31b1e-9f79-4915-8d56-b79461ec7c1b" {{(pid=104181) __call__ /opt/stack/placement/placement/requestlog.py:55}}
Jan 28 16:45:51.918812 n-d-826675-3 devstack@placement-api.service[104181]: INFO placement.requestlog [req-554fef94-1827-497a-ae8d-c2e8a887133a req-fcb6fdb2-d922-46fd-b0f4-be2c8b403a6e service placement] 10.222.0.21 "GET /placement/allocations/29b31b1e-9f79-4915-8d56-b79461ec7c1b" status: 200 len: 259 microversion: 1.28
Jan 28 16:45:51.919186 n-d-826675-3 devstack@placement-api.service[104181]: [pid: 104181|app: 0|req: 177/353] 10.222.0.21 () {60 vars in 1377 bytes} [Fri Jan 28 16:45:51 2022] GET /placement/allocations/29b31b1e-9f79-4915-8d56-b79461ec7c1b => generated 259 bytes in 21 msecs (HTTP/1.1 200) 8 headers in 296 bytes (2 switches on core 0)
Jan 28 16:45:52.039306 n-d-826675-3 devstack@placement-api.service[104181]: DEBUG placement.requestlog [req-389b15c8-eed8-4e8c-8c5d-2f4cc87a7444 req-9c9268c0-6075-4661-ad75-e56f7688cec3 None None] Starting request: 10.222.0.21 "GET /placement/allocations/effdc163-5588-4823-b11c-e2bfd93ae3bc" {{(pid=104181) __call__ /opt/stack/placement/placement/requestlog.py:55}}
Jan 28 16:45:52.060231 n-d-826675-3 devstack@placement-api.service[104181]: INFO placement.requestlog [req-389b15c8-eed8-4e8c-8c5d-2f4cc87a7444 req-9c9268c0-6075-4661-ad75-e56f7688cec3 service placement] 10.222.0.21 "GET /placement/allocations/effdc163-5588-4823-b11c-e2bfd93ae3bc" status: 200 len: 259 microversion: 1.28
Jan 28 16:45:52.060891 n-d-826675-3 devstack@placement-api.service[104181]: [pid: 104181|app: 0|req: 178/354] 10.222.0.21 () {60 vars in 1377 bytes} [Fri Jan 28 16:45:52 2022] GET /placement/allocations/effdc163-5588-4823-b11c-e2bfd93ae3bc => generated 259 bytes in 22 msecs (HTTP/1.1 200) 8 headers in 296 bytes (2 switches on core 0)
Jan 28 16:45:52.078114 n-d-826675-3 devstack@placement-api.service[104180]: DEBUG placement.handlers.allocation [req-7e9b004c-ce53-4197-981f-4be961b00b57 req-55854057-ba2f-47e5-9637-c4e49ca41921 service placement] Successfully deleted allocations [, , ] {{(pid=104180) delete_allocations /opt/stack/placement/placement/handlers/allocation.py:627}}
Jan 28 16:45:52.079841 n-d-826675-3 devstack@placement-api.service[104180]: INFO placement.requestlog [req-7e9b004c-ce53-4197-981f-4be961b00b57 req-55854057-ba2f-47e5-9637-c4e49ca41921 service placement] 10.222.0.21 "DELETE /placement/allocations/ad3099b1-7f1d-45f6-ad8f-06da78f67a82" status: 204 len: 0 microversion: 1.0
Jan 28 16:45:52.080675 n-d-826675-3 devstack@placement-api.service[104180]: [pid: 104180|app: 0|req: 177/355] 10.222.0.21 () {60 vars in 1355 bytes} [Fri Jan 28 16:45:51 2022] DELETE /placement/allocations/ad3099b1-7f1d-45f6-ad8f-06da78f67a82 => generated 0 bytes in 253 msecs (HTTP/1.1 204) 5 headers in 198 bytes (1 switches on core 0)
Jan 28 16:45:54.530508 n-d-826675-3 devstack@placement-api.service[104181]: DEBUG placement.requestlog [req-abcbe88f-5e17-4967-990a-cb4237665139 req-a77c11ad-3d91-4a31-a93e-0a02df0ff284 None None] Starting request: 10.222.0.20 "DELETE /placement/allocations/1de4b797-4f86-4111-a9c5-1bf0e0e4ecc6" {{(pid=104181) __call__ /opt/stack/placement/placement/requestlog.py:55}}
Jan 28 16:45:54.739681 n-d-826675-3 devstack@placement-api.service[104181]: DEBUG placement.handlers.allocation [req-abcbe88f-5e17-4967-990a-cb4237665139 req-a77c11ad-3d91-4a31-a93e-0a02df0ff284 service placement] Successfully deleted allocations [, , ] {{(pid=104181) delete_allocations /opt/stack/placement/placement/handlers/allocation.py:627}}
Jan 28 16:45:54.740471 n-d-826675-3 devstack@placement-api.service[104181]: INFO placement.requestlog [req-abcbe88f-5e17-4967-990a-cb4237665139 req-a77c11ad-3d91-4a31-a93e-0a02df0ff284 service placement] 10.222.0.20 "DELETE /placement/allocations/1de4b797-4f86-4111-a9c5-1bf0e0e4ecc6" status: 204 len: 0 microversion: 1.0
Jan 28 16:45:54.741314 n-d-826675-3 devstack@placement-api.service[104181]: [pid: 104181|app: 0|req: 179/356] 10.222.0.20 () {60 vars in 1355 bytes} [Fri Jan 28 16:45:54 2022] DELETE /placement/allocations/1de4b797-4f86-4111-a9c5-1bf0e0e4ecc6 => generated 0 bytes in 212 msecs (HTTP/1.1 204) 5 headers in 198 bytes (1 switches on core 0)
Jan 28 16:46:02.982455 n-d-826675-3 devstack@placement-api.service[104180]: DEBUG placement.requestlog [req-710ac7a3-562c-4cba-b0a6-bd0ca2e92a05 req-47041dc0-b1c8-4478-9497-98050b9ac2fa None None] Starting request: 10.222.0.10 "GET /placement/allocation_candidates?resources=DISK_GB%3A1%2CMEMORY_MB%3A1024%2CVCPU%3A1&root_required=%21COMPUTE_STATUS_DISABLED" {{(pid=104180) __call__ /opt/stack/placement/placement/requestlog.py:55}}
Jan 28 16:46:03.048105 n-d-826675-3 devstack@placement-api.service[104180]: DEBUG placement.objects.research_context [req-710ac7a3-562c-4cba-b0a6-bd0ca2e92a05 req-47041dc0-b1c8-4478-9497-98050b9ac2fa service placement] getting providers with 1 DISK_GB {{(pid=104180) __init__ /opt/stack/placement/placement/objects/research_context.py:126}}
Jan 28 16:46:03.056889 n-d-826675-3 devstack@placement-api.service[104180]: DEBUG placement.objects.research_context [req-710ac7a3-562c-4cba-b0a6-bd0ca2e92a05 req-47041dc0-b1c8-4478-9497-98050b9ac2fa service placement] getting providers with 1024 MEMORY_MB {{(pid=104180) __init__ /opt/stack/placement/placement/objects/research_context.py:126}}
Jan 28 16:46:03.066837 n-d-826675-3 devstack@placement-api.service[104180]: DEBUG placement.objects.research_context [req-710ac7a3-562c-4cba-b0a6-bd0ca2e92a05 req-47041dc0-b1c8-4478-9497-98050b9ac2fa service placement] getting providers with 1 VCPU {{(pid=104180) __init__ /opt/stack/placement/placement/objects/research_context.py:126}}
Jan 28 16:46:03.077769 n-d-826675-3 devstack@placement-api.service[104180]: DEBUG placement.objects.research_context [req-710ac7a3-562c-4cba-b0a6-bd0ca2e92a05 req-47041dc0-b1c8-4478-9497-98050b9ac2fa service placement] found 2 providers with available 1 DISK_GB {{(pid=104180) get_provider_ids_matching /opt/stack/placement/placement/objects/research_context.py:549}}
Jan 28 16:46:03.078282 n-d-826675-3 devstack@placement-api.service[104180]: DEBUG placement.objects.research_context [req-710ac7a3-562c-4cba-b0a6-bd0ca2e92a05 req-47041dc0-b1c8-4478-9497-98050b9ac2fa service placement] found 2 providers with available 1024 MEMORY_MB {{(pid=104180) get_provider_ids_matching /opt/stack/placement/placement/objects/research_context.py:549}}
Jan 28 16:46:03.078901 n-d-826675-3 devstack@placement-api.service[104180]: DEBUG placement.objects.research_context [req-710ac7a3-562c-4cba-b0a6-bd0ca2e92a05 req-47041dc0-b1c8-4478-9497-98050b9ac2fa service placement] found 2 providers after filtering by previous result {{(pid=104180) get_provider_ids_matching /opt/stack/placement/placement/objects/research_context.py:580}}
Jan 28 16:46:03.079353 n-d-826675-3 devstack@placement-api.service[104180]: DEBUG placement.objects.research_context [req-710ac7a3-562c-4cba-b0a6-bd0ca2e92a05 req-47041dc0-b1c8-4478-9497-98050b9ac2fa service placement] found 2 providers with available 1 VCPU {{(pid=104180) get_provider_ids_matching /opt/stack/placement/placement/objects/research_context.py:549}}
Jan 28 16:46:03.079770 n-d-826675-3 devstack@placement-api.service[104180]: DEBUG placement.objects.research_context [req-710ac7a3-562c-4cba-b0a6-bd0ca2e92a05 req-47041dc0-b1c8-4478-9497-98050b9ac2fa service placement] found 2 providers after filtering by previous result {{(pid=104180) get_provider_ids_matching /opt/stack/placement/placement/objects/research_context.py:580}}
Jan 28 16:46:03.098511 n-d-826675-3 devstack@placement-api.service[104180]: DEBUG placement.objects.allocation_candidate [req-710ac7a3-562c-4cba-b0a6-bd0ca2e92a05 req-47041dc0-b1c8-4478-9497-98050b9ac2fa service placement] RequestGroup(use_same_provider=False, resources={DISK_GB:1, MEMORY_MB:1024, VCPU:1}, traits=[], aggregates=[]) (suffix '') returned 2 matches {{(pid=104180) _get_by_requests /opt/stack/placement/placement/objects/allocation_candidate.py:145}}
Jan 28 16:46:03.098892 n-d-826675-3 devstack@placement-api.service[104180]: DEBUG placement.objects.allocation_candidate [req-710ac7a3-562c-4cba-b0a6-bd0ca2e92a05 req-47041dc0-b1c8-4478-9497-98050b9ac2fa service placement] Merging candidates yields 2 allocation requests and 2 provider summaries {{(pid=104180) _merge_candidates /opt/stack/placement/placement/objects/allocation_candidate.py:783}}
Jan 28 16:46:03.100988 n-d-826675-3 devstack@placement-api.service[104180]: INFO placement.requestlog [req-710ac7a3-562c-4cba-b0a6-bd0ca2e92a05 req-47041dc0-b1c8-4478-9497-98050b9ac2fa service placement] 10.222.0.10 "GET /placement/allocation_candidates?resources=DISK_GB%3A1%2CMEMORY_MB%3A1024%2CVCPU%3A1&root_required=%21COMPUTE_STATUS_DISABLED" status: 200 len: 1309 microversion: 1.36
Jan 28 16:46:03.102436 n-d-826675-3 devstack@placement-api.service[104180]: [pid: 104180|app: 0|req: 178/357] 10.222.0.10 () {60 vars in 1484 bytes} [Fri Jan 28 16:46:02 2022] GET /placement/allocation_candidates?resources=DISK_GB%3A1%2CMEMORY_MB%3A1024%2CVCPU%3A1&root_required=%21COMPUTE_STATUS_DISABLED => generated 1309 bytes in 121 msecs (HTTP/1.1 200) 8 headers in 297 bytes (1 switches on core 0)
Jan 28 16:46:03.220239 n-d-826675-3 devstack@placement-api.service[104181]: DEBUG placement.requestlog [req-710ac7a3-562c-4cba-b0a6-bd0ca2e92a05 req-4995445f-cf46-4921-aee1-847e24776059 None None] Starting request: 10.222.0.10 "GET /placement/allocations/b2b84c4a-f396-4dcd-8387-07fdc3330472" {{(pid=104181) __call__ /opt/stack/placement/placement/requestlog.py:55}}
Jan 28 16:46:03.246384 n-d-826675-3 devstack@placement-api.service[104181]: INFO placement.requestlog [req-710ac7a3-562c-4cba-b0a6-bd0ca2e92a05 req-4995445f-cf46-4921-aee1-847e24776059 service placement] 10.222.0.10 "GET /placement/allocations/b2b84c4a-f396-4dcd-8387-07fdc3330472" status: 200 len: 19 microversion: 1.28
Jan 28 16:46:03.247262 n-d-826675-3 devstack@placement-api.service[104181]: [pid: 104181|app: 0|req: 180/358] 10.222.0.10 () {60 vars in 1380 bytes} [Fri Jan 28 16:46:03 2022] GET /placement/allocations/b2b84c4a-f396-4dcd-8387-07fdc3330472 => generated 19 bytes in 27 msecs (HTTP/1.1 200) 8 headers in 295 bytes (1 switches on core 0)
Jan 28 16:46:03.254127 n-d-826675-3 devstack@placement-api.service[104180]: DEBUG placement.requestlog [req-710ac7a3-562c-4cba-b0a6-bd0ca2e92a05 req-ef0dcf05-14ab-459b-a539-cf887669d8fe None None] Starting request: 10.222.0.10 "PUT /placement/allocations/b2b84c4a-f396-4dcd-8387-07fdc3330472" {{(pid=104180) __call__ /opt/stack/placement/placement/requestlog.py:55}}
Jan 28 16:46:03.398928 n-d-826675-3 devstack@placement-api.service[104180]: DEBUG placement.handlers.allocation [req-710ac7a3-562c-4cba-b0a6-bd0ca2e92a05 req-ef0dcf05-14ab-459b-a539-cf887669d8fe service placement] Successfully wrote allocations [, , ] {{(pid=104180) _update_consumers_and_create_allocations /opt/stack/placement/placement/handlers/allocation.py:462}}
Jan 28 16:46:03.514253 n-d-826675-3 devstack@placement-api.service[104180]: INFO placement.requestlog [req-710ac7a3-562c-4cba-b0a6-bd0ca2e92a05 req-ef0dcf05-14ab-459b-a539-cf887669d8fe service placement] 10.222.0.10 "PUT /placement/allocations/b2b84c4a-f396-4dcd-8387-07fdc3330472" status: 204 len: 0 microversion: 1.36
Jan 28 16:46:03.519414 n-d-826675-3 devstack@placement-api.service[104180]: [pid: 104180|app: 0|req: 179/359] 10.222.0.10 () {64 vars in 1433 bytes} [Fri Jan 28 16:46:03 2022] PUT /placement/allocations/b2b84c4a-f396-4dcd-8387-07fdc3330472 => generated 0 bytes in 262 msecs (HTTP/1.1 204) 5 headers in 199 bytes (1 switches on core 0)
Jan 28 16:46:04.688697 n-d-826675-3 devstack@placement-api.service[104181]: DEBUG placement.requestlog [req-710ac7a3-562c-4cba-b0a6-bd0ca2e92a05 req-96a2b2c0-d8c6-49a7-9460-6921c285af37 None None] Starting request: 10.222.0.21 "GET /placement/allocations/b2b84c4a-f396-4dcd-8387-07fdc3330472" {{(pid=104181) __call__ /opt/stack/placement/placement/requestlog.py:55}}
Jan 28 16:46:04.727441 n-d-826675-3 devstack@placement-api.service[104181]: INFO placement.requestlog [req-710ac7a3-562c-4cba-b0a6-bd0ca2e92a05 req-96a2b2c0-d8c6-49a7-9460-6921c285af37 service placement] 10.222.0.21 "GET /placement/allocations/b2b84c4a-f396-4dcd-8387-07fdc3330472" status: 200 len: 259 microversion: 1.28
Jan 28 16:46:04.728401 n-d-826675-3 devstack@placement-api.service[104181]: [pid: 104181|app: 0|req: 181/360] 10.222.0.21 () {60 vars in 1377 bytes} [Fri Jan 28 16:46:04 2022] GET /placement/allocations/b2b84c4a-f396-4dcd-8387-07fdc3330472 => generated 259 bytes in 40 msecs (HTTP/1.1 200) 8 headers in 296 bytes (1 switches on core 0)
Jan 28 16:46:06.192254 n-d-826675-3 devstack@placement-api.service[104180]: DEBUG placement.requestlog [None req-5526fb93-b462-4ce2-b64e-aa7a516c1d3c None None] Starting request: 10.222.0.10 "GET /placement/" {{(pid=104180) __call__ /opt/stack/placement/placement/requestlog.py:55}}
Jan 28 16:46:06.193809 n-d-826675-3 devstack@placement-api.service[104180]: INFO placement.requestlog [None req-5526fb93-b462-4ce2-b64e-aa7a516c1d3c None None] 10.222.0.10 "GET /placement/" status: 200 len: 136 microversion: 1.0
Jan 28 16:46:06.194808 n-d-826675-3 devstack@placement-api.service[104180]: [pid: 104180|app: 0|req: 180/361] 10.222.0.10 () {54 vars in 916 bytes} [Fri Jan 28 16:46:06 2022] GET /placement => generated 136 bytes in 3 msecs (HTTP/1.1 200) 6 headers in 224 bytes (1 switches on core 0)
Jan 28 16:46:06.204467 n-d-826675-3 devstack@placement-api.service[104181]: DEBUG placement.requestlog [req-e82d264f-1c87-414d-8cb9-768204f0d32c req-f399b5d6-d44d-4249-ab87-693fae091150 None None] Starting request: 10.222.0.10 "GET /placement/allocations/78a2890e-2115-404c-ae1e-91e5800a9aca" {{(pid=104181) __call__ /opt/stack/placement/placement/requestlog.py:55}}
Jan 28 16:46:06.370548 n-d-826675-3 devstack@placement-api.service[104181]: INFO placement.requestlog [req-e82d264f-1c87-414d-8cb9-768204f0d32c req-f399b5d6-d44d-4249-ab87-693fae091150 service placement] 10.222.0.10 "GET /placement/allocations/78a2890e-2115-404c-ae1e-91e5800a9aca" status: 200 len: 245 microversion: 1.28
Jan 28 16:46:06.371255 n-d-826675-3 devstack@placement-api.service[104181]: [pid: 104181|app: 0|req: 182/362] 10.222.0.10 () {60 vars in 1380 bytes} [Fri Jan 28 16:46:06 2022] GET /placement/allocations/78a2890e-2115-404c-ae1e-91e5800a9aca => generated 245 bytes in 167 msecs (HTTP/1.1 200) 8 headers in 296 bytes (1 switches on core 0)
Jan 28 16:46:06.386209 n-d-826675-3 devstack@placement-api.service[104180]: DEBUG placement.requestlog [req-e82d264f-1c87-414d-8cb9-768204f0d32c req-2e07f1b5-1438-49bc-940b-ee4b42712aa8 None None] Starting request: 10.222.0.10 "GET /placement/allocations/78a2890e-2115-404c-ae1e-91e5800a9aca" {{(pid=104180) __call__ /opt/stack/placement/placement/requestlog.py:55}}
Jan 28 16:46:06.416436 n-d-826675-3 devstack@placement-api.service[104180]: INFO placement.requestlog [req-e82d264f-1c87-414d-8cb9-768204f0d32c req-2e07f1b5-1438-49bc-940b-ee4b42712aa8 service placement] 10.222.0.10 "GET /placement/allocations/78a2890e-2115-404c-ae1e-91e5800a9aca" status: 200 len: 245 microversion: 1.28
Jan 28 16:46:06.417137 n-d-826675-3 devstack@placement-api.service[104180]: [pid: 104180|app: 0|req: 181/363] 10.222.0.10 () {60 vars in 1380 bytes} [Fri Jan 28 16:46:06 2022] GET /placement/allocations/78a2890e-2115-404c-ae1e-91e5800a9aca => generated 245 bytes in 31 msecs (HTTP/1.1 200) 8 headers in 296 bytes (1 switches on core 0)
Jan 28 16:46:06.424491 n-d-826675-3 devstack@placement-api.service[104181]: DEBUG placement.requestlog [req-e82d264f-1c87-414d-8cb9-768204f0d32c req-1ed1d6de-90d4-440c-93d6-b49f84ed4ec6 None None] Starting request: 10.222.0.10 "GET /placement/allocations/3feabd43-0a40-42af-a927-e8cbdb8d7506" {{(pid=104181) __call__ /opt/stack/placement/placement/requestlog.py:55}}
Jan 28 16:46:06.436501 n-d-826675-3 devstack@placement-api.service[104181]: INFO placement.requestlog [req-e82d264f-1c87-414d-8cb9-768204f0d32c req-1ed1d6de-90d4-440c-93d6-b49f84ed4ec6 service placement] 10.222.0.10 "GET /placement/allocations/3feabd43-0a40-42af-a927-e8cbdb8d7506" status: 200 len: 19 microversion: 1.28
Jan 28 16:46:06.447165 n-d-826675-3 devstack@placement-api.service[104181]: [pid: 104181|app: 0|req: 183/364] 10.222.0.10 () {60 vars in 1380 bytes} [Fri Jan 28 16:46:06 2022] GET /placement/allocations/3feabd43-0a40-42af-a927-e8cbdb8d7506 => generated 19 bytes in 23 msecs (HTTP/1.1 200) 8 headers in 295 bytes (1 switches on core 0)
Jan 28 16:46:06.451806 n-d-826675-3 devstack@placement-api.service[104180]: DEBUG placement.requestlog [req-e82d264f-1c87-414d-8cb9-768204f0d32c req-e801ce26-ec8a-4472-98d2-26f34cb5660f None None] Starting request: 10.222.0.10 "POST /placement/allocations" {{(pid=104180) __call__ /opt/stack/placement/placement/requestlog.py:55}}
Jan 28 16:46:06.654623 n-d-826675-3 devstack@placement-api.service[104180]: DEBUG placement.handlers.allocation [req-e82d264f-1c87-414d-8cb9-768204f0d32c req-e801ce26-ec8a-4472-98d2-26f34cb5660f service placement] Successfully wrote allocations [, , , ] {{(pid=104180) _update_consumers_and_create_allocations /opt/stack/placement/placement/handlers/allocation.py:572}}
Jan 28 16:46:06.731633 n-d-826675-3 devstack@placement-api.service[104180]: INFO placement.requestlog [req-e82d264f-1c87-414d-8cb9-768204f0d32c req-e801ce26-ec8a-4472-98d2-26f34cb5660f service placement] 10.222.0.10 "POST /placement/allocations" status: 204 len: 0 microversion: 1.28
Jan 28 16:46:06.735564 n-d-826675-3 devstack@placement-api.service[104180]: [pid: 104180|app: 0|req: 182/365] 10.222.0.10 () {64 vars in 1323 bytes} [Fri Jan 28 16:46:06 2022] POST /placement/allocations => generated 0 bytes in 281 msecs (HTTP/1.1 204) 5 headers in 199 bytes (1 switches on core 0)
Jan 28 16:46:06.807535 n-d-826675-3 devstack@placement-api.service[104181]: DEBUG placement.requestlog [req-e82d264f-1c87-414d-8cb9-768204f0d32c req-d2271126-61ee-4f4c-89a3-1f97aef689a2 None None] Starting request: 10.222.0.10 "GET /placement/allocations/78a2890e-2115-404c-ae1e-91e5800a9aca" {{(pid=104181) __call__ /opt/stack/placement/placement/requestlog.py:55}}
Jan 28 16:46:06.825639 n-d-826675-3 devstack@placement-api.service[104181]: INFO placement.requestlog [req-e82d264f-1c87-414d-8cb9-768204f0d32c req-d2271126-61ee-4f4c-89a3-1f97aef689a2 service placement] 10.222.0.10 "GET /placement/allocations/78a2890e-2115-404c-ae1e-91e5800a9aca" status: 200 len: 19 microversion: 1.28
Jan 28 16:46:06.825982 n-d-826675-3 devstack@placement-api.service[104181]: [pid: 104181|app: 0|req: 184/366] 10.222.0.10 () {60 vars in 1380 bytes} [Fri Jan 28 16:46:06 2022] GET /placement/allocations/78a2890e-2115-404c-ae1e-91e5800a9aca => generated 19 bytes in 19 msecs (HTTP/1.1 200) 8 headers in 295 bytes (1 switches on core 0)
Jan 28 16:46:06.834867 n-d-826675-3 devstack@placement-api.service[104180]: DEBUG placement.requestlog [req-e82d264f-1c87-414d-8cb9-768204f0d32c req-04fd0f49-7f5a-4eb1-9147-388fba9d045c None None] Starting request: 10.222.0.10 "PUT /placement/allocations/78a2890e-2115-404c-ae1e-91e5800a9aca" {{(pid=104180) __call__ /opt/stack/placement/placement/requestlog.py:55}}
Jan 28 16:46:06.962101 n-d-826675-3 devstack@placement-api.service[104181]: DEBUG placement.requestlog [req-bb80d209-4503-4c45-841f-f43f5bee1e54 req-179d9c0b-b508-42dc-9f07-d4b6ed35c415 None None] Starting request: 10.222.0.10 "GET /placement/allocation_candidates?limit=1000&resources=DISK_GB%3A1%2CMEMORY_MB%3A1024%2CVCPU%3A1&root_required=%21COMPUTE_STATUS_DISABLED" {{(pid=104181) __call__ /opt/stack/placement/placement/requestlog.py:55}}
Jan 28 16:46:06.982829 n-d-826675-3 devstack@placement-api.service[104180]: DEBUG placement.handlers.allocation [req-e82d264f-1c87-414d-8cb9-768204f0d32c req-04fd0f49-7f5a-4eb1-9147-388fba9d045c service placement] Successfully wrote allocations [, ] {{(pid=104180) _update_consumers_and_create_allocations /opt/stack/placement/placement/handlers/allocation.py:462}}
Jan 28 16:46:07.012734 n-d-826675-3 devstack@placement-api.service[104181]: DEBUG placement.objects.research_context [req-bb80d209-4503-4c45-841f-f43f5bee1e54 req-179d9c0b-b508-42dc-9f07-d4b6ed35c415 service placement] getting providers with 1 DISK_GB {{(pid=104181) __init__ /opt/stack/placement/placement/objects/research_context.py:126}}
Jan 28 16:46:07.021971 n-d-826675-3 devstack@placement-api.service[104181]: DEBUG placement.objects.research_context [req-bb80d209-4503-4c45-841f-f43f5bee1e54 req-179d9c0b-b508-42dc-9f07-d4b6ed35c415 service placement] getting providers with 1024 MEMORY_MB {{(pid=104181) __init__ /opt/stack/placement/placement/objects/research_context.py:126}}
Jan 28 16:46:07.032630 n-d-826675-3 devstack@placement-api.service[104181]: DEBUG placement.objects.research_context [req-bb80d209-4503-4c45-841f-f43f5bee1e54 req-179d9c0b-b508-42dc-9f07-d4b6ed35c415 service placement] getting providers with 1 VCPU {{(pid=104181) __init__ /opt/stack/placement/placement/objects/research_context.py:126}}
Jan 28 16:46:07.040522 n-d-826675-3 devstack@placement-api.service[104181]: DEBUG placement.objects.research_context [req-bb80d209-4503-4c45-841f-f43f5bee1e54 req-179d9c0b-b508-42dc-9f07-d4b6ed35c415 service placement] found 2 providers with available 1 DISK_GB {{(pid=104181) get_provider_ids_matching /opt/stack/placement/placement/objects/research_context.py:549}}
Jan 28 16:46:07.043680 n-d-826675-3 devstack@placement-api.service[104181]: DEBUG placement.objects.research_context [req-bb80d209-4503-4c45-841f-f43f5bee1e54 req-179d9c0b-b508-42dc-9f07-d4b6ed35c415 service placement] found 2 providers with available 1024 MEMORY_MB {{(pid=104181) get_provider_ids_matching /opt/stack/placement/placement/objects/research_context.py:549}}
Jan 28 16:46:07.043680 n-d-826675-3 devstack@placement-api.service[104181]: DEBUG placement.objects.research_context [req-bb80d209-4503-4c45-841f-f43f5bee1e54 req-179d9c0b-b508-42dc-9f07-d4b6ed35c415 service placement] found 2 providers after filtering by previous result {{(pid=104181) get_provider_ids_matching /opt/stack/placement/placement/objects/research_context.py:580}}
Jan 28 16:46:07.045631 n-d-826675-3 devstack@placement-api.service[104181]: DEBUG placement.objects.research_context [req-bb80d209-4503-4c45-841f-f43f5bee1e54 req-179d9c0b-b508-42dc-9f07-d4b6ed35c415 service placement] found 2 providers with available 1 VCPU {{(pid=104181) get_provider_ids_matching /opt/stack/placement/placement/objects/research_context.py:549}}
Jan 28 16:46:07.046155 n-d-826675-3 devstack@placement-api.service[104181]: DEBUG placement.objects.research_context [req-bb80d209-4503-4c45-841f-f43f5bee1e54 req-179d9c0b-b508-42dc-9f07-d4b6ed35c415 service placement] found 2 providers after filtering by previous result {{(pid=104181) get_provider_ids_matching /opt/stack/placement/placement/objects/research_context.py:580}}
Jan 28 16:46:07.065667 n-d-826675-3 devstack@placement-api.service[104181]: DEBUG placement.objects.allocation_candidate [req-bb80d209-4503-4c45-841f-f43f5bee1e54 req-179d9c0b-b508-42dc-9f07-d4b6ed35c415 service placement] RequestGroup(use_same_provider=False, resources={DISK_GB:1, MEMORY_MB:1024, VCPU:1}, traits=[], aggregates=[]) (suffix '') returned 2 matches {{(pid=104181) _get_by_requests /opt/stack/placement/placement/objects/allocation_candidate.py:145}}
Jan 28 16:46:07.065667 n-d-826675-3 devstack@placement-api.service[104181]: DEBUG placement.objects.allocation_candidate [req-bb80d209-4503-4c45-841f-f43f5bee1e54 req-179d9c0b-b508-42dc-9f07-d4b6ed35c415 service placement] Merging candidates yields 2 allocation requests and 2 provider summaries {{(pid=104181) _merge_candidates /opt/stack/placement/placement/objects/allocation_candidate.py:783}}
Jan 28 16:46:07.068126 n-d-826675-3 devstack@placement-api.service[104181]: INFO placement.requestlog [req-bb80d209-4503-4c45-841f-f43f5bee1e54 req-179d9c0b-b508-42dc-9f07-d4b6ed35c415 service placement] 10.222.0.10 "GET /placement/allocation_candidates?limit=1000&resources=DISK_GB%3A1%2CMEMORY_MB%3A1024%2CVCPU%3A1&root_required=%21COMPUTE_STATUS_DISABLED" status: 200 len: 1309 microversion: 1.36
Jan 28 16:46:07.069759 n-d-826675-3 devstack@placement-api.service[104181]: [pid: 104181|app: 0|req: 185/367] 10.222.0.10 () {60 vars in 1506 bytes} [Fri Jan 28 16:46:06 2022] GET /placement/allocation_candidates?limit=1000&resources=DISK_GB%3A1%2CMEMORY_MB%3A1024%2CVCPU%3A1&root_required=%21COMPUTE_STATUS_DISABLED => generated 1309 bytes in 108 msecs (HTTP/1.1 200) 8 headers in 297 bytes (1 switches on core 0)
Jan 28 16:46:07.118435 n-d-826675-3 devstack@placement-api.service[104180]: INFO placement.requestlog [req-e82d264f-1c87-414d-8cb9-768204f0d32c req-04fd0f49-7f5a-4eb1-9147-388fba9d045c service placement] 10.222.0.10 "PUT /placement/allocations/78a2890e-2115-404c-ae1e-91e5800a9aca" status: 204 len: 0 microversion: 1.28
Jan 28 16:46:07.118435 n-d-826675-3 devstack@placement-api.service[104180]: [pid: 104180|app: 0|req: 183/368] 10.222.0.10 () {64 vars in 1433 bytes} [Fri Jan 28 16:46:06 2022] PUT /placement/allocations/78a2890e-2115-404c-ae1e-91e5800a9aca => generated 0 bytes in 280 msecs (HTTP/1.1 204) 5 headers in 199 bytes (1 switches on core 0)
Jan 28 16:46:07.185569 n-d-826675-3 devstack@placement-api.service[104181]: DEBUG placement.requestlog [req-bb80d209-4503-4c45-841f-f43f5bee1e54 req-2def3580-4446-42ce-9ef6-5ec5d17ca7c5 None None] Starting request: 10.222.0.10 "GET /placement/allocations/da7fa83a-c869-4156-87b4-d8b959bef41d" {{(pid=104181) __call__ /opt/stack/placement/placement/requestlog.py:55}}
Jan 28 16:46:07.205174 n-d-826675-3 devstack@placement-api.service[104181]: INFO placement.requestlog [req-bb80d209-4503-4c45-841f-f43f5bee1e54 req-2def3580-4446-42ce-9ef6-5ec5d17ca7c5 service placement] 10.222.0.10 "GET /placement/allocations/da7fa83a-c869-4156-87b4-d8b959bef41d" status: 200 len: 19 microversion: 1.28
