Jul 20 06:49:42.619111 n-d-826530-6 devstack@placement-api.service[111950]: [pid: 111950|app: 0|req: 137/271] 10.222.0.23 () {64 vars in 1433 bytes} [Wed Jul 20 06:49:42 2022] PUT /placement/allocations/14a26a24-76be-4703-8565-285d6b56aefa => generated 0 bytes in 222 msecs (HTTP/1.1 204) 5 headers in 199 bytes (1 switches on core 0)
Jul 20 06:49:43.476909 n-d-826530-6 devstack@placement-api.service[111949]: DEBUG placement.requestlog [None req-ce64ccf4-6ced-462c-aede-4c97a4b914ad None None] Starting request: 10.222.0.23 "GET /placement/" {{(pid=111949) __call__ /opt/stack/placement/placement/requestlog.py:55}}
Jul 20 06:49:43.482328 n-d-826530-6 devstack@placement-api.service[111949]: INFO placement.requestlog [None req-ce64ccf4-6ced-462c-aede-4c97a4b914ad None None] 10.222.0.23 "GET /placement/" status: 200 len: 136 microversion: 1.0
Jul 20 06:49:43.483601 n-d-826530-6 devstack@placement-api.service[111949]: [pid: 111949|app: 0|req: 135/272] 10.222.0.23 () {54 vars in 916 bytes} [Wed Jul 20 06:49:43 2022] GET /placement => generated 136 bytes in 8 msecs (HTTP/1.1 200) 6 headers in 224 bytes (1 switches on core 0)
Jul 20 06:49:43.514133 n-d-826530-6 devstack@placement-api.service[111950]: DEBUG placement.requestlog [req-f12e8ce9-c755-4bc6-a3b5-15c53dcb33c2 req-a1942bf0-d42e-46f8-9e2c-a6e74982cb94 None None] Starting request: 10.222.0.79 "GET /placement/allocations/f74d1c0c-34cb-4aee-badf-6f1c69bddb7e" {{(pid=111950) __call__ /opt/stack/placement/placement/requestlog.py:55}}
Jul 20 06:49:43.552157 n-d-826530-6 devstack@placement-api.service[111949]: DEBUG placement.requestlog [req-8d5a7a7e-0dda-406e-a6fd-d8879ecb9e20 req-bcb71d39-8caf-4f6c-b425-91fe887af2a5 None None] Starting request: 10.222.0.23 "GET /placement/allocations/41523995-5dbc-4dc4-a513-b38ba9217af1" {{(pid=111949) __call__ /opt/stack/placement/placement/requestlog.py:55}}
Jul 20 06:49:43.567415 n-d-826530-6 devstack@placement-api.service[111950]: INFO placement.requestlog [req-f12e8ce9-c755-4bc6-a3b5-15c53dcb33c2 req-a1942bf0-d42e-46f8-9e2c-a6e74982cb94 service placement] 10.222.0.79 "GET /placement/allocations/f74d1c0c-34cb-4aee-badf-6f1c69bddb7e" status: 200 len: 259 microversion: 1.28
Jul 20 06:49:43.568165 n-d-826530-6 devstack@placement-api.service[111950]: [pid: 111950|app: 0|req: 138/273] 10.222.0.79 () {60 vars in 1377 bytes} [Wed Jul 20 06:49:43 2022] GET /placement/allocations/f74d1c0c-34cb-4aee-badf-6f1c69bddb7e => generated 259 bytes in 54 msecs (HTTP/1.1 200) 8 headers in 296 bytes (1 switches on core 0)
Jul 20 06:49:43.798214 n-d-826530-6 devstack@placement-api.service[111949]: INFO placement.requestlog [req-8d5a7a7e-0dda-406e-a6fd-d8879ecb9e20 req-bcb71d39-8caf-4f6c-b425-91fe887af2a5 service placement] 10.222.0.23 "GET /placement/allocations/41523995-5dbc-4dc4-a513-b38ba9217af1" status: 200 len: 259 microversion: 1.28
Jul 20 06:49:43.799266 n-d-826530-6 devstack@placement-api.service[111949]: [pid: 111949|app: 0|req: 136/274] 10.222.0.23 () {60 vars in 1380 bytes} [Wed Jul 20 06:49:43 2022] GET /placement/allocations/41523995-5dbc-4dc4-a513-b38ba9217af1 => generated 259 bytes in 247 msecs (HTTP/1.1 200) 8 headers in 296 bytes (1 switches on core 0)
Jul 20 06:49:43.812774 n-d-826530-6 devstack@placement-api.service[111950]: DEBUG placement.requestlog [req-8d5a7a7e-0dda-406e-a6fd-d8879ecb9e20 req-698cac5a-8d14-4e2c-bda2-e2cdb1b20a0d None None] Starting request: 10.222.0.23 "GET /placement/allocations/41523995-5dbc-4dc4-a513-b38ba9217af1" {{(pid=111950) __call__ /opt/stack/placement/placement/requestlog.py:55}}
Jul 20 06:49:43.911136 n-d-826530-6 devstack@placement-api.service[111950]: INFO placement.requestlog [req-8d5a7a7e-0dda-406e-a6fd-d8879ecb9e20 req-698cac5a-8d14-4e2c-bda2-e2cdb1b20a0d service placement] 10.222.0.23 "GET /placement/allocations/41523995-5dbc-4dc4-a513-b38ba9217af1" status: 200 len: 259 microversion: 1.28
Jul 20 06:49:43.916483 n-d-826530-6 devstack@placement-api.service[111950]: [pid: 111950|app: 0|req: 139/275] 10.222.0.23 () {60 vars in 1380 bytes} [Wed Jul 20 06:49:43 2022] GET /placement/allocations/41523995-5dbc-4dc4-a513-b38ba9217af1 => generated 259 bytes in 104 msecs (HTTP/1.1 200) 8 headers in 296 bytes (2 switches on core 0)
Jul 20 06:49:43.920719 n-d-826530-6 devstack@placement-api.service[111949]: DEBUG placement.requestlog [req-f12e8ce9-c755-4bc6-a3b5-15c53dcb33c2 req-ab2521fe-748d-4328-861a-d1d38e33737b None None] Starting request: 10.222.0.79 "GET /placement/allocations/14a26a24-76be-4703-8565-285d6b56aefa" {{(pid=111949) __call__ /opt/stack/placement/placement/requestlog.py:55}}
Jul 20 06:49:43.935777 n-d-826530-6 devstack@placement-api.service[111950]: DEBUG placement.requestlog [req-8d5a7a7e-0dda-406e-a6fd-d8879ecb9e20 req-6837042f-245c-47ef-8042-c788e6e17f90 None None] Starting request: 10.222.0.23 "GET /placement/allocations/6ed66cd5-6452-45e2-a205-7f569b118b3e" {{(pid=111950) __call__ /opt/stack/placement/placement/requestlog.py:55}}
Jul 20 06:49:44.023887 n-d-826530-6 devstack@placement-api.service[111950]: INFO placement.requestlog [req-8d5a7a7e-0dda-406e-a6fd-d8879ecb9e20 req-6837042f-245c-47ef-8042-c788e6e17f90 service placement] 10.222.0.23 "GET /placement/allocations/6ed66cd5-6452-45e2-a205-7f569b118b3e" status: 200 len: 19 microversion: 1.28
Jul 20 06:49:44.032725 n-d-826530-6 devstack@placement-api.service[111949]: INFO placement.requestlog [req-f12e8ce9-c755-4bc6-a3b5-15c53dcb33c2 req-ab2521fe-748d-4328-861a-d1d38e33737b service placement] 10.222.0.79 "GET /placement/allocations/14a26a24-76be-4703-8565-285d6b56aefa" status: 200 len: 259 microversion: 1.28
Jul 20 06:49:44.033112 n-d-826530-6 devstack@placement-api.service[111950]: [pid: 111950|app: 0|req: 140/276] 10.222.0.23 () {60 vars in 1380 bytes} [Wed Jul 20 06:49:43 2022] GET /placement/allocations/6ed66cd5-6452-45e2-a205-7f569b118b3e => generated 19 bytes in 96 msecs (HTTP/1.1 200) 8 headers in 295 bytes (1 switches on core 0)
Jul 20 06:49:44.034139 n-d-826530-6 devstack@placement-api.service[111949]: [pid: 111949|app: 0|req: 137/277] 10.222.0.79 () {60 vars in 1377 bytes} [Wed Jul 20 06:49:43 2022] GET /placement/allocations/14a26a24-76be-4703-8565-285d6b56aefa => generated 259 bytes in 114 msecs (HTTP/1.1 200) 8 headers in 296 bytes (1 switches on core 0)
Jul 20 06:49:44.043887 n-d-826530-6 devstack@placement-api.service[111950]: DEBUG placement.requestlog [req-8d5a7a7e-0dda-406e-a6fd-d8879ecb9e20 req-f6a5427e-c96f-4859-9920-a220450e7a58 None None] Starting request: 10.222.0.23 "POST /placement/allocations" {{(pid=111950) __call__ /opt/stack/placement/placement/requestlog.py:55}}
Jul 20 06:49:44.239862 n-d-826530-6 devstack@placement-api.service[111950]: DEBUG dbcounter [-] [111950] Writing DB stats placement:SELECT=79,placement:INSERT=11,placement:DELETE=6,placement:UPDATE=4 {{(pid=111950) stat_writer /usr/local/lib/python3.8/dist-packages/dbcounter.py:114}}
Jul 20 06:49:44.261967 n-d-826530-6 devstack@placement-api.service[111950]: DEBUG placement.handlers.allocation [req-8d5a7a7e-0dda-406e-a6fd-d8879ecb9e20 req-f6a5427e-c96f-4859-9920-a220450e7a58 service placement] Successfully wrote allocations [, , , , , ] {{(pid=111950) _update_consumers_and_create_allocations /opt/stack/placement/placement/handlers/allocation.py:572}}
Jul 20 06:49:44.270801 n-d-826530-6 devstack@placement-api.service[111950]: INFO placement.requestlog [req-8d5a7a7e-0dda-406e-a6fd-d8879ecb9e20 req-f6a5427e-c96f-4859-9920-a220450e7a58 service placement] 10.222.0.23 "POST /placement/allocations" status: 204 len: 0 microversion: 1.28
Jul 20 06:49:44.271648 n-d-826530-6 devstack@placement-api.service[111950]: [pid: 111950|app: 0|req: 141/278] 10.222.0.23 () {64 vars in 1323 bytes} [Wed Jul 20 06:49:44 2022] POST /placement/allocations => generated 0 bytes in 229 msecs (HTTP/1.1 204) 5 headers in 199 bytes (2 switches on core 0)
Jul 20 06:49:44.520876 n-d-826530-6 devstack@placement-api.service[111949]: DEBUG placement.requestlog [req-8d5a7a7e-0dda-406e-a6fd-d8879ecb9e20 req-00867cd9-22b9-442e-87b7-94697b3b99a8 None None] Starting request: 10.222.0.23 "GET /placement/allocation_candidates?limit=1000&resources=DISK_GB%3A1%2CMEMORY_MB%3A512%2CVCPU%3A1&root_required=%21COMPUTE_STATUS_DISABLED" {{(pid=111949) __call__ /opt/stack/placement/placement/requestlog.py:55}}
Jul 20 06:49:44.589006 n-d-826530-6 devstack@placement-api.service[111949]: DEBUG placement.objects.research_context [req-8d5a7a7e-0dda-406e-a6fd-d8879ecb9e20 req-00867cd9-22b9-442e-87b7-94697b3b99a8 service placement] getting providers with 1 DISK_GB {{(pid=111949) __init__ /opt/stack/placement/placement/objects/research_context.py:136}}
Jul 20 06:49:44.599595 n-d-826530-6 devstack@placement-api.service[111949]: DEBUG placement.objects.research_context [req-8d5a7a7e-0dda-406e-a6fd-d8879ecb9e20 req-00867cd9-22b9-442e-87b7-94697b3b99a8 service placement] getting providers with 512 MEMORY_MB {{(pid=111949) __init__ /opt/stack/placement/placement/objects/research_context.py:136}}
Jul 20 06:49:44.618988 n-d-826530-6 devstack@placement-api.service[111949]: DEBUG placement.objects.research_context [req-8d5a7a7e-0dda-406e-a6fd-d8879ecb9e20 req-00867cd9-22b9-442e-87b7-94697b3b99a8 service placement] getting providers with 1 VCPU {{(pid=111949) __init__ /opt/stack/placement/placement/objects/research_context.py:136}}
Jul 20 06:49:44.632239 n-d-826530-6 devstack@placement-api.service[111949]: DEBUG placement.objects.research_context [req-8d5a7a7e-0dda-406e-a6fd-d8879ecb9e20 req-00867cd9-22b9-442e-87b7-94697b3b99a8 service placement] found 2 providers with available 1 DISK_GB {{(pid=111949) get_provider_ids_matching /opt/stack/placement/placement/objects/research_context.py:563}}
Jul 20 06:49:44.632601 n-d-826530-6 devstack@placement-api.service[111949]: DEBUG placement.objects.research_context [req-8d5a7a7e-0dda-406e-a6fd-d8879ecb9e20 req-00867cd9-22b9-442e-87b7-94697b3b99a8 service placement] found 2 providers with available 512 MEMORY_MB {{(pid=111949) get_provider_ids_matching /opt/stack/placement/placement/objects/research_context.py:563}}
Jul 20 06:49:44.637157 n-d-826530-6 devstack@placement-api.service[111949]: DEBUG placement.objects.research_context [req-8d5a7a7e-0dda-406e-a6fd-d8879ecb9e20 req-00867cd9-22b9-442e-87b7-94697b3b99a8 service placement] found 2 providers after filtering by previous result {{(pid=111949) get_provider_ids_matching /opt/stack/placement/placement/objects/research_context.py:594}}
Jul 20 06:49:44.637525 n-d-826530-6 devstack@placement-api.service[111949]: DEBUG placement.objects.research_context [req-8d5a7a7e-0dda-406e-a6fd-d8879ecb9e20 req-00867cd9-22b9-442e-87b7-94697b3b99a8 service placement] found 2 providers with available 1 VCPU {{(pid=111949) get_provider_ids_matching /opt/stack/placement/placement/objects/research_context.py:563}}
Jul 20 06:49:44.637915 n-d-826530-6 devstack@placement-api.service[111949]: DEBUG placement.objects.research_context [req-8d5a7a7e-0dda-406e-a6fd-d8879ecb9e20 req-00867cd9-22b9-442e-87b7-94697b3b99a8 service placement] found 2 providers after filtering by previous result {{(pid=111949) get_provider_ids_matching /opt/stack/placement/placement/objects/research_context.py:594}}
Jul 20 06:49:44.662873 n-d-826530-6 devstack@placement-api.service[111949]: DEBUG placement.objects.allocation_candidate [req-8d5a7a7e-0dda-406e-a6fd-d8879ecb9e20 req-00867cd9-22b9-442e-87b7-94697b3b99a8 service placement] RequestGroup(use_same_provider=False, resources={DISK_GB:1, MEMORY_MB:512, VCPU:1}, traits=(), aggregates=[]) (suffix '') returned 2 matches {{(pid=111949) _get_by_requests /opt/stack/placement/placement/objects/allocation_candidate.py:156}}
Jul 20 06:49:44.669153 n-d-826530-6 devstack@placement-api.service[111949]: DEBUG placement.objects.allocation_candidate [req-8d5a7a7e-0dda-406e-a6fd-d8879ecb9e20 req-00867cd9-22b9-442e-87b7-94697b3b99a8 service placement] Merging candidates yields 2 allocation requests and 2 provider summaries {{(pid=111949) _merge_candidates /opt/stack/placement/placement/objects/allocation_candidate.py:809}}
Jul 20 06:49:44.671390 n-d-826530-6 devstack@placement-api.service[111949]: INFO placement.requestlog [req-8d5a7a7e-0dda-406e-a6fd-d8879ecb9e20 req-00867cd9-22b9-442e-87b7-94697b3b99a8 service placement] 10.222.0.23 "GET /placement/allocation_candidates?limit=1000&resources=DISK_GB%3A1%2CMEMORY_MB%3A512%2CVCPU%3A1&root_required=%21COMPUTE_STATUS_DISABLED" status: 200 len: 1307 microversion: 1.36
Jul 20 06:49:44.672413 n-d-826530-6 devstack@placement-api.service[111949]: [pid: 111949|app: 0|req: 138/279] 10.222.0.23 () {60 vars in 1504 bytes} [Wed Jul 20 06:49:44 2022] GET /placement/allocation_candidates?limit=1000&resources=DISK_GB%3A1%2CMEMORY_MB%3A512%2CVCPU%3A1&root_required=%21COMPUTE_STATUS_DISABLED => generated 1307 bytes in 153 msecs (HTTP/1.1 200) 8 headers in 297 bytes (1 switches on core 0)
Jul 20 06:49:44.831906 n-d-826530-6 devstack@placement-api.service[111950]: DEBUG placement.requestlog [req-8d5a7a7e-0dda-406e-a6fd-d8879ecb9e20 req-4588e50f-c191-4ee8-af34-86e46889fd37 None None] Starting request: 10.222.0.23 "GET /placement/allocations/41523995-5dbc-4dc4-a513-b38ba9217af1" {{(pid=111950) __call__ /opt/stack/placement/placement/requestlog.py:55}}
Jul 20 06:49:44.853844 n-d-826530-6 devstack@placement-api.service[111950]: INFO placement.requestlog [req-8d5a7a7e-0dda-406e-a6fd-d8879ecb9e20 req-4588e50f-c191-4ee8-af34-86e46889fd37 service placement] 10.222.0.23 "GET /placement/allocations/41523995-5dbc-4dc4-a513-b38ba9217af1" status: 200 len: 19 microversion: 1.28
Jul 20 06:49:44.857892 n-d-826530-6 devstack@placement-api.service[111950]: [pid: 111950|app: 0|req: 142/280] 10.222.0.23 () {60 vars in 1380 bytes} [Wed Jul 20 06:49:44 2022] GET /placement/allocations/41523995-5dbc-4dc4-a513-b38ba9217af1 => generated 19 bytes in 26 msecs (HTTP/1.1 200) 8 headers in 295 bytes (2 switches on core 0)
Jul 20 06:49:44.863424 n-d-826530-6 devstack@placement-api.service[111949]: DEBUG placement.requestlog [req-8d5a7a7e-0dda-406e-a6fd-d8879ecb9e20 req-0f102374-b5b7-4d2c-b3ac-60d22fe6e81f None None] Starting request: 10.222.0.23 "PUT /placement/allocations/41523995-5dbc-4dc4-a513-b38ba9217af1" {{(pid=111949) __call__ /opt/stack/placement/placement/requestlog.py:55}}
Jul 20 06:49:45.018570 n-d-826530-6 devstack@placement-api.service[111949]: DEBUG dbcounter [-] [111949] Writing DB stats placement:SELECT=81,placement:INSERT=8,placement:DELETE=5,placement:UPDATE=6 {{(pid=111949) stat_writer /usr/local/lib/python3.8/dist-packages/dbcounter.py:114}}
Jul 20 06:49:45.024288 n-d-826530-6 devstack@placement-api.service[111949]: DEBUG placement.handlers.allocation [req-8d5a7a7e-0dda-406e-a6fd-d8879ecb9e20 req-0f102374-b5b7-4d2c-b3ac-60d22fe6e81f service placement] Successfully wrote allocations [, , ] {{(pid=111949) _update_consumers_and_create_allocations /opt/stack/placement/placement/handlers/allocation.py:462}}
Jul 20 06:49:45.034567 n-d-826530-6 devstack@placement-api.service[111949]: INFO placement.requestlog [req-8d5a7a7e-0dda-406e-a6fd-d8879ecb9e20 req-0f102374-b5b7-4d2c-b3ac-60d22fe6e81f service placement] 10.222.0.23 "PUT /placement/allocations/41523995-5dbc-4dc4-a513-b38ba9217af1" status: 204 len: 0 microversion: 1.36
Jul 20 06:49:45.049243 n-d-826530-6 devstack@placement-api.service[111949]: [pid: 111949|app: 0|req: 139/281] 10.222.0.23 () {64 vars in 1433 bytes} [Wed Jul 20 06:49:44 2022] PUT /placement/allocations/41523995-5dbc-4dc4-a513-b38ba9217af1 => generated 0 bytes in 174 msecs (HTTP/1.1 204) 5 headers in 199 bytes (2 switches on core 0)
Jul 20 06:49:45.618140 n-d-826530-6 devstack@placement-api.service[111950]: DEBUG placement.requestlog [req-8d5a7a7e-0dda-406e-a6fd-d8879ecb9e20 req-178898e5-6994-4890-9f9c-ea9fab34c03a None None] Starting request: 10.222.0.79 "GET /placement/allocations/41523995-5dbc-4dc4-a513-b38ba9217af1" {{(pid=111950) __call__ /opt/stack/placement/placement/requestlog.py:55}}
Jul 20 06:49:45.667341 n-d-826530-6 devstack@placement-api.service[111950]: INFO placement.requestlog [req-8d5a7a7e-0dda-406e-a6fd-d8879ecb9e20 req-178898e5-6994-4890-9f9c-ea9fab34c03a service placement] 10.222.0.79 "GET /placement/allocations/41523995-5dbc-4dc4-a513-b38ba9217af1" status: 200 len: 258 microversion: 1.28
Jul 20 06:49:45.668396 n-d-826530-6 devstack@placement-api.service[111950]: [pid: 111950|app: 0|req: 143/282] 10.222.0.79 () {60 vars in 1377 bytes} [Wed Jul 20 06:49:45 2022] GET /placement/allocations/41523995-5dbc-4dc4-a513-b38ba9217af1 => generated 258 bytes in 50 msecs (HTTP/1.1 200) 8 headers in 296 bytes (1 switches on core 0)
Jul 20 06:49:46.154126 n-d-826530-6 devstack@placement-api.service[111949]: DEBUG placement.requestlog [req-c73f2024-a42b-4f66-80ad-88bcea828506 req-81c15885-1d77-444c-8ee0-8f0ee6b65e86 None None] Starting request: 10.222.0.23 "GET /placement/allocation_candidates?limit=1000&resources=DISK_GB%3A1%2CMEMORY_MB%3A1024%2CVCPU%3A1&root_required=%21COMPUTE_STATUS_DISABLED" {{(pid=111949) __call__ /opt/stack/placement/placement/requestlog.py:55}}
Jul 20 06:49:46.216219 n-d-826530-6 devstack@placement-api.service[111949]: DEBUG placement.objects.research_context [req-c73f2024-a42b-4f66-80ad-88bcea828506 req-81c15885-1d77-444c-8ee0-8f0ee6b65e86 service placement] getting providers with 1 DISK_GB {{(pid=111949) __init__ /opt/stack/placement/placement/objects/research_context.py:136}}
Jul 20 06:49:46.223332 n-d-826530-6 devstack@placement-api.service[111949]: DEBUG placement.objects.research_context [req-c73f2024-a42b-4f66-80ad-88bcea828506 req-81c15885-1d77-444c-8ee0-8f0ee6b65e86 service placement] getting providers with 1024 MEMORY_MB {{(pid=111949) __init__ /opt/stack/placement/placement/objects/research_context.py:136}}
Jul 20 06:49:46.230992 n-d-826530-6 devstack@placement-api.service[111949]: DEBUG placement.objects.research_context [req-c73f2024-a42b-4f66-80ad-88bcea828506 req-81c15885-1d77-444c-8ee0-8f0ee6b65e86 service placement] getting providers with 1 VCPU {{(pid=111949) __init__ /opt/stack/placement/placement/objects/research_context.py:136}}
Jul 20 06:49:46.238478 n-d-826530-6 devstack@placement-api.service[111949]: DEBUG placement.objects.research_context [req-c73f2024-a42b-4f66-80ad-88bcea828506 req-81c15885-1d77-444c-8ee0-8f0ee6b65e86 service placement] found 2 providers with available 1 DISK_GB {{(pid=111949) get_provider_ids_matching /opt/stack/placement/placement/objects/research_context.py:563}}
Jul 20 06:49:46.239088 n-d-826530-6 devstack@placement-api.service[111949]: DEBUG placement.objects.research_context [req-c73f2024-a42b-4f66-80ad-88bcea828506 req-81c15885-1d77-444c-8ee0-8f0ee6b65e86 service placement] found 2 providers with available 1024 MEMORY_MB {{(pid=111949) get_provider_ids_matching /opt/stack/placement/placement/objects/research_context.py:563}}
Jul 20 06:49:46.239590 n-d-826530-6 devstack@placement-api.service[111949]: DEBUG placement.objects.research_context [req-c73f2024-a42b-4f66-80ad-88bcea828506 req-81c15885-1d77-444c-8ee0-8f0ee6b65e86 service placement] found 2 providers after filtering by previous result {{(pid=111949) get_provider_ids_matching /opt/stack/placement/placement/objects/research_context.py:594}}
Jul 20 06:49:46.240058 n-d-826530-6 devstack@placement-api.service[111949]: DEBUG placement.objects.research_context [req-c73f2024-a42b-4f66-80ad-88bcea828506 req-81c15885-1d77-444c-8ee0-8f0ee6b65e86 service placement] found 2 providers with available 1 VCPU {{(pid=111949) get_provider_ids_matching /opt/stack/placement/placement/objects/research_context.py:563}}
Jul 20 06:49:46.240545 n-d-826530-6 devstack@placement-api.service[111949]: DEBUG placement.objects.research_context [req-c73f2024-a42b-4f66-80ad-88bcea828506 req-81c15885-1d77-444c-8ee0-8f0ee6b65e86 service placement] found 2 providers after filtering by previous result {{(pid=111949) get_provider_ids_matching /opt/stack/placement/placement/objects/research_context.py:594}}
Jul 20 06:49:46.258442 n-d-826530-6 devstack@placement-api.service[111949]: DEBUG placement.objects.allocation_candidate [req-c73f2024-a42b-4f66-80ad-88bcea828506 req-81c15885-1d77-444c-8ee0-8f0ee6b65e86 service placement] RequestGroup(use_same_provider=False, resources={DISK_GB:1, MEMORY_MB:1024, VCPU:1}, traits=(), aggregates=[]) (suffix '') returned 2 matches {{(pid=111949) _get_by_requests /opt/stack/placement/placement/objects/allocation_candidate.py:156}}
Jul 20 06:49:46.259175 n-d-826530-6 devstack@placement-api.service[111949]: DEBUG placement.objects.allocation_candidate [req-c73f2024-a42b-4f66-80ad-88bcea828506 req-81c15885-1d77-444c-8ee0-8f0ee6b65e86 service placement] Merging candidates yields 2 allocation requests and 2 provider summaries {{(pid=111949) _merge_candidates /opt/stack/placement/placement/objects/allocation_candidate.py:809}}
Jul 20 06:49:46.261085 n-d-826530-6 devstack@placement-api.service[111949]: INFO placement.requestlog [req-c73f2024-a42b-4f66-80ad-88bcea828506 req-81c15885-1d77-444c-8ee0-8f0ee6b65e86 service placement] 10.222.0.23 "GET /placement/allocation_candidates?limit=1000&resources=DISK_GB%3A1%2CMEMORY_MB%3A1024%2CVCPU%3A1&root_required=%21COMPUTE_STATUS_DISABLED" status: 200 len: 1309 microversion: 1.36
Jul 20 06:49:46.262089 n-d-826530-6 devstack@placement-api.service[111949]: [pid: 111949|app: 0|req: 140/283] 10.222.0.23 () {60 vars in 1506 bytes} [Wed Jul 20 06:49:46 2022] GET /placement/allocation_candidates?limit=1000&resources=DISK_GB%3A1%2CMEMORY_MB%3A1024%2CVCPU%3A1&root_required=%21COMPUTE_STATUS_DISABLED => generated 1309 bytes in 109 msecs (HTTP/1.1 200) 8 headers in 297 bytes (1 switches on core 0)
Jul 20 06:49:46.444497 n-d-826530-6 devstack@placement-api.service[111950]: DEBUG placement.requestlog [req-c73f2024-a42b-4f66-80ad-88bcea828506 req-cd645fcd-ccee-46e3-94e9-1b1aef163bd3 None None] Starting request: 10.222.0.23 "GET /placement/allocations/58f0b77b-acb7-41ad-9e42-7d687dc34eb4" {{(pid=111950) __call__ /opt/stack/placement/placement/requestlog.py:55}}
Jul 20 06:49:46.470135 n-d-826530-6 devstack@placement-api.service[111950]: INFO placement.requestlog [req-c73f2024-a42b-4f66-80ad-88bcea828506 req-cd645fcd-ccee-46e3-94e9-1b1aef163bd3 service placement] 10.222.0.23 "GET /placement/allocations/58f0b77b-acb7-41ad-9e42-7d687dc34eb4" status: 200 len: 19 microversion: 1.28
Jul 20 06:49:46.472946 n-d-826530-6 devstack@placement-api.service[111950]: [pid: 111950|app: 0|req: 144/284] 10.222.0.23 () {60 vars in 1380 bytes} [Wed Jul 20 06:49:46 2022] GET /placement/allocations/58f0b77b-acb7-41ad-9e42-7d687dc34eb4 => generated 19 bytes in 28 msecs (HTTP/1.1 200) 8 headers in 295 bytes (1 switches on core 0)
Jul 20 06:49:46.485186 n-d-826530-6 devstack@placement-api.service[111949]: DEBUG placement.requestlog [req-c73f2024-a42b-4f66-80ad-88bcea828506 req-d9afa4e2-bf71-4a8f-a373-928fe4679bb4 None None] Starting request: 10.222.0.23 "PUT /placement/allocations/58f0b77b-acb7-41ad-9e42-7d687dc34eb4" {{(pid=111949) __call__ /opt/stack/placement/placement/requestlog.py:55}}
Jul 20 06:49:46.641907 n-d-826530-6 devstack@placement-api.service[111949]: DEBUG placement.handlers.allocation [req-c73f2024-a42b-4f66-80ad-88bcea828506 req-d9afa4e2-bf71-4a8f-a373-928fe4679bb4 service placement] Successfully wrote allocations [, , ] {{(pid=111949) _update_consumers_and_create_allocations /opt/stack/placement/placement/handlers/allocation.py:462}}
Jul 20 06:49:46.651610 n-d-826530-6 devstack@placement-api.service[111949]: INFO placement.requestlog [req-c73f2024-a42b-4f66-80ad-88bcea828506 req-d9afa4e2-bf71-4a8f-a373-928fe4679bb4 service placement] 10.222.0.23 "PUT /placement/allocations/58f0b77b-acb7-41ad-9e42-7d687dc34eb4" status: 204 len: 0 microversion: 1.36
Jul 20 06:49:46.652332 n-d-826530-6 devstack@placement-api.service[111949]: [pid: 111949|app: 0|req: 141/285] 10.222.0.23 () {64 vars in 1433 bytes} [Wed Jul 20 06:49:46 2022] PUT /placement/allocations/58f0b77b-acb7-41ad-9e42-7d687dc34eb4 => generated 0 bytes in 167 msecs (HTTP/1.1 204) 5 headers in 199 bytes (1 switches on core 0)
Jul 20 06:49:47.384168 n-d-826530-6 devstack@placement-api.service[111950]: DEBUG placement.requestlog [req-c73f2024-a42b-4f66-80ad-88bcea828506 req-5c02075d-05e8-42c5-9b6e-64d5dbc2bc7c None None] Starting request: 10.222.0.36 "GET /placement/allocations/58f0b77b-acb7-41ad-9e42-7d687dc34eb4" {{(pid=111950) __call__ /opt/stack/placement/placement/requestlog.py:55}}
Jul 20 06:49:47.414557 n-d-826530-6 devstack@placement-api.service[111950]: INFO placement.requestlog [req-c73f2024-a42b-4f66-80ad-88bcea828506 req-5c02075d-05e8-42c5-9b6e-64d5dbc2bc7c service placement] 10.222.0.36 "GET /placement/allocations/58f0b77b-acb7-41ad-9e42-7d687dc34eb4" status: 200 len: 259 microversion: 1.28
Jul 20 06:49:47.416142 n-d-826530-6 devstack@placement-api.service[111950]: [pid: 111950|app: 0|req: 145/286] 10.222.0.36 () {60 vars in 1377 bytes} [Wed Jul 20 06:49:47 2022] GET /placement/allocations/58f0b77b-acb7-41ad-9e42-7d687dc34eb4 => generated 259 bytes in 32 msecs (HTTP/1.1 200) 8 headers in 296 bytes (1 switches on core 0)
Jul 20 06:49:55.956773 n-d-826530-6 devstack@placement-api.service[111949]: DEBUG placement.requestlog [None req-127f1e6d-e94d-4723-93f8-5e5e8c0cea33 None None] Starting request: 10.222.0.23 "GET /placement/" {{(pid=111949) __call__ /opt/stack/placement/placement/requestlog.py:55}}
Jul 20 06:49:55.958308 n-d-826530-6 devstack@placement-api.service[111949]: INFO placement.requestlog [None req-127f1e6d-e94d-4723-93f8-5e5e8c0cea33 None None] 10.222.0.23 "GET /placement/" status: 200 len: 136 microversion: 1.0
Jul 20 06:49:55.960079 n-d-826530-6 devstack@placement-api.service[111949]: [pid: 111949|app: 0|req: 142/287] 10.222.0.23 () {54 vars in 916 bytes} [Wed Jul 20 06:49:55 2022] GET /placement => generated 136 bytes in 4 msecs (HTTP/1.1 200) 6 headers in 224 bytes (2 switches on core 0)
Jul 20 06:49:56.008214 n-d-826530-6 devstack@placement-api.service[111950]: DEBUG placement.requestlog [req-b34c7159-9377-4082-82d3-62235434a661 req-4beeb26f-9c72-4817-aa46-c07f85419bf9 None None] Starting request: 10.222.0.23 "GET /placement/allocations/ea292566-37d3-4ddf-8732-2f07b230e6ff" {{(pid=111950) __call__ /opt/stack/placement/placement/requestlog.py:55}}
Jul 20 06:49:56.373828 n-d-826530-6 devstack@placement-api.service[111950]: INFO placement.requestlog [req-b34c7159-9377-4082-82d3-62235434a661 req-4beeb26f-9c72-4817-aa46-c07f85419bf9 service placement] 10.222.0.23 "GET /placement/allocations/ea292566-37d3-4ddf-8732-2f07b230e6ff" status: 200 len: 259 microversion: 1.28
Jul 20 06:49:56.376295 n-d-826530-6 devstack@placement-api.service[111950]: [pid: 111950|app: 0|req: 146/288] 10.222.0.23 () {60 vars in 1380 bytes} [Wed Jul 20 06:49:56 2022] GET /placement/allocations/ea292566-37d3-4ddf-8732-2f07b230e6ff => generated 259 bytes in 369 msecs (HTTP/1.1 200) 8 headers in 296 bytes (1 switches on core 0)
Jul 20 06:49:56.385732 n-d-826530-6 devstack@placement-api.service[111949]: DEBUG placement.requestlog [req-b34c7159-9377-4082-82d3-62235434a661 req-ff1c4d63-0599-43ef-b48a-e07d9f997655 None None] Starting request: 10.222.0.23 "GET /placement/allocations/ea292566-37d3-4ddf-8732-2f07b230e6ff" {{(pid=111949) __call__ /opt/stack/placement/placement/requestlog.py:55}}
Jul 20 06:49:56.445703 n-d-826530-6 devstack@placement-api.service[111949]: INFO placement.requestlog [req-b34c7159-9377-4082-82d3-62235434a661 req-ff1c4d63-0599-43ef-b48a-e07d9f997655 service placement] 10.222.0.23 "GET /placement/allocations/ea292566-37d3-4ddf-8732-2f07b230e6ff" status: 200 len: 259 microversion: 1.28
Jul 20 06:49:56.447026 n-d-826530-6 devstack@placement-api.service[111949]: [pid: 111949|app: 0|req: 143/289] 10.222.0.23 () {60 vars in 1380 bytes} [Wed Jul 20 06:49:56 2022] GET /placement/allocations/ea292566-37d3-4ddf-8732-2f07b230e6ff => generated 259 bytes in 62 msecs (HTTP/1.1 200) 8 headers in 296 bytes (2 switches on core 0)
Jul 20 06:49:56.478834 n-d-826530-6 devstack@placement-api.service[111950]: DEBUG placement.requestlog [req-b34c7159-9377-4082-82d3-62235434a661 req-0b26c44a-51e9-4af2-8249-76d185e0b82c None None] Starting request: 10.222.0.23 "GET /placement/allocations/4f362a57-9cbf-4e30-9509-faa304fd1ed8" {{(pid=111950) __call__ /opt/stack/placement/placement/requestlog.py:55}}
Jul 20 06:49:56.545229 n-d-826530-6 devstack@placement-api.service[111950]: INFO placement.requestlog [req-b34c7159-9377-4082-82d3-62235434a661 req-0b26c44a-51e9-4af2-8249-76d185e0b82c service placement] 10.222.0.23 "GET /placement/allocations/4f362a57-9cbf-4e30-9509-faa304fd1ed8" status: 200 len: 19 microversion: 1.28
Jul 20 06:49:56.550128 n-d-826530-6 devstack@placement-api.service[111950]: [pid: 111950|app: 0|req: 147/290] 10.222.0.23 () {60 vars in 1380 bytes} [Wed Jul 20 06:49:56 2022] GET /placement/allocations/4f362a57-9cbf-4e30-9509-faa304fd1ed8 => generated 19 bytes in 72 msecs (HTTP/1.1 200) 8 headers in 295 bytes (1 switches on core 0)
Jul 20 06:49:56.562180 n-d-826530-6 devstack@placement-api.service[111949]: DEBUG placement.requestlog [req-b34c7159-9377-4082-82d3-62235434a661 req-bd253273-9a1b-4e46-9309-3196e6b801ae None None] Starting request: 10.222.0.23 "POST /placement/allocations" {{(pid=111949) __call__ /opt/stack/placement/placement/requestlog.py:55}}
Jul 20 06:49:56.863226 n-d-826530-6 devstack@placement-api.service[111949]: DEBUG placement.handlers.allocation [req-b34c7159-9377-4082-82d3-62235434a661 req-bd253273-9a1b-4e46-9309-3196e6b801ae service placement] Successfully wrote allocations [, , , , , ] {{(pid=111949) _update_consumers_and_create_allocations /opt/stack/placement/placement/handlers/allocation.py:572}}
Jul 20 06:49:56.869287 n-d-826530-6 devstack@placement-api.service[111949]: INFO placement.requestlog [req-b34c7159-9377-4082-82d3-62235434a661 req-bd253273-9a1b-4e46-9309-3196e6b801ae service placement] 10.222.0.23 "POST /placement/allocations" status: 204 len: 0 microversion: 1.28
Jul 20 06:49:56.877505 n-d-826530-6 devstack@placement-api.service[111949]: [pid: 111949|app: 0|req: 144/291] 10.222.0.23 () {64 vars in 1323 bytes} [Wed Jul 20 06:49:56 2022] POST /placement/allocations => generated 0 bytes in 309 msecs (HTTP/1.1 204) 5 headers in 199 bytes (1 switches on core 0)
Jul 20 06:49:57.019364 n-d-826530-6 devstack@placement-api.service[111950]: DEBUG placement.requestlog [req-b34c7159-9377-4082-82d3-62235434a661 req-f933b001-5f24-4f66-960f-2143e72fd1e0 None None] Starting request: 10.222.0.23 "GET /placement/allocations/ea292566-37d3-4ddf-8732-2f07b230e6ff" {{(pid=111950) __call__ /opt/stack/placement/placement/requestlog.py:55}}
Jul 20 06:49:57.045894 n-d-826530-6 devstack@placement-api.service[111950]: INFO placement.requestlog [req-b34c7159-9377-4082-82d3-62235434a661 req-f933b001-5f24-4f66-960f-2143e72fd1e0 service placement] 10.222.0.23 "GET /placement/allocations/ea292566-37d3-4ddf-8732-2f07b230e6ff" status: 200 len: 19 microversion: 1.28
Jul 20 06:49:57.047434 n-d-826530-6 devstack@placement-api.service[111950]: [pid: 111950|app: 0|req: 148/292] 10.222.0.23 () {60 vars in 1380 bytes} [Wed Jul 20 06:49:57 2022] GET /placement/allocations/ea292566-37d3-4ddf-8732-2f07b230e6ff => generated 19 bytes in 28 msecs (HTTP/1.1 200) 8 headers in 295 bytes (1 switches on core 0)
Jul 20 06:49:57.056103 n-d-826530-6 devstack@placement-api.service[111949]: DEBUG placement.requestlog [req-b34c7159-9377-4082-82d3-62235434a661 req-75eb9815-358b-484d-8baa-5f2ae757617a None None] Starting request: 10.222.0.23 "PUT /placement/allocations/ea292566-37d3-4ddf-8732-2f07b230e6ff" {{(pid=111949) __call__ /opt/stack/placement/placement/requestlog.py:55}}
Jul 20 06:49:57.146961 n-d-826530-6 devstack@placement-api.service[111949]: DEBUG placement.handlers.allocation [req-b34c7159-9377-4082-82d3-62235434a661 req-75eb9815-358b-484d-8baa-5f2ae757617a service placement] Successfully wrote allocations [, , ] {{(pid=111949) _update_consumers_and_create_allocations /opt/stack/placement/placement/handlers/allocation.py:462}}
Jul 20 06:49:57.151327 n-d-826530-6 devstack@placement-api.service[111949]: INFO placement.requestlog [req-b34c7159-9377-4082-82d3-62235434a661 req-75eb9815-358b-484d-8baa-5f2ae757617a service placement] 10.222.0.23 "PUT /placement/allocations/ea292566-37d3-4ddf-8732-2f07b230e6ff" status: 204 len: 0 microversion: 1.28
Jul 20 06:49:57.157542 n-d-826530-6 devstack@placement-api.service[111949]: [pid: 111949|app: 0|req: 145/293] 10.222.0.23 () {64 vars in 1433 bytes} [Wed Jul 20 06:49:57 2022] PUT /placement/allocations/ea292566-37d3-4ddf-8732-2f07b230e6ff => generated 0 bytes in 96 msecs (HTTP/1.1 204) 5 headers in 199 bytes (1 switches on core 0)
Jul 20 06:49:57.392177 n-d-826530-6 devstack@placement-api.service[111950]: DEBUG placement.requestlog [req-b34c7159-9377-4082-82d3-62235434a661 req-3d4dfbe1-27cd-40aa-9cce-5c490c8ff1f4 None None] Starting request: 10.222.0.36 "GET /placement/allocations/ea292566-37d3-4ddf-8732-2f07b230e6ff" {{(pid=111950) __call__ /opt/stack/placement/placement/requestlog.py:55}}
Jul 20 06:49:57.419738 n-d-826530-6 devstack@placement-api.service[111950]: INFO placement.requestlog [req-b34c7159-9377-4082-82d3-62235434a661 req-3d4dfbe1-27cd-40aa-9cce-5c490c8ff1f4 service placement] 10.222.0.36 "GET /placement/allocations/ea292566-37d3-4ddf-8732-2f07b230e6ff" status: 200 len: 259 microversion: 1.28
Jul 20 06:49:57.420447 n-d-826530-6 devstack@placement-api.service[111950]: [pid: 111950|app: 0|req: 149/294] 10.222.0.36 () {60 vars in 1377 bytes} [Wed Jul 20 06:49:57 2022] GET /placement/allocations/ea292566-37d3-4ddf-8732-2f07b230e6ff => generated 259 bytes in 28 msecs (HTTP/1.1 200) 8 headers in 296 bytes (1 switches on core 0)
Jul 20 06:50:02.519462 n-d-826530-6 devstack@placement-api.service[111949]: DEBUG placement.requestlog [req-11c21dc6-aec3-43e5-a26d-7d2e7083eb89 req-8b074f82-b464-491f-b2d9-5177738f2900 None None] Starting request: 10.222.0.23 "GET /placement/allocation_candidates?limit=1000&resources=DISK_GB%3A1%2CMEMORY_MB%3A1024%2CVCPU%3A1&root_required=%21COMPUTE_STATUS_DISABLED" {{(pid=111949) __call__ /opt/stack/placement/placement/requestlog.py:55}}
Jul 20 06:50:02.565927 n-d-826530-6 devstack@placement-api.service[111949]: DEBUG placement.objects.research_context [req-11c21dc6-aec3-43e5-a26d-7d2e7083eb89 req-8b074f82-b464-491f-b2d9-5177738f2900 service placement] getting providers with 1 DISK_GB {{(pid=111949) __init__ /opt/stack/placement/placement/objects/research_context.py:136}}
Jul 20 06:50:02.575001 n-d-826530-6 devstack@placement-api.service[111949]: DEBUG placement.objects.research_context [req-11c21dc6-aec3-43e5-a26d-7d2e7083eb89 req-8b074f82-b464-491f-b2d9-5177738f2900 service placement] getting providers with 1024 MEMORY_MB {{(pid=111949) __init__ /opt/stack/placement/placement/objects/research_context.py:136}}
Jul 20 06:50:02.591637 n-d-826530-6 devstack@placement-api.service[111949]: DEBUG placement.objects.research_context [req-11c21dc6-aec3-43e5-a26d-7d2e7083eb89 req-8b074f82-b464-491f-b2d9-5177738f2900 service placement] getting providers with 1 VCPU {{(pid=111949) __init__ /opt/stack/placement/placement/objects/research_context.py:136}}
Jul 20 06:50:02.601515 n-d-826530-6 devstack@placement-api.service[111949]: DEBUG dbcounter [-] [111949] Writing DB stats placement:DELETE=8,placement:SELECT=73,placement:INSERT=12,placement:UPDATE=7 {{(pid=111949) stat_writer /usr/local/lib/python3.8/dist-packages/dbcounter.py:114}}
Jul 20 06:50:02.602971 n-d-826530-6 devstack@placement-api.service[111949]: DEBUG placement.objects.research_context [req-11c21dc6-aec3-43e5-a26d-7d2e7083eb89 req-8b074f82-b464-491f-b2d9-5177738f2900 service placement] found 2 providers with available 1 DISK_GB {{(pid=111949) get_provider_ids_matching /opt/stack/placement/placement/objects/research_context.py:563}}
Jul 20 06:50:02.603432 n-d-826530-6 devstack@placement-api.service[111949]: DEBUG placement.objects.research_context [req-11c21dc6-aec3-43e5-a26d-7d2e7083eb89 req-8b074f82-b464-491f-b2d9-5177738f2900 service placement] found 2 providers with available 1024 MEMORY_MB {{(pid=111949) get_provider_ids_matching /opt/stack/placement/placement/objects/research_context.py:563}}
Jul 20 06:50:02.603862 n-d-826530-6 devstack@placement-api.service[111949]: DEBUG placement.objects.research_context [req-11c21dc6-aec3-43e5-a26d-7d2e7083eb89 req-8b074f82-b464-491f-b2d9-5177738f2900 service placement] found 2 providers after filtering by previous result {{(pid=111949) get_provider_ids_matching /opt/stack/placement/placement/objects/research_context.py:594}}
Jul 20 06:50:02.604875 n-d-826530-6 devstack@placement-api.service[111949]: DEBUG placement.objects.research_context [req-11c21dc6-aec3-43e5-a26d-7d2e7083eb89 req-8b074f82-b464-491f-b2d9-5177738f2900 service placement] found 2 providers with available 1 VCPU {{(pid=111949) get_provider_ids_matching /opt/stack/placement/placement/objects/research_context.py:563}}
Jul 20 06:50:02.605319 n-d-826530-6 devstack@placement-api.service[111949]: DEBUG placement.objects.research_context [req-11c21dc6-aec3-43e5-a26d-7d2e7083eb89 req-8b074f82-b464-491f-b2d9-5177738f2900 service placement] found 2 providers after filtering by previous result {{(pid=111949) get_provider_ids_matching /opt/stack/placement/placement/objects/research_context.py:594}}
Jul 20 06:50:02.637683 n-d-826530-6 devstack@placement-api.service[111949]: DEBUG placement.objects.allocation_candidate [req-11c21dc6-aec3-43e5-a26d-7d2e7083eb89 req-8b074f82-b464-491f-b2d9-5177738f2900 service placement] RequestGroup(use_same_provider=False, resources={DISK_GB:1, MEMORY_MB:1024, VCPU:1}, traits=(), aggregates=[]) (suffix '') returned 2 matches {{(pid=111949) _get_by_requests /opt/stack/placement/placement/objects/allocation_candidate.py:156}}
Jul 20 06:50:02.638747 n-d-826530-6 devstack@placement-api.service[111949]: DEBUG placement.objects.allocation_candidate [req-11c21dc6-aec3-43e5-a26d-7d2e7083eb89 req-8b074f82-b464-491f-b2d9-5177738f2900 service placement] Merging candidates yields 2 allocation requests and 2 provider summaries {{(pid=111949) _merge_candidates /opt/stack/placement/placement/objects/allocation_candidate.py:809}}
Jul 20 06:50:02.642805 n-d-826530-6 devstack@placement-api.service[111949]: INFO placement.requestlog [req-11c21dc6-aec3-43e5-a26d-7d2e7083eb89 req-8b074f82-b464-491f-b2d9-5177738f2900 service placement] 10.222.0.23 "GET /placement/allocation_candidates?limit=1000&resources=DISK_GB%3A1%2CMEMORY_MB%3A1024%2CVCPU%3A1&root_required=%21COMPUTE_STATUS_DISABLED" status: 200 len: 1309 microversion: 1.36
Jul 20 06:50:02.644286 n-d-826530-6 devstack@placement-api.service[111949]: [pid: 111949|app: 0|req: 146/295] 10.222.0.23 () {60 vars in 1506 bytes} [Wed Jul 20 06:50:02 2022] GET /placement/allocation_candidates?limit=1000&resources=DISK_GB%3A1%2CMEMORY_MB%3A1024%2CVCPU%3A1&root_required=%21COMPUTE_STATUS_DISABLED => generated 1309 bytes in 125 msecs (HTTP/1.1 200) 8 headers in 297 bytes (1 switches on core 0)
Jul 20 06:50:02.727625 n-d-826530-6 devstack@placement-api.service[111950]: DEBUG placement.requestlog [req-11c21dc6-aec3-43e5-a26d-7d2e7083eb89 req-71b7e2b4-a49a-4c56-b2aa-19c750146806 None None] Starting request: 10.222.0.23 "GET /placement/allocations/861a95a3-599c-49cf-9864-554aba3f271d" {{(pid=111950) __call__ /opt/stack/placement/placement/requestlog.py:55}}
Jul 20 06:50:02.748658 n-d-826530-6 devstack@placement-api.service[111950]: INFO placement.requestlog [req-11c21dc6-aec3-43e5-a26d-7d2e7083eb89 req-71b7e2b4-a49a-4c56-b2aa-19c750146806 service placement] 10.222.0.23 "GET /placement/allocations/861a95a3-599c-49cf-9864-554aba3f271d" status: 200 len: 19 microversion: 1.28
Jul 20 06:50:02.749187 n-d-826530-6 devstack@placement-api.service[111950]: [pid: 111950|app: 0|req: 150/296] 10.222.0.23 () {60 vars in 1380 bytes} [Wed Jul 20 06:50:02 2022] GET /placement/allocations/861a95a3-599c-49cf-9864-554aba3f271d => generated 19 bytes in 22 msecs (HTTP/1.1 200) 8 headers in 295 bytes (1 switches on core 0)
Jul 20 06:50:02.755788 n-d-826530-6 devstack@placement-api.service[111949]: DEBUG placement.requestlog [req-11c21dc6-aec3-43e5-a26d-7d2e7083eb89 req-763fcce5-bb3f-45f0-8a4f-e75ea8d6b76f None None] Starting request: 10.222.0.23 "PUT /placement/allocations/861a95a3-599c-49cf-9864-554aba3f271d" {{(pid=111949) __call__ /opt/stack/placement/placement/requestlog.py:55}}
Jul 20 06:50:02.912579 n-d-826530-6 devstack@placement-api.service[111949]: DEBUG placement.handlers.allocation [req-11c21dc6-aec3-43e5-a26d-7d2e7083eb89 req-763fcce5-bb3f-45f0-8a4f-e75ea8d6b76f service placement] Successfully wrote allocations [, , ] {{(pid=111949) _update_consumers_and_create_allocations /opt/stack/placement/placement/handlers/allocation.py:462}}
Jul 20 06:50:02.923163 n-d-826530-6 devstack@placement-api.service[111949]: INFO placement.requestlog [req-11c21dc6-aec3-43e5-a26d-7d2e7083eb89 req-763fcce5-bb3f-45f0-8a4f-e75ea8d6b76f service placement] 10.222.0.23 "PUT /placement/allocations/861a95a3-599c-49cf-9864-554aba3f271d" status: 204 len: 0 microversion: 1.36
Jul 20 06:50:02.941828 n-d-826530-6 devstack@placement-api.service[111949]: [pid: 111949|app: 0|req: 147/297] 10.222.0.23 () {64 vars in 1433 bytes} [Wed Jul 20 06:50:02 2022] PUT /placement/allocations/861a95a3-599c-49cf-9864-554aba3f271d => generated 0 bytes in 170 msecs (HTTP/1.1 204) 5 headers in 199 bytes (1 switches on core 0)
Jul 20 06:50:03.716474 n-d-826530-6 devstack@placement-api.service[111950]: DEBUG placement.requestlog [req-11c21dc6-aec3-43e5-a26d-7d2e7083eb89 req-82af9fd3-6d5b-4c3d-8db0-38ea8868c7f1 None None] Starting request: 10.222.0.36 "GET /placement/allocations/861a95a3-599c-49cf-9864-554aba3f271d" {{(pid=111950) __call__ /opt/stack/placement/placement/requestlog.py:55}}
Jul 20 06:50:03.794168 n-d-826530-6 devstack@placement-api.service[111950]: INFO placement.requestlog [req-11c21dc6-aec3-43e5-a26d-7d2e7083eb89 req-82af9fd3-6d5b-4c3d-8db0-38ea8868c7f1 service placement] 10.222.0.36 "GET /placement/allocations/861a95a3-599c-49cf-9864-554aba3f271d" status: 200 len: 259 microversion: 1.28
Jul 20 06:50:03.839510 n-d-826530-6 devstack@placement-api.service[111950]: [pid: 111950|app: 0|req: 151/298] 10.222.0.36 () {60 vars in 1377 bytes} [Wed Jul 20 06:50:03 2022] GET /placement/allocations/861a95a3-599c-49cf-9864-554aba3f271d => generated 259 bytes in 101 msecs (HTTP/1.1 200) 8 headers in 296 bytes (1 switches on core 0)
Jul 20 06:50:05.689878 n-d-826530-6 devstack@placement-api.service[111949]: DEBUG placement.requestlog [req-8d5a7a7e-0dda-406e-a6fd-d8879ecb9e20 req-3a85dbce-503e-4149-82ce-37c210347eaa None None] Starting request: 10.222.0.79 "GET /placement/allocations/41523995-5dbc-4dc4-a513-b38ba9217af1" {{(pid=111949) __call__ /opt/stack/placement/placement/requestlog.py:55}}
Jul 20 06:50:05.727920 n-d-826530-6 devstack@placement-api.service[111949]: INFO placement.requestlog [req-8d5a7a7e-0dda-406e-a6fd-d8879ecb9e20 req-3a85dbce-503e-4149-82ce-37c210347eaa service placement] 10.222.0.79 "GET /placement/allocations/41523995-5dbc-4dc4-a513-b38ba9217af1" status: 200 len: 258 microversion: 1.28
Jul 20 06:50:05.730386 n-d-826530-6 devstack@placement-api.service[111949]: [pid: 111949|app: 0|req: 148/299] 10.222.0.79 () {60 vars in 1377 bytes} [Wed Jul 20 06:50:05 2022] GET /placement/allocations/41523995-5dbc-4dc4-a513-b38ba9217af1 => generated 258 bytes in 41 msecs (HTTP/1.1 200) 8 headers in 296 bytes (1 switches on core 0)
Jul 20 06:50:12.354474 n-d-826530-6 devstack@placement-api.service[111950]: DEBUG placement.requestlog [req-938d4d8b-5e43-449e-93e5-1bcd3e2d34f4 req-f13d3f24-7648-49c6-a44f-49b3cd6d89ad None None] Starting request: 10.222.0.79 "GET /placement/resource_providers/304252a6-4ff2-4f15-8a2c-e2e4f265321a/allocations" {{(pid=111950) __call__ /opt/stack/placement/placement/requestlog.py:55}}
Jul 20 06:50:12.413742 n-d-826530-6 devstack@placement-api.service[111950]: INFO placement.requestlog [req-938d4d8b-5e43-449e-93e5-1bcd3e2d34f4 req-f13d3f24-7648-49c6-a44f-49b3cd6d89ad service placement] 10.222.0.79 "GET /placement/resource_providers/304252a6-4ff2-4f15-8a2c-e2e4f265321a/allocations" status: 200 len: 759 microversion: 1.0
Jul 20 06:50:12.414458 n-d-826530-6 devstack@placement-api.service[111950]: [pid: 111950|app: 0|req: 152/300] 10.222.0.79 () {58 vars in 1390 bytes} [Wed Jul 20 06:50:12 2022] GET /placement/resource_providers/304252a6-4ff2-4f15-8a2c-e2e4f265321a/allocations => generated 759 bytes in 61 msecs (HTTP/1.1 200) 6 headers in 224 bytes (2 switches on core 0)
Jul 20 06:50:12.576214 n-d-826530-6 devstack@placement-api.service[111949]: DEBUG placement.requestlog [req-0a329b32-fc6f-496c-9963-95405ad9fe2d req-eafeef5e-31d1-4a32-9332-f37a988dc2ab None None] Starting request: 10.222.0.36 "GET /placement/resource_providers/77024a6c-f835-458a-aa92-9e49d0bb258d/allocations" {{(pid=111949) __call__ /opt/stack/placement/placement/requestlog.py:55}}
Jul 20 06:50:12.622996 n-d-826530-6 devstack@placement-api.service[111949]: INFO placement.requestlog [req-0a329b32-fc6f-496c-9963-95405ad9fe2d req-eafeef5e-31d1-4a32-9332-f37a988dc2ab service placement] 10.222.0.36 "GET /placement/resource_providers/77024a6c-f835-458a-aa92-9e49d0bb258d/allocations" status: 200 len: 860 microversion: 1.0
Jul 20 06:50:12.624244 n-d-826530-6 devstack@placement-api.service[111949]: [pid: 111949|app: 0|req: 149/301] 10.222.0.36 () {58 vars in 1390 bytes} [Wed Jul 20 06:50:12 2022] GET /placement/resource_providers/77024a6c-f835-458a-aa92-9e49d0bb258d/allocations => generated 860 bytes in 49 msecs (HTTP/1.1 200) 6 headers in 224 bytes (1 switches on core 0)
Jul 20 06:50:14.060798 n-d-826530-6 devstack@placement-api.service[111950]: DEBUG placement.requestlog [req-4ff82123-7d76-4831-8e83-c1562468c246 req-e30db5c9-ef15-467e-bca5-bdd0fcc34188 None None] Starting request: 10.222.0.36 "DELETE /placement/allocations/fe26eb31-a003-4003-8938-6e13633677f2" {{(pid=111950) __call__ /opt/stack/placement/placement/requestlog.py:55}}
Jul 20 06:50:14.130456 n-d-826530-6 devstack@placement-api.service[111950]: DEBUG placement.handlers.allocation [req-4ff82123-7d76-4831-8e83-c1562468c246 req-e30db5c9-ef15-467e-bca5-bdd0fcc34188 service placement] Successfully deleted allocations [, , ] {{(pid=111950) delete_allocations /opt/stack/placement/placement/handlers/allocation.py:627}}
Jul 20 06:50:14.132980 n-d-826530-6 devstack@placement-api.service[111950]: INFO placement.requestlog [req-4ff82123-7d76-4831-8e83-c1562468c246 req-e30db5c9-ef15-467e-bca5-bdd0fcc34188 service placement] 10.222.0.36 "DELETE /placement/allocations/fe26eb31-a003-4003-8938-6e13633677f2" status: 204 len: 0 microversion: 1.0
Jul 20 06:50:14.135342 n-d-826530-6 devstack@placement-api.service[111950]: [pid: 111950|app: 0|req: 153/302] 10.222.0.36 () {60 vars in 1355 bytes} [Wed Jul 20 06:50:14 2022] DELETE /placement/allocations/fe26eb31-a003-4003-8938-6e13633677f2 => generated 0 bytes in 74 msecs (HTTP/1.1 204) 5 headers in 198 bytes (1 switches on core 0)
Jul 20 06:50:16.364957 n-d-826530-6 devstack@placement-api.service[111949]: DEBUG placement.requestlog [req-5246abdd-6ff4-4c27-8229-1c61681324b9 req-a41110a9-5827-4a13-98b5-844eb8928c32 None None] Starting request: 10.222.0.79 "GET /placement/allocations/6ed66cd5-6452-45e2-a205-7f569b118b3e" {{(pid=111949) __call__ /opt/stack/placement/placement/requestlog.py:55}}
Jul 20 06:50:16.462549 n-d-826530-6 devstack@placement-api.service[111949]: INFO placement.requestlog [req-5246abdd-6ff4-4c27-8229-1c61681324b9 req-a41110a9-5827-4a13-98b5-844eb8928c32 service placement] 10.222.0.79 "GET /placement/allocations/6ed66cd5-6452-45e2-a205-7f569b118b3e" status: 200 len: 259 microversion: 1.28
Jul 20 06:50:16.464468 n-d-826530-6 devstack@placement-api.service[111949]: [pid: 111949|app: 0|req: 150/303] 10.222.0.79 () {60 vars in 1377 bytes} [Wed Jul 20 06:50:16 2022] GET /placement/allocations/6ed66cd5-6452-45e2-a205-7f569b118b3e => generated 259 bytes in 100 msecs (HTTP/1.1 200) 8 headers in 296 bytes (2 switches on core 0)
Jul 20 06:50:16.481344 n-d-826530-6 devstack@placement-api.service[111950]: DEBUG placement.requestlog [req-5246abdd-6ff4-4c27-8229-1c61681324b9 req-3f2c121f-3adc-4d35-995d-a26933d82eba None None] Starting request: 10.222.0.79 "GET /placement/allocations/6ed66cd5-6452-45e2-a205-7f569b118b3e" {{(pid=111950) __call__ /opt/stack/placement/placement/requestlog.py:55}}
Jul 20 06:50:16.500098 n-d-826530-6 devstack@placement-api.service[111950]: DEBUG dbcounter [-] [111950] Writing DB stats placement:INSERT=1,placement:UPDATE=3,placement:SELECT=45,placement:DELETE=3 {{(pid=111950) stat_writer /usr/local/lib/python3.8/dist-packages/dbcounter.py:114}}
Jul 20 06:50:16.524435 n-d-826530-6 devstack@placement-api.service[111950]: INFO placement.requestlog [req-5246abdd-6ff4-4c27-8229-1c61681324b9 req-3f2c121f-3adc-4d35-995d-a26933d82eba service placement] 10.222.0.79 "GET /placement/allocations/6ed66cd5-6452-45e2-a205-7f569b118b3e" status: 200 len: 259 microversion: 1.28
Jul 20 06:50:16.527047 n-d-826530-6 devstack@placement-api.service[111950]: [pid: 111950|app: 0|req: 154/304] 10.222.0.79 () {60 vars in 1377 bytes} [Wed Jul 20 06:50:16 2022] GET /placement/allocations/6ed66cd5-6452-45e2-a205-7f569b118b3e => generated 259 bytes in 46 msecs (HTTP/1.1 200) 8 headers in 296 bytes (2 switches on core 0)
Jul 20 06:50:16.539345 n-d-826530-6 devstack@placement-api.service[111949]: DEBUG placement.requestlog [req-5246abdd-6ff4-4c27-8229-1c61681324b9 req-e5d9e66e-6c34-4fea-ae10-5f18bb49bd0a None None] Starting request: 10.222.0.79 "GET /placement/allocations/41523995-5dbc-4dc4-a513-b38ba9217af1" {{(pid=111949) __call__ /opt/stack/placement/placement/requestlog.py:55}}
Jul 20 06:50:16.599029 n-d-826530-6 devstack@placement-api.service[111949]: INFO placement.requestlog [req-5246abdd-6ff4-4c27-8229-1c61681324b9 req-e5d9e66e-6c34-4fea-ae10-5f18bb49bd0a service placement] 10.222.0.79 "GET /placement/allocations/41523995-5dbc-4dc4-a513-b38ba9217af1" status: 200 len: 258 microversion: 1.28
