Feb 19 01:03:29.029351 n-d-826530-3 devstack@placement-api.service[116477]: DEBUG placement.requestlog [req-e0888bf9-bcb4-490b-aa34-c893d7037175 req-caaa00d8-708d-47a7-81fb-a940a51b2f20 None None] Starting request: 10.222.0.99 "GET /placement/allocations/61ec6fcd-9e78-4c7b-82a9-ad31c11b1539" {{(pid=116477) __call__ /opt/stack/placement/placement/requestlog.py:55}}
Feb 19 01:03:29.055711 n-d-826530-3 devstack@placement-api.service[116477]: INFO placement.requestlog [req-e0888bf9-bcb4-490b-aa34-c893d7037175 req-caaa00d8-708d-47a7-81fb-a940a51b2f20 service placement] 10.222.0.99 "GET /placement/allocations/61ec6fcd-9e78-4c7b-82a9-ad31c11b1539" status: 200 len: 19 microversion: 1.28
Feb 19 01:03:29.057935 n-d-826530-3 devstack@placement-api.service[116477]: [pid: 116477|app: 0|req: 147/289] 10.222.0.99 () {60 vars in 1380 bytes} [Sat Feb 19 01:03:29 2022] GET /placement/allocations/61ec6fcd-9e78-4c7b-82a9-ad31c11b1539 => generated 19 bytes in 29 msecs (HTTP/1.1 200) 8 headers in 295 bytes (2 switches on core 0)
Feb 19 01:03:29.064293 n-d-826530-3 devstack@placement-api.service[116477]: DEBUG placement.requestlog [req-e0888bf9-bcb4-490b-aa34-c893d7037175 req-459aecea-c999-43d7-a6ec-c1727fd0030e None None] Starting request: 10.222.0.99 "PUT /placement/allocations/61ec6fcd-9e78-4c7b-82a9-ad31c11b1539" {{(pid=116477) __call__ /opt/stack/placement/placement/requestlog.py:55}}
Feb 19 01:03:29.242253 n-d-826530-3 devstack@placement-api.service[116476]: DEBUG placement.handlers.allocation [req-413327b4-9a3d-46a9-9bd8-11c489a7a5cc req-51e8f569-74fb-4365-bd62-6815af8c9e5d service placement] Successfully deleted allocations [, , ] {{(pid=116476) delete_allocations /opt/stack/placement/placement/handlers/allocation.py:627}}
Feb 19 01:03:29.244617 n-d-826530-3 devstack@placement-api.service[116476]: INFO placement.requestlog [req-413327b4-9a3d-46a9-9bd8-11c489a7a5cc req-51e8f569-74fb-4365-bd62-6815af8c9e5d service placement] 10.222.0.132 "DELETE /placement/allocations/bf873edf-db87-4259-84f0-74935d57c5b4" status: 204 len: 0 microversion: 1.0
Feb 19 01:03:29.246096 n-d-826530-3 devstack@placement-api.service[116476]: [pid: 116476|app: 0|req: 143/290] 10.222.0.132 () {60 vars in 1356 bytes} [Sat Feb 19 01:03:28 2022] DELETE /placement/allocations/bf873edf-db87-4259-84f0-74935d57c5b4 => generated 0 bytes in 277 msecs (HTTP/1.1 204) 5 headers in 198 bytes (1 switches on core 0)
Feb 19 01:03:29.307769 n-d-826530-3 devstack@placement-api.service[116477]: DEBUG placement.handlers.allocation [req-e0888bf9-bcb4-490b-aa34-c893d7037175 req-459aecea-c999-43d7-a6ec-c1727fd0030e service placement] Successfully wrote allocations [, , ] {{(pid=116477) _update_consumers_and_create_allocations /opt/stack/placement/placement/handlers/allocation.py:462}}
Feb 19 01:03:29.425547 n-d-826530-3 devstack@placement-api.service[116477]: INFO placement.requestlog [req-e0888bf9-bcb4-490b-aa34-c893d7037175 req-459aecea-c999-43d7-a6ec-c1727fd0030e service placement] 10.222.0.99 "PUT /placement/allocations/61ec6fcd-9e78-4c7b-82a9-ad31c11b1539" status: 204 len: 0 microversion: 1.28
Feb 19 01:03:29.431620 n-d-826530-3 devstack@placement-api.service[116477]: [pid: 116477|app: 0|req: 148/291] 10.222.0.99 () {64 vars in 1433 bytes} [Sat Feb 19 01:03:29 2022] PUT /placement/allocations/61ec6fcd-9e78-4c7b-82a9-ad31c11b1539 => generated 0 bytes in 363 msecs (HTTP/1.1 204) 5 headers in 199 bytes (1 switches on core 0)
Feb 19 01:03:29.798133 n-d-826530-3 devstack@placement-api.service[116476]: DEBUG placement.requestlog [req-e0888bf9-bcb4-490b-aa34-c893d7037175 req-bfbd24a3-902b-4c33-ace9-5b9da0cef3d2 None None] Starting request: 10.222.0.132 "GET /placement/allocations/61ec6fcd-9e78-4c7b-82a9-ad31c11b1539" {{(pid=116476) __call__ /opt/stack/placement/placement/requestlog.py:55}}
Feb 19 01:03:29.831560 n-d-826530-3 devstack@placement-api.service[116476]: INFO placement.requestlog [req-e0888bf9-bcb4-490b-aa34-c893d7037175 req-bfbd24a3-902b-4c33-ace9-5b9da0cef3d2 service placement] 10.222.0.132 "GET /placement/allocations/61ec6fcd-9e78-4c7b-82a9-ad31c11b1539" status: 200 len: 259 microversion: 1.28
Feb 19 01:03:29.832536 n-d-826530-3 devstack@placement-api.service[116476]: [pid: 116476|app: 0|req: 144/292] 10.222.0.132 () {60 vars in 1378 bytes} [Sat Feb 19 01:03:29 2022] GET /placement/allocations/61ec6fcd-9e78-4c7b-82a9-ad31c11b1539 => generated 259 bytes in 35 msecs (HTTP/1.1 200) 8 headers in 296 bytes (2 switches on core 0)
Feb 19 01:03:35.477188 n-d-826530-3 devstack@placement-api.service[116477]: DEBUG placement.requestlog [req-dcacb8d3-d8f8-4c6e-b043-e5ad95f64bea req-21740b99-1851-4a13-910a-6f5c999c14b0 None None] Starting request: 10.222.0.104 "GET /placement/resource_providers/b44755a7-fdbe-419d-940c-19a789b8bdde/allocations" {{(pid=116477) __call__ /opt/stack/placement/placement/requestlog.py:55}}
Feb 19 01:03:35.598276 n-d-826530-3 devstack@placement-api.service[116477]: INFO placement.requestlog [req-dcacb8d3-d8f8-4c6e-b043-e5ad95f64bea req-21740b99-1851-4a13-910a-6f5c999c14b0 service placement] 10.222.0.104 "GET /placement/resource_providers/b44755a7-fdbe-419d-940c-19a789b8bdde/allocations" status: 200 len: 1062 microversion: 1.0
Feb 19 01:03:35.598914 n-d-826530-3 devstack@placement-api.service[116477]: [pid: 116477|app: 0|req: 149/293] 10.222.0.104 () {58 vars in 1391 bytes} [Sat Feb 19 01:03:35 2022] GET /placement/resource_providers/b44755a7-fdbe-419d-940c-19a789b8bdde/allocations => generated 1062 bytes in 122 msecs (HTTP/1.1 200) 6 headers in 225 bytes (2 switches on core 0)
Feb 19 01:03:41.211114 n-d-826530-3 devstack@placement-api.service[116476]: DEBUG placement.requestlog [None req-6085ada8-3d07-4f9e-b237-04fa49e021ca None None] Starting request: 10.222.0.99 "GET /placement/" {{(pid=116476) __call__ /opt/stack/placement/placement/requestlog.py:55}}
Feb 19 01:03:41.211114 n-d-826530-3 devstack@placement-api.service[116476]: INFO placement.requestlog [None req-6085ada8-3d07-4f9e-b237-04fa49e021ca None None] 10.222.0.99 "GET /placement/" status: 200 len: 136 microversion: 1.0
Feb 19 01:03:41.211114 n-d-826530-3 devstack@placement-api.service[116476]: [pid: 116476|app: 0|req: 145/294] 10.222.0.99 () {54 vars in 907 bytes} [Sat Feb 19 01:03:41 2022] GET /placement => generated 136 bytes in 4 msecs (HTTP/1.1 200) 6 headers in 224 bytes (1 switches on core 0)
Feb 19 01:03:41.238524 n-d-826530-3 devstack@placement-api.service[116477]: DEBUG placement.requestlog [req-8849d43d-8556-458f-bc26-09f2c37f824b req-bed29f67-f32f-4f89-9f10-79696c055a12 None None] Starting request: 10.222.0.99 "GET /placement/resource_providers/b44755a7-fdbe-419d-940c-19a789b8bdde/traits" {{(pid=116477) __call__ /opt/stack/placement/placement/requestlog.py:55}}
Feb 19 01:03:41.509344 n-d-826530-3 devstack@placement-api.service[116477]: INFO placement.requestlog [req-8849d43d-8556-458f-bc26-09f2c37f824b req-bed29f67-f32f-4f89-9f10-79696c055a12 service placement] 10.222.0.99 "GET /placement/resource_providers/b44755a7-fdbe-419d-940c-19a789b8bdde/traits" status: 200 len: 212 microversion: 1.6
Feb 19 01:03:41.522774 n-d-826530-3 devstack@placement-api.service[116477]: [pid: 116477|app: 0|req: 150/295] 10.222.0.99 () {60 vars in 1412 bytes} [Sat Feb 19 01:03:41 2022] GET /placement/resource_providers/b44755a7-fdbe-419d-940c-19a789b8bdde/traits => generated 212 bytes in 275 msecs (HTTP/1.1 200) 6 headers in 224 bytes (2 switches on core 0)
Feb 19 01:03:43.393438 n-d-826530-3 devstack@placement-api.service[116476]: DEBUG placement.requestlog [None req-2e0959f2-b05b-4735-b86a-4de38164f1f6 None None] Starting request: 10.222.0.99 "GET /placement/" {{(pid=116476) __call__ /opt/stack/placement/placement/requestlog.py:55}}
Feb 19 01:03:43.395161 n-d-826530-3 devstack@placement-api.service[116476]: INFO placement.requestlog [None req-2e0959f2-b05b-4735-b86a-4de38164f1f6 None None] 10.222.0.99 "GET /placement/" status: 200 len: 136 microversion: 1.0
Feb 19 01:03:43.396368 n-d-826530-3 devstack@placement-api.service[116476]: [pid: 116476|app: 0|req: 146/296] 10.222.0.99 () {54 vars in 916 bytes} [Sat Feb 19 01:03:43 2022] GET /placement => generated 136 bytes in 3 msecs (HTTP/1.1 200) 6 headers in 224 bytes (1 switches on core 0)
Feb 19 01:03:43.443230 n-d-826530-3 devstack@placement-api.service[116477]: DEBUG placement.requestlog [req-8849d43d-8556-458f-bc26-09f2c37f824b req-9f161c0d-ad96-4af1-a0d7-2f355cc4ff2f None None] Starting request: 10.222.0.99 "GET /placement/allocations/d051f708-969b-409c-8f24-a67fb9c90891" {{(pid=116477) __call__ /opt/stack/placement/placement/requestlog.py:55}}
Feb 19 01:03:43.614552 n-d-826530-3 devstack@placement-api.service[116477]: INFO placement.requestlog [req-8849d43d-8556-458f-bc26-09f2c37f824b req-9f161c0d-ad96-4af1-a0d7-2f355cc4ff2f service placement] 10.222.0.99 "GET /placement/allocations/d051f708-969b-409c-8f24-a67fb9c90891" status: 200 len: 259 microversion: 1.28
Feb 19 01:03:43.616101 n-d-826530-3 devstack@placement-api.service[116477]: [pid: 116477|app: 0|req: 151/297] 10.222.0.99 () {60 vars in 1380 bytes} [Sat Feb 19 01:03:43 2022] GET /placement/allocations/d051f708-969b-409c-8f24-a67fb9c90891 => generated 259 bytes in 174 msecs (HTTP/1.1 200) 8 headers in 296 bytes (1 switches on core 0)
Feb 19 01:03:43.625203 n-d-826530-3 devstack@placement-api.service[116476]: DEBUG placement.requestlog [req-8849d43d-8556-458f-bc26-09f2c37f824b req-7c4348f0-2591-4ea6-aa7d-2c383d14778f None None] Starting request: 10.222.0.99 "GET /placement/allocations/d051f708-969b-409c-8f24-a67fb9c90891" {{(pid=116476) __call__ /opt/stack/placement/placement/requestlog.py:55}}
Feb 19 01:03:43.685947 n-d-826530-3 devstack@placement-api.service[116476]: INFO placement.requestlog [req-8849d43d-8556-458f-bc26-09f2c37f824b req-7c4348f0-2591-4ea6-aa7d-2c383d14778f service placement] 10.222.0.99 "GET /placement/allocations/d051f708-969b-409c-8f24-a67fb9c90891" status: 200 len: 259 microversion: 1.28
Feb 19 01:03:43.686649 n-d-826530-3 devstack@placement-api.service[116476]: [pid: 116476|app: 0|req: 147/298] 10.222.0.99 () {60 vars in 1380 bytes} [Sat Feb 19 01:03:43 2022] GET /placement/allocations/d051f708-969b-409c-8f24-a67fb9c90891 => generated 259 bytes in 62 msecs (HTTP/1.1 200) 8 headers in 296 bytes (1 switches on core 0)
Feb 19 01:03:43.700780 n-d-826530-3 devstack@placement-api.service[116477]: DEBUG placement.requestlog [req-8849d43d-8556-458f-bc26-09f2c37f824b req-97554236-f5b2-4918-b558-bca720e607ec None None] Starting request: 10.222.0.99 "GET /placement/allocations/ff261d33-b860-4883-a0ba-34bafc0f9540" {{(pid=116477) __call__ /opt/stack/placement/placement/requestlog.py:55}}
Feb 19 01:03:43.738320 n-d-826530-3 devstack@placement-api.service[116477]: INFO placement.requestlog [req-8849d43d-8556-458f-bc26-09f2c37f824b req-97554236-f5b2-4918-b558-bca720e607ec service placement] 10.222.0.99 "GET /placement/allocations/ff261d33-b860-4883-a0ba-34bafc0f9540" status: 200 len: 19 microversion: 1.28
Feb 19 01:03:43.739671 n-d-826530-3 devstack@placement-api.service[116477]: [pid: 116477|app: 0|req: 152/299] 10.222.0.99 () {60 vars in 1380 bytes} [Sat Feb 19 01:03:43 2022] GET /placement/allocations/ff261d33-b860-4883-a0ba-34bafc0f9540 => generated 19 bytes in 39 msecs (HTTP/1.1 200) 8 headers in 295 bytes (1 switches on core 0)
Feb 19 01:03:43.753022 n-d-826530-3 devstack@placement-api.service[116476]: DEBUG placement.requestlog [req-8849d43d-8556-458f-bc26-09f2c37f824b req-6ca26b74-a20e-4851-acde-74dbea5efe6b None None] Starting request: 10.222.0.99 "POST /placement/allocations" {{(pid=116476) __call__ /opt/stack/placement/placement/requestlog.py:55}}
Feb 19 01:03:44.200687 n-d-826530-3 devstack@placement-api.service[116476]: DEBUG placement.handlers.allocation [req-8849d43d-8556-458f-bc26-09f2c37f824b req-6ca26b74-a20e-4851-acde-74dbea5efe6b service placement] Successfully wrote allocations [, , , , , ] {{(pid=116476) _update_consumers_and_create_allocations /opt/stack/placement/placement/handlers/allocation.py:572}}
Feb 19 01:03:44.319809 n-d-826530-3 devstack@placement-api.service[116476]: INFO placement.requestlog [req-8849d43d-8556-458f-bc26-09f2c37f824b req-6ca26b74-a20e-4851-acde-74dbea5efe6b service placement] 10.222.0.99 "POST /placement/allocations" status: 204 len: 0 microversion: 1.28
Feb 19 01:03:44.320501 n-d-826530-3 devstack@placement-api.service[116476]: [pid: 116476|app: 0|req: 148/300] 10.222.0.99 () {64 vars in 1323 bytes} [Sat Feb 19 01:03:43 2022] POST /placement/allocations => generated 0 bytes in 568 msecs (HTTP/1.1 204) 5 headers in 199 bytes (1 switches on core 0)
Feb 19 01:03:44.646652 n-d-826530-3 devstack@placement-api.service[116477]: DEBUG placement.requestlog [req-8849d43d-8556-458f-bc26-09f2c37f824b req-dea4aa9e-8580-4715-b3e4-5c4119e61b3a None None] Starting request: 10.222.0.99 "GET /placement/allocation_candidates?limit=1000&resources=DISK_GB%3A1%2CMEMORY_MB%3A1024%2CVCPU%3A1&root_required=%21COMPUTE_STATUS_DISABLED" {{(pid=116477) __call__ /opt/stack/placement/placement/requestlog.py:55}}
Feb 19 01:03:44.772090 n-d-826530-3 devstack@placement-api.service[116477]: DEBUG placement.objects.research_context [req-8849d43d-8556-458f-bc26-09f2c37f824b req-dea4aa9e-8580-4715-b3e4-5c4119e61b3a service placement] getting providers with 1 DISK_GB {{(pid=116477) __init__ /opt/stack/placement/placement/objects/research_context.py:126}}
Feb 19 01:03:44.799273 n-d-826530-3 devstack@placement-api.service[116477]: DEBUG placement.objects.research_context [req-8849d43d-8556-458f-bc26-09f2c37f824b req-dea4aa9e-8580-4715-b3e4-5c4119e61b3a service placement] getting providers with 1024 MEMORY_MB {{(pid=116477) __init__ /opt/stack/placement/placement/objects/research_context.py:126}}
Feb 19 01:03:44.845585 n-d-826530-3 devstack@placement-api.service[116477]: DEBUG placement.objects.research_context [req-8849d43d-8556-458f-bc26-09f2c37f824b req-dea4aa9e-8580-4715-b3e4-5c4119e61b3a service placement] getting providers with 1 VCPU {{(pid=116477) __init__ /opt/stack/placement/placement/objects/research_context.py:126}}
Feb 19 01:03:44.867638 n-d-826530-3 devstack@placement-api.service[116477]: DEBUG placement.objects.research_context [req-8849d43d-8556-458f-bc26-09f2c37f824b req-dea4aa9e-8580-4715-b3e4-5c4119e61b3a service placement] found 2 providers with available 1 DISK_GB {{(pid=116477) get_provider_ids_matching /opt/stack/placement/placement/objects/research_context.py:549}}
Feb 19 01:03:44.868658 n-d-826530-3 devstack@placement-api.service[116477]: DEBUG placement.objects.research_context [req-8849d43d-8556-458f-bc26-09f2c37f824b req-dea4aa9e-8580-4715-b3e4-5c4119e61b3a service placement] found 2 providers with available 1024 MEMORY_MB {{(pid=116477) get_provider_ids_matching /opt/stack/placement/placement/objects/research_context.py:549}}
Feb 19 01:03:44.870402 n-d-826530-3 devstack@placement-api.service[116477]: DEBUG placement.objects.research_context [req-8849d43d-8556-458f-bc26-09f2c37f824b req-dea4aa9e-8580-4715-b3e4-5c4119e61b3a service placement] found 2 providers after filtering by previous result {{(pid=116477) get_provider_ids_matching /opt/stack/placement/placement/objects/research_context.py:580}}
Feb 19 01:03:44.871283 n-d-826530-3 devstack@placement-api.service[116477]: DEBUG placement.objects.research_context [req-8849d43d-8556-458f-bc26-09f2c37f824b req-dea4aa9e-8580-4715-b3e4-5c4119e61b3a service placement] found 2 providers with available 1 VCPU {{(pid=116477) get_provider_ids_matching /opt/stack/placement/placement/objects/research_context.py:549}}
Feb 19 01:03:44.872138 n-d-826530-3 devstack@placement-api.service[116477]: DEBUG placement.objects.research_context [req-8849d43d-8556-458f-bc26-09f2c37f824b req-dea4aa9e-8580-4715-b3e4-5c4119e61b3a service placement] found 2 providers after filtering by previous result {{(pid=116477) get_provider_ids_matching /opt/stack/placement/placement/objects/research_context.py:580}}
Feb 19 01:03:44.920264 n-d-826530-3 devstack@placement-api.service[116477]: DEBUG placement.objects.allocation_candidate [req-8849d43d-8556-458f-bc26-09f2c37f824b req-dea4aa9e-8580-4715-b3e4-5c4119e61b3a service placement] RequestGroup(use_same_provider=False, resources={DISK_GB:1, MEMORY_MB:1024, VCPU:1}, traits=[], aggregates=[]) (suffix '') returned 2 matches {{(pid=116477) _get_by_requests /opt/stack/placement/placement/objects/allocation_candidate.py:145}}
Feb 19 01:03:44.924114 n-d-826530-3 devstack@placement-api.service[116477]: DEBUG placement.objects.allocation_candidate [req-8849d43d-8556-458f-bc26-09f2c37f824b req-dea4aa9e-8580-4715-b3e4-5c4119e61b3a service placement] Merging candidates yields 2 allocation requests and 2 provider summaries {{(pid=116477) _merge_candidates /opt/stack/placement/placement/objects/allocation_candidate.py:783}}
Feb 19 01:03:44.931547 n-d-826530-3 devstack@placement-api.service[116477]: INFO placement.requestlog [req-8849d43d-8556-458f-bc26-09f2c37f824b req-dea4aa9e-8580-4715-b3e4-5c4119e61b3a service placement] 10.222.0.99 "GET /placement/allocation_candidates?limit=1000&resources=DISK_GB%3A1%2CMEMORY_MB%3A1024%2CVCPU%3A1&root_required=%21COMPUTE_STATUS_DISABLED" status: 200 len: 1314 microversion: 1.36
Feb 19 01:03:44.935129 n-d-826530-3 devstack@placement-api.service[116477]: [pid: 116477|app: 0|req: 153/301] 10.222.0.99 () {60 vars in 1506 bytes} [Sat Feb 19 01:03:44 2022] GET /placement/allocation_candidates?limit=1000&resources=DISK_GB%3A1%2CMEMORY_MB%3A1024%2CVCPU%3A1&root_required=%21COMPUTE_STATUS_DISABLED => generated 1314 bytes in 288 msecs (HTTP/1.1 200) 8 headers in 297 bytes (1 switches on core 0)
Feb 19 01:03:45.039509 n-d-826530-3 devstack@placement-api.service[116476]: DEBUG placement.requestlog [req-8849d43d-8556-458f-bc26-09f2c37f824b req-251ad64f-9b42-43fd-8f77-b656761bfa0c None None] Starting request: 10.222.0.99 "GET /placement/allocations/d051f708-969b-409c-8f24-a67fb9c90891" {{(pid=116476) __call__ /opt/stack/placement/placement/requestlog.py:55}}
Feb 19 01:03:45.077698 n-d-826530-3 devstack@placement-api.service[116476]: INFO placement.requestlog [req-8849d43d-8556-458f-bc26-09f2c37f824b req-251ad64f-9b42-43fd-8f77-b656761bfa0c service placement] 10.222.0.99 "GET /placement/allocations/d051f708-969b-409c-8f24-a67fb9c90891" status: 200 len: 19 microversion: 1.28
Feb 19 01:03:45.085090 n-d-826530-3 devstack@placement-api.service[116476]: [pid: 116476|app: 0|req: 149/302] 10.222.0.99 () {60 vars in 1380 bytes} [Sat Feb 19 01:03:45 2022] GET /placement/allocations/d051f708-969b-409c-8f24-a67fb9c90891 => generated 19 bytes in 40 msecs (HTTP/1.1 200) 8 headers in 295 bytes (1 switches on core 0)
Feb 19 01:03:45.087438 n-d-826530-3 devstack@placement-api.service[116477]: DEBUG placement.requestlog [req-8849d43d-8556-458f-bc26-09f2c37f824b req-37bdb54a-29dc-44b8-8b11-2f12571a4a3e None None] Starting request: 10.222.0.99 "PUT /placement/allocations/d051f708-969b-409c-8f24-a67fb9c90891" {{(pid=116477) __call__ /opt/stack/placement/placement/requestlog.py:55}}
Feb 19 01:03:45.268591 n-d-826530-3 devstack@placement-api.service[116476]: DEBUG placement.requestlog [req-af7046c9-90b2-4e8d-a6fd-3586993420e9 req-bea42623-4e43-44d7-b21a-2d949ad4d831 None None] Starting request: 10.222.0.99 "GET /placement/allocation_candidates?limit=1000&resources=DISK_GB%3A1%2CMEMORY_MB%3A1024%2CVCPU%3A1&root_required=%21COMPUTE_STATUS_DISABLED" {{(pid=116476) __call__ /opt/stack/placement/placement/requestlog.py:55}}
Feb 19 01:03:45.450340 n-d-826530-3 devstack@placement-api.service[116476]: DEBUG placement.objects.research_context [req-af7046c9-90b2-4e8d-a6fd-3586993420e9 req-bea42623-4e43-44d7-b21a-2d949ad4d831 service placement] getting providers with 1 DISK_GB {{(pid=116476) __init__ /opt/stack/placement/placement/objects/research_context.py:126}}
Feb 19 01:03:45.472264 n-d-826530-3 devstack@placement-api.service[116477]: DEBUG placement.handlers.allocation [req-8849d43d-8556-458f-bc26-09f2c37f824b req-37bdb54a-29dc-44b8-8b11-2f12571a4a3e service placement] Successfully wrote allocations [, , ] {{(pid=116477) _update_consumers_and_create_allocations /opt/stack/placement/placement/handlers/allocation.py:462}}
Feb 19 01:03:45.485473 n-d-826530-3 devstack@placement-api.service[116476]: DEBUG placement.objects.research_context [req-af7046c9-90b2-4e8d-a6fd-3586993420e9 req-bea42623-4e43-44d7-b21a-2d949ad4d831 service placement] getting providers with 1024 MEMORY_MB {{(pid=116476) __init__ /opt/stack/placement/placement/objects/research_context.py:126}}
Feb 19 01:03:45.516432 n-d-826530-3 devstack@placement-api.service[116476]: DEBUG placement.objects.research_context [req-af7046c9-90b2-4e8d-a6fd-3586993420e9 req-bea42623-4e43-44d7-b21a-2d949ad4d831 service placement] getting providers with 1 VCPU {{(pid=116476) __init__ /opt/stack/placement/placement/objects/research_context.py:126}}
Feb 19 01:03:45.544745 n-d-826530-3 devstack@placement-api.service[116476]: DEBUG placement.objects.research_context [req-af7046c9-90b2-4e8d-a6fd-3586993420e9 req-bea42623-4e43-44d7-b21a-2d949ad4d831 service placement] found 2 providers with available 1 DISK_GB {{(pid=116476) get_provider_ids_matching /opt/stack/placement/placement/objects/research_context.py:549}}
Feb 19 01:03:45.545436 n-d-826530-3 devstack@placement-api.service[116476]: DEBUG placement.objects.research_context [req-af7046c9-90b2-4e8d-a6fd-3586993420e9 req-bea42623-4e43-44d7-b21a-2d949ad4d831 service placement] found 2 providers with available 1024 MEMORY_MB {{(pid=116476) get_provider_ids_matching /opt/stack/placement/placement/objects/research_context.py:549}}
Feb 19 01:03:45.546056 n-d-826530-3 devstack@placement-api.service[116476]: DEBUG placement.objects.research_context [req-af7046c9-90b2-4e8d-a6fd-3586993420e9 req-bea42623-4e43-44d7-b21a-2d949ad4d831 service placement] found 2 providers after filtering by previous result {{(pid=116476) get_provider_ids_matching /opt/stack/placement/placement/objects/research_context.py:580}}
Feb 19 01:03:45.546879 n-d-826530-3 devstack@placement-api.service[116476]: DEBUG placement.objects.research_context [req-af7046c9-90b2-4e8d-a6fd-3586993420e9 req-bea42623-4e43-44d7-b21a-2d949ad4d831 service placement] found 2 providers with available 1 VCPU {{(pid=116476) get_provider_ids_matching /opt/stack/placement/placement/objects/research_context.py:549}}
Feb 19 01:03:45.547782 n-d-826530-3 devstack@placement-api.service[116476]: DEBUG placement.objects.research_context [req-af7046c9-90b2-4e8d-a6fd-3586993420e9 req-bea42623-4e43-44d7-b21a-2d949ad4d831 service placement] found 2 providers after filtering by previous result {{(pid=116476) get_provider_ids_matching /opt/stack/placement/placement/objects/research_context.py:580}}
Feb 19 01:03:45.598648 n-d-826530-3 devstack@placement-api.service[116476]: DEBUG placement.objects.allocation_candidate [req-af7046c9-90b2-4e8d-a6fd-3586993420e9 req-bea42623-4e43-44d7-b21a-2d949ad4d831 service placement] RequestGroup(use_same_provider=False, resources={DISK_GB:1, MEMORY_MB:1024, VCPU:1}, traits=[], aggregates=[]) (suffix '') returned 2 matches {{(pid=116476) _get_by_requests /opt/stack/placement/placement/objects/allocation_candidate.py:145}}
Feb 19 01:03:45.602975 n-d-826530-3 devstack@placement-api.service[116476]: DEBUG placement.objects.allocation_candidate [req-af7046c9-90b2-4e8d-a6fd-3586993420e9 req-bea42623-4e43-44d7-b21a-2d949ad4d831 service placement] Merging candidates yields 2 allocation requests and 2 provider summaries {{(pid=116476) _merge_candidates /opt/stack/placement/placement/objects/allocation_candidate.py:783}}
Feb 19 01:03:45.608955 n-d-826530-3 devstack@placement-api.service[116477]: INFO placement.requestlog [req-8849d43d-8556-458f-bc26-09f2c37f824b req-37bdb54a-29dc-44b8-8b11-2f12571a4a3e service placement] 10.222.0.99 "PUT /placement/allocations/d051f708-969b-409c-8f24-a67fb9c90891" status: 204 len: 0 microversion: 1.36
Feb 19 01:03:45.609363 n-d-826530-3 devstack@placement-api.service[116477]: [pid: 116477|app: 0|req: 154/303] 10.222.0.99 () {64 vars in 1433 bytes} [Sat Feb 19 01:03:45 2022] PUT /placement/allocations/d051f708-969b-409c-8f24-a67fb9c90891 => generated 0 bytes in 523 msecs (HTTP/1.1 204) 5 headers in 199 bytes (1 switches on core 0)
Feb 19 01:03:45.621087 n-d-826530-3 devstack@placement-api.service[116476]: INFO placement.requestlog [req-af7046c9-90b2-4e8d-a6fd-3586993420e9 req-bea42623-4e43-44d7-b21a-2d949ad4d831 service placement] 10.222.0.99 "GET /placement/allocation_candidates?limit=1000&resources=DISK_GB%3A1%2CMEMORY_MB%3A1024%2CVCPU%3A1&root_required=%21COMPUTE_STATUS_DISABLED" status: 200 len: 1314 microversion: 1.36
Feb 19 01:03:45.624283 n-d-826530-3 devstack@placement-api.service[116476]: [pid: 116476|app: 0|req: 150/304] 10.222.0.99 () {60 vars in 1506 bytes} [Sat Feb 19 01:03:45 2022] GET /placement/allocation_candidates?limit=1000&resources=DISK_GB%3A1%2CMEMORY_MB%3A1024%2CVCPU%3A1&root_required=%21COMPUTE_STATUS_DISABLED => generated 1314 bytes in 359 msecs (HTTP/1.1 200) 8 headers in 297 bytes (1 switches on core 0)
Feb 19 01:03:45.816544 n-d-826530-3 devstack@placement-api.service[116477]: DEBUG placement.requestlog [req-af7046c9-90b2-4e8d-a6fd-3586993420e9 req-331a603b-f66e-4242-b747-3fdb922dacc2 None None] Starting request: 10.222.0.99 "GET /placement/allocations/c8609328-76f3-454e-983e-af086f08d243" {{(pid=116477) __call__ /opt/stack/placement/placement/requestlog.py:55}}
Feb 19 01:03:45.871694 n-d-826530-3 devstack@placement-api.service[116477]: INFO placement.requestlog [req-af7046c9-90b2-4e8d-a6fd-3586993420e9 req-331a603b-f66e-4242-b747-3fdb922dacc2 service placement] 10.222.0.99 "GET /placement/allocations/c8609328-76f3-454e-983e-af086f08d243" status: 200 len: 19 microversion: 1.28
Feb 19 01:03:45.875058 n-d-826530-3 devstack@placement-api.service[116477]: [pid: 116477|app: 0|req: 155/305] 10.222.0.99 () {60 vars in 1380 bytes} [Sat Feb 19 01:03:45 2022] GET /placement/allocations/c8609328-76f3-454e-983e-af086f08d243 => generated 19 bytes in 59 msecs (HTTP/1.1 200) 8 headers in 295 bytes (1 switches on core 0)
Feb 19 01:03:45.883978 n-d-826530-3 devstack@placement-api.service[116476]: DEBUG placement.requestlog [req-af7046c9-90b2-4e8d-a6fd-3586993420e9 req-e640ebc9-caa0-47ea-9b9e-2ae3948789d7 None None] Starting request: 10.222.0.99 "PUT /placement/allocations/c8609328-76f3-454e-983e-af086f08d243" {{(pid=116476) __call__ /opt/stack/placement/placement/requestlog.py:55}}
Feb 19 01:03:46.162516 n-d-826530-3 devstack@placement-api.service[116477]: DEBUG placement.requestlog [req-8849d43d-8556-458f-bc26-09f2c37f824b req-87fd37e5-a644-453f-86e1-11be569dc579 None None] Starting request: 10.222.0.132 "GET /placement/allocations/d051f708-969b-409c-8f24-a67fb9c90891" {{(pid=116477) __call__ /opt/stack/placement/placement/requestlog.py:55}}
Feb 19 01:03:46.197829 n-d-826530-3 devstack@placement-api.service[116477]: INFO placement.requestlog [req-8849d43d-8556-458f-bc26-09f2c37f824b req-87fd37e5-a644-453f-86e1-11be569dc579 service placement] 10.222.0.132 "GET /placement/allocations/d051f708-969b-409c-8f24-a67fb9c90891" status: 200 len: 259 microversion: 1.28
Feb 19 01:03:46.198821 n-d-826530-3 devstack@placement-api.service[116477]: [pid: 116477|app: 0|req: 156/306] 10.222.0.132 () {60 vars in 1378 bytes} [Sat Feb 19 01:03:46 2022] GET /placement/allocations/d051f708-969b-409c-8f24-a67fb9c90891 => generated 259 bytes in 37 msecs (HTTP/1.1 200) 8 headers in 296 bytes (1 switches on core 0)
Feb 19 01:03:46.395948 n-d-826530-3 devstack@placement-api.service[116476]: DEBUG placement.handlers.allocation [req-af7046c9-90b2-4e8d-a6fd-3586993420e9 req-e640ebc9-caa0-47ea-9b9e-2ae3948789d7 service placement] Successfully wrote allocations [, , ] {{(pid=116476) _update_consumers_and_create_allocations /opt/stack/placement/placement/handlers/allocation.py:462}}
Feb 19 01:03:46.520603 n-d-826530-3 devstack@placement-api.service[116476]: INFO placement.requestlog [req-af7046c9-90b2-4e8d-a6fd-3586993420e9 req-e640ebc9-caa0-47ea-9b9e-2ae3948789d7 service placement] 10.222.0.99 "PUT /placement/allocations/c8609328-76f3-454e-983e-af086f08d243" status: 204 len: 0 microversion: 1.36
Feb 19 01:03:46.521209 n-d-826530-3 devstack@placement-api.service[116476]: [pid: 116476|app: 0|req: 151/307] 10.222.0.99 () {64 vars in 1433 bytes} [Sat Feb 19 01:03:45 2022] PUT /placement/allocations/c8609328-76f3-454e-983e-af086f08d243 => generated 0 bytes in 641 msecs (HTTP/1.1 204) 5 headers in 199 bytes (1 switches on core 0)
Feb 19 01:03:48.039381 n-d-826530-3 devstack@placement-api.service[116477]: DEBUG placement.requestlog [req-af7046c9-90b2-4e8d-a6fd-3586993420e9 req-e3a4c45e-c163-4d01-a60f-108521d8d5a0 None None] Starting request: 10.222.0.104 "GET /placement/allocations/c8609328-76f3-454e-983e-af086f08d243" {{(pid=116477) __call__ /opt/stack/placement/placement/requestlog.py:55}}
Feb 19 01:03:48.080227 n-d-826530-3 devstack@placement-api.service[116477]: INFO placement.requestlog [req-af7046c9-90b2-4e8d-a6fd-3586993420e9 req-e3a4c45e-c163-4d01-a60f-108521d8d5a0 service placement] 10.222.0.104 "GET /placement/allocations/c8609328-76f3-454e-983e-af086f08d243" status: 200 len: 259 microversion: 1.28
Feb 19 01:03:48.081232 n-d-826530-3 devstack@placement-api.service[116477]: [pid: 116477|app: 0|req: 157/308] 10.222.0.104 () {60 vars in 1378 bytes} [Sat Feb 19 01:03:48 2022] GET /placement/allocations/c8609328-76f3-454e-983e-af086f08d243 => generated 259 bytes in 42 msecs (HTTP/1.1 200) 8 headers in 296 bytes (2 switches on core 0)
Feb 19 01:03:57.895155 n-d-826530-3 devstack@placement-api.service[116476]: DEBUG placement.requestlog [req-40ea80a9-0083-43a4-9bf6-236789d61a54 req-4bb751fb-c45d-4ee7-b4e8-28f721f50f4f None None] Starting request: 10.222.0.132 "GET /placement/resource_providers/2fbf7b42-f67b-446b-bdf4-c454402b973e/allocations" {{(pid=116476) __call__ /opt/stack/placement/placement/requestlog.py:55}}
Feb 19 01:03:57.956751 n-d-826530-3 devstack@placement-api.service[116476]: INFO placement.requestlog [req-40ea80a9-0083-43a4-9bf6-236789d61a54 req-4bb751fb-c45d-4ee7-b4e8-28f721f50f4f service placement] 10.222.0.132 "GET /placement/resource_providers/2fbf7b42-f67b-446b-bdf4-c454402b973e/allocations" status: 200 len: 1366 microversion: 1.0
Feb 19 01:03:57.964559 n-d-826530-3 devstack@placement-api.service[116476]: [pid: 116476|app: 0|req: 152/309] 10.222.0.132 () {58 vars in 1391 bytes} [Sat Feb 19 01:03:57 2022] GET /placement/resource_providers/2fbf7b42-f67b-446b-bdf4-c454402b973e/allocations => generated 1366 bytes in 63 msecs (HTTP/1.1 200) 6 headers in 225 bytes (1 switches on core 0)
Feb 19 01:04:03.560889 n-d-826530-3 devstack@placement-api.service[116477]: DEBUG placement.requestlog [req-b47a1281-9f27-4435-8081-c27be9d34182 req-b345e4e2-9d53-4742-840c-b8f60c1138a0 None None] Starting request: 10.222.0.99 "GET /placement/allocation_candidates?limit=1000&resources=DISK_GB%3A1%2CMEMORY_MB%3A1024%2CVCPU%3A1&root_required=%21COMPUTE_STATUS_DISABLED" {{(pid=116477) __call__ /opt/stack/placement/placement/requestlog.py:55}}
Feb 19 01:04:03.603674 n-d-826530-3 devstack@placement-api.service[116477]: DEBUG placement.objects.research_context [req-b47a1281-9f27-4435-8081-c27be9d34182 req-b345e4e2-9d53-4742-840c-b8f60c1138a0 service placement] getting providers with 1 DISK_GB {{(pid=116477) __init__ /opt/stack/placement/placement/objects/research_context.py:126}}
Feb 19 01:04:03.610621 n-d-826530-3 devstack@placement-api.service[116477]: DEBUG placement.objects.research_context [req-b47a1281-9f27-4435-8081-c27be9d34182 req-b345e4e2-9d53-4742-840c-b8f60c1138a0 service placement] getting providers with 1024 MEMORY_MB {{(pid=116477) __init__ /opt/stack/placement/placement/objects/research_context.py:126}}
Feb 19 01:04:03.618694 n-d-826530-3 devstack@placement-api.service[116477]: DEBUG placement.objects.research_context [req-b47a1281-9f27-4435-8081-c27be9d34182 req-b345e4e2-9d53-4742-840c-b8f60c1138a0 service placement] getting providers with 1 VCPU {{(pid=116477) __init__ /opt/stack/placement/placement/objects/research_context.py:126}}
Feb 19 01:04:03.633256 n-d-826530-3 devstack@placement-api.service[116477]: DEBUG placement.objects.research_context [req-b47a1281-9f27-4435-8081-c27be9d34182 req-b345e4e2-9d53-4742-840c-b8f60c1138a0 service placement] found 2 providers with available 1 DISK_GB {{(pid=116477) get_provider_ids_matching /opt/stack/placement/placement/objects/research_context.py:549}}
Feb 19 01:04:03.634015 n-d-826530-3 devstack@placement-api.service[116477]: DEBUG placement.objects.research_context [req-b47a1281-9f27-4435-8081-c27be9d34182 req-b345e4e2-9d53-4742-840c-b8f60c1138a0 service placement] found 2 providers with available 1024 MEMORY_MB {{(pid=116477) get_provider_ids_matching /opt/stack/placement/placement/objects/research_context.py:549}}
Feb 19 01:04:03.634691 n-d-826530-3 devstack@placement-api.service[116477]: DEBUG placement.objects.research_context [req-b47a1281-9f27-4435-8081-c27be9d34182 req-b345e4e2-9d53-4742-840c-b8f60c1138a0 service placement] found 2 providers after filtering by previous result {{(pid=116477) get_provider_ids_matching /opt/stack/placement/placement/objects/research_context.py:580}}
Feb 19 01:04:03.635406 n-d-826530-3 devstack@placement-api.service[116477]: DEBUG placement.objects.research_context [req-b47a1281-9f27-4435-8081-c27be9d34182 req-b345e4e2-9d53-4742-840c-b8f60c1138a0 service placement] found 2 providers with available 1 VCPU {{(pid=116477) get_provider_ids_matching /opt/stack/placement/placement/objects/research_context.py:549}}
Feb 19 01:04:03.636066 n-d-826530-3 devstack@placement-api.service[116477]: DEBUG placement.objects.research_context [req-b47a1281-9f27-4435-8081-c27be9d34182 req-b345e4e2-9d53-4742-840c-b8f60c1138a0 service placement] found 2 providers after filtering by previous result {{(pid=116477) get_provider_ids_matching /opt/stack/placement/placement/objects/research_context.py:580}}
Feb 19 01:04:03.664092 n-d-826530-3 devstack@placement-api.service[116477]: DEBUG placement.objects.allocation_candidate [req-b47a1281-9f27-4435-8081-c27be9d34182 req-b345e4e2-9d53-4742-840c-b8f60c1138a0 service placement] RequestGroup(use_same_provider=False, resources={DISK_GB:1, MEMORY_MB:1024, VCPU:1}, traits=[], aggregates=[]) (suffix '') returned 2 matches {{(pid=116477) _get_by_requests /opt/stack/placement/placement/objects/allocation_candidate.py:145}}
Feb 19 01:04:03.671675 n-d-826530-3 devstack@placement-api.service[116477]: DEBUG placement.objects.allocation_candidate [req-b47a1281-9f27-4435-8081-c27be9d34182 req-b345e4e2-9d53-4742-840c-b8f60c1138a0 service placement] Merging candidates yields 2 allocation requests and 2 provider summaries {{(pid=116477) _merge_candidates /opt/stack/placement/placement/objects/allocation_candidate.py:783}}
Feb 19 01:04:03.674786 n-d-826530-3 devstack@placement-api.service[116477]: INFO placement.requestlog [req-b47a1281-9f27-4435-8081-c27be9d34182 req-b345e4e2-9d53-4742-840c-b8f60c1138a0 service placement] 10.222.0.99 "GET /placement/allocation_candidates?limit=1000&resources=DISK_GB%3A1%2CMEMORY_MB%3A1024%2CVCPU%3A1&root_required=%21COMPUTE_STATUS_DISABLED" status: 200 len: 1315 microversion: 1.36
Feb 19 01:04:03.687907 n-d-826530-3 devstack@placement-api.service[116477]: [pid: 116477|app: 0|req: 158/310] 10.222.0.99 () {60 vars in 1506 bytes} [Sat Feb 19 01:04:03 2022] GET /placement/allocation_candidates?limit=1000&resources=DISK_GB%3A1%2CMEMORY_MB%3A1024%2CVCPU%3A1&root_required=%21COMPUTE_STATUS_DISABLED => generated 1315 bytes in 127 msecs (HTTP/1.1 200) 8 headers in 297 bytes (1 switches on core 0)
Feb 19 01:04:03.774094 n-d-826530-3 devstack@placement-api.service[116476]: DEBUG placement.requestlog [req-b47a1281-9f27-4435-8081-c27be9d34182 req-89fa59bc-a71f-4102-98eb-2ea0edfe98c6 None None] Starting request: 10.222.0.99 "GET /placement/allocations/b63b9cab-2245-4807-8142-cca469911782" {{(pid=116476) __call__ /opt/stack/placement/placement/requestlog.py:55}}
Feb 19 01:04:03.801528 n-d-826530-3 devstack@placement-api.service[116476]: INFO placement.requestlog [req-b47a1281-9f27-4435-8081-c27be9d34182 req-89fa59bc-a71f-4102-98eb-2ea0edfe98c6 service placement] 10.222.0.99 "GET /placement/allocations/b63b9cab-2245-4807-8142-cca469911782" status: 200 len: 19 microversion: 1.28
Feb 19 01:04:03.813088 n-d-826530-3 devstack@placement-api.service[116477]: DEBUG placement.requestlog [req-b47a1281-9f27-4435-8081-c27be9d34182 req-d4b466c0-8e46-4e6c-b134-867ad1e379c9 None None] Starting request: 10.222.0.99 "PUT /placement/allocations/b63b9cab-2245-4807-8142-cca469911782" {{(pid=116477) __call__ /opt/stack/placement/placement/requestlog.py:55}}
Feb 19 01:04:03.822791 n-d-826530-3 devstack@placement-api.service[116476]: [pid: 116476|app: 0|req: 153/311] 10.222.0.99 () {60 vars in 1380 bytes} [Sat Feb 19 01:04:03 2022] GET /placement/allocations/b63b9cab-2245-4807-8142-cca469911782 => generated 19 bytes in 49 msecs (HTTP/1.1 200) 8 headers in 295 bytes (1 switches on core 0)
Feb 19 01:04:03.998929 n-d-826530-3 devstack@placement-api.service[116477]: DEBUG placement.handlers.allocation [req-b47a1281-9f27-4435-8081-c27be9d34182 req-d4b466c0-8e46-4e6c-b134-867ad1e379c9 service placement] Successfully wrote allocations [, , ] {{(pid=116477) _update_consumers_and_create_allocations /opt/stack/placement/placement/handlers/allocation.py:462}}
Feb 19 01:04:04.125046 n-d-826530-3 devstack@placement-api.service[116477]: INFO placement.requestlog [req-b47a1281-9f27-4435-8081-c27be9d34182 req-d4b466c0-8e46-4e6c-b134-867ad1e379c9 service placement] 10.222.0.99 "PUT /placement/allocations/b63b9cab-2245-4807-8142-cca469911782" status: 204 len: 0 microversion: 1.36
Feb 19 01:04:04.126315 n-d-826530-3 devstack@placement-api.service[116477]: [pid: 116477|app: 0|req: 159/312] 10.222.0.99 () {64 vars in 1433 bytes} [Sat Feb 19 01:04:03 2022] PUT /placement/allocations/b63b9cab-2245-4807-8142-cca469911782 => generated 0 bytes in 314 msecs (HTTP/1.1 204) 5 headers in 199 bytes (2 switches on core 0)
Feb 19 01:04:05.417466 n-d-826530-3 devstack@placement-api.service[116476]: DEBUG placement.requestlog [req-b47a1281-9f27-4435-8081-c27be9d34182 req-baf63d3f-7431-4bc6-a9b4-5b9b32e1ec3a None None] Starting request: 10.222.0.104 "GET /placement/allocations/b63b9cab-2245-4807-8142-cca469911782" {{(pid=116476) __call__ /opt/stack/placement/placement/requestlog.py:55}}
Feb 19 01:04:05.489068 n-d-826530-3 devstack@placement-api.service[116476]: INFO placement.requestlog [req-b47a1281-9f27-4435-8081-c27be9d34182 req-baf63d3f-7431-4bc6-a9b4-5b9b32e1ec3a service placement] 10.222.0.104 "GET /placement/allocations/b63b9cab-2245-4807-8142-cca469911782" status: 200 len: 259 microversion: 1.28
Feb 19 01:04:05.490871 n-d-826530-3 devstack@placement-api.service[116476]: [pid: 116476|app: 0|req: 154/313] 10.222.0.104 () {60 vars in 1378 bytes} [Sat Feb 19 01:04:05 2022] GET /placement/allocations/b63b9cab-2245-4807-8142-cca469911782 => generated 259 bytes in 74 msecs (HTTP/1.1 200) 8 headers in 296 bytes (1 switches on core 0)
Feb 19 01:04:06.579426 n-d-826530-3 devstack@placement-api.service[116477]: DEBUG placement.requestlog [req-616c3701-fa5c-4b75-b885-4702fa119a15 req-fde6732d-b288-48a0-993f-8830389269a2 None None] Starting request: 10.222.0.104 "DELETE /placement/allocations/0d1134d0-176a-415c-ada8-c8a3be4423b3" {{(pid=116477) __call__ /opt/stack/placement/placement/requestlog.py:55}}
Feb 19 01:04:06.885609 n-d-826530-3 devstack@placement-api.service[116477]: DEBUG placement.handlers.allocation [req-616c3701-fa5c-4b75-b885-4702fa119a15 req-fde6732d-b288-48a0-993f-8830389269a2 service placement] Successfully deleted allocations [, , ] {{(pid=116477) delete_allocations /opt/stack/placement/placement/handlers/allocation.py:627}}
Feb 19 01:04:06.886860 n-d-826530-3 devstack@placement-api.service[116477]: INFO placement.requestlog [req-616c3701-fa5c-4b75-b885-4702fa119a15 req-fde6732d-b288-48a0-993f-8830389269a2 service placement] 10.222.0.104 "DELETE /placement/allocations/0d1134d0-176a-415c-ada8-c8a3be4423b3" status: 204 len: 0 microversion: 1.0
Feb 19 01:04:06.888069 n-d-826530-3 devstack@placement-api.service[116477]: [pid: 116477|app: 0|req: 160/314] 10.222.0.104 () {60 vars in 1356 bytes} [Sat Feb 19 01:04:06 2022] DELETE /placement/allocations/0d1134d0-176a-415c-ada8-c8a3be4423b3 => generated 0 bytes in 309 msecs (HTTP/1.1 204) 5 headers in 198 bytes (1 switches on core 0)
Feb 19 01:04:10.023239 n-d-826530-3 devstack@placement-api.service[116476]: DEBUG placement.requestlog [req-7d7b47bb-8b08-4fe0-a2f5-de49b9c8d3dc req-0e3ea057-64b1-4427-95fa-8bdc91f96f37 None None] Starting request: 10.222.0.104 "GET /placement/resource_providers/b44755a7-fdbe-419d-940c-19a789b8bdde/allocations" {{(pid=116476) __call__ /opt/stack/placement/placement/requestlog.py:55}}
Feb 19 01:04:10.040526 n-d-826530-3 devstack@placement-api.service[116476]: INFO placement.requestlog [req-7d7b47bb-8b08-4fe0-a2f5-de49b9c8d3dc req-0e3ea057-64b1-4427-95fa-8bdc91f96f37 service placement] 10.222.0.104 "GET /placement/resource_providers/b44755a7-fdbe-419d-940c-19a789b8bdde/allocations" status: 200 len: 1163 microversion: 1.0
Feb 19 01:04:10.041078 n-d-826530-3 devstack@placement-api.service[116476]: [pid: 116476|app: 0|req: 155/315] 10.222.0.104 () {58 vars in 1391 bytes} [Sat Feb 19 01:04:10 2022] GET /placement/resource_providers/b44755a7-fdbe-419d-940c-19a789b8bdde/allocations => generated 1163 bytes in 29 msecs (HTTP/1.1 200) 6 headers in 225 bytes (1 switches on core 0)
Feb 19 01:04:10.669104 n-d-826530-3 devstack@placement-api.service[116477]: DEBUG placement.requestlog [req-7d7b47bb-8b08-4fe0-a2f5-de49b9c8d3dc req-dfa3a68d-edc4-4a06-8dd2-36f9f16a7ed2 None None] Starting request: 10.222.0.104 "GET /placement/allocations/9b27e986-7724-440e-bfe4-96efa55a4ed3" {{(pid=116477) __call__ /opt/stack/placement/placement/requestlog.py:55}}
Feb 19 01:04:10.708717 n-d-826530-3 devstack@placement-api.service[116477]: INFO placement.requestlog [req-7d7b47bb-8b08-4fe0-a2f5-de49b9c8d3dc req-dfa3a68d-edc4-4a06-8dd2-36f9f16a7ed2 service placement] 10.222.0.104 "GET /placement/allocations/9b27e986-7724-440e-bfe4-96efa55a4ed3" status: 200 len: 259 microversion: 1.28
Feb 19 01:04:10.710416 n-d-826530-3 devstack@placement-api.service[116477]: [pid: 116477|app: 0|req: 161/316] 10.222.0.104 () {60 vars in 1378 bytes} [Sat Feb 19 01:04:10 2022] GET /placement/allocations/9b27e986-7724-440e-bfe4-96efa55a4ed3 => generated 259 bytes in 42 msecs (HTTP/1.1 200) 8 headers in 296 bytes (1 switches on core 0)
Feb 19 01:04:10.719535 n-d-826530-3 devstack@placement-api.service[116476]: DEBUG placement.requestlog [req-7d7b47bb-8b08-4fe0-a2f5-de49b9c8d3dc req-7ec33e0f-7db7-45ca-b9ab-e146bc16dacc None None] Starting request: 10.222.0.104 "PUT /placement/allocations/9b27e986-7724-440e-bfe4-96efa55a4ed3" {{(pid=116476) __call__ /opt/stack/placement/placement/requestlog.py:55}}
Feb 19 01:04:10.872938 n-d-826530-3 devstack@placement-api.service[116476]: DEBUG placement.handlers.allocation [req-7d7b47bb-8b08-4fe0-a2f5-de49b9c8d3dc req-7ec33e0f-7db7-45ca-b9ab-e146bc16dacc service placement] Successfully wrote allocations [, , ] {{(pid=116476) _update_consumers_and_create_allocations /opt/stack/placement/placement/handlers/allocation.py:462}}
Feb 19 01:04:11.007044 n-d-826530-3 devstack@placement-api.service[116476]: INFO placement.requestlog [req-7d7b47bb-8b08-4fe0-a2f5-de49b9c8d3dc req-7ec33e0f-7db7-45ca-b9ab-e146bc16dacc service placement] 10.222.0.104 "PUT /placement/allocations/9b27e986-7724-440e-bfe4-96efa55a4ed3" status: 204 len: 0 microversion: 1.28
Feb 19 01:04:11.007949 n-d-826530-3 devstack@placement-api.service[116476]: [pid: 116476|app: 0|req: 156/317] 10.222.0.104 () {64 vars in 1431 bytes} [Sat Feb 19 01:04:10 2022] PUT /placement/allocations/9b27e986-7724-440e-bfe4-96efa55a4ed3 => generated 0 bytes in 289 msecs (HTTP/1.1 204) 5 headers in 199 bytes (1 switches on core 0)
Feb 19 01:04:13.138329 n-d-826530-3 devstack@placement-api.service[116477]: DEBUG placement.requestlog [req-b341d199-00fd-4847-95e5-c260e434acde req-fa90a66c-e887-46d7-ad3f-fc76da9d5e2b None None] Starting request: 10.222.0.104 "DELETE /placement/allocations/c8609328-76f3-454e-983e-af086f08d243" {{(pid=116477) __call__ /opt/stack/placement/placement/requestlog.py:55}}
Feb 19 01:04:13.392309 n-d-826530-3 devstack@placement-api.service[116477]: DEBUG placement.handlers.allocation [req-b341d199-00fd-4847-95e5-c260e434acde req-fa90a66c-e887-46d7-ad3f-fc76da9d5e2b service placement] Successfully deleted allocations [, , ] {{(pid=116477) delete_allocations /opt/stack/placement/placement/handlers/allocation.py:627}}
Feb 19 01:04:13.392807 n-d-826530-3 devstack@placement-api.service[116477]: INFO placement.requestlog [req-b341d199-00fd-4847-95e5-c260e434acde req-fa90a66c-e887-46d7-ad3f-fc76da9d5e2b service placement] 10.222.0.104 "DELETE /placement/allocations/c8609328-76f3-454e-983e-af086f08d243" status: 204 len: 0 microversion: 1.0
Feb 19 01:04:13.393454 n-d-826530-3 devstack@placement-api.service[116477]: [pid: 116477|app: 0|req: 162/318] 10.222.0.104 () {60 vars in 1356 bytes} [Sat Feb 19 01:04:13 2022] DELETE /placement/allocations/c8609328-76f3-454e-983e-af086f08d243 => generated 0 bytes in 255 msecs (HTTP/1.1 204) 5 headers in 198 bytes (1 switches on core 0)
Feb 19 01:04:18.570242 n-d-826530-3 devstack@placement-api.service[116476]: DEBUG placement.requestlog [req-8849d43d-8556-458f-bc26-09f2c37f824b req-07aa4f8e-c75e-4ea6-8565-90022d268ca3 None None] Starting request: 10.222.0.132 "GET /placement/allocations/d051f708-969b-409c-8f24-a67fb9c90891" {{(pid=116476) __call__ /opt/stack/placement/placement/requestlog.py:55}}
Feb 19 01:04:18.633687 n-d-826530-3 devstack@placement-api.service[116476]: INFO placement.requestlog [req-8849d43d-8556-458f-bc26-09f2c37f824b req-07aa4f8e-c75e-4ea6-8565-90022d268ca3 service placement] 10.222.0.132 "GET /placement/allocations/d051f708-969b-409c-8f24-a67fb9c90891" status: 200 len: 259 microversion: 1.28
Feb 19 01:04:18.634345 n-d-826530-3 devstack@placement-api.service[116476]: [pid: 116476|app: 0|req: 157/319] 10.222.0.132 () {60 vars in 1378 bytes} [Sat Feb 19 01:04:18 2022] GET /placement/allocations/d051f708-969b-409c-8f24-a67fb9c90891 => generated 259 bytes in 65 msecs (HTTP/1.1 200) 8 headers in 296 bytes (1 switches on core 0)
Feb 19 01:04:22.088215 n-d-826530-3 devstack@placement-api.service[116477]: DEBUG placement.requestlog [req-d7edee93-f690-4d63-8b2e-fc72238766d2 req-b08eeca7-dd9e-441a-9cf7-8659a1221f28 None None] Starting request: 10.222.0.104 "DELETE /placement/allocations/d8bdedea-7583-4cab-a574-8ecd7a7495be" {{(pid=116477) __call__ /opt/stack/placement/placement/requestlog.py:55}}
Feb 19 01:04:22.415985 n-d-826530-3 devstack@placement-api.service[116477]: DEBUG placement.handlers.allocation [req-d7edee93-f690-4d63-8b2e-fc72238766d2 req-b08eeca7-dd9e-441a-9cf7-8659a1221f28 service placement] Successfully deleted allocations [, , ] {{(pid=116477) delete_allocations /opt/stack/placement/placement/handlers/allocation.py:627}}
Feb 19 01:04:22.417053 n-d-826530-3 devstack@placement-api.service[116477]: INFO placement.requestlog [req-d7edee93-f690-4d63-8b2e-fc72238766d2 req-b08eeca7-dd9e-441a-9cf7-8659a1221f28 service placement] 10.222.0.104 "DELETE /placement/allocations/d8bdedea-7583-4cab-a574-8ecd7a7495be" status: 204 len: 0 microversion: 1.0
Feb 19 01:04:22.417763 n-d-826530-3 devstack@placement-api.service[116477]: [pid: 116477|app: 0|req: 163/320] 10.222.0.104 () {60 vars in 1356 bytes} [Sat Feb 19 01:04:22 2022] DELETE /placement/allocations/d8bdedea-7583-4cab-a574-8ecd7a7495be => generated 0 bytes in 330 msecs (HTTP/1.1 204) 5 headers in 198 bytes (1 switches on core 0)
Feb 19 01:04:23.385549 n-d-826530-3 devstack@placement-api.service[116476]: DEBUG placement.requestlog [req-e275524c-43cf-4c42-94eb-128519f6423a req-0ed0f603-a6ee-40d7-9949-429bf2e76413 None None] Starting request: 10.222.0.99 "GET /placement/allocation_candidates?resources=DISK_GB%3A1%2CMEMORY_MB%3A1024%2CVCPU%3A1&root_required=%21COMPUTE_STATUS_DISABLED" {{(pid=116476) __call__ /opt/stack/placement/placement/requestlog.py:55}}
Feb 19 01:04:23.466511 n-d-826530-3 devstack@placement-api.service[116476]: DEBUG placement.objects.research_context [req-e275524c-43cf-4c42-94eb-128519f6423a req-0ed0f603-a6ee-40d7-9949-429bf2e76413 service placement] getting providers with 1 DISK_GB {{(pid=116476) __init__ /opt/stack/placement/placement/objects/research_context.py:126}}
Feb 19 01:04:23.478624 n-d-826530-3 devstack@placement-api.service[116476]: DEBUG placement.objects.research_context [req-e275524c-43cf-4c42-94eb-128519f6423a req-0ed0f603-a6ee-40d7-9949-429bf2e76413 service placement] getting providers with 1024 MEMORY_MB {{(pid=116476) __init__ /opt/stack/placement/placement/objects/research_context.py:126}}
Feb 19 01:04:23.491155 n-d-826530-3 devstack@placement-api.service[116476]: DEBUG placement.objects.research_context [req-e275524c-43cf-4c42-94eb-128519f6423a req-0ed0f603-a6ee-40d7-9949-429bf2e76413 service placement] getting providers with 1 VCPU {{(pid=116476) __init__ /opt/stack/placement/placement/objects/research_context.py:126}}
Feb 19 01:04:23.503860 n-d-826530-3 devstack@placement-api.service[116476]: DEBUG placement.objects.research_context [req-e275524c-43cf-4c42-94eb-128519f6423a req-0ed0f603-a6ee-40d7-9949-429bf2e76413 service placement] found 2 providers with available 1 DISK_GB {{(pid=116476) get_provider_ids_matching /opt/stack/placement/placement/objects/research_context.py:549}}
Feb 19 01:04:23.504404 n-d-826530-3 devstack@placement-api.service[116476]: DEBUG placement.objects.research_context [req-e275524c-43cf-4c42-94eb-128519f6423a req-0ed0f603-a6ee-40d7-9949-429bf2e76413 service placement] found 2 providers with available 1024 MEMORY_MB {{(pid=116476) get_provider_ids_matching /opt/stack/placement/placement/objects/research_context.py:549}}
