Feb 19 00:46:43.471237 n-d-826529-3 devstack@n-api.service[125017]: DEBUG nova.api.openstack.wsgi_app [-] oslo_reports.file_event_handler_interval = 1 {{(pid=125017) log_opt_values /usr/local/lib/python3.8/dist-packages/oslo_config/cfg.py:2609}}
Feb 19 00:46:43.471554 n-d-826529-3 devstack@n-api.service[125017]: DEBUG nova.api.openstack.wsgi_app [-] oslo_reports.log_dir = None {{(pid=125017) log_opt_values /usr/local/lib/python3.8/dist-packages/oslo_config/cfg.py:2609}}
Feb 19 00:46:43.471805 n-d-826529-3 devstack@n-api.service[125017]: DEBUG nova.api.openstack.wsgi_app [-] ******************************************************************************** {{(pid=125017) log_opt_values /usr/local/lib/python3.8/dist-packages/oslo_config/cfg.py:2613}}
Feb 19 00:46:43.494584 n-d-826529-3 devstack@n-api.service[125018]: DEBUG oslo_db.sqlalchemy.engines [None req-34a13e09-cd85-4896-b9ce-3432a272a305 None None] MySQL server mode set to STRICT_TRANS_TABLES,STRICT_ALL_TABLES,NO_ZERO_IN_DATE,NO_ZERO_DATE,ERROR_FOR_DIVISION_BY_ZERO,TRADITIONAL,NO_ENGINE_SUBSTITUTION {{(pid=125018) _check_effective_sql_mode /usr/local/lib/python3.8/dist-packages/oslo_db/sqlalchemy/engines.py:314}}
Feb 19 00:46:43.495728 n-d-826529-3 devstack@n-api.service[125017]: DEBUG oslo_db.sqlalchemy.engines [None req-05813858-d569-447a-91b5-ff36fbf948ba None None] MySQL server mode set to STRICT_TRANS_TABLES,STRICT_ALL_TABLES,NO_ZERO_IN_DATE,NO_ZERO_DATE,ERROR_FOR_DIVISION_BY_ZERO,TRADITIONAL,NO_ENGINE_SUBSTITUTION {{(pid=125017) _check_effective_sql_mode /usr/local/lib/python3.8/dist-packages/oslo_db/sqlalchemy/engines.py:314}}
Feb 19 00:46:43.559865 n-d-826529-3 devstack@n-api.service[125018]: DEBUG nova.context [None req-34a13e09-cd85-4896-b9ce-3432a272a305 None None] Found 2 cells: 00000000-0000-0000-0000-000000000000(cell0),a8a51442-03cf-4db3-aeb6-b79fb2e467ca(cell1) {{(pid=125018) load_cells /opt/stack/nova/nova/context.py:464}}
Feb 19 00:46:43.561232 n-d-826529-3 devstack@n-api.service[125017]: DEBUG nova.context [None req-05813858-d569-447a-91b5-ff36fbf948ba None None] Found 2 cells: 00000000-0000-0000-0000-000000000000(cell0),a8a51442-03cf-4db3-aeb6-b79fb2e467ca(cell1) {{(pid=125017) load_cells /opt/stack/nova/nova/context.py:464}}
Feb 19 00:46:43.564132 n-d-826529-3 devstack@n-api.service[125018]: DEBUG oslo_concurrency.lockutils [None req-34a13e09-cd85-4896-b9ce-3432a272a305 None None] Lock "00000000-0000-0000-0000-000000000000" acquired by "nova.context.set_target_cell..get_or_set_cached_cell_and_set_connections" :: waited 0.000s {{(pid=125018) inner /usr/local/lib/python3.8/dist-packages/oslo_concurrency/lockutils.py:386}}
Feb 19 00:46:43.565437 n-d-826529-3 devstack@n-api.service[125017]: DEBUG oslo_concurrency.lockutils [None req-05813858-d569-447a-91b5-ff36fbf948ba None None] Lock "00000000-0000-0000-0000-000000000000" acquired by "nova.context.set_target_cell..get_or_set_cached_cell_and_set_connections" :: waited 0.000s {{(pid=125017) inner /usr/local/lib/python3.8/dist-packages/oslo_concurrency/lockutils.py:386}}
Feb 19 00:46:43.565736 n-d-826529-3 devstack@n-api.service[125018]: DEBUG oslo_concurrency.lockutils [None req-34a13e09-cd85-4896-b9ce-3432a272a305 None None] Lock "00000000-0000-0000-0000-000000000000" "released" by "nova.context.set_target_cell..get_or_set_cached_cell_and_set_connections" :: held 0.002s {{(pid=125018) inner /usr/local/lib/python3.8/dist-packages/oslo_concurrency/lockutils.py:400}}
Feb 19 00:46:43.567149 n-d-826529-3 devstack@n-api.service[125018]: DEBUG oslo_concurrency.lockutils [None req-34a13e09-cd85-4896-b9ce-3432a272a305 None None] Lock "a8a51442-03cf-4db3-aeb6-b79fb2e467ca" acquired by "nova.context.set_target_cell..get_or_set_cached_cell_and_set_connections" :: waited 0.000s {{(pid=125018) inner /usr/local/lib/python3.8/dist-packages/oslo_concurrency/lockutils.py:386}}
Feb 19 00:46:43.567984 n-d-826529-3 devstack@n-api.service[125017]: DEBUG oslo_concurrency.lockutils [None req-05813858-d569-447a-91b5-ff36fbf948ba None None] Lock "00000000-0000-0000-0000-000000000000" "released" by "nova.context.set_target_cell..get_or_set_cached_cell_and_set_connections" :: held 0.003s {{(pid=125017) inner /usr/local/lib/python3.8/dist-packages/oslo_concurrency/lockutils.py:400}}
Feb 19 00:46:43.568824 n-d-826529-3 devstack@n-api.service[125017]: DEBUG oslo_concurrency.lockutils [None req-05813858-d569-447a-91b5-ff36fbf948ba None None] Lock "a8a51442-03cf-4db3-aeb6-b79fb2e467ca" acquired by "nova.context.set_target_cell..get_or_set_cached_cell_and_set_connections" :: waited 0.000s {{(pid=125017) inner /usr/local/lib/python3.8/dist-packages/oslo_concurrency/lockutils.py:386}}
Feb 19 00:46:43.569270 n-d-826529-3 devstack@n-api.service[125018]: DEBUG oslo_concurrency.lockutils [None req-34a13e09-cd85-4896-b9ce-3432a272a305 None None] Lock "a8a51442-03cf-4db3-aeb6-b79fb2e467ca" "released" by "nova.context.set_target_cell..get_or_set_cached_cell_and_set_connections" :: held 0.002s {{(pid=125018) inner /usr/local/lib/python3.8/dist-packages/oslo_concurrency/lockutils.py:400}}
Feb 19 00:46:43.570792 n-d-826529-3 devstack@n-api.service[125017]: DEBUG oslo_concurrency.lockutils [None req-05813858-d569-447a-91b5-ff36fbf948ba None None] Lock "a8a51442-03cf-4db3-aeb6-b79fb2e467ca" "released" by "nova.context.set_target_cell..get_or_set_cached_cell_and_set_connections" :: held 0.002s {{(pid=125017) inner /usr/local/lib/python3.8/dist-packages/oslo_concurrency/lockutils.py:400}}
Feb 19 00:46:43.581099 n-d-826529-3 devstack@n-api.service[125018]: DEBUG oslo_db.sqlalchemy.engines [None req-34a13e09-cd85-4896-b9ce-3432a272a305 None None] MySQL server mode set to STRICT_TRANS_TABLES,STRICT_ALL_TABLES,NO_ZERO_IN_DATE,NO_ZERO_DATE,ERROR_FOR_DIVISION_BY_ZERO,TRADITIONAL,NO_ENGINE_SUBSTITUTION {{(pid=125018) _check_effective_sql_mode /usr/local/lib/python3.8/dist-packages/oslo_db/sqlalchemy/engines.py:314}}
Feb 19 00:46:43.582431 n-d-826529-3 devstack@n-api.service[125017]: DEBUG oslo_db.sqlalchemy.engines [None req-05813858-d569-447a-91b5-ff36fbf948ba None None] MySQL server mode set to STRICT_TRANS_TABLES,STRICT_ALL_TABLES,NO_ZERO_IN_DATE,NO_ZERO_DATE,ERROR_FOR_DIVISION_BY_ZERO,TRADITIONAL,NO_ENGINE_SUBSTITUTION {{(pid=125017) _check_effective_sql_mode /usr/local/lib/python3.8/dist-packages/oslo_db/sqlalchemy/engines.py:314}}
Feb 19 00:46:43.586497 n-d-826529-3 devstack@n-api.service[125018]: DEBUG oslo_db.sqlalchemy.engines [None req-34a13e09-cd85-4896-b9ce-3432a272a305 None None] MySQL server mode set to STRICT_TRANS_TABLES,STRICT_ALL_TABLES,NO_ZERO_IN_DATE,NO_ZERO_DATE,ERROR_FOR_DIVISION_BY_ZERO,TRADITIONAL,NO_ENGINE_SUBSTITUTION {{(pid=125018) _check_effective_sql_mode /usr/local/lib/python3.8/dist-packages/oslo_db/sqlalchemy/engines.py:314}}
Feb 19 00:46:43.586950 n-d-826529-3 devstack@n-api.service[125017]: DEBUG oslo_db.sqlalchemy.engines [None req-05813858-d569-447a-91b5-ff36fbf948ba None None] MySQL server mode set to STRICT_TRANS_TABLES,STRICT_ALL_TABLES,NO_ZERO_IN_DATE,NO_ZERO_DATE,ERROR_FOR_DIVISION_BY_ZERO,TRADITIONAL,NO_ENGINE_SUBSTITUTION {{(pid=125017) _check_effective_sql_mode /usr/local/lib/python3.8/dist-packages/oslo_db/sqlalchemy/engines.py:314}}
Feb 19 00:46:43.746967 n-d-826529-3 devstack@n-api.service[125017]: DEBUG oslo_db.sqlalchemy.engines [None req-05813858-d569-447a-91b5-ff36fbf948ba None None] MySQL server mode set to STRICT_TRANS_TABLES,STRICT_ALL_TABLES,NO_ZERO_IN_DATE,NO_ZERO_DATE,ERROR_FOR_DIVISION_BY_ZERO,TRADITIONAL,NO_ENGINE_SUBSTITUTION {{(pid=125017) _check_effective_sql_mode /usr/local/lib/python3.8/dist-packages/oslo_db/sqlalchemy/engines.py:314}}
Feb 19 00:46:43.749753 n-d-826529-3 devstack@n-api.service[125018]: DEBUG oslo_db.sqlalchemy.engines [None req-34a13e09-cd85-4896-b9ce-3432a272a305 None None] MySQL server mode set to STRICT_TRANS_TABLES,STRICT_ALL_TABLES,NO_ZERO_IN_DATE,NO_ZERO_DATE,ERROR_FOR_DIVISION_BY_ZERO,TRADITIONAL,NO_ENGINE_SUBSTITUTION {{(pid=125018) _check_effective_sql_mode /usr/local/lib/python3.8/dist-packages/oslo_db/sqlalchemy/engines.py:314}}
Feb 19 00:46:44.115884 n-d-826529-3 devstack@n-api.service[125017]: WARNING keystonemiddleware.auth_token [None req-05813858-d569-447a-91b5-ff36fbf948ba None None] AuthToken middleware is set with keystone_authtoken.service_token_roles_required set to False. This is backwards compatible but deprecated behaviour. Please set this to True.
Feb 19 00:46:44.119966 n-d-826529-3 devstack@n-api.service[125018]: WARNING keystonemiddleware.auth_token [None req-34a13e09-cd85-4896-b9ce-3432a272a305 None None] AuthToken middleware is set with keystone_authtoken.service_token_roles_required set to False. This is backwards compatible but deprecated behaviour. Please set this to True.
Feb 19 00:46:44.124372 n-d-826529-3 devstack@n-api.service[125017]: WARNING keystonemiddleware.auth_token [None req-05813858-d569-447a-91b5-ff36fbf948ba None None] Configuring www_authenticate_uri to point to the public identity endpoint is required; clients may not be able to authenticate against an admin endpoint
Feb 19 00:46:44.128073 n-d-826529-3 devstack@n-api.service[125018]: WARNING keystonemiddleware.auth_token [None req-34a13e09-cd85-4896-b9ce-3432a272a305 None None] Configuring www_authenticate_uri to point to the public identity endpoint is required; clients may not be able to authenticate against an admin endpoint
Feb 19 00:46:44.473257 n-d-826529-3 devstack@n-api.service[125017]: WARNING keystonemiddleware.auth_token [None req-05813858-d569-447a-91b5-ff36fbf948ba None None] AuthToken middleware is set with keystone_authtoken.service_token_roles_required set to False. This is backwards compatible but deprecated behaviour. Please set this to True.
Feb 19 00:46:44.477245 n-d-826529-3 devstack@n-api.service[125018]: WARNING keystonemiddleware.auth_token [None req-34a13e09-cd85-4896-b9ce-3432a272a305 None None] AuthToken middleware is set with keystone_authtoken.service_token_roles_required set to False. This is backwards compatible but deprecated behaviour. Please set this to True.
Feb 19 00:46:44.478552 n-d-826529-3 devstack@n-api.service[125017]: WARNING keystonemiddleware.auth_token [None req-05813858-d569-447a-91b5-ff36fbf948ba None None] Configuring www_authenticate_uri to point to the public identity endpoint is required; clients may not be able to authenticate against an admin endpoint
Feb 19 00:46:44.482568 n-d-826529-3 devstack@n-api.service[125018]: WARNING keystonemiddleware.auth_token [None req-34a13e09-cd85-4896-b9ce-3432a272a305 None None] Configuring www_authenticate_uri to point to the public identity endpoint is required; clients may not be able to authenticate against an admin endpoint
Feb 19 00:46:44.483935 n-d-826529-3 devstack@n-api.service[125017]: WSGI app 0 (mountpoint='') ready in 6 seconds on interpreter 0x555590f139c0 pid: 125017 (default app)
Feb 19 00:46:44.487929 n-d-826529-3 devstack@n-api.service[125018]: WSGI app 0 (mountpoint='') ready in 6 seconds on interpreter 0x555590f139c0 pid: 125018 (default app)
Feb 19 00:47:28.273553 n-d-826529-3 devstack@n-api.service[125017]: DEBUG nova.api.openstack.wsgi [None req-e48426f0-3afd-473d-93cf-2b5a2c45092c tempest-DeleteServersAdminTestJSON-696701212 tempest-DeleteServersAdminTestJSON-696701212-project] Action: 'create', calling method: >, body: {"server": {"name": "tempest-DeleteServersAdminTestJSON-server-1724477931", "imageRef": "4505ae8b-5fa6-4b9b-a021-250e23901a01", "flavorRef": "452"}} {{(pid=125017) _process_stack /opt/stack/nova/nova/api/openstack/wsgi.py:511}}
Feb 19 00:47:28.912721 n-d-826529-3 devstack@n-api.service[125018]: DEBUG nova.api.openstack.wsgi [None req-ad4f2719-31ea-401b-82ee-df1f03066a5f tempest-InstanceUsageAuditLogTestJSON-1369047400 tempest-InstanceUsageAuditLogTestJSON-1369047400-project-admin] Calling method '>' {{(pid=125018) _process_stack /opt/stack/nova/nova/api/openstack/wsgi.py:513}}
Feb 19 00:47:28.912721 n-d-826529-3 devstack@n-api.service[125018]: /usr/local/lib/python3.8/dist-packages/oslo_policy/policy.py:1119: UserWarning: Policy "os_compute_api:os-instance-usage-audit-log:show": "rule:system_reader_api" failed scope check. The token used to make the request was project scoped but the policy requires ['system'] scope. This behavior may change in the future where using the intended scope is required
Feb 19 00:47:28.912721 n-d-826529-3 devstack@n-api.service[125018]: warnings.warn(msg)
Feb 19 00:47:28.931143 n-d-826529-3 devstack@n-api.service[125018]: INFO nova.api.openstack.requestlog [None req-ad4f2719-31ea-401b-82ee-df1f03066a5f tempest-InstanceUsageAuditLogTestJSON-1369047400 tempest-InstanceUsageAuditLogTestJSON-1369047400-project-admin] 10.222.0.94 "GET /compute/v2.1/os-instance_usage_audit_log/2022-02-19 00:47:27" status: 200 len: 318 microversion: 2.1 time: 1.043209
Feb 19 00:47:28.931989 n-d-826529-3 devstack@n-api.service[125018]: [pid: 125018|app: 0|req: 1/1] 10.222.0.94 () {58 vars in 1250 bytes} [Sat Feb 19 00:47:27 2022] GET /compute/v2.1/os-instance_usage_audit_log/2022-02-19%2000%3A47%3A27 => generated 318 bytes in 1045 msecs (HTTP/1.1 200) 9 headers in 357 bytes (1 switches on core 0)
Feb 19 00:47:28.953279 n-d-826529-3 devstack@n-api.service[125017]: DEBUG nova.network.neutron [None req-e48426f0-3afd-473d-93cf-2b5a2c45092c tempest-DeleteServersAdminTestJSON-696701212 tempest-DeleteServersAdminTestJSON-696701212-project] validate_networks() for None {{(pid=125017) validate_networks /opt/stack/nova/nova/network/neutron.py:2633}}
Feb 19 00:47:29.053133 n-d-826529-3 devstack@n-api.service[125018]: DEBUG nova.api.openstack.wsgi [None req-8d9ab322-46d0-4907-a02c-296fb7da8be4 tempest-AggregatesAdminTestV241-1956127827 tempest-AggregatesAdminTestV241-1956127827-project-admin] Calling method '.version_select at 0x7f0cf6932820>' {{(pid=125018) _process_stack /opt/stack/nova/nova/api/openstack/wsgi.py:513}}
Feb 19 00:47:29.054791 n-d-826529-3 devstack@n-api.service[125018]: /usr/local/lib/python3.8/dist-packages/oslo_policy/policy.py:1119: UserWarning: Policy "os_compute_api:os-hypervisors:list-detail": "rule:system_reader_api" failed scope check. The token used to make the request was project scoped but the policy requires ['system'] scope. This behavior may change in the future where using the intended scope is required
Feb 19 00:47:29.054791 n-d-826529-3 devstack@n-api.service[125018]: warnings.warn(msg)
Feb 19 00:47:29.061073 n-d-826529-3 devstack@n-api.service[125018]: DEBUG nova.compute.api [None req-8d9ab322-46d0-4907-a02c-296fb7da8be4 tempest-AggregatesAdminTestV241-1956127827 tempest-AggregatesAdminTestV241-1956127827-project-admin] Found 2 cells: 00000000-0000-0000-0000-000000000000(cell0),a8a51442-03cf-4db3-aeb6-b79fb2e467ca(cell1) {{(pid=125018) load_cells /opt/stack/nova/nova/compute/api.py:304}}
Feb 19 00:47:29.061889 n-d-826529-3 devstack@n-api.service[125018]: DEBUG oslo_concurrency.lockutils [None req-8d9ab322-46d0-4907-a02c-296fb7da8be4 tempest-AggregatesAdminTestV241-1956127827 tempest-AggregatesAdminTestV241-1956127827-project-admin] Lock "a8a51442-03cf-4db3-aeb6-b79fb2e467ca" acquired by "nova.context.set_target_cell..get_or_set_cached_cell_and_set_connections" :: waited 0.000s {{(pid=125018) inner /usr/local/lib/python3.8/dist-packages/oslo_concurrency/lockutils.py:386}}
Feb 19 00:47:29.062325 n-d-826529-3 devstack@n-api.service[125018]: DEBUG oslo_concurrency.lockutils [None req-8d9ab322-46d0-4907-a02c-296fb7da8be4 tempest-AggregatesAdminTestV241-1956127827 tempest-AggregatesAdminTestV241-1956127827-project-admin] Lock "a8a51442-03cf-4db3-aeb6-b79fb2e467ca" "released" by "nova.context.set_target_cell..get_or_set_cached_cell_and_set_connections" :: held 0.000s {{(pid=125018) inner /usr/local/lib/python3.8/dist-packages/oslo_concurrency/lockutils.py:400}}
Feb 19 00:47:29.088840 n-d-826529-3 devstack@n-api.service[125018]: DEBUG oslo_concurrency.lockutils [None req-8d9ab322-46d0-4907-a02c-296fb7da8be4 tempest-AggregatesAdminTestV241-1956127827 tempest-AggregatesAdminTestV241-1956127827-project-admin] Lock "a8a51442-03cf-4db3-aeb6-b79fb2e467ca" acquired by "nova.context.set_target_cell..get_or_set_cached_cell_and_set_connections" :: waited 0.000s {{(pid=125018) inner /usr/local/lib/python3.8/dist-packages/oslo_concurrency/lockutils.py:386}}
Feb 19 00:47:29.089287 n-d-826529-3 devstack@n-api.service[125018]: DEBUG oslo_concurrency.lockutils [None req-8d9ab322-46d0-4907-a02c-296fb7da8be4 tempest-AggregatesAdminTestV241-1956127827 tempest-AggregatesAdminTestV241-1956127827-project-admin] Lock "a8a51442-03cf-4db3-aeb6-b79fb2e467ca" "released" by "nova.context.set_target_cell..get_or_set_cached_cell_and_set_connections" :: held 0.001s {{(pid=125018) inner /usr/local/lib/python3.8/dist-packages/oslo_concurrency/lockutils.py:400}}
Feb 19 00:47:29.105613 n-d-826529-3 devstack@n-api.service[125018]: DEBUG oslo_concurrency.lockutils [None req-8d9ab322-46d0-4907-a02c-296fb7da8be4 tempest-AggregatesAdminTestV241-1956127827 tempest-AggregatesAdminTestV241-1956127827-project-admin] Lock "a8a51442-03cf-4db3-aeb6-b79fb2e467ca" acquired by "nova.context.set_target_cell..get_or_set_cached_cell_and_set_connections" :: waited 0.000s {{(pid=125018) inner /usr/local/lib/python3.8/dist-packages/oslo_concurrency/lockutils.py:386}}
Feb 19 00:47:29.106060 n-d-826529-3 devstack@n-api.service[125018]: DEBUG oslo_concurrency.lockutils [None req-8d9ab322-46d0-4907-a02c-296fb7da8be4 tempest-AggregatesAdminTestV241-1956127827 tempest-AggregatesAdminTestV241-1956127827-project-admin] Lock "a8a51442-03cf-4db3-aeb6-b79fb2e467ca" "released" by "nova.context.set_target_cell..get_or_set_cached_cell_and_set_connections" :: held 0.001s {{(pid=125018) inner /usr/local/lib/python3.8/dist-packages/oslo_concurrency/lockutils.py:400}}
Feb 19 00:47:29.113263 n-d-826529-3 devstack@n-api.service[125018]: INFO nova.api.openstack.requestlog [None req-8d9ab322-46d0-4907-a02c-296fb7da8be4 tempest-AggregatesAdminTestV241-1956127827 tempest-AggregatesAdminTestV241-1956127827-project-admin] 10.222.0.94 "GET /compute/v2.1/os-hypervisors/detail" status: 200 len: 1424 microversion: 2.41 time: 0.180153
Feb 19 00:47:29.114286 n-d-826529-3 devstack@n-api.service[125018]: [pid: 125018|app: 0|req: 2/2] 10.222.0.94 () {60 vars in 1207 bytes} [Sat Feb 19 00:47:28 2022] GET /compute/v2.1/os-hypervisors/detail => generated 1424 bytes in 182 msecs (HTTP/1.1 200) 9 headers in 360 bytes (1 switches on core 0)
Feb 19 00:47:29.181859 n-d-826529-3 devstack@n-api.service[125017]: DEBUG nova.virt.hardware [None req-e48426f0-3afd-473d-93cf-2b5a2c45092c tempest-DeleteServersAdminTestJSON-696701212 tempest-DeleteServersAdminTestJSON-696701212-project] Flavor limits 0:0:0 {{(pid=125017) get_cpu_topology_constraints /opt/stack/nova/nova/virt/hardware.py:343}}
Feb 19 00:47:29.182274 n-d-826529-3 devstack@n-api.service[125017]: DEBUG nova.virt.hardware [None req-e48426f0-3afd-473d-93cf-2b5a2c45092c tempest-DeleteServersAdminTestJSON-696701212 tempest-DeleteServersAdminTestJSON-696701212-project] Image limits 0:0:0 {{(pid=125017) get_cpu_topology_constraints /opt/stack/nova/nova/virt/hardware.py:347}}
Feb 19 00:47:29.182737 n-d-826529-3 devstack@n-api.service[125017]: DEBUG nova.virt.hardware [None req-e48426f0-3afd-473d-93cf-2b5a2c45092c tempest-DeleteServersAdminTestJSON-696701212 tempest-DeleteServersAdminTestJSON-696701212-project] Flavor pref 0:0:0 {{(pid=125017) get_cpu_topology_constraints /opt/stack/nova/nova/virt/hardware.py:383}}
Feb 19 00:47:29.183151 n-d-826529-3 devstack@n-api.service[125017]: DEBUG nova.virt.hardware [None req-e48426f0-3afd-473d-93cf-2b5a2c45092c tempest-DeleteServersAdminTestJSON-696701212 tempest-DeleteServersAdminTestJSON-696701212-project] Image pref 0:0:0 {{(pid=125017) get_cpu_topology_constraints /opt/stack/nova/nova/virt/hardware.py:387}}
Feb 19 00:47:29.183558 n-d-826529-3 devstack@n-api.service[125017]: DEBUG nova.virt.hardware [None req-e48426f0-3afd-473d-93cf-2b5a2c45092c tempest-DeleteServersAdminTestJSON-696701212 tempest-DeleteServersAdminTestJSON-696701212-project] Chose sockets=0, cores=0, threads=0; limits were sockets=65536, cores=65536, threads=65536 {{(pid=125017) get_cpu_topology_constraints /opt/stack/nova/nova/virt/hardware.py:425}}
Feb 19 00:47:29.197312 n-d-826529-3 devstack@n-api.service[125017]: DEBUG oslo_concurrency.lockutils [None req-e48426f0-3afd-473d-93cf-2b5a2c45092c tempest-DeleteServersAdminTestJSON-696701212 tempest-DeleteServersAdminTestJSON-696701212-project] Lock "00000000-0000-0000-0000-000000000000" acquired by "nova.context.set_target_cell..get_or_set_cached_cell_and_set_connections" :: waited 0.000s {{(pid=125017) inner /usr/local/lib/python3.8/dist-packages/oslo_concurrency/lockutils.py:386}}
Feb 19 00:47:29.197994 n-d-826529-3 devstack@n-api.service[125017]: DEBUG oslo_concurrency.lockutils [None req-e48426f0-3afd-473d-93cf-2b5a2c45092c tempest-DeleteServersAdminTestJSON-696701212 tempest-DeleteServersAdminTestJSON-696701212-project] Lock "00000000-0000-0000-0000-000000000000" "released" by "nova.context.set_target_cell..get_or_set_cached_cell_and_set_connections" :: held 0.001s {{(pid=125017) inner /usr/local/lib/python3.8/dist-packages/oslo_concurrency/lockutils.py:400}}
Feb 19 00:47:29.198793 n-d-826529-3 devstack@n-api.service[125017]: DEBUG oslo_concurrency.lockutils [None req-e48426f0-3afd-473d-93cf-2b5a2c45092c tempest-DeleteServersAdminTestJSON-696701212 tempest-DeleteServersAdminTestJSON-696701212-project] Lock "a8a51442-03cf-4db3-aeb6-b79fb2e467ca" acquired by "nova.context.set_target_cell..get_or_set_cached_cell_and_set_connections" :: waited 0.000s {{(pid=125017) inner /usr/local/lib/python3.8/dist-packages/oslo_concurrency/lockutils.py:386}}
Feb 19 00:47:29.199256 n-d-826529-3 devstack@n-api.service[125017]: DEBUG oslo_concurrency.lockutils [None req-e48426f0-3afd-473d-93cf-2b5a2c45092c tempest-DeleteServersAdminTestJSON-696701212 tempest-DeleteServersAdminTestJSON-696701212-project] Lock "a8a51442-03cf-4db3-aeb6-b79fb2e467ca" "released" by "nova.context.set_target_cell..get_or_set_cached_cell_and_set_connections" :: held 0.000s {{(pid=125017) inner /usr/local/lib/python3.8/dist-packages/oslo_concurrency/lockutils.py:400}}
Feb 19 00:47:29.231790 n-d-826529-3 devstack@n-api.service[125017]: DEBUG nova.quota [None req-e48426f0-3afd-473d-93cf-2b5a2c45092c tempest-DeleteServersAdminTestJSON-696701212 tempest-DeleteServersAdminTestJSON-696701212-project] Getting quotas for project a86ca312b3924117b03044527dc5db13. Resources: {'instances', 'cores', 'ram'} {{(pid=125017) _get_quotas /opt/stack/nova/nova/quota.py:387}}
Feb 19 00:47:29.238304 n-d-826529-3 devstack@n-api.service[125017]: DEBUG nova.quota [None req-e48426f0-3afd-473d-93cf-2b5a2c45092c tempest-DeleteServersAdminTestJSON-696701212 tempest-DeleteServersAdminTestJSON-696701212-project] Getting quotas for user 34679fa05ed046f0859819e568f00e1c and project a86ca312b3924117b03044527dc5db13. Resources: {'instances', 'cores', 'ram'} {{(pid=125017) _get_quotas /opt/stack/nova/nova/quota.py:377}}
Feb 19 00:47:29.249860 n-d-826529-3 devstack@n-api.service[125017]: DEBUG nova.compute.api [None req-e48426f0-3afd-473d-93cf-2b5a2c45092c tempest-DeleteServersAdminTestJSON-696701212 tempest-DeleteServersAdminTestJSON-696701212-project] Going to run 1 instances... {{(pid=125017) _provision_instances /opt/stack/nova/nova/compute/api.py:1350}}
Feb 19 00:47:29.252799 n-d-826529-3 devstack@n-api.service[125017]: DEBUG nova.compute.api [None req-e48426f0-3afd-473d-93cf-2b5a2c45092c tempest-DeleteServersAdminTestJSON-696701212 tempest-DeleteServersAdminTestJSON-696701212-project] [instance: 2bb5d170-c68c-4191-9bb8-c0990f8d6712] block_device_mapping [BlockDeviceMapping(attachment_id=,boot_index=0,connection_info=None,created_at=,delete_on_termination=True,deleted=,deleted_at=,destination_type='local',device_name=None,device_type='disk',disk_bus=None,guest_format=None,id=,image_id='4505ae8b-5fa6-4b9b-a021-250e23901a01',instance=,instance_uuid=,no_device=False,snapshot_id=None,source_type='image',tag=None,updated_at=,uuid=,volume_id=None,volume_size=None,volume_type=None)] {{(pid=125017) _bdm_validate_set_size_and_instance /opt/stack/nova/nova/compute/api.py:1757}}
Feb 19 00:47:29.305094 n-d-826529-3 devstack@n-api.service[125018]: DEBUG nova.api.openstack.wsgi [None req-8b8d9095-7cb4-41fe-ab47-7afb16dcca85 tempest-AggregatesAdminNegativeTestJSON-765934121 tempest-AggregatesAdminNegativeTestJSON-765934121-project-admin] Calling method '>' {{(pid=125018) _process_stack /opt/stack/nova/nova/api/openstack/wsgi.py:513}}
Feb 19 00:47:29.306339 n-d-826529-3 devstack@n-api.service[125018]: /usr/local/lib/python3.8/dist-packages/oslo_policy/policy.py:1119: UserWarning: Policy "os_compute_api:os-services:list": "rule:system_reader_api" failed scope check. The token used to make the request was project scoped but the policy requires ['system'] scope. This behavior may change in the future where using the intended scope is required
Feb 19 00:47:29.306339 n-d-826529-3 devstack@n-api.service[125018]: warnings.warn(msg)
Feb 19 00:47:29.307927 n-d-826529-3 devstack@n-api.service[125018]: DEBUG oslo_concurrency.lockutils [None req-8b8d9095-7cb4-41fe-ab47-7afb16dcca85 tempest-AggregatesAdminNegativeTestJSON-765934121 tempest-AggregatesAdminNegativeTestJSON-765934121-project-admin] Lock "00000000-0000-0000-0000-000000000000" acquired by "nova.context.set_target_cell..get_or_set_cached_cell_and_set_connections" :: waited 0.000s {{(pid=125018) inner /usr/local/lib/python3.8/dist-packages/oslo_concurrency/lockutils.py:386}}
Feb 19 00:47:29.308414 n-d-826529-3 devstack@n-api.service[125018]: DEBUG oslo_concurrency.lockutils [None req-8b8d9095-7cb4-41fe-ab47-7afb16dcca85 tempest-AggregatesAdminNegativeTestJSON-765934121 tempest-AggregatesAdminNegativeTestJSON-765934121-project-admin] Lock "00000000-0000-0000-0000-000000000000" "released" by "nova.context.set_target_cell..get_or_set_cached_cell_and_set_connections" :: held 0.000s {{(pid=125018) inner /usr/local/lib/python3.8/dist-packages/oslo_concurrency/lockutils.py:400}}
Feb 19 00:47:29.309207 n-d-826529-3 devstack@n-api.service[125018]: DEBUG oslo_concurrency.lockutils [None req-8b8d9095-7cb4-41fe-ab47-7afb16dcca85 tempest-AggregatesAdminNegativeTestJSON-765934121 tempest-AggregatesAdminNegativeTestJSON-765934121-project-admin] Lock "a8a51442-03cf-4db3-aeb6-b79fb2e467ca" acquired by "nova.context.set_target_cell..get_or_set_cached_cell_and_set_connections" :: waited 0.000s {{(pid=125018) inner /usr/local/lib/python3.8/dist-packages/oslo_concurrency/lockutils.py:386}}
Feb 19 00:47:29.309628 n-d-826529-3 devstack@n-api.service[125018]: DEBUG oslo_concurrency.lockutils [None req-8b8d9095-7cb4-41fe-ab47-7afb16dcca85 tempest-AggregatesAdminNegativeTestJSON-765934121 tempest-AggregatesAdminNegativeTestJSON-765934121-project-admin] Lock "a8a51442-03cf-4db3-aeb6-b79fb2e467ca" "released" by "nova.context.set_target_cell..get_or_set_cached_cell_and_set_connections" :: held 0.000s {{(pid=125018) inner /usr/local/lib/python3.8/dist-packages/oslo_concurrency/lockutils.py:400}}
Feb 19 00:47:29.349816 n-d-826529-3 devstack@n-api.service[125018]: INFO nova.api.openstack.requestlog [None req-8b8d9095-7cb4-41fe-ab47-7afb16dcca85 tempest-AggregatesAdminNegativeTestJSON-765934121 tempest-AggregatesAdminNegativeTestJSON-765934121-project-admin] 10.222.0.94 "GET /compute/v2.1/os-services?binary=nova-compute" status: 200 len: 380 microversion: 2.1 time: 0.234369
Feb 19 00:47:29.350552 n-d-826529-3 devstack@n-api.service[125018]: [pid: 125018|app: 0|req: 3/3] 10.222.0.94 () {58 vars in 1175 bytes} [Sat Feb 19 00:47:29 2022] GET /compute/v2.1/os-services?binary=nova-compute => generated 380 bytes in 236 msecs (HTTP/1.1 200) 9 headers in 357 bytes (1 switches on core 0)
Feb 19 00:47:29.402622 n-d-826529-3 devstack@n-api.service[125017]: INFO nova.api.openstack.requestlog [None req-e48426f0-3afd-473d-93cf-2b5a2c45092c tempest-DeleteServersAdminTestJSON-696701212 tempest-DeleteServersAdminTestJSON-696701212-project] 10.222.0.94 "POST /compute/v2.1/servers" status: 202 len: 380 microversion: 2.1 time: 2.440208
Feb 19 00:47:29.403805 n-d-826529-3 devstack@n-api.service[125017]: [pid: 125017|app: 0|req: 1/4] 10.222.0.94 () {60 vars in 1146 bytes} [Sat Feb 19 00:47:26 2022] POST /compute/v2.1/servers => generated 380 bytes in 2443 msecs (HTTP/1.1 202) 10 headers in 451 bytes (1 switches on core 0)
Feb 19 00:47:29.473851 n-d-826529-3 devstack@n-api.service[125018]: DEBUG nova.api.openstack.wsgi [None req-66774db3-4c22-4edc-aa82-6b2b63bede93 tempest-AZAdminV2TestJSON-49319591 tempest-AZAdminV2TestJSON-49319591-project-admin] Calling method '>' {{(pid=125018) _process_stack /opt/stack/nova/nova/api/openstack/wsgi.py:513}}
Feb 19 00:47:29.475775 n-d-826529-3 devstack@n-api.service[125018]: DEBUG oslo_concurrency.lockutils [None req-66774db3-4c22-4edc-aa82-6b2b63bede93 tempest-AZAdminV2TestJSON-49319591 tempest-AZAdminV2TestJSON-49319591-project-admin] Lock "00000000-0000-0000-0000-000000000000" acquired by "nova.context.set_target_cell..get_or_set_cached_cell_and_set_connections" :: waited 0.000s {{(pid=125018) inner /usr/local/lib/python3.8/dist-packages/oslo_concurrency/lockutils.py:386}}
Feb 19 00:47:29.476219 n-d-826529-3 devstack@n-api.service[125018]: DEBUG oslo_concurrency.lockutils [None req-66774db3-4c22-4edc-aa82-6b2b63bede93 tempest-AZAdminV2TestJSON-49319591 tempest-AZAdminV2TestJSON-49319591-project-admin] Lock "00000000-0000-0000-0000-000000000000" "released" by "nova.context.set_target_cell..get_or_set_cached_cell_and_set_connections" :: held 0.000s {{(pid=125018) inner /usr/local/lib/python3.8/dist-packages/oslo_concurrency/lockutils.py:400}}
Feb 19 00:47:29.477060 n-d-826529-3 devstack@n-api.service[125018]: DEBUG oslo_concurrency.lockutils [None req-66774db3-4c22-4edc-aa82-6b2b63bede93 tempest-AZAdminV2TestJSON-49319591 tempest-AZAdminV2TestJSON-49319591-project-admin] Lock "a8a51442-03cf-4db3-aeb6-b79fb2e467ca" acquired by "nova.context.set_target_cell..get_or_set_cached_cell_and_set_connections" :: waited 0.000s {{(pid=125018) inner /usr/local/lib/python3.8/dist-packages/oslo_concurrency/lockutils.py:386}}
Feb 19 00:47:29.477490 n-d-826529-3 devstack@n-api.service[125018]: DEBUG oslo_concurrency.lockutils [None req-66774db3-4c22-4edc-aa82-6b2b63bede93 tempest-AZAdminV2TestJSON-49319591 tempest-AZAdminV2TestJSON-49319591-project-admin] Lock "a8a51442-03cf-4db3-aeb6-b79fb2e467ca" "released" by "nova.context.set_target_cell..get_or_set_cached_cell_and_set_connections" :: held 0.000s {{(pid=125018) inner /usr/local/lib/python3.8/dist-packages/oslo_concurrency/lockutils.py:400}}
Feb 19 00:47:29.501793 n-d-826529-3 devstack@n-api.service[125018]: INFO nova.api.openstack.requestlog [None req-66774db3-4c22-4edc-aa82-6b2b63bede93 tempest-AZAdminV2TestJSON-49319591 tempest-AZAdminV2TestJSON-49319591-project-admin] 10.222.0.94 "GET /compute/v2.1/os-availability-zone" status: 200 len: 97 microversion: 2.1 time: 0.149716
Feb 19 00:47:29.503169 n-d-826529-3 devstack@n-api.service[125018]: [pid: 125018|app: 0|req: 4/5] 10.222.0.94 () {58 vars in 1163 bytes} [Sat Feb 19 00:47:29 2022] GET /compute/v2.1/os-availability-zone => generated 97 bytes in 152 msecs (HTTP/1.1 200) 9 headers in 356 bytes (1 switches on core 0)
Feb 19 00:47:29.591539 n-d-826529-3 devstack@n-api.service[125017]: DEBUG nova.api.openstack.wsgi [None req-4e45f77a-c1cf-4fbe-81a5-5b7e0c88271f tempest-AggregatesAdminTestJSON-1037998940 tempest-AggregatesAdminTestJSON-1037998940-project-admin] Calling method '.version_select at 0x7f0cf683daf0>' {{(pid=125017) _process_stack /opt/stack/nova/nova/api/openstack/wsgi.py:513}}
Feb 19 00:47:29.593023 n-d-826529-3 devstack@n-api.service[125017]: /usr/local/lib/python3.8/dist-packages/oslo_policy/policy.py:1119: UserWarning: Policy "os_compute_api:os-hypervisors:list-detail": "rule:system_reader_api" failed scope check. The token used to make the request was project scoped but the policy requires ['system'] scope. This behavior may change in the future where using the intended scope is required
Feb 19 00:47:29.593023 n-d-826529-3 devstack@n-api.service[125017]: warnings.warn(msg)
Feb 19 00:47:29.600028 n-d-826529-3 devstack@n-api.service[125017]: DEBUG nova.compute.api [None req-4e45f77a-c1cf-4fbe-81a5-5b7e0c88271f tempest-AggregatesAdminTestJSON-1037998940 tempest-AggregatesAdminTestJSON-1037998940-project-admin] Found 2 cells: 00000000-0000-0000-0000-000000000000(cell0),a8a51442-03cf-4db3-aeb6-b79fb2e467ca(cell1) {{(pid=125017) load_cells /opt/stack/nova/nova/compute/api.py:304}}
Feb 19 00:47:29.600879 n-d-826529-3 devstack@n-api.service[125017]: DEBUG oslo_concurrency.lockutils [None req-4e45f77a-c1cf-4fbe-81a5-5b7e0c88271f tempest-AggregatesAdminTestJSON-1037998940 tempest-AggregatesAdminTestJSON-1037998940-project-admin] Lock "a8a51442-03cf-4db3-aeb6-b79fb2e467ca" acquired by "nova.context.set_target_cell..get_or_set_cached_cell_and_set_connections" :: waited 0.000s {{(pid=125017) inner /usr/local/lib/python3.8/dist-packages/oslo_concurrency/lockutils.py:386}}
Feb 19 00:47:29.601339 n-d-826529-3 devstack@n-api.service[125017]: DEBUG oslo_concurrency.lockutils [None req-4e45f77a-c1cf-4fbe-81a5-5b7e0c88271f tempest-AggregatesAdminTestJSON-1037998940 tempest-AggregatesAdminTestJSON-1037998940-project-admin] Lock "a8a51442-03cf-4db3-aeb6-b79fb2e467ca" "released" by "nova.context.set_target_cell..get_or_set_cached_cell_and_set_connections" :: held 0.000s {{(pid=125017) inner /usr/local/lib/python3.8/dist-packages/oslo_concurrency/lockutils.py:400}}
Feb 19 00:47:29.626481 n-d-826529-3 devstack@n-api.service[125017]: DEBUG oslo_concurrency.lockutils [None req-4e45f77a-c1cf-4fbe-81a5-5b7e0c88271f tempest-AggregatesAdminTestJSON-1037998940 tempest-AggregatesAdminTestJSON-1037998940-project-admin] Lock "a8a51442-03cf-4db3-aeb6-b79fb2e467ca" acquired by "nova.context.set_target_cell..get_or_set_cached_cell_and_set_connections" :: waited 0.000s {{(pid=125017) inner /usr/local/lib/python3.8/dist-packages/oslo_concurrency/lockutils.py:386}}
Feb 19 00:47:29.626940 n-d-826529-3 devstack@n-api.service[125017]: DEBUG oslo_concurrency.lockutils [None req-4e45f77a-c1cf-4fbe-81a5-5b7e0c88271f tempest-AggregatesAdminTestJSON-1037998940 tempest-AggregatesAdminTestJSON-1037998940-project-admin] Lock "a8a51442-03cf-4db3-aeb6-b79fb2e467ca" "released" by "nova.context.set_target_cell..get_or_set_cached_cell_and_set_connections" :: held 0.001s {{(pid=125017) inner /usr/local/lib/python3.8/dist-packages/oslo_concurrency/lockutils.py:400}}
Feb 19 00:47:29.640406 n-d-826529-3 devstack@n-api.service[125017]: DEBUG oslo_concurrency.lockutils [None req-4e45f77a-c1cf-4fbe-81a5-5b7e0c88271f tempest-AggregatesAdminTestJSON-1037998940 tempest-AggregatesAdminTestJSON-1037998940-project-admin] Lock "a8a51442-03cf-4db3-aeb6-b79fb2e467ca" acquired by "nova.context.set_target_cell..get_or_set_cached_cell_and_set_connections" :: waited 0.000s {{(pid=125017) inner /usr/local/lib/python3.8/dist-packages/oslo_concurrency/lockutils.py:386}}
Feb 19 00:47:29.640860 n-d-826529-3 devstack@n-api.service[125017]: DEBUG oslo_concurrency.lockutils [None req-4e45f77a-c1cf-4fbe-81a5-5b7e0c88271f tempest-AggregatesAdminTestJSON-1037998940 tempest-AggregatesAdminTestJSON-1037998940-project-admin] Lock "a8a51442-03cf-4db3-aeb6-b79fb2e467ca" "released" by "nova.context.set_target_cell..get_or_set_cached_cell_and_set_connections" :: held 0.001s {{(pid=125017) inner /usr/local/lib/python3.8/dist-packages/oslo_concurrency/lockutils.py:400}}
Feb 19 00:47:29.646843 n-d-826529-3 devstack@n-api.service[125017]: INFO nova.api.openstack.requestlog [None req-4e45f77a-c1cf-4fbe-81a5-5b7e0c88271f tempest-AggregatesAdminTestJSON-1037998940 tempest-AggregatesAdminTestJSON-1037998940-project-admin] 10.222.0.94 "GET /compute/v2.1/os-hypervisors/detail" status: 200 len: 1504 microversion: 2.1 time: 0.241766
Feb 19 00:47:29.647468 n-d-826529-3 devstack@n-api.service[125017]: [pid: 125017|app: 0|req: 2/6] 10.222.0.94 () {58 vars in 1166 bytes} [Sat Feb 19 00:47:29 2022] GET /compute/v2.1/os-hypervisors/detail => generated 1504 bytes in 243 msecs (HTTP/1.1 200) 9 headers in 358 bytes (1 switches on core 0)
Feb 19 00:47:29.655658 n-d-826529-3 devstack@n-api.service[125017]: DEBUG nova.api.openstack.wsgi [None req-5c34dd7b-51eb-4882-a4c5-204f2a720056 tempest-InstanceUsageAuditLogTestJSON-1369047400 tempest-InstanceUsageAuditLogTestJSON-1369047400-project-admin] Calling method '>' {{(pid=125017) _process_stack /opt/stack/nova/nova/api/openstack/wsgi.py:513}}
Feb 19 00:47:29.655658 n-d-826529-3 devstack@n-api.service[125017]: /usr/local/lib/python3.8/dist-packages/oslo_policy/policy.py:1119: UserWarning: Policy "os_compute_api:os-instance-usage-audit-log:list": "rule:system_reader_api" failed scope check. The token used to make the request was project scoped but the policy requires ['system'] scope. This behavior may change in the future where using the intended scope is required
Feb 19 00:47:29.655658 n-d-826529-3 devstack@n-api.service[125017]: warnings.warn(msg)
Feb 19 00:47:29.671555 n-d-826529-3 devstack@n-api.service[125017]: INFO nova.api.openstack.requestlog [None req-5c34dd7b-51eb-4882-a4c5-204f2a720056 tempest-InstanceUsageAuditLogTestJSON-1369047400 tempest-InstanceUsageAuditLogTestJSON-1369047400-project-admin] 10.222.0.94 "GET /compute/v2.1/os-instance_usage_audit_log" status: 200 len: 319 microversion: 2.1 time: 0.022718
Feb 19 00:47:29.671966 n-d-826529-3 devstack@n-api.service[125017]: [pid: 125017|app: 0|req: 3/7] 10.222.0.94 () {58 vars in 1184 bytes} [Sat Feb 19 00:47:29 2022] GET /compute/v2.1/os-instance_usage_audit_log => generated 319 bytes in 24 msecs (HTTP/1.1 200) 9 headers in 357 bytes (1 switches on core 0)
Feb 19 00:47:29.676685 n-d-826529-3 devstack@n-api.service[125017]: DEBUG nova.api.openstack.wsgi [None req-976f4364-f719-4adc-847a-b7f8c7cae0b0 tempest-AggregatesAdminTestV241-1956127827 tempest-AggregatesAdminTestV241-1956127827-project-admin] Action: 'create', calling method: >, body: {"aggregate": {"name": "tempest-test_aggregate-1571630321"}} {{(pid=125017) _process_stack /opt/stack/nova/nova/api/openstack/wsgi.py:511}}
Feb 19 00:47:29.678625 n-d-826529-3 devstack@n-api.service[125017]: /usr/local/lib/python3.8/dist-packages/oslo_policy/policy.py:1119: UserWarning: Policy "os_compute_api:os-aggregates:create": "rule:system_admin_api" failed scope check. The token used to make the request was project scoped but the policy requires ['system'] scope. This behavior may change in the future where using the intended scope is required
Feb 19 00:47:29.678625 n-d-826529-3 devstack@n-api.service[125017]: warnings.warn(msg)
Feb 19 00:47:29.679316 n-d-826529-3 devstack@n-api.service[125017]: DEBUG nova.objects.aggregate [None req-976f4364-f719-4adc-847a-b7f8c7cae0b0 tempest-AggregatesAdminTestV241-1956127827 tempest-AggregatesAdminTestV241-1956127827-project-admin] Generated uuid 0203faea-7c35-4cfb-8597-dbb64bef5142 for aggregate {{(pid=125017) create /opt/stack/nova/nova/objects/aggregate.py:298}}
Feb 19 00:47:29.805348 n-d-826529-3 devstack@n-api.service[125017]: INFO nova.api.openstack.requestlog [None req-976f4364-f719-4adc-847a-b7f8c7cae0b0 tempest-AggregatesAdminTestV241-1956127827 tempest-AggregatesAdminTestV241-1956127827-project-admin] 10.222.0.94 "POST /compute/v2.1/os-aggregates" status: 200 len: 246 microversion: 2.41 time: 0.132557
Feb 19 00:47:29.806151 n-d-826529-3 devstack@n-api.service[125018]: DEBUG nova.api.openstack.wsgi [None req-0d81f472-712e-489b-b2f1-df0b5ce4fc3c tempest-FlavorsV261TestJSON-558545706 tempest-FlavorsV261TestJSON-558545706-project-admin] Action: 'create', calling method: >, body: {"flavor": {"ram": 512, "vcpus": 1, "disk": 10, "name": "tempest-FlavorsV261TestJSON-flavor-1991054507", "id": 596877266, "os-flavor-access:is_public": "True"}} {{(pid=125018) _process_stack /opt/stack/nova/nova/api/openstack/wsgi.py:511}}
Feb 19 00:47:29.806917 n-d-826529-3 devstack@n-api.service[125017]: [pid: 125017|app: 0|req: 4/8] 10.222.0.94 () {62 vars in 1204 bytes} [Sat Feb 19 00:47:29 2022] POST /compute/v2.1/os-aggregates => generated 246 bytes in 134 msecs (HTTP/1.1 200) 9 headers in 359 bytes (1 switches on core 0)
Feb 19 00:47:29.811918 n-d-826529-3 devstack@n-api.service[125017]: DEBUG nova.api.openstack.wsgi [None req-fc1ba338-4a78-4bb4-a220-183f3ee96654 tempest-DeleteServersAdminTestJSON-696701212 tempest-DeleteServersAdminTestJSON-696701212-project] Calling method '>' {{(pid=125017) _process_stack /opt/stack/nova/nova/api/openstack/wsgi.py:513}}
Feb 19 00:47:29.819230 n-d-826529-3 devstack@n-api.service[125017]: DEBUG nova.compute.api [None req-fc1ba338-4a78-4bb4-a220-183f3ee96654 tempest-DeleteServersAdminTestJSON-696701212 tempest-DeleteServersAdminTestJSON-696701212-project] [instance: 2bb5d170-c68c-4191-9bb8-c0990f8d6712] Fetching instance by UUID {{(pid=125017) get /opt/stack/nova/nova/compute/api.py:2865}}
Feb 19 00:47:29.835616 n-d-826529-3 devstack@n-api.service[125018]: /usr/local/lib/python3.8/dist-packages/oslo_policy/policy.py:1119: UserWarning: Policy "os_compute_api:os-flavor-manage:create": "rule:system_admin_api" failed scope check. The token used to make the request was project scoped but the policy requires ['system'] scope. This behavior may change in the future where using the intended scope is required
Feb 19 00:47:29.835616 n-d-826529-3 devstack@n-api.service[125018]: warnings.warn(msg)
Feb 19 00:47:29.903455 n-d-826529-3 devstack@n-api.service[125017]: DEBUG nova.policy [None req-fc1ba338-4a78-4bb4-a220-183f3ee96654 tempest-DeleteServersAdminTestJSON-696701212 tempest-DeleteServersAdminTestJSON-696701212-project] Policy check for os_compute_api:os-extended-server-attributes failed with credentials {'is_admin': False, 'user_id': '34679fa05ed046f0859819e568f00e1c', 'user_domain_id': 'default', 'system_scope': None, 'domain_id': None, 'project_id': 'a86ca312b3924117b03044527dc5db13', 'project_domain_id': 'default', 'roles': ['reader', 'member'], 'is_admin_project': True, 'service_user_id': None, 'service_user_domain_id': None, 'service_project_id': None, 'service_project_domain_id': None, 'service_roles': []} {{(pid=125017) authorize /opt/stack/nova/nova/policy.py:199}}
Feb 19 00:47:29.918136 n-d-826529-3 devstack@n-api.service[125017]: INFO nova.api.openstack.requestlog [None req-fc1ba338-4a78-4bb4-a220-183f3ee96654 tempest-DeleteServersAdminTestJSON-696701212 tempest-DeleteServersAdminTestJSON-696701212-project] 10.222.0.94 "GET /compute/v2.1/servers/2bb5d170-c68c-4191-9bb8-c0990f8d6712" status: 200 len: 1220 microversion: 2.1 time: 0.109350
Feb 19 00:47:29.918665 n-d-826529-3 devstack@n-api.service[125017]: [pid: 125017|app: 0|req: 5/9] 10.222.0.94 () {58 vars in 1235 bytes} [Sat Feb 19 00:47:29 2022] GET /compute/v2.1/servers/2bb5d170-c68c-4191-9bb8-c0990f8d6712 => generated 1220 bytes in 111 msecs (HTTP/1.1 200) 9 headers in 358 bytes (1 switches on core 0)
Feb 19 00:47:29.925584 n-d-826529-3 devstack@n-api.service[125017]: DEBUG nova.api.openstack.wsgi [None req-b89cd44d-81f4-4ad1-b671-7d94e08356e7 tempest-AZAdminV2TestJSON-49319591 tempest-AZAdminV2TestJSON-49319591-project-admin] Calling method '>' {{(pid=125017) _process_stack /opt/stack/nova/nova/api/openstack/wsgi.py:513}}
Feb 19 00:47:29.926541 n-d-826529-3 devstack@n-api.service[125017]: /usr/local/lib/python3.8/dist-packages/oslo_policy/policy.py:1119: UserWarning: Policy "os_compute_api:os-availability-zone:detail": "rule:system_reader_api" failed scope check. The token used to make the request was project scoped but the policy requires ['system'] scope. This behavior may change in the future where using the intended scope is required
Feb 19 00:47:29.926541 n-d-826529-3 devstack@n-api.service[125017]: warnings.warn(msg)
Feb 19 00:47:29.928575 n-d-826529-3 devstack@n-api.service[125017]: DEBUG oslo_concurrency.lockutils [None req-b89cd44d-81f4-4ad1-b671-7d94e08356e7 tempest-AZAdminV2TestJSON-49319591 tempest-AZAdminV2TestJSON-49319591-project-admin] Lock "00000000-0000-0000-0000-000000000000" acquired by "nova.context.set_target_cell..get_or_set_cached_cell_and_set_connections" :: waited 0.000s {{(pid=125017) inner /usr/local/lib/python3.8/dist-packages/oslo_concurrency/lockutils.py:386}}
Feb 19 00:47:29.929183 n-d-826529-3 devstack@n-api.service[125017]: DEBUG oslo_concurrency.lockutils [None req-b89cd44d-81f4-4ad1-b671-7d94e08356e7 tempest-AZAdminV2TestJSON-49319591 tempest-AZAdminV2TestJSON-49319591-project-admin] Lock "00000000-0000-0000-0000-000000000000" "released" by "nova.context.set_target_cell..get_or_set_cached_cell_and_set_connections" :: held 0.001s {{(pid=125017) inner /usr/local/lib/python3.8/dist-packages/oslo_concurrency/lockutils.py:400}}
Feb 19 00:47:29.929988 n-d-826529-3 devstack@n-api.service[125017]: DEBUG oslo_concurrency.lockutils [None req-b89cd44d-81f4-4ad1-b671-7d94e08356e7 tempest-AZAdminV2TestJSON-49319591 tempest-AZAdminV2TestJSON-49319591-project-admin] Lock "a8a51442-03cf-4db3-aeb6-b79fb2e467ca" acquired by "nova.context.set_target_cell..get_or_set_cached_cell_and_set_connections" :: waited 0.000s {{(pid=125017) inner /usr/local/lib/python3.8/dist-packages/oslo_concurrency/lockutils.py:386}}
Feb 19 00:47:29.930476 n-d-826529-3 devstack@n-api.service[125017]: DEBUG oslo_concurrency.lockutils [None req-b89cd44d-81f4-4ad1-b671-7d94e08356e7 tempest-AZAdminV2TestJSON-49319591 tempest-AZAdminV2TestJSON-49319591-project-admin] Lock "a8a51442-03cf-4db3-aeb6-b79fb2e467ca" "released" by "nova.context.set_target_cell..get_or_set_cached_cell_and_set_connections" :: held 0.000s {{(pid=125017) inner /usr/local/lib/python3.8/dist-packages/oslo_concurrency/lockutils.py:400}}
Feb 19 00:47:29.967905 n-d-826529-3 devstack@n-api.service[125018]: INFO nova.api.openstack.requestlog [None req-0d81f472-712e-489b-b2f1-df0b5ce4fc3c tempest-FlavorsV261TestJSON-558545706 tempest-FlavorsV261TestJSON-558545706-project-admin] 10.222.0.94 "POST /compute/v2.1/flavors" status: 200 len: 465 microversion: 2.61 time: 0.463356
Feb 19 00:47:29.969504 n-d-826529-3 devstack@n-api.service[125018]: [pid: 125018|app: 0|req: 5/10] 10.222.0.94 () {62 vars in 1187 bytes} [Sat Feb 19 00:47:29 2022] POST /compute/v2.1/flavors => generated 465 bytes in 465 msecs (HTTP/1.1 200) 9 headers in 359 bytes (1 switches on core 0)
Feb 19 00:47:29.975287 n-d-826529-3 devstack@n-api.service[125018]: DEBUG nova.api.openstack.wsgi [None req-a54b3556-a4e3-4837-832b-2b605770d492 tempest-AggregatesAdminTestV241-1956127827 tempest-AggregatesAdminTestV241-1956127827-project-admin] Action: 'update', calling method: >, body: {"aggregate": {"name": "tempest-test_aggregate-1641218411"}} {{(pid=125018) _process_stack /opt/stack/nova/nova/api/openstack/wsgi.py:511}}
Feb 19 00:47:29.977345 n-d-826529-3 devstack@n-api.service[125017]: INFO nova.api.openstack.requestlog [None req-b89cd44d-81f4-4ad1-b671-7d94e08356e7 tempest-AZAdminV2TestJSON-49319591 tempest-AZAdminV2TestJSON-49319591-project-admin] 10.222.0.94 "GET /compute/v2.1/os-availability-zone/detail" status: 200 len: 612 microversion: 2.1 time: 0.057104
Feb 19 00:47:29.978296 n-d-826529-3 devstack@n-api.service[125017]: [pid: 125017|app: 0|req: 6/11] 10.222.0.94 () {58 vars in 1184 bytes} [Sat Feb 19 00:47:29 2022] GET /compute/v2.1/os-availability-zone/detail => generated 612 bytes in 59 msecs (HTTP/1.1 200) 9 headers in 357 bytes (1 switches on core 0)
Feb 19 00:47:30.054249 n-d-826529-3 devstack@n-api.service[125018]: /usr/local/lib/python3.8/dist-packages/oslo_policy/policy.py:1119: UserWarning: Policy "os_compute_api:os-aggregates:update": "rule:system_admin_api" failed scope check. The token used to make the request was project scoped but the policy requires ['system'] scope. This behavior may change in the future where using the intended scope is required
Feb 19 00:47:30.054249 n-d-826529-3 devstack@n-api.service[125018]: warnings.warn(msg)
Feb 19 00:47:30.226524 n-d-826529-3 devstack@n-api.service[125018]: INFO nova.api.openstack.requestlog [None req-a54b3556-a4e3-4837-832b-2b605770d492 tempest-AggregatesAdminTestV241-1956127827 tempest-AggregatesAdminTestV241-1956127827-project-admin] 10.222.0.94 "PUT /compute/v2.1/os-aggregates/1" status: 200 len: 299 microversion: 2.41 time: 0.255481
Feb 19 00:47:30.232690 n-d-826529-3 devstack@n-api.service[125018]: [pid: 125018|app: 0|req: 6/12] 10.222.0.94 () {62 vars in 1209 bytes} [Sat Feb 19 00:47:29 2022] PUT /compute/v2.1/os-aggregates/1 => generated 299 bytes in 257 msecs (HTTP/1.1 200) 9 headers in 359 bytes (1 switches on core 0)
Feb 19 00:47:30.238328 n-d-826529-3 devstack@n-api.service[125018]: DEBUG nova.api.openstack.wsgi [None req-f7ee3587-31e8-43e7-80f5-4d31df475d82 tempest-AggregatesAdminTestV241-1956127827 tempest-AggregatesAdminTestV241-1956127827-project-admin] Calling method '>' {{(pid=125018) _process_stack /opt/stack/nova/nova/api/openstack/wsgi.py:513}}
Feb 19 00:47:30.241332 n-d-826529-3 devstack@n-api.service[125018]: /usr/local/lib/python3.8/dist-packages/oslo_policy/policy.py:1119: UserWarning: Policy "os_compute_api:os-aggregates:show": "rule:system_reader_api" failed scope check. The token used to make the request was project scoped but the policy requires ['system'] scope. This behavior may change in the future where using the intended scope is required
Feb 19 00:47:30.241332 n-d-826529-3 devstack@n-api.service[125018]: warnings.warn(msg)
Feb 19 00:47:30.248326 n-d-826529-3 devstack@n-api.service[125018]: INFO nova.api.openstack.requestlog [None req-f7ee3587-31e8-43e7-80f5-4d31df475d82 tempest-AggregatesAdminTestV241-1956127827 tempest-AggregatesAdminTestV241-1956127827-project-admin] 10.222.0.94 "GET /compute/v2.1/os-aggregates/1" status: 200 len: 299 microversion: 2.41 time: 0.014375
