Jul 20 04:48:53.867126 n-d-826528-7 devstack@placement-api.service[105792]: DEBUG placement.objects.research_context [req-59f8cc40-6b29-473e-9d7c-1d6bb2e26325 req-633a307d-ba00-4f52-b6ba-ffe13ad078ee service placement] getting providers with 1024 MEMORY_MB {{(pid=105792) __init__ /opt/stack/placement/placement/objects/research_context.py:136}}
Jul 20 04:48:53.875476 n-d-826528-7 devstack@placement-api.service[105792]: DEBUG placement.objects.research_context [req-59f8cc40-6b29-473e-9d7c-1d6bb2e26325 req-633a307d-ba00-4f52-b6ba-ffe13ad078ee service placement] getting providers with 1 VCPU {{(pid=105792) __init__ /opt/stack/placement/placement/objects/research_context.py:136}}
Jul 20 04:48:53.884891 n-d-826528-7 devstack@placement-api.service[105792]: DEBUG placement.objects.research_context [req-59f8cc40-6b29-473e-9d7c-1d6bb2e26325 req-633a307d-ba00-4f52-b6ba-ffe13ad078ee service placement] found 2 providers with available 1 DISK_GB {{(pid=105792) get_provider_ids_matching /opt/stack/placement/placement/objects/research_context.py:563}}
Jul 20 04:48:53.885474 n-d-826528-7 devstack@placement-api.service[105792]: DEBUG placement.objects.research_context [req-59f8cc40-6b29-473e-9d7c-1d6bb2e26325 req-633a307d-ba00-4f52-b6ba-ffe13ad078ee service placement] found 2 providers with available 1024 MEMORY_MB {{(pid=105792) get_provider_ids_matching /opt/stack/placement/placement/objects/research_context.py:563}}
Jul 20 04:48:53.886049 n-d-826528-7 devstack@placement-api.service[105792]: DEBUG placement.objects.research_context [req-59f8cc40-6b29-473e-9d7c-1d6bb2e26325 req-633a307d-ba00-4f52-b6ba-ffe13ad078ee service placement] found 2 providers after filtering by previous result {{(pid=105792) get_provider_ids_matching /opt/stack/placement/placement/objects/research_context.py:594}}
Jul 20 04:48:53.886785 n-d-826528-7 devstack@placement-api.service[105792]: DEBUG placement.objects.research_context [req-59f8cc40-6b29-473e-9d7c-1d6bb2e26325 req-633a307d-ba00-4f52-b6ba-ffe13ad078ee service placement] found 2 providers with available 1 VCPU {{(pid=105792) get_provider_ids_matching /opt/stack/placement/placement/objects/research_context.py:563}}
Jul 20 04:48:53.888797 n-d-826528-7 devstack@placement-api.service[105792]: DEBUG placement.objects.research_context [req-59f8cc40-6b29-473e-9d7c-1d6bb2e26325 req-633a307d-ba00-4f52-b6ba-ffe13ad078ee service placement] found 2 providers after filtering by previous result {{(pid=105792) get_provider_ids_matching /opt/stack/placement/placement/objects/research_context.py:594}}
Jul 20 04:48:53.908437 n-d-826528-7 devstack@placement-api.service[105792]: DEBUG placement.objects.allocation_candidate [req-59f8cc40-6b29-473e-9d7c-1d6bb2e26325 req-633a307d-ba00-4f52-b6ba-ffe13ad078ee service placement] RequestGroup(use_same_provider=False, resources={DISK_GB:1, MEMORY_MB:1024, VCPU:1}, traits=(), aggregates=[]) (suffix '') returned 2 matches {{(pid=105792) _get_by_requests /opt/stack/placement/placement/objects/allocation_candidate.py:156}}
Jul 20 04:48:53.909418 n-d-826528-7 devstack@placement-api.service[105792]: DEBUG placement.objects.allocation_candidate [req-59f8cc40-6b29-473e-9d7c-1d6bb2e26325 req-633a307d-ba00-4f52-b6ba-ffe13ad078ee service placement] Merging candidates yields 2 allocation requests and 2 provider summaries {{(pid=105792) _merge_candidates /opt/stack/placement/placement/objects/allocation_candidate.py:809}}
Jul 20 04:48:53.917256 n-d-826528-7 devstack@placement-api.service[105792]: INFO placement.requestlog [req-59f8cc40-6b29-473e-9d7c-1d6bb2e26325 req-633a307d-ba00-4f52-b6ba-ffe13ad078ee service placement] 10.222.0.75 "GET /placement/allocation_candidates?limit=1000&resources=DISK_GB%3A1%2CMEMORY_MB%3A1024%2CVCPU%3A1&root_required=%21COMPUTE_STATUS_DISABLED" status: 200 len: 1309 microversion: 1.36
Jul 20 04:48:53.917256 n-d-826528-7 devstack@placement-api.service[105792]: [pid: 105792|app: 0|req: 308/617] 10.222.0.75 () {60 vars in 1506 bytes} [Wed Jul 20 04:48:53 2022] GET /placement/allocation_candidates?limit=1000&resources=DISK_GB%3A1%2CMEMORY_MB%3A1024%2CVCPU%3A1&root_required=%21COMPUTE_STATUS_DISABLED => generated 1309 bytes in 183 msecs (HTTP/1.1 200) 8 headers in 297 bytes (1 switches on core 0)
Jul 20 04:48:53.924885 n-d-826528-7 devstack@placement-api.service[105793]: INFO placement.requestlog [req-4eb65c36-0d57-41c9-a47d-8fdbb642d261 req-d9c812d5-926e-4ab0-8e40-bd7de1045e75 service placement] 10.222.0.81 "GET /placement/resource_providers/d8e90d54-7e8d-4e03-ac5d-5e5c1f73f85d/allocations" status: 200 len: 356 microversion: 1.0
Jul 20 04:48:53.925714 n-d-826528-7 devstack@placement-api.service[105793]: [pid: 105793|app: 0|req: 310/618] 10.222.0.81 () {58 vars in 1390 bytes} [Wed Jul 20 04:48:53 2022] GET /placement/resource_providers/d8e90d54-7e8d-4e03-ac5d-5e5c1f73f85d/allocations => generated 356 bytes in 138 msecs (HTTP/1.1 200) 6 headers in 224 bytes (1 switches on core 0)
Jul 20 04:48:54.089784 n-d-826528-7 devstack@placement-api.service[105792]: DEBUG placement.requestlog [req-59f8cc40-6b29-473e-9d7c-1d6bb2e26325 req-6171e0fd-c812-4459-9ba9-de28a80748b4 None None] Starting request: 10.222.0.75 "GET /placement/allocations/1283b7ed-7017-4ae2-8c98-8c6d52d32ef5" {{(pid=105792) __call__ /opt/stack/placement/placement/requestlog.py:55}}
Jul 20 04:48:54.111049 n-d-826528-7 devstack@placement-api.service[105792]: INFO placement.requestlog [req-59f8cc40-6b29-473e-9d7c-1d6bb2e26325 req-6171e0fd-c812-4459-9ba9-de28a80748b4 service placement] 10.222.0.75 "GET /placement/allocations/1283b7ed-7017-4ae2-8c98-8c6d52d32ef5" status: 200 len: 19 microversion: 1.28
Jul 20 04:48:54.121819 n-d-826528-7 devstack@placement-api.service[105792]: [pid: 105792|app: 0|req: 309/619] 10.222.0.75 () {60 vars in 1380 bytes} [Wed Jul 20 04:48:54 2022] GET /placement/allocations/1283b7ed-7017-4ae2-8c98-8c6d52d32ef5 => generated 19 bytes in 32 msecs (HTTP/1.1 200) 8 headers in 295 bytes (1 switches on core 0)
Jul 20 04:48:54.125749 n-d-826528-7 devstack@placement-api.service[105793]: DEBUG placement.requestlog [req-59f8cc40-6b29-473e-9d7c-1d6bb2e26325 req-d87d471e-0e71-453c-aa54-7911a59a46cb None None] Starting request: 10.222.0.75 "PUT /placement/allocations/1283b7ed-7017-4ae2-8c98-8c6d52d32ef5" {{(pid=105793) __call__ /opt/stack/placement/placement/requestlog.py:55}}
Jul 20 04:48:54.481291 n-d-826528-7 devstack@placement-api.service[105793]: DEBUG placement.handlers.allocation [req-59f8cc40-6b29-473e-9d7c-1d6bb2e26325 req-d87d471e-0e71-453c-aa54-7911a59a46cb service placement] Successfully wrote allocations [, , ] {{(pid=105793) _update_consumers_and_create_allocations /opt/stack/placement/placement/handlers/allocation.py:462}}
Jul 20 04:48:54.598084 n-d-826528-7 devstack@placement-api.service[105793]: INFO placement.requestlog [req-59f8cc40-6b29-473e-9d7c-1d6bb2e26325 req-d87d471e-0e71-453c-aa54-7911a59a46cb service placement] 10.222.0.75 "PUT /placement/allocations/1283b7ed-7017-4ae2-8c98-8c6d52d32ef5" status: 204 len: 0 microversion: 1.36
Jul 20 04:48:54.598555 n-d-826528-7 devstack@placement-api.service[105793]: [pid: 105793|app: 0|req: 311/620] 10.222.0.75 () {64 vars in 1433 bytes} [Wed Jul 20 04:48:54 2022] PUT /placement/allocations/1283b7ed-7017-4ae2-8c98-8c6d52d32ef5 => generated 0 bytes in 473 msecs (HTTP/1.1 204) 5 headers in 199 bytes (1 switches on core 0)
Jul 20 04:48:56.280707 n-d-826528-7 devstack@placement-api.service[105792]: DEBUG placement.requestlog [req-59f8cc40-6b29-473e-9d7c-1d6bb2e26325 req-5e62a657-248b-422f-98de-98580d80cc6c None None] Starting request: 10.222.0.81 "GET /placement/allocations/1283b7ed-7017-4ae2-8c98-8c6d52d32ef5" {{(pid=105792) __call__ /opt/stack/placement/placement/requestlog.py:55}}
Jul 20 04:48:56.346041 n-d-826528-7 devstack@placement-api.service[105792]: INFO placement.requestlog [req-59f8cc40-6b29-473e-9d7c-1d6bb2e26325 req-5e62a657-248b-422f-98de-98580d80cc6c service placement] 10.222.0.81 "GET /placement/allocations/1283b7ed-7017-4ae2-8c98-8c6d52d32ef5" status: 200 len: 259 microversion: 1.28
Jul 20 04:48:56.347972 n-d-826528-7 devstack@placement-api.service[105792]: [pid: 105792|app: 0|req: 310/621] 10.222.0.81 () {60 vars in 1377 bytes} [Wed Jul 20 04:48:56 2022] GET /placement/allocations/1283b7ed-7017-4ae2-8c98-8c6d52d32ef5 => generated 259 bytes in 68 msecs (HTTP/1.1 200) 8 headers in 296 bytes (1 switches on core 0)
Jul 20 04:48:59.135017 n-d-826528-7 devstack@placement-api.service[105793]: DEBUG placement.requestlog [req-8fd91611-67cf-469f-a057-e595f771e446 req-289ea4b6-00a8-47c9-83e3-a0012d514b67 None None] Starting request: 10.222.0.75 "GET /placement/allocation_candidates?limit=1000&resources=DISK_GB%3A1%2CMEMORY_MB%3A1024%2CVCPU%3A1&root_required=%21COMPUTE_STATUS_DISABLED" {{(pid=105793) __call__ /opt/stack/placement/placement/requestlog.py:55}}
Jul 20 04:48:59.246876 n-d-826528-7 devstack@placement-api.service[105793]: DEBUG placement.objects.research_context [req-8fd91611-67cf-469f-a057-e595f771e446 req-289ea4b6-00a8-47c9-83e3-a0012d514b67 service placement] getting providers with 1 DISK_GB {{(pid=105793) __init__ /opt/stack/placement/placement/objects/research_context.py:136}}
Jul 20 04:48:59.272642 n-d-826528-7 devstack@placement-api.service[105793]: DEBUG placement.objects.research_context [req-8fd91611-67cf-469f-a057-e595f771e446 req-289ea4b6-00a8-47c9-83e3-a0012d514b67 service placement] getting providers with 1024 MEMORY_MB {{(pid=105793) __init__ /opt/stack/placement/placement/objects/research_context.py:136}}
Jul 20 04:48:59.291158 n-d-826528-7 devstack@placement-api.service[105793]: DEBUG placement.objects.research_context [req-8fd91611-67cf-469f-a057-e595f771e446 req-289ea4b6-00a8-47c9-83e3-a0012d514b67 service placement] getting providers with 1 VCPU {{(pid=105793) __init__ /opt/stack/placement/placement/objects/research_context.py:136}}
Jul 20 04:48:59.306521 n-d-826528-7 devstack@placement-api.service[105793]: DEBUG placement.objects.research_context [req-8fd91611-67cf-469f-a057-e595f771e446 req-289ea4b6-00a8-47c9-83e3-a0012d514b67 service placement] found 2 providers with available 1 DISK_GB {{(pid=105793) get_provider_ids_matching /opt/stack/placement/placement/objects/research_context.py:563}}
Jul 20 04:48:59.306825 n-d-826528-7 devstack@placement-api.service[105793]: DEBUG placement.objects.research_context [req-8fd91611-67cf-469f-a057-e595f771e446 req-289ea4b6-00a8-47c9-83e3-a0012d514b67 service placement] found 2 providers with available 1024 MEMORY_MB {{(pid=105793) get_provider_ids_matching /opt/stack/placement/placement/objects/research_context.py:563}}
Jul 20 04:48:59.307949 n-d-826528-7 devstack@placement-api.service[105793]: DEBUG placement.objects.research_context [req-8fd91611-67cf-469f-a057-e595f771e446 req-289ea4b6-00a8-47c9-83e3-a0012d514b67 service placement] found 2 providers after filtering by previous result {{(pid=105793) get_provider_ids_matching /opt/stack/placement/placement/objects/research_context.py:594}}
Jul 20 04:48:59.309428 n-d-826528-7 devstack@placement-api.service[105793]: DEBUG placement.objects.research_context [req-8fd91611-67cf-469f-a057-e595f771e446 req-289ea4b6-00a8-47c9-83e3-a0012d514b67 service placement] found 2 providers with available 1 VCPU {{(pid=105793) get_provider_ids_matching /opt/stack/placement/placement/objects/research_context.py:563}}
Jul 20 04:48:59.309703 n-d-826528-7 devstack@placement-api.service[105793]: DEBUG placement.objects.research_context [req-8fd91611-67cf-469f-a057-e595f771e446 req-289ea4b6-00a8-47c9-83e3-a0012d514b67 service placement] found 2 providers after filtering by previous result {{(pid=105793) get_provider_ids_matching /opt/stack/placement/placement/objects/research_context.py:594}}
Jul 20 04:48:59.333203 n-d-826528-7 devstack@placement-api.service[105793]: DEBUG placement.objects.allocation_candidate [req-8fd91611-67cf-469f-a057-e595f771e446 req-289ea4b6-00a8-47c9-83e3-a0012d514b67 service placement] RequestGroup(use_same_provider=False, resources={DISK_GB:1, MEMORY_MB:1024, VCPU:1}, traits=(), aggregates=[]) (suffix '') returned 2 matches {{(pid=105793) _get_by_requests /opt/stack/placement/placement/objects/allocation_candidate.py:156}}
Jul 20 04:48:59.335675 n-d-826528-7 devstack@placement-api.service[105793]: DEBUG placement.objects.allocation_candidate [req-8fd91611-67cf-469f-a057-e595f771e446 req-289ea4b6-00a8-47c9-83e3-a0012d514b67 service placement] Merging candidates yields 2 allocation requests and 2 provider summaries {{(pid=105793) _merge_candidates /opt/stack/placement/placement/objects/allocation_candidate.py:809}}
Jul 20 04:48:59.337772 n-d-826528-7 devstack@placement-api.service[105793]: INFO placement.requestlog [req-8fd91611-67cf-469f-a057-e595f771e446 req-289ea4b6-00a8-47c9-83e3-a0012d514b67 service placement] 10.222.0.75 "GET /placement/allocation_candidates?limit=1000&resources=DISK_GB%3A1%2CMEMORY_MB%3A1024%2CVCPU%3A1&root_required=%21COMPUTE_STATUS_DISABLED" status: 200 len: 1309 microversion: 1.36
Jul 20 04:48:59.339394 n-d-826528-7 devstack@placement-api.service[105793]: [pid: 105793|app: 0|req: 312/622] 10.222.0.75 () {60 vars in 1506 bytes} [Wed Jul 20 04:48:59 2022] GET /placement/allocation_candidates?limit=1000&resources=DISK_GB%3A1%2CMEMORY_MB%3A1024%2CVCPU%3A1&root_required=%21COMPUTE_STATUS_DISABLED => generated 1309 bytes in 205 msecs (HTTP/1.1 200) 8 headers in 297 bytes (1 switches on core 0)
Jul 20 04:48:59.476754 n-d-826528-7 devstack@placement-api.service[105792]: DEBUG placement.requestlog [req-8fd91611-67cf-469f-a057-e595f771e446 req-1d24fd64-5ad1-419e-aad3-a8c805557c13 None None] Starting request: 10.222.0.75 "GET /placement/allocations/954d3bdd-3797-485a-8103-aeec402fac9f" {{(pid=105792) __call__ /opt/stack/placement/placement/requestlog.py:55}}
Jul 20 04:48:59.505234 n-d-826528-7 devstack@placement-api.service[105792]: INFO placement.requestlog [req-8fd91611-67cf-469f-a057-e595f771e446 req-1d24fd64-5ad1-419e-aad3-a8c805557c13 service placement] 10.222.0.75 "GET /placement/allocations/954d3bdd-3797-485a-8103-aeec402fac9f" status: 200 len: 19 microversion: 1.28
Jul 20 04:48:59.506658 n-d-826528-7 devstack@placement-api.service[105792]: [pid: 105792|app: 0|req: 311/623] 10.222.0.75 () {60 vars in 1380 bytes} [Wed Jul 20 04:48:59 2022] GET /placement/allocations/954d3bdd-3797-485a-8103-aeec402fac9f => generated 19 bytes in 30 msecs (HTTP/1.1 200) 8 headers in 295 bytes (1 switches on core 0)
Jul 20 04:48:59.514237 n-d-826528-7 devstack@placement-api.service[105793]: DEBUG placement.requestlog [req-8fd91611-67cf-469f-a057-e595f771e446 req-77e7e795-cc0b-4a3a-b40e-ae91f48d87ac None None] Starting request: 10.222.0.75 "PUT /placement/allocations/954d3bdd-3797-485a-8103-aeec402fac9f" {{(pid=105793) __call__ /opt/stack/placement/placement/requestlog.py:55}}
Jul 20 04:48:59.772355 n-d-826528-7 devstack@placement-api.service[105793]: DEBUG placement.handlers.allocation [req-8fd91611-67cf-469f-a057-e595f771e446 req-77e7e795-cc0b-4a3a-b40e-ae91f48d87ac service placement] Successfully wrote allocations [, , ] {{(pid=105793) _update_consumers_and_create_allocations /opt/stack/placement/placement/handlers/allocation.py:462}}
Jul 20 04:48:59.864739 n-d-826528-7 devstack@placement-api.service[105793]: INFO placement.requestlog [req-8fd91611-67cf-469f-a057-e595f771e446 req-77e7e795-cc0b-4a3a-b40e-ae91f48d87ac service placement] 10.222.0.75 "PUT /placement/allocations/954d3bdd-3797-485a-8103-aeec402fac9f" status: 204 len: 0 microversion: 1.36
Jul 20 04:48:59.865545 n-d-826528-7 devstack@placement-api.service[105793]: [pid: 105793|app: 0|req: 313/624] 10.222.0.75 () {64 vars in 1433 bytes} [Wed Jul 20 04:48:59 2022] PUT /placement/allocations/954d3bdd-3797-485a-8103-aeec402fac9f => generated 0 bytes in 353 msecs (HTTP/1.1 204) 5 headers in 199 bytes (1 switches on core 0)
Jul 20 04:49:01.338438 n-d-826528-7 devstack@placement-api.service[105792]: DEBUG placement.requestlog [None req-fe76d052-dfce-4d5c-85b2-1d187c1d44d0 None None] Starting request: 10.222.0.75 "GET /placement/resource_providers/141d183d-0145-48a6-b826-3d1e5f5cf6f6/aggregates" {{(pid=105792) __call__ /opt/stack/placement/placement/requestlog.py:55}}
Jul 20 04:49:01.361055 n-d-826528-7 devstack@placement-api.service[105792]: INFO placement.requestlog [None req-fe76d052-dfce-4d5c-85b2-1d187c1d44d0 service placement] 10.222.0.75 "GET /placement/resource_providers/141d183d-0145-48a6-b826-3d1e5f5cf6f6/aggregates" status: 404 len: 235 microversion: 1.1
Jul 20 04:49:01.364451 n-d-826528-7 devstack@placement-api.service[105792]: [pid: 105792|app: 0|req: 312/625] 10.222.0.75 () {58 vars in 1362 bytes} [Wed Jul 20 04:49:01 2022] GET /placement/resource_providers/141d183d-0145-48a6-b826-3d1e5f5cf6f6/aggregates => generated 235 bytes in 25 msecs (HTTP/1.1 404) 5 headers in 202 bytes (1 switches on core 0)
Jul 20 04:49:01.375632 n-d-826528-7 devstack@placement-api.service[105793]: DEBUG placement.requestlog [req-8fd91611-67cf-469f-a057-e595f771e446 req-546bc1fa-7c36-4512-b467-28ea5b4ec9ed None None] Starting request: 10.222.0.81 "GET /placement/allocations/954d3bdd-3797-485a-8103-aeec402fac9f" {{(pid=105793) __call__ /opt/stack/placement/placement/requestlog.py:55}}
Jul 20 04:49:01.433272 n-d-826528-7 devstack@placement-api.service[105793]: INFO placement.requestlog [req-8fd91611-67cf-469f-a057-e595f771e446 req-546bc1fa-7c36-4512-b467-28ea5b4ec9ed service placement] 10.222.0.81 "GET /placement/allocations/954d3bdd-3797-485a-8103-aeec402fac9f" status: 200 len: 259 microversion: 1.28
Jul 20 04:49:01.434568 n-d-826528-7 devstack@placement-api.service[105793]: [pid: 105793|app: 0|req: 314/626] 10.222.0.81 () {60 vars in 1377 bytes} [Wed Jul 20 04:49:01 2022] GET /placement/allocations/954d3bdd-3797-485a-8103-aeec402fac9f => generated 259 bytes in 60 msecs (HTTP/1.1 200) 8 headers in 296 bytes (1 switches on core 0)
Jul 20 04:49:01.524347 n-d-826528-7 devstack@placement-api.service[105792]: DEBUG placement.requestlog [None req-65b79976-84ba-432a-8a13-e1419b8be4a7 None None] Starting request: 10.222.0.75 "DELETE /placement/resource_providers/141d183d-0145-48a6-b826-3d1e5f5cf6f6" {{(pid=105792) __call__ /opt/stack/placement/placement/requestlog.py:55}}
Jul 20 04:49:01.562333 n-d-826528-7 devstack@placement-api.service[105792]: DEBUG placement.wsgi_wrapper [None req-65b79976-84ba-432a-8a13-e1419b8be4a7 service placement] Placement API returning an error response: No resource provider with uuid 141d183d-0145-48a6-b826-3d1e5f5cf6f6 found for delete {{(pid=105792) call_func /opt/stack/placement/placement/wsgi_wrapper.py:31}}
Jul 20 04:49:01.564880 n-d-826528-7 devstack@placement-api.service[105792]: INFO placement.requestlog [None req-65b79976-84ba-432a-8a13-e1419b8be4a7 service placement] 10.222.0.75 "DELETE /placement/resource_providers/141d183d-0145-48a6-b826-3d1e5f5cf6f6" status: 404 len: 246 microversion: 1.1
Jul 20 04:49:01.566496 n-d-826528-7 devstack@placement-api.service[105792]: [pid: 105792|app: 0|req: 313/627] 10.222.0.75 () {60 vars in 1351 bytes} [Wed Jul 20 04:49:01 2022] DELETE /placement/resource_providers/141d183d-0145-48a6-b826-3d1e5f5cf6f6 => generated 246 bytes in 43 msecs (HTTP/1.1 404) 6 headers in 231 bytes (1 switches on core 0)
Jul 20 04:49:03.758410 n-d-826528-7 devstack@placement-api.service[105793]: DEBUG placement.requestlog [None req-fc6d229b-a266-4e9c-a4d9-dd0cee775b56 None None] Starting request: 10.222.0.75 "GET /placement/resource_providers/7fd6e39a-87e9-4950-867e-a7b45241caf8/aggregates" {{(pid=105793) __call__ /opt/stack/placement/placement/requestlog.py:55}}
Jul 20 04:49:03.798826 n-d-826528-7 devstack@placement-api.service[105793]: INFO placement.requestlog [None req-fc6d229b-a266-4e9c-a4d9-dd0cee775b56 service placement] 10.222.0.75 "GET /placement/resource_providers/7fd6e39a-87e9-4950-867e-a7b45241caf8/aggregates" status: 404 len: 235 microversion: 1.1
Jul 20 04:49:03.799771 n-d-826528-7 devstack@placement-api.service[105793]: [pid: 105793|app: 0|req: 315/628] 10.222.0.75 () {58 vars in 1362 bytes} [Wed Jul 20 04:49:03 2022] GET /placement/resource_providers/7fd6e39a-87e9-4950-867e-a7b45241caf8/aggregates => generated 235 bytes in 42 msecs (HTTP/1.1 404) 5 headers in 202 bytes (1 switches on core 0)
Jul 20 04:49:03.914904 n-d-826528-7 devstack@placement-api.service[105792]: DEBUG placement.requestlog [req-e37d8987-32c0-4037-b0ea-bcd8ea2e04fb req-07273c82-1a87-4904-80d6-01e5fab86bd2 None None] Starting request: 10.222.0.77 "GET /placement/resource_providers/b8a22574-6959-4f0c-bcbe-61220bb94ef1/allocations" {{(pid=105792) __call__ /opt/stack/placement/placement/requestlog.py:55}}
Jul 20 04:49:03.957972 n-d-826528-7 devstack@placement-api.service[105793]: DEBUG placement.requestlog [None req-2b520585-3824-47f6-8b77-f3a18eae0f62 None None] Starting request: 10.222.0.75 "DELETE /placement/resource_providers/7fd6e39a-87e9-4950-867e-a7b45241caf8" {{(pid=105793) __call__ /opt/stack/placement/placement/requestlog.py:55}}
Jul 20 04:49:03.987965 n-d-826528-7 devstack@placement-api.service[105793]: DEBUG placement.wsgi_wrapper [None req-2b520585-3824-47f6-8b77-f3a18eae0f62 service placement] Placement API returning an error response: No resource provider with uuid 7fd6e39a-87e9-4950-867e-a7b45241caf8 found for delete {{(pid=105793) call_func /opt/stack/placement/placement/wsgi_wrapper.py:31}}
Jul 20 04:49:03.992440 n-d-826528-7 devstack@placement-api.service[105793]: INFO placement.requestlog [None req-2b520585-3824-47f6-8b77-f3a18eae0f62 service placement] 10.222.0.75 "DELETE /placement/resource_providers/7fd6e39a-87e9-4950-867e-a7b45241caf8" status: 404 len: 246 microversion: 1.1
Jul 20 04:49:03.993876 n-d-826528-7 devstack@placement-api.service[105793]: [pid: 105793|app: 0|req: 316/629] 10.222.0.75 () {60 vars in 1351 bytes} [Wed Jul 20 04:49:03 2022] DELETE /placement/resource_providers/7fd6e39a-87e9-4950-867e-a7b45241caf8 => generated 246 bytes in 36 msecs (HTTP/1.1 404) 6 headers in 231 bytes (2 switches on core 0)
Jul 20 04:49:04.061408 n-d-826528-7 devstack@placement-api.service[105792]: INFO placement.requestlog [req-e37d8987-32c0-4037-b0ea-bcd8ea2e04fb req-07273c82-1a87-4904-80d6-01e5fab86bd2 service placement] 10.222.0.77 "GET /placement/resource_providers/b8a22574-6959-4f0c-bcbe-61220bb94ef1/allocations" status: 200 len: 457 microversion: 1.0
Jul 20 04:49:04.063676 n-d-826528-7 devstack@placement-api.service[105792]: [pid: 105792|app: 0|req: 314/630] 10.222.0.77 () {58 vars in 1390 bytes} [Wed Jul 20 04:49:03 2022] GET /placement/resource_providers/b8a22574-6959-4f0c-bcbe-61220bb94ef1/allocations => generated 457 bytes in 151 msecs (HTTP/1.1 200) 6 headers in 224 bytes (1 switches on core 0)
Jul 20 04:49:13.990255 n-d-826528-7 devstack@placement-api.service[105793]: DEBUG dbcounter [-] [105793] Writing DB stats placement:SELECT=57,placement:INSERT=10,placement:DELETE=4,placement:UPDATE=4 {{(pid=105793) stat_writer /usr/local/lib/python3.8/dist-packages/dbcounter.py:114}}
Jul 20 04:49:14.051395 n-d-826528-7 devstack@placement-api.service[105792]: DEBUG dbcounter [-] [105792] Writing DB stats placement:SELECT=29 {{(pid=105792) stat_writer /usr/local/lib/python3.8/dist-packages/dbcounter.py:114}}
Jul 20 04:49:20.162823 n-d-826528-7 devstack@placement-api.service[105793]: DEBUG placement.requestlog [None req-99b0e141-c033-48a6-a6c9-e3eaf9f7557f None None] Starting request: 10.222.0.75 "GET /placement/resource_providers/85249e09-d933-4e9e-9a6b-7aa58b740859/aggregates" {{(pid=105793) __call__ /opt/stack/placement/placement/requestlog.py:55}}
Jul 20 04:49:20.183814 n-d-826528-7 devstack@placement-api.service[105793]: INFO placement.requestlog [None req-99b0e141-c033-48a6-a6c9-e3eaf9f7557f service placement] 10.222.0.75 "GET /placement/resource_providers/85249e09-d933-4e9e-9a6b-7aa58b740859/aggregates" status: 404 len: 235 microversion: 1.1
Jul 20 04:49:20.184663 n-d-826528-7 devstack@placement-api.service[105793]: [pid: 105793|app: 0|req: 317/631] 10.222.0.75 () {58 vars in 1362 bytes} [Wed Jul 20 04:49:20 2022] GET /placement/resource_providers/85249e09-d933-4e9e-9a6b-7aa58b740859/aggregates => generated 235 bytes in 22 msecs (HTTP/1.1 404) 5 headers in 202 bytes (1 switches on core 0)
Jul 20 04:49:20.216260 n-d-826528-7 devstack@placement-api.service[105792]: DEBUG placement.requestlog [None req-fd182282-b15b-4835-9eb3-af183318d0d2 None None] Starting request: 10.222.0.75 "DELETE /placement/resource_providers/85249e09-d933-4e9e-9a6b-7aa58b740859" {{(pid=105792) __call__ /opt/stack/placement/placement/requestlog.py:55}}
Jul 20 04:49:20.231074 n-d-826528-7 devstack@placement-api.service[105792]: DEBUG placement.wsgi_wrapper [None req-fd182282-b15b-4835-9eb3-af183318d0d2 service placement] Placement API returning an error response: No resource provider with uuid 85249e09-d933-4e9e-9a6b-7aa58b740859 found for delete {{(pid=105792) call_func /opt/stack/placement/placement/wsgi_wrapper.py:31}}
Jul 20 04:49:20.231851 n-d-826528-7 devstack@placement-api.service[105792]: INFO placement.requestlog [None req-fd182282-b15b-4835-9eb3-af183318d0d2 service placement] 10.222.0.75 "DELETE /placement/resource_providers/85249e09-d933-4e9e-9a6b-7aa58b740859" status: 404 len: 246 microversion: 1.1
Jul 20 04:49:20.232220 n-d-826528-7 devstack@placement-api.service[105792]: [pid: 105792|app: 0|req: 315/632] 10.222.0.75 () {60 vars in 1351 bytes} [Wed Jul 20 04:49:20 2022] DELETE /placement/resource_providers/85249e09-d933-4e9e-9a6b-7aa58b740859 => generated 246 bytes in 21 msecs (HTTP/1.1 404) 6 headers in 231 bytes (1 switches on core 0)
Jul 20 04:49:22.504417 n-d-826528-7 devstack@placement-api.service[105793]: DEBUG placement.requestlog [req-5e1a17f0-efbd-4034-a744-c91064612a18 req-43cc7e40-a527-4711-8f81-1a70b1bc9d2d None None] Starting request: 10.222.0.75 "GET /placement/allocation_candidates?limit=1000&resources=DISK_GB%3A1%2CMEMORY_MB%3A1024%2CVCPU%3A1&root_required=%21COMPUTE_STATUS_DISABLED" {{(pid=105793) __call__ /opt/stack/placement/placement/requestlog.py:55}}
Jul 20 04:49:23.228953 n-d-826528-7 devstack@placement-api.service[105793]: DEBUG placement.objects.research_context [req-5e1a17f0-efbd-4034-a744-c91064612a18 req-43cc7e40-a527-4711-8f81-1a70b1bc9d2d service placement] getting providers with 1 DISK_GB {{(pid=105793) __init__ /opt/stack/placement/placement/objects/research_context.py:136}}
Jul 20 04:49:23.241589 n-d-826528-7 devstack@placement-api.service[105793]: DEBUG placement.objects.research_context [req-5e1a17f0-efbd-4034-a744-c91064612a18 req-43cc7e40-a527-4711-8f81-1a70b1bc9d2d service placement] getting providers with 1024 MEMORY_MB {{(pid=105793) __init__ /opt/stack/placement/placement/objects/research_context.py:136}}
Jul 20 04:49:23.253607 n-d-826528-7 devstack@placement-api.service[105793]: DEBUG placement.objects.research_context [req-5e1a17f0-efbd-4034-a744-c91064612a18 req-43cc7e40-a527-4711-8f81-1a70b1bc9d2d service placement] getting providers with 1 VCPU {{(pid=105793) __init__ /opt/stack/placement/placement/objects/research_context.py:136}}
Jul 20 04:49:23.273410 n-d-826528-7 devstack@placement-api.service[105793]: DEBUG placement.objects.research_context [req-5e1a17f0-efbd-4034-a744-c91064612a18 req-43cc7e40-a527-4711-8f81-1a70b1bc9d2d service placement] found 2 providers with available 1 DISK_GB {{(pid=105793) get_provider_ids_matching /opt/stack/placement/placement/objects/research_context.py:563}}
Jul 20 04:49:23.276052 n-d-826528-7 devstack@placement-api.service[105793]: DEBUG placement.objects.research_context [req-5e1a17f0-efbd-4034-a744-c91064612a18 req-43cc7e40-a527-4711-8f81-1a70b1bc9d2d service placement] found 2 providers with available 1024 MEMORY_MB {{(pid=105793) get_provider_ids_matching /opt/stack/placement/placement/objects/research_context.py:563}}
Jul 20 04:49:23.276777 n-d-826528-7 devstack@placement-api.service[105793]: DEBUG placement.objects.research_context [req-5e1a17f0-efbd-4034-a744-c91064612a18 req-43cc7e40-a527-4711-8f81-1a70b1bc9d2d service placement] found 2 providers after filtering by previous result {{(pid=105793) get_provider_ids_matching /opt/stack/placement/placement/objects/research_context.py:594}}
Jul 20 04:49:23.278728 n-d-826528-7 devstack@placement-api.service[105793]: DEBUG placement.objects.research_context [req-5e1a17f0-efbd-4034-a744-c91064612a18 req-43cc7e40-a527-4711-8f81-1a70b1bc9d2d service placement] found 2 providers with available 1 VCPU {{(pid=105793) get_provider_ids_matching /opt/stack/placement/placement/objects/research_context.py:563}}
Jul 20 04:49:23.279385 n-d-826528-7 devstack@placement-api.service[105793]: DEBUG placement.objects.research_context [req-5e1a17f0-efbd-4034-a744-c91064612a18 req-43cc7e40-a527-4711-8f81-1a70b1bc9d2d service placement] found 2 providers after filtering by previous result {{(pid=105793) get_provider_ids_matching /opt/stack/placement/placement/objects/research_context.py:594}}
Jul 20 04:49:23.306301 n-d-826528-7 devstack@placement-api.service[105793]: DEBUG placement.objects.allocation_candidate [req-5e1a17f0-efbd-4034-a744-c91064612a18 req-43cc7e40-a527-4711-8f81-1a70b1bc9d2d service placement] RequestGroup(use_same_provider=False, resources={DISK_GB:1, MEMORY_MB:1024, VCPU:1}, traits=(), aggregates=[]) (suffix '') returned 2 matches {{(pid=105793) _get_by_requests /opt/stack/placement/placement/objects/allocation_candidate.py:156}}
Jul 20 04:49:23.306681 n-d-826528-7 devstack@placement-api.service[105793]: DEBUG placement.objects.allocation_candidate [req-5e1a17f0-efbd-4034-a744-c91064612a18 req-43cc7e40-a527-4711-8f81-1a70b1bc9d2d service placement] Merging candidates yields 2 allocation requests and 2 provider summaries {{(pid=105793) _merge_candidates /opt/stack/placement/placement/objects/allocation_candidate.py:809}}
Jul 20 04:49:23.311554 n-d-826528-7 devstack@placement-api.service[105793]: INFO placement.requestlog [req-5e1a17f0-efbd-4034-a744-c91064612a18 req-43cc7e40-a527-4711-8f81-1a70b1bc9d2d service placement] 10.222.0.75 "GET /placement/allocation_candidates?limit=1000&resources=DISK_GB%3A1%2CMEMORY_MB%3A1024%2CVCPU%3A1&root_required=%21COMPUTE_STATUS_DISABLED" status: 200 len: 1309 microversion: 1.36
Jul 20 04:49:23.315823 n-d-826528-7 devstack@placement-api.service[105793]: [pid: 105793|app: 0|req: 318/633] 10.222.0.75 () {60 vars in 1506 bytes} [Wed Jul 20 04:49:22 2022] GET /placement/allocation_candidates?limit=1000&resources=DISK_GB%3A1%2CMEMORY_MB%3A1024%2CVCPU%3A1&root_required=%21COMPUTE_STATUS_DISABLED => generated 1309 bytes in 808 msecs (HTTP/1.1 200) 8 headers in 297 bytes (1 switches on core 0)
Jul 20 04:49:23.496566 n-d-826528-7 devstack@placement-api.service[105792]: DEBUG placement.requestlog [req-5e1a17f0-efbd-4034-a744-c91064612a18 req-36413b9d-0b8f-4c8a-84d5-d7021d3a7e0f None None] Starting request: 10.222.0.75 "GET /placement/allocations/eaff5c5a-3e87-4198-9fc1-9088bca4f754" {{(pid=105792) __call__ /opt/stack/placement/placement/requestlog.py:55}}
Jul 20 04:49:23.514000 n-d-826528-7 devstack@placement-api.service[105792]: INFO placement.requestlog [req-5e1a17f0-efbd-4034-a744-c91064612a18 req-36413b9d-0b8f-4c8a-84d5-d7021d3a7e0f service placement] 10.222.0.75 "GET /placement/allocations/eaff5c5a-3e87-4198-9fc1-9088bca4f754" status: 200 len: 19 microversion: 1.28
Jul 20 04:49:23.518555 n-d-826528-7 devstack@placement-api.service[105792]: [pid: 105792|app: 0|req: 316/634] 10.222.0.75 () {60 vars in 1380 bytes} [Wed Jul 20 04:49:23 2022] GET /placement/allocations/eaff5c5a-3e87-4198-9fc1-9088bca4f754 => generated 19 bytes in 22 msecs (HTTP/1.1 200) 8 headers in 295 bytes (2 switches on core 0)
Jul 20 04:49:23.534726 n-d-826528-7 devstack@placement-api.service[105793]: DEBUG placement.requestlog [req-5e1a17f0-efbd-4034-a744-c91064612a18 req-7ac5766c-4b35-44ed-9915-9f169bdc653c None None] Starting request: 10.222.0.75 "PUT /placement/allocations/eaff5c5a-3e87-4198-9fc1-9088bca4f754" {{(pid=105793) __call__ /opt/stack/placement/placement/requestlog.py:55}}
Jul 20 04:49:24.106803 n-d-826528-7 devstack@placement-api.service[105793]: DEBUG placement.handlers.allocation [req-5e1a17f0-efbd-4034-a744-c91064612a18 req-7ac5766c-4b35-44ed-9915-9f169bdc653c service placement] Successfully wrote allocations [, , ] {{(pid=105793) _update_consumers_and_create_allocations /opt/stack/placement/placement/handlers/allocation.py:462}}
Jul 20 04:49:24.217120 n-d-826528-7 devstack@placement-api.service[105793]: INFO placement.requestlog [req-5e1a17f0-efbd-4034-a744-c91064612a18 req-7ac5766c-4b35-44ed-9915-9f169bdc653c service placement] 10.222.0.75 "PUT /placement/allocations/eaff5c5a-3e87-4198-9fc1-9088bca4f754" status: 204 len: 0 microversion: 1.36
Jul 20 04:49:24.218748 n-d-826528-7 devstack@placement-api.service[105793]: [pid: 105793|app: 0|req: 319/635] 10.222.0.75 () {64 vars in 1433 bytes} [Wed Jul 20 04:49:23 2022] PUT /placement/allocations/eaff5c5a-3e87-4198-9fc1-9088bca4f754 => generated 0 bytes in 684 msecs (HTTP/1.1 204) 5 headers in 199 bytes (2 switches on core 0)
Jul 20 04:49:24.771242 n-d-826528-7 devstack@placement-api.service[105792]: DEBUG placement.requestlog [req-ec759a8a-caff-4501-b4c4-da6006d004ee req-61b37ed8-f486-4cc5-9a96-9ba0a52a682b None None] Starting request: 10.222.0.77 "GET /placement/allocations/8cd79f32-bd0e-43fc-bf26-49e78b53dffc" {{(pid=105792) __call__ /opt/stack/placement/placement/requestlog.py:55}}
Jul 20 04:49:24.818179 n-d-826528-7 devstack@placement-api.service[105792]: INFO placement.requestlog [req-ec759a8a-caff-4501-b4c4-da6006d004ee req-61b37ed8-f486-4cc5-9a96-9ba0a52a682b service placement] 10.222.0.77 "GET /placement/allocations/8cd79f32-bd0e-43fc-bf26-49e78b53dffc" status: 200 len: 259 microversion: 1.28
Jul 20 04:49:24.823304 n-d-826528-7 devstack@placement-api.service[105792]: [pid: 105792|app: 0|req: 317/636] 10.222.0.77 () {60 vars in 1377 bytes} [Wed Jul 20 04:49:24 2022] GET /placement/allocations/8cd79f32-bd0e-43fc-bf26-49e78b53dffc => generated 259 bytes in 52 msecs (HTTP/1.1 200) 8 headers in 296 bytes (1 switches on core 0)
Jul 20 04:49:25.807004 n-d-826528-7 devstack@placement-api.service[105793]: DEBUG placement.requestlog [req-5e1a17f0-efbd-4034-a744-c91064612a18 req-a5a0a292-7f69-4453-bd63-f4c480dcb3eb None None] Starting request: 10.222.0.77 "GET /placement/allocations/eaff5c5a-3e87-4198-9fc1-9088bca4f754" {{(pid=105793) __call__ /opt/stack/placement/placement/requestlog.py:55}}
Jul 20 04:49:25.856294 n-d-826528-7 devstack@placement-api.service[105793]: INFO placement.requestlog [req-5e1a17f0-efbd-4034-a744-c91064612a18 req-a5a0a292-7f69-4453-bd63-f4c480dcb3eb service placement] 10.222.0.77 "GET /placement/allocations/eaff5c5a-3e87-4198-9fc1-9088bca4f754" status: 200 len: 259 microversion: 1.28
Jul 20 04:49:25.857634 n-d-826528-7 devstack@placement-api.service[105793]: [pid: 105793|app: 0|req: 320/637] 10.222.0.77 () {60 vars in 1377 bytes} [Wed Jul 20 04:49:25 2022] GET /placement/allocations/eaff5c5a-3e87-4198-9fc1-9088bca4f754 => generated 259 bytes in 51 msecs (HTTP/1.1 200) 8 headers in 296 bytes (1 switches on core 0)
Jul 20 04:49:34.805332 n-d-826528-7 devstack@placement-api.service[105792]: DEBUG dbcounter [-] [105792] Writing DB stats placement:SELECT=8 {{(pid=105792) stat_writer /usr/local/lib/python3.8/dist-packages/dbcounter.py:114}}
Jul 20 04:49:35.846729 n-d-826528-7 devstack@placement-api.service[105793]: DEBUG dbcounter [-] [105793] Writing DB stats placement:SELECT=33,placement:INSERT=6,placement:DELETE=2,placement:UPDATE=2 {{(pid=105793) stat_writer /usr/local/lib/python3.8/dist-packages/dbcounter.py:114}}
Jul 20 04:49:38.887524 n-d-826528-7 devstack@placement-api.service[105792]: DEBUG placement.requestlog [None req-d367d8d3-3d55-4c30-89c6-49b692896e59 None None] Starting request: 10.222.0.75 "GET /placement/resource_providers/f1964b30-0660-4f86-b3b6-9d3f17754cc2/aggregates" {{(pid=105792) __call__ /opt/stack/placement/placement/requestlog.py:55}}
Jul 20 04:49:38.902888 n-d-826528-7 devstack@placement-api.service[105792]: INFO placement.requestlog [None req-d367d8d3-3d55-4c30-89c6-49b692896e59 service placement] 10.222.0.75 "GET /placement/resource_providers/f1964b30-0660-4f86-b3b6-9d3f17754cc2/aggregates" status: 404 len: 235 microversion: 1.1
Jul 20 04:49:38.903900 n-d-826528-7 devstack@placement-api.service[105792]: [pid: 105792|app: 0|req: 318/638] 10.222.0.75 () {58 vars in 1362 bytes} [Wed Jul 20 04:49:38 2022] GET /placement/resource_providers/f1964b30-0660-4f86-b3b6-9d3f17754cc2/aggregates => generated 235 bytes in 17 msecs (HTTP/1.1 404) 5 headers in 202 bytes (1 switches on core 0)
Jul 20 04:49:38.921403 n-d-826528-7 devstack@placement-api.service[105793]: DEBUG placement.requestlog [None req-acf69acc-4d7a-403a-bf1e-177d611a3277 None None] Starting request: 10.222.0.75 "DELETE /placement/resource_providers/f1964b30-0660-4f86-b3b6-9d3f17754cc2" {{(pid=105793) __call__ /opt/stack/placement/placement/requestlog.py:55}}
Jul 20 04:49:38.934188 n-d-826528-7 devstack@placement-api.service[105793]: DEBUG placement.wsgi_wrapper [None req-acf69acc-4d7a-403a-bf1e-177d611a3277 service placement] Placement API returning an error response: No resource provider with uuid f1964b30-0660-4f86-b3b6-9d3f17754cc2 found for delete {{(pid=105793) call_func /opt/stack/placement/placement/wsgi_wrapper.py:31}}
Jul 20 04:49:38.936568 n-d-826528-7 devstack@placement-api.service[105793]: INFO placement.requestlog [None req-acf69acc-4d7a-403a-bf1e-177d611a3277 service placement] 10.222.0.75 "DELETE /placement/resource_providers/f1964b30-0660-4f86-b3b6-9d3f17754cc2" status: 404 len: 246 microversion: 1.1
Jul 20 04:49:38.948823 n-d-826528-7 devstack@placement-api.service[105793]: [pid: 105793|app: 0|req: 321/639] 10.222.0.75 () {60 vars in 1351 bytes} [Wed Jul 20 04:49:38 2022] DELETE /placement/resource_providers/f1964b30-0660-4f86-b3b6-9d3f17754cc2 => generated 246 bytes in 28 msecs (HTTP/1.1 404) 6 headers in 231 bytes (1 switches on core 0)
Jul 20 04:49:47.014336 n-d-826528-7 devstack@placement-api.service[105792]: DEBUG placement.requestlog [req-2cd71da4-c6b1-485f-a2c3-f8d3ee76e538 req-e25bb51f-bbb8-4d09-a114-238f28cd9c32 None None] Starting request: 10.222.0.75 "GET /placement/allocation_candidates?resources=DISK_GB%3A1%2CMEMORY_MB%3A1024%2CVCPU%3A1&root_required=%21COMPUTE_STATUS_DISABLED" {{(pid=105792) __call__ /opt/stack/placement/placement/requestlog.py:55}}
Jul 20 04:49:47.123047 n-d-826528-7 devstack@placement-api.service[105792]: DEBUG placement.objects.research_context [req-2cd71da4-c6b1-485f-a2c3-f8d3ee76e538 req-e25bb51f-bbb8-4d09-a114-238f28cd9c32 service placement] getting providers with 1 DISK_GB {{(pid=105792) __init__ /opt/stack/placement/placement/objects/research_context.py:136}}
Jul 20 04:49:47.130789 n-d-826528-7 devstack@placement-api.service[105792]: DEBUG placement.objects.research_context [req-2cd71da4-c6b1-485f-a2c3-f8d3ee76e538 req-e25bb51f-bbb8-4d09-a114-238f28cd9c32 service placement] getting providers with 1024 MEMORY_MB {{(pid=105792) __init__ /opt/stack/placement/placement/objects/research_context.py:136}}
Jul 20 04:49:47.143335 n-d-826528-7 devstack@placement-api.service[105792]: DEBUG placement.objects.research_context [req-2cd71da4-c6b1-485f-a2c3-f8d3ee76e538 req-e25bb51f-bbb8-4d09-a114-238f28cd9c32 service placement] getting providers with 1 VCPU {{(pid=105792) __init__ /opt/stack/placement/placement/objects/research_context.py:136}}
Jul 20 04:49:47.152953 n-d-826528-7 devstack@placement-api.service[105792]: DEBUG placement.objects.research_context [req-2cd71da4-c6b1-485f-a2c3-f8d3ee76e538 req-e25bb51f-bbb8-4d09-a114-238f28cd9c32 service placement] found 2 providers with available 1 DISK_GB {{(pid=105792) get_provider_ids_matching /opt/stack/placement/placement/objects/research_context.py:563}}
Jul 20 04:49:47.153507 n-d-826528-7 devstack@placement-api.service[105792]: DEBUG placement.objects.research_context [req-2cd71da4-c6b1-485f-a2c3-f8d3ee76e538 req-e25bb51f-bbb8-4d09-a114-238f28cd9c32 service placement] found 2 providers with available 1024 MEMORY_MB {{(pid=105792) get_provider_ids_matching /opt/stack/placement/placement/objects/research_context.py:563}}
Jul 20 04:49:47.154021 n-d-826528-7 devstack@placement-api.service[105792]: DEBUG placement.objects.research_context [req-2cd71da4-c6b1-485f-a2c3-f8d3ee76e538 req-e25bb51f-bbb8-4d09-a114-238f28cd9c32 service placement] found 2 providers after filtering by previous result {{(pid=105792) get_provider_ids_matching /opt/stack/placement/placement/objects/research_context.py:594}}
Jul 20 04:49:47.154456 n-d-826528-7 devstack@placement-api.service[105792]: DEBUG placement.objects.research_context [req-2cd71da4-c6b1-485f-a2c3-f8d3ee76e538 req-e25bb51f-bbb8-4d09-a114-238f28cd9c32 service placement] found 2 providers with available 1 VCPU {{(pid=105792) get_provider_ids_matching /opt/stack/placement/placement/objects/research_context.py:563}}
Jul 20 04:49:47.154879 n-d-826528-7 devstack@placement-api.service[105792]: DEBUG placement.objects.research_context [req-2cd71da4-c6b1-485f-a2c3-f8d3ee76e538 req-e25bb51f-bbb8-4d09-a114-238f28cd9c32 service placement] found 2 providers after filtering by previous result {{(pid=105792) get_provider_ids_matching /opt/stack/placement/placement/objects/research_context.py:594}}
Jul 20 04:49:47.172326 n-d-826528-7 devstack@placement-api.service[105792]: DEBUG placement.objects.allocation_candidate [req-2cd71da4-c6b1-485f-a2c3-f8d3ee76e538 req-e25bb51f-bbb8-4d09-a114-238f28cd9c32 service placement] RequestGroup(use_same_provider=False, resources={DISK_GB:1, MEMORY_MB:1024, VCPU:1}, traits=(), aggregates=[]) (suffix '') returned 2 matches {{(pid=105792) _get_by_requests /opt/stack/placement/placement/objects/allocation_candidate.py:156}}
Jul 20 04:49:47.173403 n-d-826528-7 devstack@placement-api.service[105792]: DEBUG placement.objects.allocation_candidate [req-2cd71da4-c6b1-485f-a2c3-f8d3ee76e538 req-e25bb51f-bbb8-4d09-a114-238f28cd9c32 service placement] Merging candidates yields 2 allocation requests and 2 provider summaries {{(pid=105792) _merge_candidates /opt/stack/placement/placement/objects/allocation_candidate.py:809}}
Jul 20 04:49:47.176408 n-d-826528-7 devstack@placement-api.service[105792]: INFO placement.requestlog [req-2cd71da4-c6b1-485f-a2c3-f8d3ee76e538 req-e25bb51f-bbb8-4d09-a114-238f28cd9c32 service placement] 10.222.0.75 "GET /placement/allocation_candidates?resources=DISK_GB%3A1%2CMEMORY_MB%3A1024%2CVCPU%3A1&root_required=%21COMPUTE_STATUS_DISABLED" status: 200 len: 1309 microversion: 1.36
Jul 20 04:49:47.191819 n-d-826528-7 devstack@placement-api.service[105792]: [pid: 105792|app: 0|req: 319/640] 10.222.0.75 () {60 vars in 1484 bytes} [Wed Jul 20 04:49:47 2022] GET /placement/allocation_candidates?resources=DISK_GB%3A1%2CMEMORY_MB%3A1024%2CVCPU%3A1&root_required=%21COMPUTE_STATUS_DISABLED => generated 1309 bytes in 178 msecs (HTTP/1.1 200) 8 headers in 297 bytes (2 switches on core 0)
Jul 20 04:49:47.271111 n-d-826528-7 devstack@placement-api.service[105793]: DEBUG placement.requestlog [req-2cd71da4-c6b1-485f-a2c3-f8d3ee76e538 req-187002c7-8ab8-4147-9a53-6f4c5cdacc86 None None] Starting request: 10.222.0.75 "GET /placement/allocations/5f8280ba-06ca-49c7-b90b-864f1329cc6a" {{(pid=105793) __call__ /opt/stack/placement/placement/requestlog.py:55}}
Jul 20 04:49:47.291153 n-d-826528-7 devstack@placement-api.service[105793]: INFO placement.requestlog [req-2cd71da4-c6b1-485f-a2c3-f8d3ee76e538 req-187002c7-8ab8-4147-9a53-6f4c5cdacc86 service placement] 10.222.0.75 "GET /placement/allocations/5f8280ba-06ca-49c7-b90b-864f1329cc6a" status: 200 len: 19 microversion: 1.28
Jul 20 04:49:47.298127 n-d-826528-7 devstack@placement-api.service[105793]: [pid: 105793|app: 0|req: 322/641] 10.222.0.75 () {60 vars in 1380 bytes} [Wed Jul 20 04:49:47 2022] GET /placement/allocations/5f8280ba-06ca-49c7-b90b-864f1329cc6a => generated 19 bytes in 27 msecs (HTTP/1.1 200) 8 headers in 295 bytes (1 switches on core 0)
Jul 20 04:49:47.357081 n-d-826528-7 devstack@placement-api.service[105792]: DEBUG placement.requestlog [req-2cd71da4-c6b1-485f-a2c3-f8d3ee76e538 req-1794638d-0530-4a8b-b245-17fe529892fc None None] Starting request: 10.222.0.75 "PUT /placement/allocations/5f8280ba-06ca-49c7-b90b-864f1329cc6a" {{(pid=105792) __call__ /opt/stack/placement/placement/requestlog.py:55}}
Jul 20 04:49:47.714153 n-d-826528-7 devstack@placement-api.service[105792]: DEBUG placement.handlers.allocation [req-2cd71da4-c6b1-485f-a2c3-f8d3ee76e538 req-1794638d-0530-4a8b-b245-17fe529892fc service placement] Successfully wrote allocations [, , ] {{(pid=105792) _update_consumers_and_create_allocations /opt/stack/placement/placement/handlers/allocation.py:462}}
Jul 20 04:49:47.866312 n-d-826528-7 devstack@placement-api.service[105792]: INFO placement.requestlog [req-2cd71da4-c6b1-485f-a2c3-f8d3ee76e538 req-1794638d-0530-4a8b-b245-17fe529892fc service placement] 10.222.0.75 "PUT /placement/allocations/5f8280ba-06ca-49c7-b90b-864f1329cc6a" status: 204 len: 0 microversion: 1.36
Jul 20 04:49:47.867037 n-d-826528-7 devstack@placement-api.service[105792]: [pid: 105792|app: 0|req: 320/642] 10.222.0.75 () {64 vars in 1433 bytes} [Wed Jul 20 04:49:47 2022] PUT /placement/allocations/5f8280ba-06ca-49c7-b90b-864f1329cc6a => generated 0 bytes in 510 msecs (HTTP/1.1 204) 5 headers in 199 bytes (2 switches on core 0)
Jul 20 04:49:48.703785 n-d-826528-7 devstack@placement-api.service[105793]: DEBUG placement.requestlog [req-3eed0b57-31cd-4218-bf09-eb7f63567788 req-5ecee34d-1811-482b-9710-a73dc13f1e79 None None] Starting request: 10.222.0.81 "GET /placement/resource_providers/d8e90d54-7e8d-4e03-ac5d-5e5c1f73f85d/allocations" {{(pid=105793) __call__ /opt/stack/placement/placement/requestlog.py:55}}
Jul 20 04:49:48.753858 n-d-826528-7 devstack@placement-api.service[105793]: INFO placement.requestlog [req-3eed0b57-31cd-4218-bf09-eb7f63567788 req-5ecee34d-1811-482b-9710-a73dc13f1e79 service placement] 10.222.0.81 "GET /placement/resource_providers/d8e90d54-7e8d-4e03-ac5d-5e5c1f73f85d/allocations" status: 200 len: 659 microversion: 1.0
Jul 20 04:49:48.755653 n-d-826528-7 devstack@placement-api.service[105793]: [pid: 105793|app: 0|req: 323/643] 10.222.0.81 () {58 vars in 1390 bytes} [Wed Jul 20 04:49:48 2022] GET /placement/resource_providers/d8e90d54-7e8d-4e03-ac5d-5e5c1f73f85d/allocations => generated 659 bytes in 52 msecs (HTTP/1.1 200) 6 headers in 224 bytes (1 switches on core 0)
Jul 20 04:49:49.239820 n-d-826528-7 devstack@placement-api.service[105792]: DEBUG placement.requestlog [req-eda88a0c-96d3-49db-8aac-f0c44f802e49 req-f5f2fdb6-790d-43c0-a3c4-6f3345f3c2bd None None] Starting request: 10.222.0.77 "GET /placement/allocations/eaff5c5a-3e87-4198-9fc1-9088bca4f754" {{(pid=105792) __call__ /opt/stack/placement/placement/requestlog.py:55}}
Jul 20 04:49:49.290728 n-d-826528-7 devstack@placement-api.service[105792]: INFO placement.requestlog [req-eda88a0c-96d3-49db-8aac-f0c44f802e49 req-f5f2fdb6-790d-43c0-a3c4-6f3345f3c2bd service placement] 10.222.0.77 "GET /placement/allocations/eaff5c5a-3e87-4198-9fc1-9088bca4f754" status: 200 len: 259 microversion: 1.28
Jul 20 04:49:49.292820 n-d-826528-7 devstack@placement-api.service[105792]: [pid: 105792|app: 0|req: 321/644] 10.222.0.77 () {60 vars in 1377 bytes} [Wed Jul 20 04:49:49 2022] GET /placement/allocations/eaff5c5a-3e87-4198-9fc1-9088bca4f754 => generated 259 bytes in 55 msecs (HTTP/1.1 200) 8 headers in 296 bytes (1 switches on core 0)
Jul 20 04:49:50.748766 n-d-826528-7 devstack@placement-api.service[105793]: DEBUG placement.requestlog [req-2cd71da4-c6b1-485f-a2c3-f8d3ee76e538 req-b1ae9608-1d52-4f42-9284-a9b04c13cdaa None None] Starting request: 10.222.0.81 "GET /placement/allocations/5f8280ba-06ca-49c7-b90b-864f1329cc6a" {{(pid=105793) __call__ /opt/stack/placement/placement/requestlog.py:55}}
Jul 20 04:49:50.835875 n-d-826528-7 devstack@placement-api.service[105793]: INFO placement.requestlog [req-2cd71da4-c6b1-485f-a2c3-f8d3ee76e538 req-b1ae9608-1d52-4f42-9284-a9b04c13cdaa service placement] 10.222.0.81 "GET /placement/allocations/5f8280ba-06ca-49c7-b90b-864f1329cc6a" status: 200 len: 259 microversion: 1.28
Jul 20 04:49:50.838930 n-d-826528-7 devstack@placement-api.service[105793]: [pid: 105793|app: 0|req: 324/645] 10.222.0.81 () {60 vars in 1377 bytes} [Wed Jul 20 04:49:50 2022] GET /placement/allocations/5f8280ba-06ca-49c7-b90b-864f1329cc6a => generated 259 bytes in 89 msecs (HTTP/1.1 200) 8 headers in 296 bytes (1 switches on core 0)
Jul 20 04:49:59.285771 n-d-826528-7 devstack@placement-api.service[105792]: DEBUG dbcounter [-] [105792] Writing DB stats placement:SELECT=33,placement:INSERT=6,placement:DELETE=2,placement:UPDATE=2 {{(pid=105792) stat_writer /usr/local/lib/python3.8/dist-packages/dbcounter.py:114}}
Jul 20 04:49:59.891945 n-d-826528-7 devstack@placement-api.service[105792]: DEBUG placement.requestlog [req-dff7f14b-a52a-4edf-a386-b964b44e7dae req-2ae47d9a-1351-4565-adf1-01a5ef2d2b6b None None] Starting request: 10.222.0.81 "DELETE /placement/allocations/954d3bdd-3797-485a-8103-aeec402fac9f" {{(pid=105792) __call__ /opt/stack/placement/placement/requestlog.py:55}}
Jul 20 04:50:00.120182 n-d-826528-7 devstack@placement-api.service[105792]: DEBUG placement.handlers.allocation [req-dff7f14b-a52a-4edf-a386-b964b44e7dae req-2ae47d9a-1351-4565-adf1-01a5ef2d2b6b service placement] Successfully deleted allocations [, , ] {{(pid=105792) delete_allocations /opt/stack/placement/placement/handlers/allocation.py:627}}
Jul 20 04:50:00.123204 n-d-826528-7 devstack@placement-api.service[105792]: INFO placement.requestlog [req-dff7f14b-a52a-4edf-a386-b964b44e7dae req-2ae47d9a-1351-4565-adf1-01a5ef2d2b6b service placement] 10.222.0.81 "DELETE /placement/allocations/954d3bdd-3797-485a-8103-aeec402fac9f" status: 204 len: 0 microversion: 1.0
