Jul 20 04:39:39.468381 n-d-826528-7 devstack@placement-api.service[105793]: INFO placement.requestlog [req-6bfdde0a-4f78-497c-afb4-cd6f0af90bbd req-dca9bad2-def6-4c41-a39a-38afc6447964 service placement] 10.222.0.75 "PUT /placement/allocations/14d1ba2f-7a6d-4c9a-bec1-1dd4c7877aac" status: 204 len: 0 microversion: 1.36
Jul 20 04:39:39.472488 n-d-826528-7 devstack@placement-api.service[105793]: [pid: 105793|app: 0|req: 123/245] 10.222.0.75 () {64 vars in 1433 bytes} [Wed Jul 20 04:39:39 2022] PUT /placement/allocations/14d1ba2f-7a6d-4c9a-bec1-1dd4c7877aac => generated 0 bytes in 457 msecs (HTTP/1.1 204) 5 headers in 199 bytes (1 switches on core 0)
Jul 20 04:39:41.026792 n-d-826528-7 devstack@placement-api.service[105792]: DEBUG placement.requestlog [req-6bfdde0a-4f78-497c-afb4-cd6f0af90bbd req-1acb1d1b-e48e-4da4-8a4b-4ad84181c304 None None] Starting request: 10.222.0.81 "GET /placement/allocations/14d1ba2f-7a6d-4c9a-bec1-1dd4c7877aac" {{(pid=105792) __call__ /opt/stack/placement/placement/requestlog.py:55}}
Jul 20 04:39:41.067230 n-d-826528-7 devstack@placement-api.service[105792]: INFO placement.requestlog [req-6bfdde0a-4f78-497c-afb4-cd6f0af90bbd req-1acb1d1b-e48e-4da4-8a4b-4ad84181c304 service placement] 10.222.0.81 "GET /placement/allocations/14d1ba2f-7a6d-4c9a-bec1-1dd4c7877aac" status: 200 len: 259 microversion: 1.28
Jul 20 04:39:41.068140 n-d-826528-7 devstack@placement-api.service[105792]: [pid: 105792|app: 0|req: 123/246] 10.222.0.81 () {60 vars in 1377 bytes} [Wed Jul 20 04:39:41 2022] GET /placement/allocations/14d1ba2f-7a6d-4c9a-bec1-1dd4c7877aac => generated 259 bytes in 42 msecs (HTTP/1.1 200) 8 headers in 296 bytes (1 switches on core 0)
Jul 20 04:39:43.345253 n-d-826528-7 devstack@placement-api.service[105793]: DEBUG placement.requestlog [req-2e0b2b8b-66cb-4e73-aa76-29df2d7697c7 req-bff67dca-1b20-448c-980c-0049d98d8000 None None] Starting request: 10.222.0.75 "GET /placement/allocation_candidates?limit=1000&resources=DISK_GB%3A1%2CMEMORY_MB%3A1024%2CVCPU%3A1&root_required=%21COMPUTE_STATUS_DISABLED" {{(pid=105793) __call__ /opt/stack/placement/placement/requestlog.py:55}}
Jul 20 04:39:43.484881 n-d-826528-7 devstack@placement-api.service[105793]: DEBUG placement.objects.research_context [req-2e0b2b8b-66cb-4e73-aa76-29df2d7697c7 req-bff67dca-1b20-448c-980c-0049d98d8000 service placement] getting providers with 1 DISK_GB {{(pid=105793) __init__ /opt/stack/placement/placement/objects/research_context.py:136}}
Jul 20 04:39:43.537345 n-d-826528-7 devstack@placement-api.service[105793]: DEBUG placement.objects.research_context [req-2e0b2b8b-66cb-4e73-aa76-29df2d7697c7 req-bff67dca-1b20-448c-980c-0049d98d8000 service placement] getting providers with 1024 MEMORY_MB {{(pid=105793) __init__ /opt/stack/placement/placement/objects/research_context.py:136}}
Jul 20 04:39:43.572063 n-d-826528-7 devstack@placement-api.service[105793]: DEBUG placement.objects.research_context [req-2e0b2b8b-66cb-4e73-aa76-29df2d7697c7 req-bff67dca-1b20-448c-980c-0049d98d8000 service placement] getting providers with 1 VCPU {{(pid=105793) __init__ /opt/stack/placement/placement/objects/research_context.py:136}}
Jul 20 04:39:43.593697 n-d-826528-7 devstack@placement-api.service[105793]: DEBUG placement.objects.research_context [req-2e0b2b8b-66cb-4e73-aa76-29df2d7697c7 req-bff67dca-1b20-448c-980c-0049d98d8000 service placement] found 2 providers with available 1 DISK_GB {{(pid=105793) get_provider_ids_matching /opt/stack/placement/placement/objects/research_context.py:563}}
Jul 20 04:39:43.595002 n-d-826528-7 devstack@placement-api.service[105793]: DEBUG placement.objects.research_context [req-2e0b2b8b-66cb-4e73-aa76-29df2d7697c7 req-bff67dca-1b20-448c-980c-0049d98d8000 service placement] found 2 providers with available 1024 MEMORY_MB {{(pid=105793) get_provider_ids_matching /opt/stack/placement/placement/objects/research_context.py:563}}
Jul 20 04:39:43.609782 n-d-826528-7 devstack@placement-api.service[105793]: DEBUG placement.objects.research_context [req-2e0b2b8b-66cb-4e73-aa76-29df2d7697c7 req-bff67dca-1b20-448c-980c-0049d98d8000 service placement] found 2 providers after filtering by previous result {{(pid=105793) get_provider_ids_matching /opt/stack/placement/placement/objects/research_context.py:594}}
Jul 20 04:39:43.610380 n-d-826528-7 devstack@placement-api.service[105793]: DEBUG placement.objects.research_context [req-2e0b2b8b-66cb-4e73-aa76-29df2d7697c7 req-bff67dca-1b20-448c-980c-0049d98d8000 service placement] found 2 providers with available 1 VCPU {{(pid=105793) get_provider_ids_matching /opt/stack/placement/placement/objects/research_context.py:563}}
Jul 20 04:39:43.610856 n-d-826528-7 devstack@placement-api.service[105793]: DEBUG placement.objects.research_context [req-2e0b2b8b-66cb-4e73-aa76-29df2d7697c7 req-bff67dca-1b20-448c-980c-0049d98d8000 service placement] found 2 providers after filtering by previous result {{(pid=105793) get_provider_ids_matching /opt/stack/placement/placement/objects/research_context.py:594}}
Jul 20 04:39:43.699642 n-d-826528-7 devstack@placement-api.service[105793]: DEBUG placement.objects.allocation_candidate [req-2e0b2b8b-66cb-4e73-aa76-29df2d7697c7 req-bff67dca-1b20-448c-980c-0049d98d8000 service placement] RequestGroup(use_same_provider=False, resources={DISK_GB:1, MEMORY_MB:1024, VCPU:1}, traits=(), aggregates=[]) (suffix '') returned 2 matches {{(pid=105793) _get_by_requests /opt/stack/placement/placement/objects/allocation_candidate.py:156}}
Jul 20 04:39:43.709687 n-d-826528-7 devstack@placement-api.service[105793]: DEBUG placement.objects.allocation_candidate [req-2e0b2b8b-66cb-4e73-aa76-29df2d7697c7 req-bff67dca-1b20-448c-980c-0049d98d8000 service placement] Merging candidates yields 2 allocation requests and 2 provider summaries {{(pid=105793) _merge_candidates /opt/stack/placement/placement/objects/allocation_candidate.py:809}}
Jul 20 04:39:43.724864 n-d-826528-7 devstack@placement-api.service[105793]: INFO placement.requestlog [req-2e0b2b8b-66cb-4e73-aa76-29df2d7697c7 req-bff67dca-1b20-448c-980c-0049d98d8000 service placement] 10.222.0.75 "GET /placement/allocation_candidates?limit=1000&resources=DISK_GB%3A1%2CMEMORY_MB%3A1024%2CVCPU%3A1&root_required=%21COMPUTE_STATUS_DISABLED" status: 200 len: 1309 microversion: 1.36
Jul 20 04:39:43.725966 n-d-826528-7 devstack@placement-api.service[105793]: [pid: 105793|app: 0|req: 124/247] 10.222.0.75 () {60 vars in 1506 bytes} [Wed Jul 20 04:39:43 2022] GET /placement/allocation_candidates?limit=1000&resources=DISK_GB%3A1%2CMEMORY_MB%3A1024%2CVCPU%3A1&root_required=%21COMPUTE_STATUS_DISABLED => generated 1309 bytes in 381 msecs (HTTP/1.1 200) 8 headers in 297 bytes (2 switches on core 0)
Jul 20 04:39:43.787728 n-d-826528-7 devstack@placement-api.service[105792]: DEBUG placement.requestlog [req-82699ba1-981f-4162-bffd-3f0c9f660241 req-9ae6f8b2-6280-49d5-9675-c7f19d342e09 None None] Starting request: 10.222.0.81 "GET /placement/resource_providers/d8e90d54-7e8d-4e03-ac5d-5e5c1f73f85d/allocations" {{(pid=105792) __call__ /opt/stack/placement/placement/requestlog.py:55}}
Jul 20 04:39:43.878372 n-d-826528-7 devstack@placement-api.service[105792]: DEBUG dbcounter [-] [105792] Writing DB stats placement:SELECT=71,placement:DELETE=9,placement:INSERT=11,placement:UPDATE=9 {{(pid=105792) stat_writer /usr/local/lib/python3.8/dist-packages/dbcounter.py:114}}
Jul 20 04:39:43.933538 n-d-826528-7 devstack@placement-api.service[105792]: INFO placement.requestlog [req-82699ba1-981f-4162-bffd-3f0c9f660241 req-9ae6f8b2-6280-49d5-9675-c7f19d342e09 service placement] 10.222.0.81 "GET /placement/resource_providers/d8e90d54-7e8d-4e03-ac5d-5e5c1f73f85d/allocations" status: 200 len: 457 microversion: 1.0
Jul 20 04:39:43.936166 n-d-826528-7 devstack@placement-api.service[105792]: [pid: 105792|app: 0|req: 124/248] 10.222.0.81 () {58 vars in 1390 bytes} [Wed Jul 20 04:39:43 2022] GET /placement/resource_providers/d8e90d54-7e8d-4e03-ac5d-5e5c1f73f85d/allocations => generated 457 bytes in 151 msecs (HTTP/1.1 200) 6 headers in 224 bytes (1 switches on core 0)
Jul 20 04:39:43.995895 n-d-826528-7 devstack@placement-api.service[105793]: DEBUG placement.requestlog [req-2e0b2b8b-66cb-4e73-aa76-29df2d7697c7 req-ed6ede08-db00-41ed-911f-3ab8b7235a7c None None] Starting request: 10.222.0.75 "GET /placement/allocations/453737ab-59df-4888-9dfc-85090da57b71" {{(pid=105793) __call__ /opt/stack/placement/placement/requestlog.py:55}}
Jul 20 04:39:44.056535 n-d-826528-7 devstack@placement-api.service[105793]: INFO placement.requestlog [req-2e0b2b8b-66cb-4e73-aa76-29df2d7697c7 req-ed6ede08-db00-41ed-911f-3ab8b7235a7c service placement] 10.222.0.75 "GET /placement/allocations/453737ab-59df-4888-9dfc-85090da57b71" status: 200 len: 19 microversion: 1.28
Jul 20 04:39:44.073111 n-d-826528-7 devstack@placement-api.service[105792]: DEBUG placement.requestlog [req-2e0b2b8b-66cb-4e73-aa76-29df2d7697c7 req-9d34aea3-c94e-4df9-b6a6-6bad2f3af345 None None] Starting request: 10.222.0.75 "PUT /placement/allocations/453737ab-59df-4888-9dfc-85090da57b71" {{(pid=105792) __call__ /opt/stack/placement/placement/requestlog.py:55}}
Jul 20 04:39:44.077926 n-d-826528-7 devstack@placement-api.service[105793]: [pid: 105793|app: 0|req: 125/249] 10.222.0.75 () {60 vars in 1380 bytes} [Wed Jul 20 04:39:43 2022] GET /placement/allocations/453737ab-59df-4888-9dfc-85090da57b71 => generated 19 bytes in 82 msecs (HTTP/1.1 200) 8 headers in 295 bytes (1 switches on core 0)
Jul 20 04:39:44.606851 n-d-826528-7 devstack@placement-api.service[105792]: DEBUG placement.handlers.allocation [req-2e0b2b8b-66cb-4e73-aa76-29df2d7697c7 req-9d34aea3-c94e-4df9-b6a6-6bad2f3af345 service placement] Successfully wrote allocations [, , ] {{(pid=105792) _update_consumers_and_create_allocations /opt/stack/placement/placement/handlers/allocation.py:462}}
Jul 20 04:39:44.714735 n-d-826528-7 devstack@placement-api.service[105792]: INFO placement.requestlog [req-2e0b2b8b-66cb-4e73-aa76-29df2d7697c7 req-9d34aea3-c94e-4df9-b6a6-6bad2f3af345 service placement] 10.222.0.75 "PUT /placement/allocations/453737ab-59df-4888-9dfc-85090da57b71" status: 204 len: 0 microversion: 1.36
Jul 20 04:39:44.715434 n-d-826528-7 devstack@placement-api.service[105792]: [pid: 105792|app: 0|req: 125/250] 10.222.0.75 () {64 vars in 1433 bytes} [Wed Jul 20 04:39:44 2022] PUT /placement/allocations/453737ab-59df-4888-9dfc-85090da57b71 => generated 0 bytes in 644 msecs (HTTP/1.1 204) 5 headers in 199 bytes (1 switches on core 0)
Jul 20 04:39:47.429387 n-d-826528-7 devstack@placement-api.service[105793]: DEBUG placement.requestlog [req-2e0b2b8b-66cb-4e73-aa76-29df2d7697c7 req-fbfa962c-bc9b-48cf-b31e-da30d58fd698 None None] Starting request: 10.222.0.81 "GET /placement/allocations/453737ab-59df-4888-9dfc-85090da57b71" {{(pid=105793) __call__ /opt/stack/placement/placement/requestlog.py:55}}
Jul 20 04:39:47.459658 n-d-826528-7 devstack@placement-api.service[105793]: INFO placement.requestlog [req-2e0b2b8b-66cb-4e73-aa76-29df2d7697c7 req-fbfa962c-bc9b-48cf-b31e-da30d58fd698 service placement] 10.222.0.81 "GET /placement/allocations/453737ab-59df-4888-9dfc-85090da57b71" status: 200 len: 259 microversion: 1.28
Jul 20 04:39:47.459658 n-d-826528-7 devstack@placement-api.service[105793]: [pid: 105793|app: 0|req: 126/251] 10.222.0.81 () {60 vars in 1377 bytes} [Wed Jul 20 04:39:47 2022] GET /placement/allocations/453737ab-59df-4888-9dfc-85090da57b71 => generated 259 bytes in 25 msecs (HTTP/1.1 200) 8 headers in 296 bytes (1 switches on core 0)
Jul 20 04:39:50.268198 n-d-826528-7 devstack@placement-api.service[105792]: DEBUG placement.requestlog [req-c1e7494e-2048-426e-9518-a1bda08c0820 req-877d7c49-f94c-4334-b23a-d0ef39bbaac8 None None] Starting request: 10.222.0.81 "DELETE /placement/allocations/6da6fb81-eea0-4bf7-9c3c-dabb3650055e" {{(pid=105792) __call__ /opt/stack/placement/placement/requestlog.py:55}}
Jul 20 04:39:50.704867 n-d-826528-7 devstack@placement-api.service[105792]: DEBUG placement.handlers.allocation [req-c1e7494e-2048-426e-9518-a1bda08c0820 req-877d7c49-f94c-4334-b23a-d0ef39bbaac8 service placement] Successfully deleted allocations [, , ] {{(pid=105792) delete_allocations /opt/stack/placement/placement/handlers/allocation.py:627}}
Jul 20 04:39:50.706297 n-d-826528-7 devstack@placement-api.service[105792]: INFO placement.requestlog [req-c1e7494e-2048-426e-9518-a1bda08c0820 req-877d7c49-f94c-4334-b23a-d0ef39bbaac8 service placement] 10.222.0.81 "DELETE /placement/allocations/6da6fb81-eea0-4bf7-9c3c-dabb3650055e" status: 204 len: 0 microversion: 1.0
Jul 20 04:39:50.707173 n-d-826528-7 devstack@placement-api.service[105792]: [pid: 105792|app: 0|req: 126/252] 10.222.0.81 () {60 vars in 1355 bytes} [Wed Jul 20 04:39:50 2022] DELETE /placement/allocations/6da6fb81-eea0-4bf7-9c3c-dabb3650055e => generated 0 bytes in 440 msecs (HTTP/1.1 204) 5 headers in 198 bytes (1 switches on core 0)
Jul 20 04:39:55.747227 n-d-826528-7 devstack@placement-api.service[105793]: DEBUG placement.requestlog [req-b0dda57d-3714-4497-8c64-b1e033363056 req-8938380b-f173-4fc4-a896-b4e9ee077ac4 None None] Starting request: 10.222.0.75 "GET /placement/allocation_candidates?limit=1000&resources=DISK_GB%3A1%2CMEMORY_MB%3A1024%2CVCPU%3A1&root_required=%21COMPUTE_STATUS_DISABLED" {{(pid=105793) __call__ /opt/stack/placement/placement/requestlog.py:55}}
Jul 20 04:39:55.756849 n-d-826528-7 devstack@placement-api.service[105793]: DEBUG dbcounter [-] [105793] Writing DB stats placement:SELECT=65,placement:INSERT=4,placement:DELETE=2,placement:UPDATE=2 {{(pid=105793) stat_writer /usr/local/lib/python3.8/dist-packages/dbcounter.py:114}}
Jul 20 04:39:55.931408 n-d-826528-7 devstack@placement-api.service[105793]: DEBUG placement.objects.research_context [req-b0dda57d-3714-4497-8c64-b1e033363056 req-8938380b-f173-4fc4-a896-b4e9ee077ac4 service placement] getting providers with 1 DISK_GB {{(pid=105793) __init__ /opt/stack/placement/placement/objects/research_context.py:136}}
Jul 20 04:39:55.981094 n-d-826528-7 devstack@placement-api.service[105793]: DEBUG placement.objects.research_context [req-b0dda57d-3714-4497-8c64-b1e033363056 req-8938380b-f173-4fc4-a896-b4e9ee077ac4 service placement] getting providers with 1024 MEMORY_MB {{(pid=105793) __init__ /opt/stack/placement/placement/objects/research_context.py:136}}
Jul 20 04:39:56.010604 n-d-826528-7 devstack@placement-api.service[105793]: DEBUG placement.objects.research_context [req-b0dda57d-3714-4497-8c64-b1e033363056 req-8938380b-f173-4fc4-a896-b4e9ee077ac4 service placement] getting providers with 1 VCPU {{(pid=105793) __init__ /opt/stack/placement/placement/objects/research_context.py:136}}
Jul 20 04:39:56.063959 n-d-826528-7 devstack@placement-api.service[105793]: DEBUG placement.objects.research_context [req-b0dda57d-3714-4497-8c64-b1e033363056 req-8938380b-f173-4fc4-a896-b4e9ee077ac4 service placement] found 2 providers with available 1 DISK_GB {{(pid=105793) get_provider_ids_matching /opt/stack/placement/placement/objects/research_context.py:563}}
Jul 20 04:39:56.066713 n-d-826528-7 devstack@placement-api.service[105793]: DEBUG placement.objects.research_context [req-b0dda57d-3714-4497-8c64-b1e033363056 req-8938380b-f173-4fc4-a896-b4e9ee077ac4 service placement] found 2 providers with available 1024 MEMORY_MB {{(pid=105793) get_provider_ids_matching /opt/stack/placement/placement/objects/research_context.py:563}}
Jul 20 04:39:56.067327 n-d-826528-7 devstack@placement-api.service[105793]: DEBUG placement.objects.research_context [req-b0dda57d-3714-4497-8c64-b1e033363056 req-8938380b-f173-4fc4-a896-b4e9ee077ac4 service placement] found 2 providers after filtering by previous result {{(pid=105793) get_provider_ids_matching /opt/stack/placement/placement/objects/research_context.py:594}}
Jul 20 04:39:56.067830 n-d-826528-7 devstack@placement-api.service[105793]: DEBUG placement.objects.research_context [req-b0dda57d-3714-4497-8c64-b1e033363056 req-8938380b-f173-4fc4-a896-b4e9ee077ac4 service placement] found 2 providers with available 1 VCPU {{(pid=105793) get_provider_ids_matching /opt/stack/placement/placement/objects/research_context.py:563}}
Jul 20 04:39:56.068331 n-d-826528-7 devstack@placement-api.service[105793]: DEBUG placement.objects.research_context [req-b0dda57d-3714-4497-8c64-b1e033363056 req-8938380b-f173-4fc4-a896-b4e9ee077ac4 service placement] found 2 providers after filtering by previous result {{(pid=105793) get_provider_ids_matching /opt/stack/placement/placement/objects/research_context.py:594}}
Jul 20 04:39:56.194990 n-d-826528-7 devstack@placement-api.service[105793]: DEBUG placement.objects.allocation_candidate [req-b0dda57d-3714-4497-8c64-b1e033363056 req-8938380b-f173-4fc4-a896-b4e9ee077ac4 service placement] RequestGroup(use_same_provider=False, resources={DISK_GB:1, MEMORY_MB:1024, VCPU:1}, traits=(), aggregates=[]) (suffix '') returned 2 matches {{(pid=105793) _get_by_requests /opt/stack/placement/placement/objects/allocation_candidate.py:156}}
Jul 20 04:39:56.195673 n-d-826528-7 devstack@placement-api.service[105793]: DEBUG placement.objects.allocation_candidate [req-b0dda57d-3714-4497-8c64-b1e033363056 req-8938380b-f173-4fc4-a896-b4e9ee077ac4 service placement] Merging candidates yields 2 allocation requests and 2 provider summaries {{(pid=105793) _merge_candidates /opt/stack/placement/placement/objects/allocation_candidate.py:809}}
Jul 20 04:39:56.207985 n-d-826528-7 devstack@placement-api.service[105793]: INFO placement.requestlog [req-b0dda57d-3714-4497-8c64-b1e033363056 req-8938380b-f173-4fc4-a896-b4e9ee077ac4 service placement] 10.222.0.75 "GET /placement/allocation_candidates?limit=1000&resources=DISK_GB%3A1%2CMEMORY_MB%3A1024%2CVCPU%3A1&root_required=%21COMPUTE_STATUS_DISABLED" status: 200 len: 1309 microversion: 1.36
Jul 20 04:39:56.217465 n-d-826528-7 devstack@placement-api.service[105793]: [pid: 105793|app: 0|req: 127/253] 10.222.0.75 () {60 vars in 1506 bytes} [Wed Jul 20 04:39:55 2022] GET /placement/allocation_candidates?limit=1000&resources=DISK_GB%3A1%2CMEMORY_MB%3A1024%2CVCPU%3A1&root_required=%21COMPUTE_STATUS_DISABLED => generated 1309 bytes in 470 msecs (HTTP/1.1 200) 8 headers in 297 bytes (2 switches on core 0)
Jul 20 04:39:56.391702 n-d-826528-7 devstack@placement-api.service[105792]: DEBUG placement.requestlog [req-b0dda57d-3714-4497-8c64-b1e033363056 req-fec53f83-2bfd-4468-8815-824ad491797b None None] Starting request: 10.222.0.75 "GET /placement/allocations/6e0ec447-37a9-4374-be22-4b32a53af117" {{(pid=105792) __call__ /opt/stack/placement/placement/requestlog.py:55}}
Jul 20 04:39:56.451937 n-d-826528-7 devstack@placement-api.service[105792]: INFO placement.requestlog [req-b0dda57d-3714-4497-8c64-b1e033363056 req-fec53f83-2bfd-4468-8815-824ad491797b service placement] 10.222.0.75 "GET /placement/allocations/6e0ec447-37a9-4374-be22-4b32a53af117" status: 200 len: 19 microversion: 1.28
Jul 20 04:39:56.453134 n-d-826528-7 devstack@placement-api.service[105792]: [pid: 105792|app: 0|req: 127/254] 10.222.0.75 () {60 vars in 1380 bytes} [Wed Jul 20 04:39:56 2022] GET /placement/allocations/6e0ec447-37a9-4374-be22-4b32a53af117 => generated 19 bytes in 62 msecs (HTTP/1.1 200) 8 headers in 295 bytes (1 switches on core 0)
Jul 20 04:39:56.459962 n-d-826528-7 devstack@placement-api.service[105793]: DEBUG placement.requestlog [req-b0dda57d-3714-4497-8c64-b1e033363056 req-b2430e9e-0f90-4e3b-aeeb-6ea45551cd5e None None] Starting request: 10.222.0.75 "PUT /placement/allocations/6e0ec447-37a9-4374-be22-4b32a53af117" {{(pid=105793) __call__ /opt/stack/placement/placement/requestlog.py:55}}
Jul 20 04:39:56.746218 n-d-826528-7 devstack@placement-api.service[105793]: DEBUG placement.handlers.allocation [req-b0dda57d-3714-4497-8c64-b1e033363056 req-b2430e9e-0f90-4e3b-aeeb-6ea45551cd5e service placement] Successfully wrote allocations [, , ] {{(pid=105793) _update_consumers_and_create_allocations /opt/stack/placement/placement/handlers/allocation.py:462}}
Jul 20 04:39:56.817160 n-d-826528-7 devstack@placement-api.service[105793]: INFO placement.requestlog [req-b0dda57d-3714-4497-8c64-b1e033363056 req-b2430e9e-0f90-4e3b-aeeb-6ea45551cd5e service placement] 10.222.0.75 "PUT /placement/allocations/6e0ec447-37a9-4374-be22-4b32a53af117" status: 204 len: 0 microversion: 1.36
Jul 20 04:39:56.818516 n-d-826528-7 devstack@placement-api.service[105793]: [pid: 105793|app: 0|req: 128/255] 10.222.0.75 () {64 vars in 1433 bytes} [Wed Jul 20 04:39:56 2022] PUT /placement/allocations/6e0ec447-37a9-4374-be22-4b32a53af117 => generated 0 bytes in 358 msecs (HTTP/1.1 204) 5 headers in 199 bytes (2 switches on core 0)
Jul 20 04:39:58.499367 n-d-826528-7 devstack@placement-api.service[105792]: DEBUG placement.requestlog [req-b0dda57d-3714-4497-8c64-b1e033363056 req-f62941d2-8a3f-41a4-b440-ce73f91f8adb None None] Starting request: 10.222.0.81 "GET /placement/allocations/6e0ec447-37a9-4374-be22-4b32a53af117" {{(pid=105792) __call__ /opt/stack/placement/placement/requestlog.py:55}}
Jul 20 04:39:58.541323 n-d-826528-7 devstack@placement-api.service[105792]: INFO placement.requestlog [req-b0dda57d-3714-4497-8c64-b1e033363056 req-f62941d2-8a3f-41a4-b440-ce73f91f8adb service placement] 10.222.0.81 "GET /placement/allocations/6e0ec447-37a9-4374-be22-4b32a53af117" status: 200 len: 259 microversion: 1.28
Jul 20 04:39:58.542696 n-d-826528-7 devstack@placement-api.service[105792]: [pid: 105792|app: 0|req: 128/256] 10.222.0.81 () {60 vars in 1377 bytes} [Wed Jul 20 04:39:58 2022] GET /placement/allocations/6e0ec447-37a9-4374-be22-4b32a53af117 => generated 259 bytes in 44 msecs (HTTP/1.1 200) 8 headers in 296 bytes (1 switches on core 0)
Jul 20 04:39:58.901592 n-d-826528-7 devstack@placement-api.service[105793]: DEBUG placement.requestlog [req-53bd81de-0692-49ea-9a89-c0bf3f0cd5db req-d7a8a4c0-ed88-40eb-8cd5-a84c3b137c2d None None] Starting request: 10.222.0.77 "GET /placement/resource_providers/b8a22574-6959-4f0c-bcbe-61220bb94ef1/allocations" {{(pid=105793) __call__ /opt/stack/placement/placement/requestlog.py:55}}
Jul 20 04:39:58.946421 n-d-826528-7 devstack@placement-api.service[105793]: INFO placement.requestlog [req-53bd81de-0692-49ea-9a89-c0bf3f0cd5db req-d7a8a4c0-ed88-40eb-8cd5-a84c3b137c2d service placement] 10.222.0.77 "GET /placement/resource_providers/b8a22574-6959-4f0c-bcbe-61220bb94ef1/allocations" status: 200 len: 760 microversion: 1.0
Jul 20 04:39:58.954155 n-d-826528-7 devstack@placement-api.service[105793]: [pid: 105793|app: 0|req: 129/257] 10.222.0.77 () {58 vars in 1390 bytes} [Wed Jul 20 04:39:58 2022] GET /placement/resource_providers/b8a22574-6959-4f0c-bcbe-61220bb94ef1/allocations => generated 760 bytes in 48 msecs (HTTP/1.1 200) 6 headers in 224 bytes (2 switches on core 0)
Jul 20 04:39:59.651012 n-d-826528-7 devstack@placement-api.service[105792]: DEBUG placement.requestlog [None req-466d99b8-8a2b-412c-a92e-1e9837cd3809 None None] Starting request: 10.222.0.75 "GET /placement/" {{(pid=105792) __call__ /opt/stack/placement/placement/requestlog.py:55}}
Jul 20 04:39:59.652506 n-d-826528-7 devstack@placement-api.service[105792]: INFO placement.requestlog [None req-466d99b8-8a2b-412c-a92e-1e9837cd3809 None None] 10.222.0.75 "GET /placement/" status: 200 len: 136 microversion: 1.0
Jul 20 04:39:59.653582 n-d-826528-7 devstack@placement-api.service[105792]: [pid: 105792|app: 0|req: 129/258] 10.222.0.75 () {54 vars in 907 bytes} [Wed Jul 20 04:39:59 2022] GET /placement => generated 136 bytes in 2 msecs (HTTP/1.1 200) 6 headers in 224 bytes (2 switches on core 0)
Jul 20 04:39:59.686210 n-d-826528-7 devstack@placement-api.service[105793]: DEBUG placement.requestlog [req-db399b78-4e5f-4037-8ee8-343ce552f761 req-3c450072-ed6c-4d31-8968-842adbdf6067 None None] Starting request: 10.222.0.75 "DELETE /placement/allocations/6e0ec447-37a9-4374-be22-4b32a53af117" {{(pid=105793) __call__ /opt/stack/placement/placement/requestlog.py:55}}
Jul 20 04:40:00.019742 n-d-826528-7 devstack@placement-api.service[105793]: DEBUG placement.handlers.allocation [req-db399b78-4e5f-4037-8ee8-343ce552f761 req-3c450072-ed6c-4d31-8968-842adbdf6067 service placement] Successfully deleted allocations [, , ] {{(pid=105793) delete_allocations /opt/stack/placement/placement/handlers/allocation.py:627}}
Jul 20 04:40:00.021265 n-d-826528-7 devstack@placement-api.service[105793]: INFO placement.requestlog [req-db399b78-4e5f-4037-8ee8-343ce552f761 req-3c450072-ed6c-4d31-8968-842adbdf6067 service placement] 10.222.0.75 "DELETE /placement/allocations/6e0ec447-37a9-4374-be22-4b32a53af117" status: 204 len: 0 microversion: 1.0
Jul 20 04:40:00.030425 n-d-826528-7 devstack@placement-api.service[105793]: [pid: 105793|app: 0|req: 130/259] 10.222.0.75 () {60 vars in 1349 bytes} [Wed Jul 20 04:39:59 2022] DELETE /placement/allocations/6e0ec447-37a9-4374-be22-4b32a53af117 => generated 0 bytes in 336 msecs (HTTP/1.1 204) 5 headers in 198 bytes (1 switches on core 0)
Jul 20 04:40:02.410183 n-d-826528-7 devstack@placement-api.service[105792]: DEBUG placement.requestlog [req-b0dda57d-3714-4497-8c64-b1e033363056 req-f18eb382-0fee-4653-86c7-c6af82476e6d None None] Starting request: 10.222.0.81 "DELETE /placement/allocations/6e0ec447-37a9-4374-be22-4b32a53af117" {{(pid=105792) __call__ /opt/stack/placement/placement/requestlog.py:55}}
Jul 20 04:40:02.448706 n-d-826528-7 devstack@placement-api.service[105792]: DEBUG placement.wsgi_wrapper [req-b0dda57d-3714-4497-8c64-b1e033363056 req-f18eb382-0fee-4653-86c7-c6af82476e6d service placement] Placement API returning an error response: No allocations for consumer '6e0ec447-37a9-4374-be22-4b32a53af117' {{(pid=105792) call_func /opt/stack/placement/placement/wsgi_wrapper.py:31}}
Jul 20 04:40:02.450512 n-d-826528-7 devstack@placement-api.service[105792]: INFO placement.requestlog [req-b0dda57d-3714-4497-8c64-b1e033363056 req-f18eb382-0fee-4653-86c7-c6af82476e6d service placement] 10.222.0.81 "DELETE /placement/allocations/6e0ec447-37a9-4374-be22-4b32a53af117" status: 404 len: 228 microversion: 1.0
Jul 20 04:40:02.451859 n-d-826528-7 devstack@placement-api.service[105792]: [pid: 105792|app: 0|req: 130/260] 10.222.0.81 () {60 vars in 1355 bytes} [Wed Jul 20 04:40:02 2022] DELETE /placement/allocations/6e0ec447-37a9-4374-be22-4b32a53af117 => generated 228 bytes in 42 msecs (HTTP/1.1 404) 6 headers in 231 bytes (1 switches on core 0)
Jul 20 04:40:02.584449 n-d-826528-7 devstack@placement-api.service[105793]: DEBUG placement.requestlog [None req-c77afe6f-564c-4046-bd4a-bc221cab9ea6 None None] Starting request: 10.222.0.75 "GET /placement/" {{(pid=105793) __call__ /opt/stack/placement/placement/requestlog.py:55}}
Jul 20 04:40:02.587350 n-d-826528-7 devstack@placement-api.service[105793]: INFO placement.requestlog [None req-c77afe6f-564c-4046-bd4a-bc221cab9ea6 None None] 10.222.0.75 "GET /placement/" status: 200 len: 136 microversion: 1.0
Jul 20 04:40:02.588256 n-d-826528-7 devstack@placement-api.service[105793]: [pid: 105793|app: 0|req: 131/261] 10.222.0.75 () {54 vars in 907 bytes} [Wed Jul 20 04:40:02 2022] GET /placement => generated 136 bytes in 5 msecs (HTTP/1.1 200) 6 headers in 224 bytes (1 switches on core 0)
Jul 20 04:40:02.613787 n-d-826528-7 devstack@placement-api.service[105792]: DEBUG placement.requestlog [req-afb6df09-d618-4e85-8034-21a09825b524 req-332687af-41bb-4012-b0df-44341178e2d2 None None] Starting request: 10.222.0.75 "GET /placement/resource_providers/b8a22574-6959-4f0c-bcbe-61220bb94ef1/traits" {{(pid=105792) __call__ /opt/stack/placement/placement/requestlog.py:55}}
Jul 20 04:40:02.783231 n-d-826528-7 devstack@placement-api.service[105792]: INFO placement.requestlog [req-afb6df09-d618-4e85-8034-21a09825b524 req-332687af-41bb-4012-b0df-44341178e2d2 service placement] 10.222.0.75 "GET /placement/resource_providers/b8a22574-6959-4f0c-bcbe-61220bb94ef1/traits" status: 200 len: 212 microversion: 1.6
Jul 20 04:40:02.785067 n-d-826528-7 devstack@placement-api.service[105792]: [pid: 105792|app: 0|req: 131/262] 10.222.0.75 () {60 vars in 1412 bytes} [Wed Jul 20 04:40:02 2022] GET /placement/resource_providers/b8a22574-6959-4f0c-bcbe-61220bb94ef1/traits => generated 212 bytes in 172 msecs (HTTP/1.1 200) 6 headers in 224 bytes (1 switches on core 0)
Jul 20 04:40:04.173254 n-d-826528-7 devstack@placement-api.service[105793]: DEBUG placement.requestlog [None req-28b07f49-12e6-46be-9499-ee6af36990af None None] Starting request: 10.222.0.75 "GET /placement/" {{(pid=105793) __call__ /opt/stack/placement/placement/requestlog.py:55}}
Jul 20 04:40:04.176089 n-d-826528-7 devstack@placement-api.service[105793]: INFO placement.requestlog [None req-28b07f49-12e6-46be-9499-ee6af36990af None None] 10.222.0.75 "GET /placement/" status: 200 len: 136 microversion: 1.0
Jul 20 04:40:04.177411 n-d-826528-7 devstack@placement-api.service[105793]: [pid: 105793|app: 0|req: 132/263] 10.222.0.75 () {54 vars in 916 bytes} [Wed Jul 20 04:40:04 2022] GET /placement => generated 136 bytes in 6 msecs (HTTP/1.1 200) 6 headers in 224 bytes (1 switches on core 0)
Jul 20 04:40:04.194656 n-d-826528-7 devstack@placement-api.service[105792]: DEBUG placement.requestlog [req-afb6df09-d618-4e85-8034-21a09825b524 req-37b20c1e-14e1-410a-b79e-fe087c055272 None None] Starting request: 10.222.0.75 "GET /placement/allocations/af70e48e-d1c9-48fc-b97a-14497ef2487f" {{(pid=105792) __call__ /opt/stack/placement/placement/requestlog.py:55}}
Jul 20 04:40:04.409336 n-d-826528-7 devstack@placement-api.service[105792]: INFO placement.requestlog [req-afb6df09-d618-4e85-8034-21a09825b524 req-37b20c1e-14e1-410a-b79e-fe087c055272 service placement] 10.222.0.75 "GET /placement/allocations/af70e48e-d1c9-48fc-b97a-14497ef2487f" status: 200 len: 259 microversion: 1.28
Jul 20 04:40:04.410173 n-d-826528-7 devstack@placement-api.service[105792]: [pid: 105792|app: 0|req: 132/264] 10.222.0.75 () {60 vars in 1380 bytes} [Wed Jul 20 04:40:04 2022] GET /placement/allocations/af70e48e-d1c9-48fc-b97a-14497ef2487f => generated 259 bytes in 216 msecs (HTTP/1.1 200) 8 headers in 296 bytes (1 switches on core 0)
Jul 20 04:40:04.431779 n-d-826528-7 devstack@placement-api.service[105793]: DEBUG placement.requestlog [req-afb6df09-d618-4e85-8034-21a09825b524 req-bb30f6f6-5c0b-481c-8451-491ce9a155dc None None] Starting request: 10.222.0.75 "GET /placement/allocations/af70e48e-d1c9-48fc-b97a-14497ef2487f" {{(pid=105793) __call__ /opt/stack/placement/placement/requestlog.py:55}}
Jul 20 04:40:04.536251 n-d-826528-7 devstack@placement-api.service[105793]: INFO placement.requestlog [req-afb6df09-d618-4e85-8034-21a09825b524 req-bb30f6f6-5c0b-481c-8451-491ce9a155dc service placement] 10.222.0.75 "GET /placement/allocations/af70e48e-d1c9-48fc-b97a-14497ef2487f" status: 200 len: 259 microversion: 1.28
Jul 20 04:40:04.538157 n-d-826528-7 devstack@placement-api.service[105793]: [pid: 105793|app: 0|req: 133/265] 10.222.0.75 () {60 vars in 1380 bytes} [Wed Jul 20 04:40:04 2022] GET /placement/allocations/af70e48e-d1c9-48fc-b97a-14497ef2487f => generated 259 bytes in 107 msecs (HTTP/1.1 200) 8 headers in 296 bytes (1 switches on core 0)
Jul 20 04:40:04.556687 n-d-826528-7 devstack@placement-api.service[105792]: DEBUG placement.requestlog [req-afb6df09-d618-4e85-8034-21a09825b524 req-550685b1-6b8c-4781-92a1-ccf59d371f87 None None] Starting request: 10.222.0.75 "GET /placement/allocations/200ad4d2-0073-4188-83b6-507268a780a9" {{(pid=105792) __call__ /opt/stack/placement/placement/requestlog.py:55}}
Jul 20 04:40:04.578988 n-d-826528-7 devstack@placement-api.service[105792]: INFO placement.requestlog [req-afb6df09-d618-4e85-8034-21a09825b524 req-550685b1-6b8c-4781-92a1-ccf59d371f87 service placement] 10.222.0.75 "GET /placement/allocations/200ad4d2-0073-4188-83b6-507268a780a9" status: 200 len: 19 microversion: 1.28
Jul 20 04:40:04.579852 n-d-826528-7 devstack@placement-api.service[105792]: [pid: 105792|app: 0|req: 133/266] 10.222.0.75 () {60 vars in 1380 bytes} [Wed Jul 20 04:40:04 2022] GET /placement/allocations/200ad4d2-0073-4188-83b6-507268a780a9 => generated 19 bytes in 23 msecs (HTTP/1.1 200) 8 headers in 295 bytes (1 switches on core 0)
Jul 20 04:40:04.596540 n-d-826528-7 devstack@placement-api.service[105793]: DEBUG placement.requestlog [req-afb6df09-d618-4e85-8034-21a09825b524 req-5c281e9e-3f69-4a79-bd37-1bc8751feaab None None] Starting request: 10.222.0.75 "POST /placement/allocations" {{(pid=105793) __call__ /opt/stack/placement/placement/requestlog.py:55}}
Jul 20 04:40:04.801425 n-d-826528-7 devstack@placement-api.service[105792]: DEBUG placement.requestlog [req-34e536bc-3d80-496b-838b-a324cc32b619 req-92d041b3-2ddc-425d-bbc9-c051da1bc535 None None] Starting request: 10.222.0.75 "GET /placement/allocation_candidates?limit=1000&resources=DISK_GB%3A1%2CMEMORY_MB%3A1024%2CVCPU%3A1&root_required=%21COMPUTE_STATUS_DISABLED" {{(pid=105792) __call__ /opt/stack/placement/placement/requestlog.py:55}}
Jul 20 04:40:04.875198 n-d-826528-7 devstack@placement-api.service[105792]: DEBUG placement.objects.research_context [req-34e536bc-3d80-496b-838b-a324cc32b619 req-92d041b3-2ddc-425d-bbc9-c051da1bc535 service placement] getting providers with 1 DISK_GB {{(pid=105792) __init__ /opt/stack/placement/placement/objects/research_context.py:136}}
Jul 20 04:40:04.876209 n-d-826528-7 devstack@placement-api.service[105793]: DEBUG placement.handlers.allocation [req-afb6df09-d618-4e85-8034-21a09825b524 req-5c281e9e-3f69-4a79-bd37-1bc8751feaab service placement] Successfully wrote allocations [, , , , , ] {{(pid=105793) _update_consumers_and_create_allocations /opt/stack/placement/placement/handlers/allocation.py:572}}
Jul 20 04:40:04.896964 n-d-826528-7 devstack@placement-api.service[105792]: DEBUG placement.objects.research_context [req-34e536bc-3d80-496b-838b-a324cc32b619 req-92d041b3-2ddc-425d-bbc9-c051da1bc535 service placement] getting providers with 1024 MEMORY_MB {{(pid=105792) __init__ /opt/stack/placement/placement/objects/research_context.py:136}}
Jul 20 04:40:04.910365 n-d-826528-7 devstack@placement-api.service[105792]: DEBUG placement.objects.research_context [req-34e536bc-3d80-496b-838b-a324cc32b619 req-92d041b3-2ddc-425d-bbc9-c051da1bc535 service placement] getting providers with 1 VCPU {{(pid=105792) __init__ /opt/stack/placement/placement/objects/research_context.py:136}}
Jul 20 04:40:04.924938 n-d-826528-7 devstack@placement-api.service[105792]: DEBUG placement.objects.research_context [req-34e536bc-3d80-496b-838b-a324cc32b619 req-92d041b3-2ddc-425d-bbc9-c051da1bc535 service placement] found 2 providers with available 1 DISK_GB {{(pid=105792) get_provider_ids_matching /opt/stack/placement/placement/objects/research_context.py:563}}
Jul 20 04:40:04.926362 n-d-826528-7 devstack@placement-api.service[105792]: DEBUG placement.objects.research_context [req-34e536bc-3d80-496b-838b-a324cc32b619 req-92d041b3-2ddc-425d-bbc9-c051da1bc535 service placement] found 2 providers with available 1024 MEMORY_MB {{(pid=105792) get_provider_ids_matching /opt/stack/placement/placement/objects/research_context.py:563}}
Jul 20 04:40:04.927028 n-d-826528-7 devstack@placement-api.service[105792]: DEBUG placement.objects.research_context [req-34e536bc-3d80-496b-838b-a324cc32b619 req-92d041b3-2ddc-425d-bbc9-c051da1bc535 service placement] found 2 providers after filtering by previous result {{(pid=105792) get_provider_ids_matching /opt/stack/placement/placement/objects/research_context.py:594}}
Jul 20 04:40:04.927533 n-d-826528-7 devstack@placement-api.service[105792]: DEBUG placement.objects.research_context [req-34e536bc-3d80-496b-838b-a324cc32b619 req-92d041b3-2ddc-425d-bbc9-c051da1bc535 service placement] found 2 providers with available 1 VCPU {{(pid=105792) get_provider_ids_matching /opt/stack/placement/placement/objects/research_context.py:563}}
Jul 20 04:40:04.927956 n-d-826528-7 devstack@placement-api.service[105792]: DEBUG placement.objects.research_context [req-34e536bc-3d80-496b-838b-a324cc32b619 req-92d041b3-2ddc-425d-bbc9-c051da1bc535 service placement] found 2 providers after filtering by previous result {{(pid=105792) get_provider_ids_matching /opt/stack/placement/placement/objects/research_context.py:594}}
Jul 20 04:40:04.956554 n-d-826528-7 devstack@placement-api.service[105793]: INFO placement.requestlog [req-afb6df09-d618-4e85-8034-21a09825b524 req-5c281e9e-3f69-4a79-bd37-1bc8751feaab service placement] 10.222.0.75 "POST /placement/allocations" status: 204 len: 0 microversion: 1.28
Jul 20 04:40:04.957073 n-d-826528-7 devstack@placement-api.service[105793]: [pid: 105793|app: 0|req: 134/267] 10.222.0.75 () {64 vars in 1323 bytes} [Wed Jul 20 04:40:04 2022] POST /placement/allocations => generated 0 bytes in 361 msecs (HTTP/1.1 204) 5 headers in 199 bytes (1 switches on core 0)
Jul 20 04:40:04.966652 n-d-826528-7 devstack@placement-api.service[105792]: DEBUG placement.objects.allocation_candidate [req-34e536bc-3d80-496b-838b-a324cc32b619 req-92d041b3-2ddc-425d-bbc9-c051da1bc535 service placement] RequestGroup(use_same_provider=False, resources={DISK_GB:1, MEMORY_MB:1024, VCPU:1}, traits=(), aggregates=[]) (suffix '') returned 2 matches {{(pid=105792) _get_by_requests /opt/stack/placement/placement/objects/allocation_candidate.py:156}}
Jul 20 04:40:04.972382 n-d-826528-7 devstack@placement-api.service[105792]: DEBUG placement.objects.allocation_candidate [req-34e536bc-3d80-496b-838b-a324cc32b619 req-92d041b3-2ddc-425d-bbc9-c051da1bc535 service placement] Merging candidates yields 2 allocation requests and 2 provider summaries {{(pid=105792) _merge_candidates /opt/stack/placement/placement/objects/allocation_candidate.py:809}}
Jul 20 04:40:04.975765 n-d-826528-7 devstack@placement-api.service[105792]: INFO placement.requestlog [req-34e536bc-3d80-496b-838b-a324cc32b619 req-92d041b3-2ddc-425d-bbc9-c051da1bc535 service placement] 10.222.0.75 "GET /placement/allocation_candidates?limit=1000&resources=DISK_GB%3A1%2CMEMORY_MB%3A1024%2CVCPU%3A1&root_required=%21COMPUTE_STATUS_DISABLED" status: 200 len: 1309 microversion: 1.36
Jul 20 04:40:04.987562 n-d-826528-7 devstack@placement-api.service[105792]: [pid: 105792|app: 0|req: 134/268] 10.222.0.75 () {60 vars in 1506 bytes} [Wed Jul 20 04:40:04 2022] GET /placement/allocation_candidates?limit=1000&resources=DISK_GB%3A1%2CMEMORY_MB%3A1024%2CVCPU%3A1&root_required=%21COMPUTE_STATUS_DISABLED => generated 1309 bytes in 186 msecs (HTTP/1.1 200) 8 headers in 297 bytes (2 switches on core 0)
Jul 20 04:40:05.119155 n-d-826528-7 devstack@placement-api.service[105793]: DEBUG placement.requestlog [req-34e536bc-3d80-496b-838b-a324cc32b619 req-e075545e-4c81-4d42-8367-95074439f1d0 None None] Starting request: 10.222.0.75 "GET /placement/allocations/35a9e111-1b93-4f70-9ade-978bec79da62" {{(pid=105793) __call__ /opt/stack/placement/placement/requestlog.py:55}}
Jul 20 04:40:05.135552 n-d-826528-7 devstack@placement-api.service[105793]: INFO placement.requestlog [req-34e536bc-3d80-496b-838b-a324cc32b619 req-e075545e-4c81-4d42-8367-95074439f1d0 service placement] 10.222.0.75 "GET /placement/allocations/35a9e111-1b93-4f70-9ade-978bec79da62" status: 200 len: 19 microversion: 1.28
Jul 20 04:40:05.152814 n-d-826528-7 devstack@placement-api.service[105793]: [pid: 105793|app: 0|req: 135/269] 10.222.0.75 () {60 vars in 1380 bytes} [Wed Jul 20 04:40:05 2022] GET /placement/allocations/35a9e111-1b93-4f70-9ade-978bec79da62 => generated 19 bytes in 34 msecs (HTTP/1.1 200) 8 headers in 295 bytes (1 switches on core 0)
Jul 20 04:40:05.153319 n-d-826528-7 devstack@placement-api.service[105792]: DEBUG placement.requestlog [req-34e536bc-3d80-496b-838b-a324cc32b619 req-8a89aa22-419c-405a-a14d-f76dbd4747aa None None] Starting request: 10.222.0.75 "PUT /placement/allocations/35a9e111-1b93-4f70-9ade-978bec79da62" {{(pid=105792) __call__ /opt/stack/placement/placement/requestlog.py:55}}
Jul 20 04:40:05.451096 n-d-826528-7 devstack@placement-api.service[105792]: DEBUG placement.handlers.allocation [req-34e536bc-3d80-496b-838b-a324cc32b619 req-8a89aa22-419c-405a-a14d-f76dbd4747aa service placement] Successfully wrote allocations [, , ] {{(pid=105792) _update_consumers_and_create_allocations /opt/stack/placement/placement/handlers/allocation.py:462}}
Jul 20 04:40:05.560500 n-d-826528-7 devstack@placement-api.service[105792]: INFO placement.requestlog [req-34e536bc-3d80-496b-838b-a324cc32b619 req-8a89aa22-419c-405a-a14d-f76dbd4747aa service placement] 10.222.0.75 "PUT /placement/allocations/35a9e111-1b93-4f70-9ade-978bec79da62" status: 204 len: 0 microversion: 1.36
Jul 20 04:40:05.561921 n-d-826528-7 devstack@placement-api.service[105792]: [pid: 105792|app: 0|req: 135/270] 10.222.0.75 () {64 vars in 1433 bytes} [Wed Jul 20 04:40:05 2022] PUT /placement/allocations/35a9e111-1b93-4f70-9ade-978bec79da62 => generated 0 bytes in 409 msecs (HTTP/1.1 204) 5 headers in 199 bytes (1 switches on core 0)
Jul 20 04:40:05.582505 n-d-826528-7 devstack@placement-api.service[105793]: DEBUG placement.requestlog [req-afb6df09-d618-4e85-8034-21a09825b524 req-270c1735-0d14-4307-bea8-9c530f49c289 None None] Starting request: 10.222.0.75 "GET /placement/allocation_candidates?limit=1000&resources=DISK_GB%3A1%2CMEMORY_MB%3A1024%2CVCPU%3A1&root_required=%21COMPUTE_STATUS_DISABLED" {{(pid=105793) __call__ /opt/stack/placement/placement/requestlog.py:55}}
Jul 20 04:40:05.720501 n-d-826528-7 devstack@placement-api.service[105793]: DEBUG placement.objects.research_context [req-afb6df09-d618-4e85-8034-21a09825b524 req-270c1735-0d14-4307-bea8-9c530f49c289 service placement] getting providers with 1 DISK_GB {{(pid=105793) __init__ /opt/stack/placement/placement/objects/research_context.py:136}}
Jul 20 04:40:05.743458 n-d-826528-7 devstack@placement-api.service[105793]: DEBUG placement.objects.research_context [req-afb6df09-d618-4e85-8034-21a09825b524 req-270c1735-0d14-4307-bea8-9c530f49c289 service placement] getting providers with 1024 MEMORY_MB {{(pid=105793) __init__ /opt/stack/placement/placement/objects/research_context.py:136}}
Jul 20 04:40:05.760421 n-d-826528-7 devstack@placement-api.service[105793]: DEBUG placement.objects.research_context [req-afb6df09-d618-4e85-8034-21a09825b524 req-270c1735-0d14-4307-bea8-9c530f49c289 service placement] getting providers with 1 VCPU {{(pid=105793) __init__ /opt/stack/placement/placement/objects/research_context.py:136}}
Jul 20 04:40:05.775776 n-d-826528-7 devstack@placement-api.service[105793]: DEBUG placement.objects.research_context [req-afb6df09-d618-4e85-8034-21a09825b524 req-270c1735-0d14-4307-bea8-9c530f49c289 service placement] found 2 providers with available 1 DISK_GB {{(pid=105793) get_provider_ids_matching /opt/stack/placement/placement/objects/research_context.py:563}}
Jul 20 04:40:05.776279 n-d-826528-7 devstack@placement-api.service[105793]: DEBUG placement.objects.research_context [req-afb6df09-d618-4e85-8034-21a09825b524 req-270c1735-0d14-4307-bea8-9c530f49c289 service placement] found 2 providers with available 1024 MEMORY_MB {{(pid=105793) get_provider_ids_matching /opt/stack/placement/placement/objects/research_context.py:563}}
Jul 20 04:40:05.776649 n-d-826528-7 devstack@placement-api.service[105793]: DEBUG placement.objects.research_context [req-afb6df09-d618-4e85-8034-21a09825b524 req-270c1735-0d14-4307-bea8-9c530f49c289 service placement] found 2 providers after filtering by previous result {{(pid=105793) get_provider_ids_matching /opt/stack/placement/placement/objects/research_context.py:594}}
Jul 20 04:40:05.777033 n-d-826528-7 devstack@placement-api.service[105793]: DEBUG placement.objects.research_context [req-afb6df09-d618-4e85-8034-21a09825b524 req-270c1735-0d14-4307-bea8-9c530f49c289 service placement] found 2 providers with available 1 VCPU {{(pid=105793) get_provider_ids_matching /opt/stack/placement/placement/objects/research_context.py:563}}
Jul 20 04:40:05.777432 n-d-826528-7 devstack@placement-api.service[105793]: DEBUG placement.objects.research_context [req-afb6df09-d618-4e85-8034-21a09825b524 req-270c1735-0d14-4307-bea8-9c530f49c289 service placement] found 2 providers after filtering by previous result {{(pid=105793) get_provider_ids_matching /opt/stack/placement/placement/objects/research_context.py:594}}
Jul 20 04:40:05.793853 n-d-826528-7 devstack@placement-api.service[105793]: DEBUG placement.objects.allocation_candidate [req-afb6df09-d618-4e85-8034-21a09825b524 req-270c1735-0d14-4307-bea8-9c530f49c289 service placement] RequestGroup(use_same_provider=False, resources={DISK_GB:1, MEMORY_MB:1024, VCPU:1}, traits=(), aggregates=[]) (suffix '') returned 2 matches {{(pid=105793) _get_by_requests /opt/stack/placement/placement/objects/allocation_candidate.py:156}}
Jul 20 04:40:05.794409 n-d-826528-7 devstack@placement-api.service[105793]: DEBUG placement.objects.allocation_candidate [req-afb6df09-d618-4e85-8034-21a09825b524 req-270c1735-0d14-4307-bea8-9c530f49c289 service placement] Merging candidates yields 2 allocation requests and 2 provider summaries {{(pid=105793) _merge_candidates /opt/stack/placement/placement/objects/allocation_candidate.py:809}}
Jul 20 04:40:05.796267 n-d-826528-7 devstack@placement-api.service[105793]: INFO placement.requestlog [req-afb6df09-d618-4e85-8034-21a09825b524 req-270c1735-0d14-4307-bea8-9c530f49c289 service placement] 10.222.0.75 "GET /placement/allocation_candidates?limit=1000&resources=DISK_GB%3A1%2CMEMORY_MB%3A1024%2CVCPU%3A1&root_required=%21COMPUTE_STATUS_DISABLED" status: 200 len: 1309 microversion: 1.36
Jul 20 04:40:05.797371 n-d-826528-7 devstack@placement-api.service[105793]: [pid: 105793|app: 0|req: 136/271] 10.222.0.75 () {60 vars in 1506 bytes} [Wed Jul 20 04:40:05 2022] GET /placement/allocation_candidates?limit=1000&resources=DISK_GB%3A1%2CMEMORY_MB%3A1024%2CVCPU%3A1&root_required=%21COMPUTE_STATUS_DISABLED => generated 1309 bytes in 216 msecs (HTTP/1.1 200) 8 headers in 297 bytes (1 switches on core 0)
Jul 20 04:40:05.955631 n-d-826528-7 devstack@placement-api.service[105792]: DEBUG placement.requestlog [req-afb6df09-d618-4e85-8034-21a09825b524 req-d2e06636-7bc2-454c-b280-4f519f123584 None None] Starting request: 10.222.0.75 "GET /placement/allocations/af70e48e-d1c9-48fc-b97a-14497ef2487f" {{(pid=105792) __call__ /opt/stack/placement/placement/requestlog.py:55}}
Jul 20 04:40:05.991908 n-d-826528-7 devstack@placement-api.service[105792]: INFO placement.requestlog [req-afb6df09-d618-4e85-8034-21a09825b524 req-d2e06636-7bc2-454c-b280-4f519f123584 service placement] 10.222.0.75 "GET /placement/allocations/af70e48e-d1c9-48fc-b97a-14497ef2487f" status: 200 len: 19 microversion: 1.28
Jul 20 04:40:05.993956 n-d-826528-7 devstack@placement-api.service[105792]: [pid: 105792|app: 0|req: 136/272] 10.222.0.75 () {60 vars in 1380 bytes} [Wed Jul 20 04:40:05 2022] GET /placement/allocations/af70e48e-d1c9-48fc-b97a-14497ef2487f => generated 19 bytes in 38 msecs (HTTP/1.1 200) 8 headers in 295 bytes (2 switches on core 0)
Jul 20 04:40:06.000149 n-d-826528-7 devstack@placement-api.service[105793]: DEBUG placement.requestlog [req-afb6df09-d618-4e85-8034-21a09825b524 req-d463fe82-856b-43ea-b927-5c11bb5cdab5 None None] Starting request: 10.222.0.75 "PUT /placement/allocations/af70e48e-d1c9-48fc-b97a-14497ef2487f" {{(pid=105793) __call__ /opt/stack/placement/placement/requestlog.py:55}}
Jul 20 04:40:06.023461 n-d-826528-7 devstack@placement-api.service[105793]: DEBUG dbcounter [-] [105793] Writing DB stats placement:SELECT=80,placement:INSERT=8,placement:DELETE=7,placement:UPDATE=5 {{(pid=105793) stat_writer /usr/local/lib/python3.8/dist-packages/dbcounter.py:114}}
Jul 20 04:40:06.044559 n-d-826528-7 devstack@placement-api.service[105792]: DEBUG placement.requestlog [None req-f25d9477-75d0-46f7-b949-4e9aa75a3751 None None] Starting request: 10.222.0.75 "GET /placement/resource_providers/d4b84ecc-022c-4ed6-8abb-fddd4f4338d0/aggregates" {{(pid=105792) __call__ /opt/stack/placement/placement/requestlog.py:55}}
Jul 20 04:40:06.100523 n-d-826528-7 devstack@placement-api.service[105792]: INFO placement.requestlog [None req-f25d9477-75d0-46f7-b949-4e9aa75a3751 service placement] 10.222.0.75 "GET /placement/resource_providers/d4b84ecc-022c-4ed6-8abb-fddd4f4338d0/aggregates" status: 404 len: 235 microversion: 1.1
Jul 20 04:40:06.100523 n-d-826528-7 devstack@placement-api.service[105792]: [pid: 105792|app: 0|req: 137/273] 10.222.0.75 () {58 vars in 1362 bytes} [Wed Jul 20 04:40:06 2022] GET /placement/resource_providers/d4b84ecc-022c-4ed6-8abb-fddd4f4338d0/aggregates => generated 235 bytes in 57 msecs (HTTP/1.1 404) 5 headers in 202 bytes (1 switches on core 0)
Jul 20 04:40:06.214284 n-d-826528-7 devstack@placement-api.service[105793]: DEBUG placement.handlers.allocation [req-afb6df09-d618-4e85-8034-21a09825b524 req-d463fe82-856b-43ea-b927-5c11bb5cdab5 service placement] Successfully wrote allocations [, , ] {{(pid=105793) _update_consumers_and_create_allocations /opt/stack/placement/placement/handlers/allocation.py:462}}
Jul 20 04:40:06.218042 n-d-826528-7 devstack@placement-api.service[105792]: DEBUG placement.requestlog [None req-03867e5f-e4fb-4b51-bb25-a1f6b5f7a7e8 None None] Starting request: 10.222.0.75 "DELETE /placement/resource_providers/d4b84ecc-022c-4ed6-8abb-fddd4f4338d0" {{(pid=105792) __call__ /opt/stack/placement/placement/requestlog.py:55}}
Jul 20 04:40:06.234354 n-d-826528-7 devstack@placement-api.service[105792]: DEBUG placement.wsgi_wrapper [None req-03867e5f-e4fb-4b51-bb25-a1f6b5f7a7e8 service placement] Placement API returning an error response: No resource provider with uuid d4b84ecc-022c-4ed6-8abb-fddd4f4338d0 found for delete {{(pid=105792) call_func /opt/stack/placement/placement/wsgi_wrapper.py:31}}
Jul 20 04:40:06.235488 n-d-826528-7 devstack@placement-api.service[105792]: INFO placement.requestlog [None req-03867e5f-e4fb-4b51-bb25-a1f6b5f7a7e8 service placement] 10.222.0.75 "DELETE /placement/resource_providers/d4b84ecc-022c-4ed6-8abb-fddd4f4338d0" status: 404 len: 246 microversion: 1.1
