Apr 05 07:15:55.751842 n-d-826528-4 devstack@placement-api.service[111483]: [pid: 111483|app: 0|req: 315/637] 10.222.0.39 () {64 vars in 1433 bytes} [Tue Apr 5 07:15:55 2022] PUT /placement/allocations/9d06cc99-128c-4c52-9b75-5a17d18c6aec => generated 0 bytes in 465 msecs (HTTP/1.1 204) 5 headers in 199 bytes (1 switches on core 0)
Apr 05 07:15:56.840329 n-d-826528-4 devstack@placement-api.service[111484]: DEBUG placement.requestlog [req-d75dd19b-6bf7-4642-9225-248ed100001b req-89f3155e-d698-4b67-9975-44a34abc09e6 None None] Starting request: 10.222.0.15 "GET /placement/allocations/9d06cc99-128c-4c52-9b75-5a17d18c6aec" {{(pid=111484) __call__ /opt/stack/placement/placement/requestlog.py:55}}
Apr 05 07:15:56.868209 n-d-826528-4 devstack@placement-api.service[111484]: INFO placement.requestlog [req-d75dd19b-6bf7-4642-9225-248ed100001b req-89f3155e-d698-4b67-9975-44a34abc09e6 service placement] 10.222.0.15 "GET /placement/allocations/9d06cc99-128c-4c52-9b75-5a17d18c6aec" status: 200 len: 259 microversion: 1.28
Apr 05 07:15:56.870038 n-d-826528-4 devstack@placement-api.service[111484]: [pid: 111484|app: 0|req: 323/638] 10.222.0.15 () {60 vars in 1377 bytes} [Tue Apr 5 07:15:56 2022] GET /placement/allocations/9d06cc99-128c-4c52-9b75-5a17d18c6aec => generated 259 bytes in 30 msecs (HTTP/1.1 200) 8 headers in 296 bytes (1 switches on core 0)
Apr 05 07:15:57.171593 n-d-826528-4 devstack@placement-api.service[111483]: DEBUG placement.requestlog [req-fbf12d04-118b-4b7c-933f-231e0d17f1e1 req-c5a99caa-5e2b-4687-b7b1-57c530908c97 None None] Starting request: 10.222.0.39 "GET /placement/allocation_candidates?limit=1000&resources=MEMORY_MB%3A1024%2CVCPU%3A1&root_required=%21COMPUTE_STATUS_DISABLED" {{(pid=111483) __call__ /opt/stack/placement/placement/requestlog.py:55}}
Apr 05 07:15:57.218438 n-d-826528-4 devstack@placement-api.service[111483]: DEBUG placement.objects.research_context [req-fbf12d04-118b-4b7c-933f-231e0d17f1e1 req-c5a99caa-5e2b-4687-b7b1-57c530908c97 service placement] getting providers with 1024 MEMORY_MB {{(pid=111483) __init__ /opt/stack/placement/placement/objects/research_context.py:136}}
Apr 05 07:15:57.230091 n-d-826528-4 devstack@placement-api.service[111483]: DEBUG placement.objects.research_context [req-fbf12d04-118b-4b7c-933f-231e0d17f1e1 req-c5a99caa-5e2b-4687-b7b1-57c530908c97 service placement] getting providers with 1 VCPU {{(pid=111483) __init__ /opt/stack/placement/placement/objects/research_context.py:136}}
Apr 05 07:15:57.239844 n-d-826528-4 devstack@placement-api.service[111483]: DEBUG placement.objects.research_context [req-fbf12d04-118b-4b7c-933f-231e0d17f1e1 req-c5a99caa-5e2b-4687-b7b1-57c530908c97 service placement] found 2 providers with available 1024 MEMORY_MB {{(pid=111483) get_provider_ids_matching /opt/stack/placement/placement/objects/research_context.py:559}}
Apr 05 07:15:57.240442 n-d-826528-4 devstack@placement-api.service[111483]: DEBUG placement.objects.research_context [req-fbf12d04-118b-4b7c-933f-231e0d17f1e1 req-c5a99caa-5e2b-4687-b7b1-57c530908c97 service placement] found 2 providers with available 1 VCPU {{(pid=111483) get_provider_ids_matching /opt/stack/placement/placement/objects/research_context.py:559}}
Apr 05 07:15:57.240971 n-d-826528-4 devstack@placement-api.service[111483]: DEBUG placement.objects.research_context [req-fbf12d04-118b-4b7c-933f-231e0d17f1e1 req-c5a99caa-5e2b-4687-b7b1-57c530908c97 service placement] found 2 providers after filtering by previous result {{(pid=111483) get_provider_ids_matching /opt/stack/placement/placement/objects/research_context.py:590}}
Apr 05 07:15:57.266841 n-d-826528-4 devstack@placement-api.service[111483]: DEBUG placement.objects.allocation_candidate [req-fbf12d04-118b-4b7c-933f-231e0d17f1e1 req-c5a99caa-5e2b-4687-b7b1-57c530908c97 service placement] RequestGroup(use_same_provider=False, resources={MEMORY_MB:1024, VCPU:1}, traits=(), aggregates=[]) (suffix '') returned 2 matches {{(pid=111483) _get_by_requests /opt/stack/placement/placement/objects/allocation_candidate.py:156}}
Apr 05 07:15:57.267127 n-d-826528-4 devstack@placement-api.service[111483]: DEBUG placement.objects.allocation_candidate [req-fbf12d04-118b-4b7c-933f-231e0d17f1e1 req-c5a99caa-5e2b-4687-b7b1-57c530908c97 service placement] Merging candidates yields 2 allocation requests and 2 provider summaries {{(pid=111483) _merge_candidates /opt/stack/placement/placement/objects/allocation_candidate.py:809}}
Apr 05 07:15:57.268819 n-d-826528-4 devstack@placement-api.service[111483]: INFO placement.requestlog [req-fbf12d04-118b-4b7c-933f-231e0d17f1e1 req-c5a99caa-5e2b-4687-b7b1-57c530908c97 service placement] 10.222.0.39 "GET /placement/allocation_candidates?limit=1000&resources=MEMORY_MB%3A1024%2CVCPU%3A1&root_required=%21COMPUTE_STATUS_DISABLED" status: 200 len: 1281 microversion: 1.36
Apr 05 07:15:57.269213 n-d-826528-4 devstack@placement-api.service[111483]: [pid: 111483|app: 0|req: 316/639] 10.222.0.39 () {60 vars in 1478 bytes} [Tue Apr 5 07:15:57 2022] GET /placement/allocation_candidates?limit=1000&resources=MEMORY_MB%3A1024%2CVCPU%3A1&root_required=%21COMPUTE_STATUS_DISABLED => generated 1281 bytes in 98 msecs (HTTP/1.1 200) 8 headers in 297 bytes (1 switches on core 0)
Apr 05 07:15:57.364261 n-d-826528-4 devstack@placement-api.service[111484]: DEBUG placement.requestlog [req-fbf12d04-118b-4b7c-933f-231e0d17f1e1 req-414511d0-3455-455f-957a-14e6ebd2572e None None] Starting request: 10.222.0.39 "GET /placement/allocations/84251280-484c-400f-ba0c-d8124e71101b" {{(pid=111484) __call__ /opt/stack/placement/placement/requestlog.py:55}}
Apr 05 07:15:57.388566 n-d-826528-4 devstack@placement-api.service[111484]: INFO placement.requestlog [req-fbf12d04-118b-4b7c-933f-231e0d17f1e1 req-414511d0-3455-455f-957a-14e6ebd2572e service placement] 10.222.0.39 "GET /placement/allocations/84251280-484c-400f-ba0c-d8124e71101b" status: 200 len: 19 microversion: 1.28
Apr 05 07:15:57.390059 n-d-826528-4 devstack@placement-api.service[111484]: [pid: 111484|app: 0|req: 324/640] 10.222.0.39 () {60 vars in 1380 bytes} [Tue Apr 5 07:15:57 2022] GET /placement/allocations/84251280-484c-400f-ba0c-d8124e71101b => generated 19 bytes in 25 msecs (HTTP/1.1 200) 8 headers in 295 bytes (1 switches on core 0)
Apr 05 07:15:57.399410 n-d-826528-4 devstack@placement-api.service[111483]: DEBUG placement.requestlog [req-fbf12d04-118b-4b7c-933f-231e0d17f1e1 req-e7931cb4-ed80-4db6-a8cb-ea1958e8f571 None None] Starting request: 10.222.0.39 "PUT /placement/allocations/84251280-484c-400f-ba0c-d8124e71101b" {{(pid=111483) __call__ /opt/stack/placement/placement/requestlog.py:55}}
Apr 05 07:15:57.847152 n-d-826528-4 devstack@placement-api.service[111483]: DEBUG placement.handlers.allocation [req-fbf12d04-118b-4b7c-933f-231e0d17f1e1 req-e7931cb4-ed80-4db6-a8cb-ea1958e8f571 service placement] Successfully wrote allocations [, ] {{(pid=111483) _update_consumers_and_create_allocations /opt/stack/placement/placement/handlers/allocation.py:462}}
Apr 05 07:15:57.901377 n-d-826528-4 devstack@placement-api.service[111483]: INFO placement.requestlog [req-fbf12d04-118b-4b7c-933f-231e0d17f1e1 req-e7931cb4-ed80-4db6-a8cb-ea1958e8f571 service placement] 10.222.0.39 "PUT /placement/allocations/84251280-484c-400f-ba0c-d8124e71101b" status: 204 len: 0 microversion: 1.36
Apr 05 07:15:57.902460 n-d-826528-4 devstack@placement-api.service[111483]: [pid: 111483|app: 0|req: 317/641] 10.222.0.39 () {64 vars in 1433 bytes} [Tue Apr 5 07:15:57 2022] PUT /placement/allocations/84251280-484c-400f-ba0c-d8124e71101b => generated 0 bytes in 504 msecs (HTTP/1.1 204) 5 headers in 199 bytes (1 switches on core 0)
Apr 05 07:15:59.235792 n-d-826528-4 devstack@placement-api.service[111484]: DEBUG placement.requestlog [req-fbf12d04-118b-4b7c-933f-231e0d17f1e1 req-48cc42ed-95cc-4468-ac76-7d27c7f5f0d5 None None] Starting request: 10.222.0.30 "GET /placement/allocations/84251280-484c-400f-ba0c-d8124e71101b" {{(pid=111484) __call__ /opt/stack/placement/placement/requestlog.py:55}}
Apr 05 07:15:59.265828 n-d-826528-4 devstack@placement-api.service[111484]: INFO placement.requestlog [req-fbf12d04-118b-4b7c-933f-231e0d17f1e1 req-48cc42ed-95cc-4468-ac76-7d27c7f5f0d5 service placement] 10.222.0.30 "GET /placement/allocations/84251280-484c-400f-ba0c-d8124e71101b" status: 200 len: 245 microversion: 1.28
Apr 05 07:15:59.266532 n-d-826528-4 devstack@placement-api.service[111484]: [pid: 111484|app: 0|req: 325/642] 10.222.0.30 () {60 vars in 1377 bytes} [Tue Apr 5 07:15:59 2022] GET /placement/allocations/84251280-484c-400f-ba0c-d8124e71101b => generated 245 bytes in 31 msecs (HTTP/1.1 200) 8 headers in 296 bytes (1 switches on core 0)
Apr 05 07:16:02.379364 n-d-826528-4 devstack@placement-api.service[111483]: DEBUG placement.requestlog [req-cba95ca4-33fe-4e95-8882-b4a4be004e4d req-92fbdc42-9f0f-49ef-8d8b-ff412a8adc0c None None] Starting request: 10.222.0.30 "DELETE /placement/allocations/679bbe46-edb3-419d-b68d-f7f4f8929601" {{(pid=111483) __call__ /opt/stack/placement/placement/requestlog.py:55}}
Apr 05 07:16:02.581240 n-d-826528-4 devstack@placement-api.service[111483]: DEBUG placement.handlers.allocation [req-cba95ca4-33fe-4e95-8882-b4a4be004e4d req-92fbdc42-9f0f-49ef-8d8b-ff412a8adc0c service placement] Successfully deleted allocations [, , ] {{(pid=111483) delete_allocations /opt/stack/placement/placement/handlers/allocation.py:627}}
Apr 05 07:16:02.582131 n-d-826528-4 devstack@placement-api.service[111483]: INFO placement.requestlog [req-cba95ca4-33fe-4e95-8882-b4a4be004e4d req-92fbdc42-9f0f-49ef-8d8b-ff412a8adc0c service placement] 10.222.0.30 "DELETE /placement/allocations/679bbe46-edb3-419d-b68d-f7f4f8929601" status: 204 len: 0 microversion: 1.0
Apr 05 07:16:02.582974 n-d-826528-4 devstack@placement-api.service[111483]: [pid: 111483|app: 0|req: 318/643] 10.222.0.30 () {60 vars in 1355 bytes} [Tue Apr 5 07:16:02 2022] DELETE /placement/allocations/679bbe46-edb3-419d-b68d-f7f4f8929601 => generated 0 bytes in 204 msecs (HTTP/1.1 204) 5 headers in 198 bytes (1 switches on core 0)
Apr 05 07:16:19.327878 n-d-826528-4 devstack@placement-api.service[111484]: DEBUG placement.requestlog [req-1a8c1567-ac2d-4904-8eee-0d70b7333e42 req-7c0c93f1-59e9-452b-8214-a354cafe44c2 None None] Starting request: 10.222.0.39 "GET /placement/allocation_candidates?limit=1000&resources=MEMORY_MB%3A1024%2CVCPU%3A1&root_required=%21COMPUTE_STATUS_DISABLED" {{(pid=111484) __call__ /opt/stack/placement/placement/requestlog.py:55}}
Apr 05 07:16:19.392081 n-d-826528-4 devstack@placement-api.service[111484]: DEBUG placement.objects.research_context [req-1a8c1567-ac2d-4904-8eee-0d70b7333e42 req-7c0c93f1-59e9-452b-8214-a354cafe44c2 service placement] getting providers with 1024 MEMORY_MB {{(pid=111484) __init__ /opt/stack/placement/placement/objects/research_context.py:136}}
Apr 05 07:16:19.401179 n-d-826528-4 devstack@placement-api.service[111484]: DEBUG placement.objects.research_context [req-1a8c1567-ac2d-4904-8eee-0d70b7333e42 req-7c0c93f1-59e9-452b-8214-a354cafe44c2 service placement] getting providers with 1 VCPU {{(pid=111484) __init__ /opt/stack/placement/placement/objects/research_context.py:136}}
Apr 05 07:16:19.409981 n-d-826528-4 devstack@placement-api.service[111484]: DEBUG placement.objects.research_context [req-1a8c1567-ac2d-4904-8eee-0d70b7333e42 req-7c0c93f1-59e9-452b-8214-a354cafe44c2 service placement] found 2 providers with available 1024 MEMORY_MB {{(pid=111484) get_provider_ids_matching /opt/stack/placement/placement/objects/research_context.py:559}}
Apr 05 07:16:19.409981 n-d-826528-4 devstack@placement-api.service[111484]: DEBUG placement.objects.research_context [req-1a8c1567-ac2d-4904-8eee-0d70b7333e42 req-7c0c93f1-59e9-452b-8214-a354cafe44c2 service placement] found 2 providers with available 1 VCPU {{(pid=111484) get_provider_ids_matching /opt/stack/placement/placement/objects/research_context.py:559}}
Apr 05 07:16:19.409981 n-d-826528-4 devstack@placement-api.service[111484]: DEBUG placement.objects.research_context [req-1a8c1567-ac2d-4904-8eee-0d70b7333e42 req-7c0c93f1-59e9-452b-8214-a354cafe44c2 service placement] found 2 providers after filtering by previous result {{(pid=111484) get_provider_ids_matching /opt/stack/placement/placement/objects/research_context.py:590}}
Apr 05 07:16:19.420635 n-d-826528-4 devstack@placement-api.service[111484]: DEBUG placement.objects.allocation_candidate [req-1a8c1567-ac2d-4904-8eee-0d70b7333e42 req-7c0c93f1-59e9-452b-8214-a354cafe44c2 service placement] RequestGroup(use_same_provider=False, resources={MEMORY_MB:1024, VCPU:1}, traits=(), aggregates=[]) (suffix '') returned 2 matches {{(pid=111484) _get_by_requests /opt/stack/placement/placement/objects/allocation_candidate.py:156}}
Apr 05 07:16:19.421003 n-d-826528-4 devstack@placement-api.service[111484]: DEBUG placement.objects.allocation_candidate [req-1a8c1567-ac2d-4904-8eee-0d70b7333e42 req-7c0c93f1-59e9-452b-8214-a354cafe44c2 service placement] Merging candidates yields 2 allocation requests and 2 provider summaries {{(pid=111484) _merge_candidates /opt/stack/placement/placement/objects/allocation_candidate.py:809}}
Apr 05 07:16:19.423810 n-d-826528-4 devstack@placement-api.service[111484]: INFO placement.requestlog [req-1a8c1567-ac2d-4904-8eee-0d70b7333e42 req-7c0c93f1-59e9-452b-8214-a354cafe44c2 service placement] 10.222.0.39 "GET /placement/allocation_candidates?limit=1000&resources=MEMORY_MB%3A1024%2CVCPU%3A1&root_required=%21COMPUTE_STATUS_DISABLED" status: 200 len: 1281 microversion: 1.36
Apr 05 07:16:19.423810 n-d-826528-4 devstack@placement-api.service[111484]: [pid: 111484|app: 0|req: 326/644] 10.222.0.39 () {60 vars in 1478 bytes} [Tue Apr 5 07:16:19 2022] GET /placement/allocation_candidates?limit=1000&resources=MEMORY_MB%3A1024%2CVCPU%3A1&root_required=%21COMPUTE_STATUS_DISABLED => generated 1281 bytes in 95 msecs (HTTP/1.1 200) 8 headers in 297 bytes (1 switches on core 0)
Apr 05 07:16:19.505652 n-d-826528-4 devstack@placement-api.service[111483]: DEBUG placement.requestlog [req-1a8c1567-ac2d-4904-8eee-0d70b7333e42 req-03d3846c-e50f-479a-b72c-e59b620e5f80 None None] Starting request: 10.222.0.39 "GET /placement/allocations/cce12b73-02db-44d5-9189-0413876baeec" {{(pid=111483) __call__ /opt/stack/placement/placement/requestlog.py:55}}
Apr 05 07:16:19.516156 n-d-826528-4 devstack@placement-api.service[111483]: INFO placement.requestlog [req-1a8c1567-ac2d-4904-8eee-0d70b7333e42 req-03d3846c-e50f-479a-b72c-e59b620e5f80 service placement] 10.222.0.39 "GET /placement/allocations/cce12b73-02db-44d5-9189-0413876baeec" status: 200 len: 19 microversion: 1.28
Apr 05 07:16:19.520096 n-d-826528-4 devstack@placement-api.service[111483]: [pid: 111483|app: 0|req: 319/645] 10.222.0.39 () {60 vars in 1380 bytes} [Tue Apr 5 07:16:19 2022] GET /placement/allocations/cce12b73-02db-44d5-9189-0413876baeec => generated 19 bytes in 14 msecs (HTTP/1.1 200) 8 headers in 295 bytes (1 switches on core 0)
Apr 05 07:16:19.523052 n-d-826528-4 devstack@placement-api.service[111484]: DEBUG placement.requestlog [req-1a8c1567-ac2d-4904-8eee-0d70b7333e42 req-7ce3b43e-f96e-4ffb-b4d4-37a34a4b86c1 None None] Starting request: 10.222.0.39 "PUT /placement/allocations/cce12b73-02db-44d5-9189-0413876baeec" {{(pid=111484) __call__ /opt/stack/placement/placement/requestlog.py:55}}
Apr 05 07:16:19.811226 n-d-826528-4 devstack@placement-api.service[111484]: DEBUG placement.handlers.allocation [req-1a8c1567-ac2d-4904-8eee-0d70b7333e42 req-7ce3b43e-f96e-4ffb-b4d4-37a34a4b86c1 service placement] Successfully wrote allocations [, ] {{(pid=111484) _update_consumers_and_create_allocations /opt/stack/placement/placement/handlers/allocation.py:462}}
Apr 05 07:16:19.916041 n-d-826528-4 devstack@placement-api.service[111484]: INFO placement.requestlog [req-1a8c1567-ac2d-4904-8eee-0d70b7333e42 req-7ce3b43e-f96e-4ffb-b4d4-37a34a4b86c1 service placement] 10.222.0.39 "PUT /placement/allocations/cce12b73-02db-44d5-9189-0413876baeec" status: 204 len: 0 microversion: 1.36
Apr 05 07:16:19.916797 n-d-826528-4 devstack@placement-api.service[111484]: [pid: 111484|app: 0|req: 327/646] 10.222.0.39 () {64 vars in 1433 bytes} [Tue Apr 5 07:16:19 2022] PUT /placement/allocations/cce12b73-02db-44d5-9189-0413876baeec => generated 0 bytes in 394 msecs (HTTP/1.1 204) 5 headers in 199 bytes (1 switches on core 0)
Apr 05 07:16:21.568230 n-d-826528-4 devstack@placement-api.service[111483]: DEBUG placement.requestlog [req-1a8c1567-ac2d-4904-8eee-0d70b7333e42 req-af5b234d-63da-4913-96c0-fec164d5f110 None None] Starting request: 10.222.0.30 "GET /placement/allocations/cce12b73-02db-44d5-9189-0413876baeec" {{(pid=111483) __call__ /opt/stack/placement/placement/requestlog.py:55}}
Apr 05 07:16:21.588765 n-d-826528-4 devstack@placement-api.service[111483]: INFO placement.requestlog [req-1a8c1567-ac2d-4904-8eee-0d70b7333e42 req-af5b234d-63da-4913-96c0-fec164d5f110 service placement] 10.222.0.30 "GET /placement/allocations/cce12b73-02db-44d5-9189-0413876baeec" status: 200 len: 245 microversion: 1.28
Apr 05 07:16:21.597348 n-d-826528-4 devstack@placement-api.service[111483]: [pid: 111483|app: 0|req: 320/647] 10.222.0.30 () {60 vars in 1377 bytes} [Tue Apr 5 07:16:21 2022] GET /placement/allocations/cce12b73-02db-44d5-9189-0413876baeec => generated 245 bytes in 22 msecs (HTTP/1.1 200) 8 headers in 296 bytes (1 switches on core 0)
Apr 05 07:16:25.507154 n-d-826528-4 devstack@placement-api.service[111484]: DEBUG placement.requestlog [req-09915d78-12f6-48e6-9921-d3a74ce6a2bf req-4f892612-2e61-455a-a52c-c80e68356e24 None None] Starting request: 10.222.0.15 "DELETE /placement/allocations/8d3e033d-08da-4d6a-85af-88080394e887" {{(pid=111484) __call__ /opt/stack/placement/placement/requestlog.py:55}}
Apr 05 07:16:25.712521 n-d-826528-4 devstack@placement-api.service[111484]: DEBUG placement.handlers.allocation [req-09915d78-12f6-48e6-9921-d3a74ce6a2bf req-4f892612-2e61-455a-a52c-c80e68356e24 service placement] Successfully deleted allocations [, , ] {{(pid=111484) delete_allocations /opt/stack/placement/placement/handlers/allocation.py:627}}
Apr 05 07:16:25.713229 n-d-826528-4 devstack@placement-api.service[111484]: INFO placement.requestlog [req-09915d78-12f6-48e6-9921-d3a74ce6a2bf req-4f892612-2e61-455a-a52c-c80e68356e24 service placement] 10.222.0.15 "DELETE /placement/allocations/8d3e033d-08da-4d6a-85af-88080394e887" status: 204 len: 0 microversion: 1.0
Apr 05 07:16:25.715147 n-d-826528-4 devstack@placement-api.service[111484]: [pid: 111484|app: 0|req: 328/648] 10.222.0.15 () {60 vars in 1355 bytes} [Tue Apr 5 07:16:25 2022] DELETE /placement/allocations/8d3e033d-08da-4d6a-85af-88080394e887 => generated 0 bytes in 208 msecs (HTTP/1.1 204) 5 headers in 198 bytes (1 switches on core 0)
Apr 05 07:16:30.086002 n-d-826528-4 devstack@placement-api.service[111483]: DEBUG placement.requestlog [req-42adb9e0-6da8-4709-badb-1282199c48df req-f6d1adc1-9187-4ac3-affd-bcdf1c91c53b None None] Starting request: 10.222.0.39 "GET /placement/allocation_candidates?limit=1000&resources=DISK_GB%3A1%2CMEMORY_MB%3A1024%2CVCPU%3A1&root_required=%21COMPUTE_STATUS_DISABLED" {{(pid=111483) __call__ /opt/stack/placement/placement/requestlog.py:55}}
Apr 05 07:16:30.168317 n-d-826528-4 devstack@placement-api.service[111483]: DEBUG placement.objects.research_context [req-42adb9e0-6da8-4709-badb-1282199c48df req-f6d1adc1-9187-4ac3-affd-bcdf1c91c53b service placement] getting providers with 1 DISK_GB {{(pid=111483) __init__ /opt/stack/placement/placement/objects/research_context.py:136}}
Apr 05 07:16:30.193209 n-d-826528-4 devstack@placement-api.service[111483]: DEBUG placement.objects.research_context [req-42adb9e0-6da8-4709-badb-1282199c48df req-f6d1adc1-9187-4ac3-affd-bcdf1c91c53b service placement] getting providers with 1024 MEMORY_MB {{(pid=111483) __init__ /opt/stack/placement/placement/objects/research_context.py:136}}
Apr 05 07:16:30.245933 n-d-826528-4 devstack@placement-api.service[111483]: DEBUG placement.objects.research_context [req-42adb9e0-6da8-4709-badb-1282199c48df req-f6d1adc1-9187-4ac3-affd-bcdf1c91c53b service placement] getting providers with 1 VCPU {{(pid=111483) __init__ /opt/stack/placement/placement/objects/research_context.py:136}}
Apr 05 07:16:30.262572 n-d-826528-4 devstack@placement-api.service[111483]: DEBUG placement.objects.research_context [req-42adb9e0-6da8-4709-badb-1282199c48df req-f6d1adc1-9187-4ac3-affd-bcdf1c91c53b service placement] found 2 providers with available 1 DISK_GB {{(pid=111483) get_provider_ids_matching /opt/stack/placement/placement/objects/research_context.py:559}}
Apr 05 07:16:30.265316 n-d-826528-4 devstack@placement-api.service[111483]: DEBUG placement.objects.research_context [req-42adb9e0-6da8-4709-badb-1282199c48df req-f6d1adc1-9187-4ac3-affd-bcdf1c91c53b service placement] found 2 providers with available 1024 MEMORY_MB {{(pid=111483) get_provider_ids_matching /opt/stack/placement/placement/objects/research_context.py:559}}
Apr 05 07:16:30.265838 n-d-826528-4 devstack@placement-api.service[111483]: DEBUG placement.objects.research_context [req-42adb9e0-6da8-4709-badb-1282199c48df req-f6d1adc1-9187-4ac3-affd-bcdf1c91c53b service placement] found 2 providers after filtering by previous result {{(pid=111483) get_provider_ids_matching /opt/stack/placement/placement/objects/research_context.py:590}}
Apr 05 07:16:30.266377 n-d-826528-4 devstack@placement-api.service[111483]: DEBUG placement.objects.research_context [req-42adb9e0-6da8-4709-badb-1282199c48df req-f6d1adc1-9187-4ac3-affd-bcdf1c91c53b service placement] found 2 providers with available 1 VCPU {{(pid=111483) get_provider_ids_matching /opt/stack/placement/placement/objects/research_context.py:559}}
Apr 05 07:16:30.266854 n-d-826528-4 devstack@placement-api.service[111483]: DEBUG placement.objects.research_context [req-42adb9e0-6da8-4709-badb-1282199c48df req-f6d1adc1-9187-4ac3-affd-bcdf1c91c53b service placement] found 2 providers after filtering by previous result {{(pid=111483) get_provider_ids_matching /opt/stack/placement/placement/objects/research_context.py:590}}
Apr 05 07:16:30.297906 n-d-826528-4 devstack@placement-api.service[111483]: DEBUG placement.objects.allocation_candidate [req-42adb9e0-6da8-4709-badb-1282199c48df req-f6d1adc1-9187-4ac3-affd-bcdf1c91c53b service placement] RequestGroup(use_same_provider=False, resources={DISK_GB:1, MEMORY_MB:1024, VCPU:1}, traits=(), aggregates=[]) (suffix '') returned 2 matches {{(pid=111483) _get_by_requests /opt/stack/placement/placement/objects/allocation_candidate.py:156}}
Apr 05 07:16:30.300790 n-d-826528-4 devstack@placement-api.service[111483]: DEBUG placement.objects.allocation_candidate [req-42adb9e0-6da8-4709-badb-1282199c48df req-f6d1adc1-9187-4ac3-affd-bcdf1c91c53b service placement] Merging candidates yields 2 allocation requests and 2 provider summaries {{(pid=111483) _merge_candidates /opt/stack/placement/placement/objects/allocation_candidate.py:809}}
Apr 05 07:16:30.315201 n-d-826528-4 devstack@placement-api.service[111483]: INFO placement.requestlog [req-42adb9e0-6da8-4709-badb-1282199c48df req-f6d1adc1-9187-4ac3-affd-bcdf1c91c53b service placement] 10.222.0.39 "GET /placement/allocation_candidates?limit=1000&resources=DISK_GB%3A1%2CMEMORY_MB%3A1024%2CVCPU%3A1&root_required=%21COMPUTE_STATUS_DISABLED" status: 200 len: 1309 microversion: 1.36
Apr 05 07:16:30.316393 n-d-826528-4 devstack@placement-api.service[111483]: [pid: 111483|app: 0|req: 321/649] 10.222.0.39 () {60 vars in 1506 bytes} [Tue Apr 5 07:16:30 2022] GET /placement/allocation_candidates?limit=1000&resources=DISK_GB%3A1%2CMEMORY_MB%3A1024%2CVCPU%3A1&root_required=%21COMPUTE_STATUS_DISABLED => generated 1309 bytes in 231 msecs (HTTP/1.1 200) 8 headers in 297 bytes (1 switches on core 0)
Apr 05 07:16:30.522489 n-d-826528-4 devstack@placement-api.service[111484]: DEBUG placement.requestlog [req-42adb9e0-6da8-4709-badb-1282199c48df req-4b78fc71-99ef-4f97-8139-8db98548b99d None None] Starting request: 10.222.0.39 "GET /placement/allocations/62928b96-e461-42f3-b66e-02d2454fd051" {{(pid=111484) __call__ /opt/stack/placement/placement/requestlog.py:55}}
Apr 05 07:16:30.535071 n-d-826528-4 devstack@placement-api.service[111484]: INFO placement.requestlog [req-42adb9e0-6da8-4709-badb-1282199c48df req-4b78fc71-99ef-4f97-8139-8db98548b99d service placement] 10.222.0.39 "GET /placement/allocations/62928b96-e461-42f3-b66e-02d2454fd051" status: 200 len: 19 microversion: 1.28
Apr 05 07:16:30.540887 n-d-826528-4 devstack@placement-api.service[111484]: [pid: 111484|app: 0|req: 329/650] 10.222.0.39 () {60 vars in 1380 bytes} [Tue Apr 5 07:16:30 2022] GET /placement/allocations/62928b96-e461-42f3-b66e-02d2454fd051 => generated 19 bytes in 19 msecs (HTTP/1.1 200) 8 headers in 295 bytes (1 switches on core 0)
Apr 05 07:16:30.544380 n-d-826528-4 devstack@placement-api.service[111483]: DEBUG placement.requestlog [req-42adb9e0-6da8-4709-badb-1282199c48df req-07f32f16-46bc-47bd-8a6e-34a6f71957c8 None None] Starting request: 10.222.0.39 "PUT /placement/allocations/62928b96-e461-42f3-b66e-02d2454fd051" {{(pid=111483) __call__ /opt/stack/placement/placement/requestlog.py:55}}
Apr 05 07:16:30.906975 n-d-826528-4 devstack@placement-api.service[111483]: DEBUG placement.handlers.allocation [req-42adb9e0-6da8-4709-badb-1282199c48df req-07f32f16-46bc-47bd-8a6e-34a6f71957c8 service placement] Successfully wrote allocations [, , ] {{(pid=111483) _update_consumers_and_create_allocations /opt/stack/placement/placement/handlers/allocation.py:462}}
Apr 05 07:16:31.026409 n-d-826528-4 devstack@placement-api.service[111483]: INFO placement.requestlog [req-42adb9e0-6da8-4709-badb-1282199c48df req-07f32f16-46bc-47bd-8a6e-34a6f71957c8 service placement] 10.222.0.39 "PUT /placement/allocations/62928b96-e461-42f3-b66e-02d2454fd051" status: 204 len: 0 microversion: 1.36
Apr 05 07:16:31.027668 n-d-826528-4 devstack@placement-api.service[111483]: [pid: 111483|app: 0|req: 322/651] 10.222.0.39 () {64 vars in 1433 bytes} [Tue Apr 5 07:16:30 2022] PUT /placement/allocations/62928b96-e461-42f3-b66e-02d2454fd051 => generated 0 bytes in 484 msecs (HTTP/1.1 204) 5 headers in 199 bytes (1 switches on core 0)
Apr 05 07:16:32.356780 n-d-826528-4 devstack@placement-api.service[111484]: DEBUG placement.requestlog [req-42adb9e0-6da8-4709-badb-1282199c48df req-5a01c309-6cc0-4060-9fbc-fece740e5611 None None] Starting request: 10.222.0.15 "GET /placement/allocations/62928b96-e461-42f3-b66e-02d2454fd051" {{(pid=111484) __call__ /opt/stack/placement/placement/requestlog.py:55}}
Apr 05 07:16:32.385084 n-d-826528-4 devstack@placement-api.service[111484]: INFO placement.requestlog [req-42adb9e0-6da8-4709-badb-1282199c48df req-5a01c309-6cc0-4060-9fbc-fece740e5611 service placement] 10.222.0.15 "GET /placement/allocations/62928b96-e461-42f3-b66e-02d2454fd051" status: 200 len: 259 microversion: 1.28
Apr 05 07:16:32.386103 n-d-826528-4 devstack@placement-api.service[111484]: [pid: 111484|app: 0|req: 330/652] 10.222.0.15 () {60 vars in 1377 bytes} [Tue Apr 5 07:16:32 2022] GET /placement/allocations/62928b96-e461-42f3-b66e-02d2454fd051 => generated 259 bytes in 29 msecs (HTTP/1.1 200) 8 headers in 296 bytes (1 switches on core 0)
Apr 05 07:16:35.934600 n-d-826528-4 devstack@placement-api.service[111483]: DEBUG placement.requestlog [req-d8c9a92d-b400-402c-9159-ae872abd4cac req-c5003db2-27f9-4629-8db2-23b4ae96f79e None None] Starting request: 10.222.0.39 "GET /placement/allocation_candidates?limit=1000&resources=DISK_GB%3A1%2CMEMORY_MB%3A1024%2CVCPU%3A1&root_required=%21COMPUTE_STATUS_DISABLED" {{(pid=111483) __call__ /opt/stack/placement/placement/requestlog.py:55}}
Apr 05 07:16:36.043400 n-d-826528-4 devstack@placement-api.service[111483]: DEBUG placement.objects.research_context [req-d8c9a92d-b400-402c-9159-ae872abd4cac req-c5003db2-27f9-4629-8db2-23b4ae96f79e service placement] getting providers with 1 DISK_GB {{(pid=111483) __init__ /opt/stack/placement/placement/objects/research_context.py:136}}
Apr 05 07:16:36.068657 n-d-826528-4 devstack@placement-api.service[111483]: DEBUG placement.objects.research_context [req-d8c9a92d-b400-402c-9159-ae872abd4cac req-c5003db2-27f9-4629-8db2-23b4ae96f79e service placement] getting providers with 1024 MEMORY_MB {{(pid=111483) __init__ /opt/stack/placement/placement/objects/research_context.py:136}}
Apr 05 07:16:36.092842 n-d-826528-4 devstack@placement-api.service[111483]: DEBUG placement.objects.research_context [req-d8c9a92d-b400-402c-9159-ae872abd4cac req-c5003db2-27f9-4629-8db2-23b4ae96f79e service placement] getting providers with 1 VCPU {{(pid=111483) __init__ /opt/stack/placement/placement/objects/research_context.py:136}}
Apr 05 07:16:36.130170 n-d-826528-4 devstack@placement-api.service[111483]: DEBUG placement.objects.research_context [req-d8c9a92d-b400-402c-9159-ae872abd4cac req-c5003db2-27f9-4629-8db2-23b4ae96f79e service placement] found 2 providers with available 1 DISK_GB {{(pid=111483) get_provider_ids_matching /opt/stack/placement/placement/objects/research_context.py:559}}
Apr 05 07:16:36.145174 n-d-826528-4 devstack@placement-api.service[111483]: DEBUG placement.objects.research_context [req-d8c9a92d-b400-402c-9159-ae872abd4cac req-c5003db2-27f9-4629-8db2-23b4ae96f79e service placement] found 2 providers with available 1024 MEMORY_MB {{(pid=111483) get_provider_ids_matching /opt/stack/placement/placement/objects/research_context.py:559}}
Apr 05 07:16:36.145174 n-d-826528-4 devstack@placement-api.service[111483]: DEBUG placement.objects.research_context [req-d8c9a92d-b400-402c-9159-ae872abd4cac req-c5003db2-27f9-4629-8db2-23b4ae96f79e service placement] found 2 providers after filtering by previous result {{(pid=111483) get_provider_ids_matching /opt/stack/placement/placement/objects/research_context.py:590}}
Apr 05 07:16:36.145174 n-d-826528-4 devstack@placement-api.service[111483]: DEBUG placement.objects.research_context [req-d8c9a92d-b400-402c-9159-ae872abd4cac req-c5003db2-27f9-4629-8db2-23b4ae96f79e service placement] found 2 providers with available 1 VCPU {{(pid=111483) get_provider_ids_matching /opt/stack/placement/placement/objects/research_context.py:559}}
Apr 05 07:16:36.145174 n-d-826528-4 devstack@placement-api.service[111483]: DEBUG placement.objects.research_context [req-d8c9a92d-b400-402c-9159-ae872abd4cac req-c5003db2-27f9-4629-8db2-23b4ae96f79e service placement] found 2 providers after filtering by previous result {{(pid=111483) get_provider_ids_matching /opt/stack/placement/placement/objects/research_context.py:590}}
Apr 05 07:16:36.185060 n-d-826528-4 devstack@placement-api.service[111483]: DEBUG placement.objects.allocation_candidate [req-d8c9a92d-b400-402c-9159-ae872abd4cac req-c5003db2-27f9-4629-8db2-23b4ae96f79e service placement] RequestGroup(use_same_provider=False, resources={DISK_GB:1, MEMORY_MB:1024, VCPU:1}, traits=(), aggregates=[]) (suffix '') returned 2 matches {{(pid=111483) _get_by_requests /opt/stack/placement/placement/objects/allocation_candidate.py:156}}
Apr 05 07:16:36.185446 n-d-826528-4 devstack@placement-api.service[111483]: DEBUG placement.objects.allocation_candidate [req-d8c9a92d-b400-402c-9159-ae872abd4cac req-c5003db2-27f9-4629-8db2-23b4ae96f79e service placement] Merging candidates yields 2 allocation requests and 2 provider summaries {{(pid=111483) _merge_candidates /opt/stack/placement/placement/objects/allocation_candidate.py:809}}
Apr 05 07:16:36.192028 n-d-826528-4 devstack@placement-api.service[111483]: INFO placement.requestlog [req-d8c9a92d-b400-402c-9159-ae872abd4cac req-c5003db2-27f9-4629-8db2-23b4ae96f79e service placement] 10.222.0.39 "GET /placement/allocation_candidates?limit=1000&resources=DISK_GB%3A1%2CMEMORY_MB%3A1024%2CVCPU%3A1&root_required=%21COMPUTE_STATUS_DISABLED" status: 200 len: 1309 microversion: 1.36
Apr 05 07:16:36.222264 n-d-826528-4 devstack@placement-api.service[111483]: [pid: 111483|app: 0|req: 323/653] 10.222.0.39 () {60 vars in 1506 bytes} [Tue Apr 5 07:16:35 2022] GET /placement/allocation_candidates?limit=1000&resources=DISK_GB%3A1%2CMEMORY_MB%3A1024%2CVCPU%3A1&root_required=%21COMPUTE_STATUS_DISABLED => generated 1309 bytes in 290 msecs (HTTP/1.1 200) 8 headers in 297 bytes (1 switches on core 0)
Apr 05 07:16:36.364057 n-d-826528-4 devstack@placement-api.service[111484]: DEBUG placement.requestlog [req-d8c9a92d-b400-402c-9159-ae872abd4cac req-06591984-4200-475f-b529-ef51df560b4e None None] Starting request: 10.222.0.39 "GET /placement/allocations/e2fd6e30-951e-4572-8f63-3f994a526bf7" {{(pid=111484) __call__ /opt/stack/placement/placement/requestlog.py:55}}
Apr 05 07:16:36.376568 n-d-826528-4 devstack@placement-api.service[111484]: INFO placement.requestlog [req-d8c9a92d-b400-402c-9159-ae872abd4cac req-06591984-4200-475f-b529-ef51df560b4e service placement] 10.222.0.39 "GET /placement/allocations/e2fd6e30-951e-4572-8f63-3f994a526bf7" status: 200 len: 19 microversion: 1.28
Apr 05 07:16:36.381237 n-d-826528-4 devstack@placement-api.service[111484]: [pid: 111484|app: 0|req: 331/654] 10.222.0.39 () {60 vars in 1380 bytes} [Tue Apr 5 07:16:36 2022] GET /placement/allocations/e2fd6e30-951e-4572-8f63-3f994a526bf7 => generated 19 bytes in 17 msecs (HTTP/1.1 200) 8 headers in 295 bytes (1 switches on core 0)
Apr 05 07:16:36.384133 n-d-826528-4 devstack@placement-api.service[111483]: DEBUG placement.requestlog [req-d8c9a92d-b400-402c-9159-ae872abd4cac req-c4cd5a93-489d-43e1-a094-03b13b39f810 None None] Starting request: 10.222.0.39 "PUT /placement/allocations/e2fd6e30-951e-4572-8f63-3f994a526bf7" {{(pid=111483) __call__ /opt/stack/placement/placement/requestlog.py:55}}
Apr 05 07:16:36.751812 n-d-826528-4 devstack@placement-api.service[111483]: DEBUG placement.handlers.allocation [req-d8c9a92d-b400-402c-9159-ae872abd4cac req-c4cd5a93-489d-43e1-a094-03b13b39f810 service placement] Successfully wrote allocations [, , ] {{(pid=111483) _update_consumers_and_create_allocations /opt/stack/placement/placement/handlers/allocation.py:462}}
Apr 05 07:16:36.841248 n-d-826528-4 devstack@placement-api.service[111483]: INFO placement.requestlog [req-d8c9a92d-b400-402c-9159-ae872abd4cac req-c4cd5a93-489d-43e1-a094-03b13b39f810 service placement] 10.222.0.39 "PUT /placement/allocations/e2fd6e30-951e-4572-8f63-3f994a526bf7" status: 204 len: 0 microversion: 1.36
Apr 05 07:16:36.844827 n-d-826528-4 devstack@placement-api.service[111483]: [pid: 111483|app: 0|req: 324/655] 10.222.0.39 () {64 vars in 1433 bytes} [Tue Apr 5 07:16:36 2022] PUT /placement/allocations/e2fd6e30-951e-4572-8f63-3f994a526bf7 => generated 0 bytes in 458 msecs (HTTP/1.1 204) 5 headers in 199 bytes (2 switches on core 0)
Apr 05 07:16:38.073128 n-d-826528-4 devstack@placement-api.service[111484]: DEBUG placement.requestlog [req-d8c9a92d-b400-402c-9159-ae872abd4cac req-825be710-1769-4215-b27d-9935a6b410ef None None] Starting request: 10.222.0.15 "GET /placement/allocations/e2fd6e30-951e-4572-8f63-3f994a526bf7" {{(pid=111484) __call__ /opt/stack/placement/placement/requestlog.py:55}}
Apr 05 07:16:38.111840 n-d-826528-4 devstack@placement-api.service[111484]: INFO placement.requestlog [req-d8c9a92d-b400-402c-9159-ae872abd4cac req-825be710-1769-4215-b27d-9935a6b410ef service placement] 10.222.0.15 "GET /placement/allocations/e2fd6e30-951e-4572-8f63-3f994a526bf7" status: 200 len: 259 microversion: 1.28
Apr 05 07:16:38.112852 n-d-826528-4 devstack@placement-api.service[111484]: [pid: 111484|app: 0|req: 332/656] 10.222.0.15 () {60 vars in 1377 bytes} [Tue Apr 5 07:16:38 2022] GET /placement/allocations/e2fd6e30-951e-4572-8f63-3f994a526bf7 => generated 259 bytes in 40 msecs (HTTP/1.1 200) 8 headers in 296 bytes (1 switches on core 0)
Apr 05 07:16:53.652625 n-d-826528-4 devstack@placement-api.service[111483]: DEBUG placement.requestlog [req-94e58d73-1731-45c3-9afc-de6b5b6e8308 req-cbec08ad-a8d4-4854-85c8-6c380333a7bd None None] Starting request: 10.222.0.30 "GET /placement/resource_providers/99e754d3-57bd-427a-97a1-03068bc29c56/allocations" {{(pid=111483) __call__ /opt/stack/placement/placement/requestlog.py:55}}
Apr 05 07:16:53.703901 n-d-826528-4 devstack@placement-api.service[111483]: INFO placement.requestlog [req-94e58d73-1731-45c3-9afc-de6b5b6e8308 req-cbec08ad-a8d4-4854-85c8-6c380333a7bd service placement] 10.222.0.30 "GET /placement/resource_providers/99e754d3-57bd-427a-97a1-03068bc29c56/allocations" status: 200 len: 328 microversion: 1.0
Apr 05 07:16:53.703901 n-d-826528-4 devstack@placement-api.service[111483]: [pid: 111483|app: 0|req: 325/657] 10.222.0.30 () {58 vars in 1390 bytes} [Tue Apr 5 07:16:53 2022] GET /placement/resource_providers/99e754d3-57bd-427a-97a1-03068bc29c56/allocations => generated 328 bytes in 45 msecs (HTTP/1.1 200) 6 headers in 224 bytes (2 switches on core 0)
Apr 05 07:16:56.426026 n-d-826528-4 devstack@placement-api.service[111484]: DEBUG placement.requestlog [req-e01796ad-222b-4fcf-9ddc-3a487d46dc00 req-9434ba3b-76c2-445e-93bd-a9637695d366 None None] Starting request: 10.222.0.15 "GET /placement/resource_providers/cd90ab92-a2ef-48c7-8fde-12d6415650af/allocations" {{(pid=111484) __call__ /opt/stack/placement/placement/requestlog.py:55}}
Apr 05 07:16:56.492731 n-d-826528-4 devstack@placement-api.service[111484]: INFO placement.requestlog [req-e01796ad-222b-4fcf-9ddc-3a487d46dc00 req-9434ba3b-76c2-445e-93bd-a9637695d366 service placement] 10.222.0.15 "GET /placement/resource_providers/cd90ab92-a2ef-48c7-8fde-12d6415650af/allocations" status: 200 len: 356 microversion: 1.0
Apr 05 07:16:56.497335 n-d-826528-4 devstack@placement-api.service[111484]: [pid: 111484|app: 0|req: 333/658] 10.222.0.15 () {58 vars in 1390 bytes} [Tue Apr 5 07:16:56 2022] GET /placement/resource_providers/cd90ab92-a2ef-48c7-8fde-12d6415650af/allocations => generated 356 bytes in 69 msecs (HTTP/1.1 200) 6 headers in 224 bytes (1 switches on core 0)
Apr 05 07:17:04.197424 n-d-826528-4 devstack@placement-api.service[111483]: DEBUG placement.requestlog [req-b1f57bc8-f3f5-433b-a816-3096047049de req-66d9a632-2fcf-4c67-bd79-e15d21d5a017 None None] Starting request: 10.222.0.15 "DELETE /placement/allocations/9d06cc99-128c-4c52-9b75-5a17d18c6aec" {{(pid=111483) __call__ /opt/stack/placement/placement/requestlog.py:55}}
Apr 05 07:17:04.431203 n-d-826528-4 devstack@placement-api.service[111484]: DEBUG placement.requestlog [req-37a24a82-ec83-47ba-ae20-c0da6a8790fc req-190add84-0d1f-45e8-9e18-1f4de2a84541 None None] Starting request: 10.222.0.39 "GET /placement/allocation_candidates?limit=1000&resources=DISK_GB%3A1%2CMEMORY_MB%3A1024%2CVCPU%3A1&root_required=%21COMPUTE_STATUS_DISABLED" {{(pid=111484) __call__ /opt/stack/placement/placement/requestlog.py:55}}
Apr 05 07:17:04.451703 n-d-826528-4 devstack@placement-api.service[111483]: DEBUG placement.handlers.allocation [req-b1f57bc8-f3f5-433b-a816-3096047049de req-66d9a632-2fcf-4c67-bd79-e15d21d5a017 service placement] Successfully deleted allocations [, , ] {{(pid=111483) delete_allocations /opt/stack/placement/placement/handlers/allocation.py:627}}
Apr 05 07:17:04.452226 n-d-826528-4 devstack@placement-api.service[111483]: INFO placement.requestlog [req-b1f57bc8-f3f5-433b-a816-3096047049de req-66d9a632-2fcf-4c67-bd79-e15d21d5a017 service placement] 10.222.0.15 "DELETE /placement/allocations/9d06cc99-128c-4c52-9b75-5a17d18c6aec" status: 204 len: 0 microversion: 1.0
Apr 05 07:17:04.457287 n-d-826528-4 devstack@placement-api.service[111483]: [pid: 111483|app: 0|req: 326/659] 10.222.0.15 () {60 vars in 1355 bytes} [Tue Apr 5 07:17:04 2022] DELETE /placement/allocations/9d06cc99-128c-4c52-9b75-5a17d18c6aec => generated 0 bytes in 255 msecs (HTTP/1.1 204) 5 headers in 198 bytes (1 switches on core 0)
Apr 05 07:17:04.509458 n-d-826528-4 devstack@placement-api.service[111484]: DEBUG placement.objects.research_context [req-37a24a82-ec83-47ba-ae20-c0da6a8790fc req-190add84-0d1f-45e8-9e18-1f4de2a84541 service placement] getting providers with 1 DISK_GB {{(pid=111484) __init__ /opt/stack/placement/placement/objects/research_context.py:136}}
Apr 05 07:17:04.522463 n-d-826528-4 devstack@placement-api.service[111484]: DEBUG placement.objects.research_context [req-37a24a82-ec83-47ba-ae20-c0da6a8790fc req-190add84-0d1f-45e8-9e18-1f4de2a84541 service placement] getting providers with 1024 MEMORY_MB {{(pid=111484) __init__ /opt/stack/placement/placement/objects/research_context.py:136}}
Apr 05 07:17:04.534931 n-d-826528-4 devstack@placement-api.service[111484]: DEBUG placement.objects.research_context [req-37a24a82-ec83-47ba-ae20-c0da6a8790fc req-190add84-0d1f-45e8-9e18-1f4de2a84541 service placement] getting providers with 1 VCPU {{(pid=111484) __init__ /opt/stack/placement/placement/objects/research_context.py:136}}
Apr 05 07:17:04.551114 n-d-826528-4 devstack@placement-api.service[111484]: DEBUG placement.objects.research_context [req-37a24a82-ec83-47ba-ae20-c0da6a8790fc req-190add84-0d1f-45e8-9e18-1f4de2a84541 service placement] found 2 providers with available 1 DISK_GB {{(pid=111484) get_provider_ids_matching /opt/stack/placement/placement/objects/research_context.py:559}}
Apr 05 07:17:04.551392 n-d-826528-4 devstack@placement-api.service[111484]: DEBUG placement.objects.research_context [req-37a24a82-ec83-47ba-ae20-c0da6a8790fc req-190add84-0d1f-45e8-9e18-1f4de2a84541 service placement] found 2 providers with available 1024 MEMORY_MB {{(pid=111484) get_provider_ids_matching /opt/stack/placement/placement/objects/research_context.py:559}}
Apr 05 07:17:04.555296 n-d-826528-4 devstack@placement-api.service[111484]: DEBUG placement.objects.research_context [req-37a24a82-ec83-47ba-ae20-c0da6a8790fc req-190add84-0d1f-45e8-9e18-1f4de2a84541 service placement] found 2 providers after filtering by previous result {{(pid=111484) get_provider_ids_matching /opt/stack/placement/placement/objects/research_context.py:590}}
Apr 05 07:17:04.555787 n-d-826528-4 devstack@placement-api.service[111484]: DEBUG placement.objects.research_context [req-37a24a82-ec83-47ba-ae20-c0da6a8790fc req-190add84-0d1f-45e8-9e18-1f4de2a84541 service placement] found 2 providers with available 1 VCPU {{(pid=111484) get_provider_ids_matching /opt/stack/placement/placement/objects/research_context.py:559}}
Apr 05 07:17:04.557442 n-d-826528-4 devstack@placement-api.service[111484]: DEBUG placement.objects.research_context [req-37a24a82-ec83-47ba-ae20-c0da6a8790fc req-190add84-0d1f-45e8-9e18-1f4de2a84541 service placement] found 2 providers after filtering by previous result {{(pid=111484) get_provider_ids_matching /opt/stack/placement/placement/objects/research_context.py:590}}
Apr 05 07:17:04.584056 n-d-826528-4 devstack@placement-api.service[111484]: DEBUG placement.objects.allocation_candidate [req-37a24a82-ec83-47ba-ae20-c0da6a8790fc req-190add84-0d1f-45e8-9e18-1f4de2a84541 service placement] RequestGroup(use_same_provider=False, resources={DISK_GB:1, MEMORY_MB:1024, VCPU:1}, traits=(), aggregates=[]) (suffix '') returned 2 matches {{(pid=111484) _get_by_requests /opt/stack/placement/placement/objects/allocation_candidate.py:156}}
Apr 05 07:17:04.584468 n-d-826528-4 devstack@placement-api.service[111484]: DEBUG placement.objects.allocation_candidate [req-37a24a82-ec83-47ba-ae20-c0da6a8790fc req-190add84-0d1f-45e8-9e18-1f4de2a84541 service placement] Merging candidates yields 2 allocation requests and 2 provider summaries {{(pid=111484) _merge_candidates /opt/stack/placement/placement/objects/allocation_candidate.py:809}}
Apr 05 07:17:04.586288 n-d-826528-4 devstack@placement-api.service[111484]: INFO placement.requestlog [req-37a24a82-ec83-47ba-ae20-c0da6a8790fc req-190add84-0d1f-45e8-9e18-1f4de2a84541 service placement] 10.222.0.39 "GET /placement/allocation_candidates?limit=1000&resources=DISK_GB%3A1%2CMEMORY_MB%3A1024%2CVCPU%3A1&root_required=%21COMPUTE_STATUS_DISABLED" status: 200 len: 1309 microversion: 1.36
Apr 05 07:17:04.586657 n-d-826528-4 devstack@placement-api.service[111484]: [pid: 111484|app: 0|req: 334/660] 10.222.0.39 () {60 vars in 1506 bytes} [Tue Apr 5 07:17:04 2022] GET /placement/allocation_candidates?limit=1000&resources=DISK_GB%3A1%2CMEMORY_MB%3A1024%2CVCPU%3A1&root_required=%21COMPUTE_STATUS_DISABLED => generated 1309 bytes in 162 msecs (HTTP/1.1 200) 8 headers in 297 bytes (2 switches on core 0)
Apr 05 07:17:04.675426 n-d-826528-4 devstack@placement-api.service[111483]: DEBUG placement.requestlog [req-37a24a82-ec83-47ba-ae20-c0da6a8790fc req-9c5af100-dda6-4e86-b85f-765639773b67 None None] Starting request: 10.222.0.39 "GET /placement/allocations/78682989-6316-40d1-96d8-d750adbedba0" {{(pid=111483) __call__ /opt/stack/placement/placement/requestlog.py:55}}
Apr 05 07:17:04.692074 n-d-826528-4 devstack@placement-api.service[111483]: INFO placement.requestlog [req-37a24a82-ec83-47ba-ae20-c0da6a8790fc req-9c5af100-dda6-4e86-b85f-765639773b67 service placement] 10.222.0.39 "GET /placement/allocations/78682989-6316-40d1-96d8-d750adbedba0" status: 200 len: 19 microversion: 1.28
Apr 05 07:17:04.700886 n-d-826528-4 devstack@placement-api.service[111484]: DEBUG placement.requestlog [req-37a24a82-ec83-47ba-ae20-c0da6a8790fc req-ae7b3aa8-243e-430c-9e83-a5ed88c2bcb8 None None] Starting request: 10.222.0.39 "PUT /placement/allocations/78682989-6316-40d1-96d8-d750adbedba0" {{(pid=111484) __call__ /opt/stack/placement/placement/requestlog.py:55}}
Apr 05 07:17:04.710857 n-d-826528-4 devstack@placement-api.service[111483]: [pid: 111483|app: 0|req: 327/661] 10.222.0.39 () {60 vars in 1380 bytes} [Tue Apr 5 07:17:04 2022] GET /placement/allocations/78682989-6316-40d1-96d8-d750adbedba0 => generated 19 bytes in 35 msecs (HTTP/1.1 200) 8 headers in 295 bytes (1 switches on core 0)
Apr 05 07:17:04.922238 n-d-826528-4 devstack@placement-api.service[111484]: DEBUG placement.handlers.allocation [req-37a24a82-ec83-47ba-ae20-c0da6a8790fc req-ae7b3aa8-243e-430c-9e83-a5ed88c2bcb8 service placement] Successfully wrote allocations [, , ] {{(pid=111484) _update_consumers_and_create_allocations /opt/stack/placement/placement/handlers/allocation.py:462}}
Apr 05 07:17:05.068004 n-d-826528-4 devstack@placement-api.service[111484]: INFO placement.requestlog [req-37a24a82-ec83-47ba-ae20-c0da6a8790fc req-ae7b3aa8-243e-430c-9e83-a5ed88c2bcb8 service placement] 10.222.0.39 "PUT /placement/allocations/78682989-6316-40d1-96d8-d750adbedba0" status: 204 len: 0 microversion: 1.36
Apr 05 07:17:05.076935 n-d-826528-4 devstack@placement-api.service[111484]: [pid: 111484|app: 0|req: 335/662] 10.222.0.39 () {64 vars in 1433 bytes} [Tue Apr 5 07:17:04 2022] PUT /placement/allocations/78682989-6316-40d1-96d8-d750adbedba0 => generated 0 bytes in 368 msecs (HTTP/1.1 204) 5 headers in 199 bytes (2 switches on core 0)
Apr 05 07:17:06.329406 n-d-826528-4 devstack@placement-api.service[111483]: DEBUG placement.requestlog [req-37a24a82-ec83-47ba-ae20-c0da6a8790fc req-ce1a907e-1c13-4a95-930a-9c060fba0c6d None None] Starting request: 10.222.0.15 "GET /placement/allocations/78682989-6316-40d1-96d8-d750adbedba0" {{(pid=111483) __call__ /opt/stack/placement/placement/requestlog.py:55}}
Apr 05 07:17:06.365216 n-d-826528-4 devstack@placement-api.service[111483]: INFO placement.requestlog [req-37a24a82-ec83-47ba-ae20-c0da6a8790fc req-ce1a907e-1c13-4a95-930a-9c060fba0c6d service placement] 10.222.0.15 "GET /placement/allocations/78682989-6316-40d1-96d8-d750adbedba0" status: 200 len: 259 microversion: 1.28
Apr 05 07:17:06.367034 n-d-826528-4 devstack@placement-api.service[111483]: [pid: 111483|app: 0|req: 328/663] 10.222.0.15 () {60 vars in 1377 bytes} [Tue Apr 5 07:17:06 2022] GET /placement/allocations/78682989-6316-40d1-96d8-d750adbedba0 => generated 259 bytes in 38 msecs (HTTP/1.1 200) 8 headers in 296 bytes (1 switches on core 0)
Apr 05 07:17:07.486038 n-d-826528-4 devstack@placement-api.service[111484]: DEBUG placement.requestlog [req-d9be32e1-a70e-41fe-87cc-4cc37344415e req-3ea454e7-ca2c-4af3-822f-f400e8697f27 None None] Starting request: 10.222.0.30 "DELETE /placement/allocations/a42df2f8-bcc6-4084-94eb-b3745acffeb8" {{(pid=111484) __call__ /opt/stack/placement/placement/requestlog.py:55}}
Apr 05 07:17:07.774877 n-d-826528-4 devstack@placement-api.service[111484]: DEBUG placement.handlers.allocation [req-d9be32e1-a70e-41fe-87cc-4cc37344415e req-3ea454e7-ca2c-4af3-822f-f400e8697f27 service placement] Successfully deleted allocations [, , ] {{(pid=111484) delete_allocations /opt/stack/placement/placement/handlers/allocation.py:627}}
Apr 05 07:17:07.775619 n-d-826528-4 devstack@placement-api.service[111484]: INFO placement.requestlog [req-d9be32e1-a70e-41fe-87cc-4cc37344415e req-3ea454e7-ca2c-4af3-822f-f400e8697f27 service placement] 10.222.0.30 "DELETE /placement/allocations/a42df2f8-bcc6-4084-94eb-b3745acffeb8" status: 204 len: 0 microversion: 1.0
Apr 05 07:17:07.779862 n-d-826528-4 devstack@placement-api.service[111484]: [pid: 111484|app: 0|req: 336/664] 10.222.0.30 () {60 vars in 1355 bytes} [Tue Apr 5 07:17:07 2022] DELETE /placement/allocations/a42df2f8-bcc6-4084-94eb-b3745acffeb8 => generated 0 bytes in 290 msecs (HTTP/1.1 204) 5 headers in 198 bytes (1 switches on core 0)
Apr 05 07:17:07.913635 n-d-826528-4 devstack@placement-api.service[111483]: DEBUG placement.requestlog [req-8b77f450-7df4-4584-8aa1-f3a2c0738938 req-a4497654-397f-4d69-92db-4f5800db753d None None] Starting request: 10.222.0.15 "DELETE /placement/allocations/62928b96-e461-42f3-b66e-02d2454fd051" {{(pid=111483) __call__ /opt/stack/placement/placement/requestlog.py:55}}
Apr 05 07:17:08.186871 n-d-826528-4 devstack@placement-api.service[111483]: DEBUG placement.handlers.allocation [req-8b77f450-7df4-4584-8aa1-f3a2c0738938 req-a4497654-397f-4d69-92db-4f5800db753d service placement] Successfully deleted allocations [, , ] {{(pid=111483) delete_allocations /opt/stack/placement/placement/handlers/allocation.py:627}}
Apr 05 07:17:08.190411 n-d-826528-4 devstack@placement-api.service[111483]: INFO placement.requestlog [req-8b77f450-7df4-4584-8aa1-f3a2c0738938 req-a4497654-397f-4d69-92db-4f5800db753d service placement] 10.222.0.15 "DELETE /placement/allocations/62928b96-e461-42f3-b66e-02d2454fd051" status: 204 len: 0 microversion: 1.0
