Apr 05 07:20:58.837809 n-d-826528-4 devstack@placement-api.service[111484]: [pid: 111484|app: 0|req: 365/722] 10.222.0.30 () {60 vars in 1376 bytes} [Tue Apr 5 07:20:58 2022] GET /placement/resource_providers?in_tree=99e754d3-57bd-427a-97a1-03068bc29c56 => generated 863 bytes in 18 msecs (HTTP/1.1 200) 6 headers in 225 bytes (2 switches on core 0)
Apr 05 07:20:58.847989 n-d-826528-4 devstack@placement-api.service[111483]: DEBUG placement.requestlog [req-e624bef5-e0db-4564-8c77-159059c92e62 req-3e6c301f-2eb5-48aa-9c58-2a8d8f2fcbc3 None None] Starting request: 10.222.0.30 "GET /placement/resource_providers/99e754d3-57bd-427a-97a1-03068bc29c56/inventories" {{(pid=111483) __call__ /opt/stack/placement/placement/requestlog.py:55}}
Apr 05 07:20:58.877996 n-d-826528-4 devstack@placement-api.service[111483]: INFO placement.requestlog [req-e624bef5-e0db-4564-8c77-159059c92e62 req-3e6c301f-2eb5-48aa-9c58-2a8d8f2fcbc3 service placement] 10.222.0.30 "GET /placement/resource_providers/99e754d3-57bd-427a-97a1-03068bc29c56/inventories" status: 200 len: 398 microversion: 1.0
Apr 05 07:20:58.878655 n-d-826528-4 devstack@placement-api.service[111483]: [pid: 111483|app: 0|req: 358/723] 10.222.0.30 () {58 vars in 1390 bytes} [Tue Apr 5 07:20:58 2022] GET /placement/resource_providers/99e754d3-57bd-427a-97a1-03068bc29c56/inventories => generated 398 bytes in 32 msecs (HTTP/1.1 200) 6 headers in 224 bytes (1 switches on core 0)
Apr 05 07:20:58.893129 n-d-826528-4 devstack@placement-api.service[111484]: DEBUG placement.requestlog [req-e624bef5-e0db-4564-8c77-159059c92e62 req-33b8ddaa-c1cf-4eb3-8dd8-63c2e4e4ef53 None None] Starting request: 10.222.0.30 "GET /placement/resource_providers/99e754d3-57bd-427a-97a1-03068bc29c56/aggregates" {{(pid=111484) __call__ /opt/stack/placement/placement/requestlog.py:55}}
Apr 05 07:20:58.918464 n-d-826528-4 devstack@placement-api.service[111484]: INFO placement.requestlog [req-e624bef5-e0db-4564-8c77-159059c92e62 req-33b8ddaa-c1cf-4eb3-8dd8-63c2e4e4ef53 service placement] 10.222.0.30 "GET /placement/resource_providers/99e754d3-57bd-427a-97a1-03068bc29c56/aggregates" status: 200 len: 54 microversion: 1.19
Apr 05 07:20:58.920536 n-d-826528-4 devstack@placement-api.service[111484]: [pid: 111484|app: 0|req: 366/724] 10.222.0.30 () {60 vars in 1431 bytes} [Tue Apr 5 07:20:58 2022] GET /placement/resource_providers/99e754d3-57bd-427a-97a1-03068bc29c56/aggregates => generated 54 bytes in 28 msecs (HTTP/1.1 200) 8 headers in 295 bytes (1 switches on core 0)
Apr 05 07:20:58.928769 n-d-826528-4 devstack@placement-api.service[111483]: DEBUG placement.requestlog [req-e624bef5-e0db-4564-8c77-159059c92e62 req-9c5d5104-d16e-4e59-b818-a2258a07fe12 None None] Starting request: 10.222.0.30 "GET /placement/resource_providers/99e754d3-57bd-427a-97a1-03068bc29c56/traits" {{(pid=111483) __call__ /opt/stack/placement/placement/requestlog.py:55}}
Apr 05 07:20:58.968923 n-d-826528-4 devstack@placement-api.service[111483]: INFO placement.requestlog [req-e624bef5-e0db-4564-8c77-159059c92e62 req-9c5d5104-d16e-4e59-b818-a2258a07fe12 service placement] 10.222.0.30 "GET /placement/resource_providers/99e754d3-57bd-427a-97a1-03068bc29c56/traits" status: 200 len: 212 microversion: 1.6
Apr 05 07:20:58.970615 n-d-826528-4 devstack@placement-api.service[111483]: [pid: 111483|app: 0|req: 359/725] 10.222.0.30 () {60 vars in 1418 bytes} [Tue Apr 5 07:20:58 2022] GET /placement/resource_providers/99e754d3-57bd-427a-97a1-03068bc29c56/traits => generated 212 bytes in 42 msecs (HTTP/1.1 200) 6 headers in 224 bytes (1 switches on core 0)
Apr 05 07:21:03.114586 n-d-826528-4 devstack@placement-api.service[111484]: DEBUG placement.requestlog [req-439a5930-557e-4b59-ad88-7189b8c9608e req-d51b854e-b939-4415-8efc-d9d6f4e3b85b None None] Starting request: 10.222.0.15 "DELETE /placement/allocations/289476ca-5970-4d3f-8a68-6ec023fece17" {{(pid=111484) __call__ /opt/stack/placement/placement/requestlog.py:55}}
Apr 05 07:21:03.298606 n-d-826528-4 devstack@placement-api.service[111484]: DEBUG placement.handlers.allocation [req-439a5930-557e-4b59-ad88-7189b8c9608e req-d51b854e-b939-4415-8efc-d9d6f4e3b85b service placement] Successfully deleted allocations [, , ] {{(pid=111484) delete_allocations /opt/stack/placement/placement/handlers/allocation.py:627}}
Apr 05 07:21:03.300324 n-d-826528-4 devstack@placement-api.service[111484]: INFO placement.requestlog [req-439a5930-557e-4b59-ad88-7189b8c9608e req-d51b854e-b939-4415-8efc-d9d6f4e3b85b service placement] 10.222.0.15 "DELETE /placement/allocations/289476ca-5970-4d3f-8a68-6ec023fece17" status: 204 len: 0 microversion: 1.0
Apr 05 07:21:03.301377 n-d-826528-4 devstack@placement-api.service[111484]: [pid: 111484|app: 0|req: 367/726] 10.222.0.15 () {60 vars in 1355 bytes} [Tue Apr 5 07:21:03 2022] DELETE /placement/allocations/289476ca-5970-4d3f-8a68-6ec023fece17 => generated 0 bytes in 187 msecs (HTTP/1.1 204) 5 headers in 198 bytes (1 switches on core 0)
Apr 05 07:21:03.509708 n-d-826528-4 devstack@placement-api.service[111483]: DEBUG placement.requestlog [req-634b9dff-3001-4f96-82d4-5a84c8666e25 req-b7b76d31-dc65-4afc-a120-8d8371aa2e48 None None] Starting request: 10.222.0.39 "GET /placement/allocation_candidates?limit=1000&resources=DISK_GB%3A1%2CMEMORY_MB%3A1024%2CVCPU%3A1&root_required=%21COMPUTE_STATUS_DISABLED" {{(pid=111483) __call__ /opt/stack/placement/placement/requestlog.py:55}}
Apr 05 07:21:03.570339 n-d-826528-4 devstack@placement-api.service[111483]: DEBUG placement.objects.research_context [req-634b9dff-3001-4f96-82d4-5a84c8666e25 req-b7b76d31-dc65-4afc-a120-8d8371aa2e48 service placement] getting providers with 1 DISK_GB {{(pid=111483) __init__ /opt/stack/placement/placement/objects/research_context.py:136}}
Apr 05 07:21:03.578492 n-d-826528-4 devstack@placement-api.service[111483]: DEBUG placement.objects.research_context [req-634b9dff-3001-4f96-82d4-5a84c8666e25 req-b7b76d31-dc65-4afc-a120-8d8371aa2e48 service placement] getting providers with 1024 MEMORY_MB {{(pid=111483) __init__ /opt/stack/placement/placement/objects/research_context.py:136}}
Apr 05 07:21:03.586090 n-d-826528-4 devstack@placement-api.service[111483]: DEBUG placement.objects.research_context [req-634b9dff-3001-4f96-82d4-5a84c8666e25 req-b7b76d31-dc65-4afc-a120-8d8371aa2e48 service placement] getting providers with 1 VCPU {{(pid=111483) __init__ /opt/stack/placement/placement/objects/research_context.py:136}}
Apr 05 07:21:03.593075 n-d-826528-4 devstack@placement-api.service[111483]: DEBUG placement.objects.research_context [req-634b9dff-3001-4f96-82d4-5a84c8666e25 req-b7b76d31-dc65-4afc-a120-8d8371aa2e48 service placement] found 2 providers with available 1 DISK_GB {{(pid=111483) get_provider_ids_matching /opt/stack/placement/placement/objects/research_context.py:559}}
Apr 05 07:21:03.593439 n-d-826528-4 devstack@placement-api.service[111483]: DEBUG placement.objects.research_context [req-634b9dff-3001-4f96-82d4-5a84c8666e25 req-b7b76d31-dc65-4afc-a120-8d8371aa2e48 service placement] found 2 providers with available 1024 MEMORY_MB {{(pid=111483) get_provider_ids_matching /opt/stack/placement/placement/objects/research_context.py:559}}
Apr 05 07:21:03.593903 n-d-826528-4 devstack@placement-api.service[111483]: DEBUG placement.objects.research_context [req-634b9dff-3001-4f96-82d4-5a84c8666e25 req-b7b76d31-dc65-4afc-a120-8d8371aa2e48 service placement] found 2 providers after filtering by previous result {{(pid=111483) get_provider_ids_matching /opt/stack/placement/placement/objects/research_context.py:590}}
Apr 05 07:21:03.594319 n-d-826528-4 devstack@placement-api.service[111483]: DEBUG placement.objects.research_context [req-634b9dff-3001-4f96-82d4-5a84c8666e25 req-b7b76d31-dc65-4afc-a120-8d8371aa2e48 service placement] found 2 providers with available 1 VCPU {{(pid=111483) get_provider_ids_matching /opt/stack/placement/placement/objects/research_context.py:559}}
Apr 05 07:21:03.595066 n-d-826528-4 devstack@placement-api.service[111483]: DEBUG placement.objects.research_context [req-634b9dff-3001-4f96-82d4-5a84c8666e25 req-b7b76d31-dc65-4afc-a120-8d8371aa2e48 service placement] found 2 providers after filtering by previous result {{(pid=111483) get_provider_ids_matching /opt/stack/placement/placement/objects/research_context.py:590}}
Apr 05 07:21:03.606835 n-d-826528-4 devstack@placement-api.service[111483]: DEBUG placement.objects.allocation_candidate [req-634b9dff-3001-4f96-82d4-5a84c8666e25 req-b7b76d31-dc65-4afc-a120-8d8371aa2e48 service placement] RequestGroup(use_same_provider=False, resources={DISK_GB:1, MEMORY_MB:1024, VCPU:1}, traits=(), aggregates=[]) (suffix '') returned 2 matches {{(pid=111483) _get_by_requests /opt/stack/placement/placement/objects/allocation_candidate.py:156}}
Apr 05 07:21:03.608302 n-d-826528-4 devstack@placement-api.service[111483]: DEBUG placement.objects.allocation_candidate [req-634b9dff-3001-4f96-82d4-5a84c8666e25 req-b7b76d31-dc65-4afc-a120-8d8371aa2e48 service placement] Merging candidates yields 2 allocation requests and 2 provider summaries {{(pid=111483) _merge_candidates /opt/stack/placement/placement/objects/allocation_candidate.py:809}}
Apr 05 07:21:03.610226 n-d-826528-4 devstack@placement-api.service[111483]: INFO placement.requestlog [req-634b9dff-3001-4f96-82d4-5a84c8666e25 req-b7b76d31-dc65-4afc-a120-8d8371aa2e48 service placement] 10.222.0.39 "GET /placement/allocation_candidates?limit=1000&resources=DISK_GB%3A1%2CMEMORY_MB%3A1024%2CVCPU%3A1&root_required=%21COMPUTE_STATUS_DISABLED" status: 200 len: 1309 microversion: 1.36
Apr 05 07:21:03.611836 n-d-826528-4 devstack@placement-api.service[111483]: [pid: 111483|app: 0|req: 360/727] 10.222.0.39 () {60 vars in 1506 bytes} [Tue Apr 5 07:21:03 2022] GET /placement/allocation_candidates?limit=1000&resources=DISK_GB%3A1%2CMEMORY_MB%3A1024%2CVCPU%3A1&root_required=%21COMPUTE_STATUS_DISABLED => generated 1309 bytes in 102 msecs (HTTP/1.1 200) 8 headers in 297 bytes (1 switches on core 0)
Apr 05 07:21:03.744519 n-d-826528-4 devstack@placement-api.service[111484]: DEBUG placement.requestlog [req-634b9dff-3001-4f96-82d4-5a84c8666e25 req-becc381c-940a-4080-baf8-29d9e0105ec5 None None] Starting request: 10.222.0.39 "GET /placement/allocations/a73319d9-dc60-4f68-911d-ab0c00c9bb81" {{(pid=111484) __call__ /opt/stack/placement/placement/requestlog.py:55}}
Apr 05 07:21:03.764229 n-d-826528-4 devstack@placement-api.service[111484]: INFO placement.requestlog [req-634b9dff-3001-4f96-82d4-5a84c8666e25 req-becc381c-940a-4080-baf8-29d9e0105ec5 service placement] 10.222.0.39 "GET /placement/allocations/a73319d9-dc60-4f68-911d-ab0c00c9bb81" status: 200 len: 19 microversion: 1.28
Apr 05 07:21:03.767001 n-d-826528-4 devstack@placement-api.service[111484]: [pid: 111484|app: 0|req: 368/728] 10.222.0.39 () {60 vars in 1380 bytes} [Tue Apr 5 07:21:03 2022] GET /placement/allocations/a73319d9-dc60-4f68-911d-ab0c00c9bb81 => generated 19 bytes in 23 msecs (HTTP/1.1 200) 8 headers in 295 bytes (1 switches on core 0)
Apr 05 07:21:03.771527 n-d-826528-4 devstack@placement-api.service[111483]: DEBUG placement.requestlog [req-634b9dff-3001-4f96-82d4-5a84c8666e25 req-2b303228-43a1-4273-837f-69278497d11b None None] Starting request: 10.222.0.39 "PUT /placement/allocations/a73319d9-dc60-4f68-911d-ab0c00c9bb81" {{(pid=111483) __call__ /opt/stack/placement/placement/requestlog.py:55}}
Apr 05 07:21:03.975417 n-d-826528-4 devstack@placement-api.service[111483]: DEBUG placement.handlers.allocation [req-634b9dff-3001-4f96-82d4-5a84c8666e25 req-2b303228-43a1-4273-837f-69278497d11b service placement] Successfully wrote allocations [, , ] {{(pid=111483) _update_consumers_and_create_allocations /opt/stack/placement/placement/handlers/allocation.py:462}}
Apr 05 07:21:04.035497 n-d-826528-4 devstack@placement-api.service[111483]: INFO placement.requestlog [req-634b9dff-3001-4f96-82d4-5a84c8666e25 req-2b303228-43a1-4273-837f-69278497d11b service placement] 10.222.0.39 "PUT /placement/allocations/a73319d9-dc60-4f68-911d-ab0c00c9bb81" status: 204 len: 0 microversion: 1.36
Apr 05 07:21:04.039063 n-d-826528-4 devstack@placement-api.service[111483]: [pid: 111483|app: 0|req: 361/729] 10.222.0.39 () {64 vars in 1433 bytes} [Tue Apr 5 07:21:03 2022] PUT /placement/allocations/a73319d9-dc60-4f68-911d-ab0c00c9bb81 => generated 0 bytes in 265 msecs (HTTP/1.1 204) 5 headers in 199 bytes (1 switches on core 0)
Apr 05 07:21:05.165925 n-d-826528-4 devstack@placement-api.service[111484]: DEBUG placement.requestlog [req-634b9dff-3001-4f96-82d4-5a84c8666e25 req-b9f0632c-a1bf-4261-b489-958c3c23f6c4 None None] Starting request: 10.222.0.15 "GET /placement/allocations/a73319d9-dc60-4f68-911d-ab0c00c9bb81" {{(pid=111484) __call__ /opt/stack/placement/placement/requestlog.py:55}}
Apr 05 07:21:05.191809 n-d-826528-4 devstack@placement-api.service[111484]: INFO placement.requestlog [req-634b9dff-3001-4f96-82d4-5a84c8666e25 req-b9f0632c-a1bf-4261-b489-958c3c23f6c4 service placement] 10.222.0.15 "GET /placement/allocations/a73319d9-dc60-4f68-911d-ab0c00c9bb81" status: 200 len: 259 microversion: 1.28
Apr 05 07:21:05.192876 n-d-826528-4 devstack@placement-api.service[111484]: [pid: 111484|app: 0|req: 369/730] 10.222.0.15 () {60 vars in 1377 bytes} [Tue Apr 5 07:21:05 2022] GET /placement/allocations/a73319d9-dc60-4f68-911d-ab0c00c9bb81 => generated 259 bytes in 27 msecs (HTTP/1.1 200) 8 headers in 296 bytes (1 switches on core 0)
Apr 05 07:21:27.225799 n-d-826528-4 devstack@placement-api.service[111483]: DEBUG placement.requestlog [req-243b4c23-a27c-42e0-b4d2-540887d7aa2b req-c932ead7-3108-4ce5-829a-93382749fc22 None None] Starting request: 10.222.0.15 "DELETE /placement/allocations/4c156d48-c475-4d52-b542-4493dec61ec7" {{(pid=111483) __call__ /opt/stack/placement/placement/requestlog.py:55}}
Apr 05 07:21:27.389676 n-d-826528-4 devstack@placement-api.service[111483]: DEBUG placement.handlers.allocation [req-243b4c23-a27c-42e0-b4d2-540887d7aa2b req-c932ead7-3108-4ce5-829a-93382749fc22 service placement] Successfully deleted allocations [, , ] {{(pid=111483) delete_allocations /opt/stack/placement/placement/handlers/allocation.py:627}}
Apr 05 07:21:27.390419 n-d-826528-4 devstack@placement-api.service[111483]: INFO placement.requestlog [req-243b4c23-a27c-42e0-b4d2-540887d7aa2b req-c932ead7-3108-4ce5-829a-93382749fc22 service placement] 10.222.0.15 "DELETE /placement/allocations/4c156d48-c475-4d52-b542-4493dec61ec7" status: 204 len: 0 microversion: 1.0
Apr 05 07:21:27.392295 n-d-826528-4 devstack@placement-api.service[111483]: [pid: 111483|app: 0|req: 362/731] 10.222.0.15 () {60 vars in 1355 bytes} [Tue Apr 5 07:21:27 2022] DELETE /placement/allocations/4c156d48-c475-4d52-b542-4493dec61ec7 => generated 0 bytes in 167 msecs (HTTP/1.1 204) 5 headers in 198 bytes (1 switches on core 0)
Apr 05 07:21:28.379798 n-d-826528-4 devstack@placement-api.service[111484]: DEBUG placement.requestlog [req-964931c9-598e-4be2-90cd-ff7d81912541 req-cb821422-51ee-4447-a522-634c34360d90 None None] Starting request: 10.222.0.39 "GET /placement/allocation_candidates?limit=1000&resources=DISK_GB%3A1%2CMEMORY_MB%3A1024%2CVCPU%3A1&root_required=%21COMPUTE_STATUS_DISABLED" {{(pid=111484) __call__ /opt/stack/placement/placement/requestlog.py:55}}
Apr 05 07:21:28.424689 n-d-826528-4 devstack@placement-api.service[111484]: DEBUG placement.objects.research_context [req-964931c9-598e-4be2-90cd-ff7d81912541 req-cb821422-51ee-4447-a522-634c34360d90 service placement] getting providers with 1 DISK_GB {{(pid=111484) __init__ /opt/stack/placement/placement/objects/research_context.py:136}}
Apr 05 07:21:28.431401 n-d-826528-4 devstack@placement-api.service[111484]: DEBUG placement.objects.research_context [req-964931c9-598e-4be2-90cd-ff7d81912541 req-cb821422-51ee-4447-a522-634c34360d90 service placement] getting providers with 1024 MEMORY_MB {{(pid=111484) __init__ /opt/stack/placement/placement/objects/research_context.py:136}}
Apr 05 07:21:28.438535 n-d-826528-4 devstack@placement-api.service[111484]: DEBUG placement.objects.research_context [req-964931c9-598e-4be2-90cd-ff7d81912541 req-cb821422-51ee-4447-a522-634c34360d90 service placement] getting providers with 1 VCPU {{(pid=111484) __init__ /opt/stack/placement/placement/objects/research_context.py:136}}
Apr 05 07:21:28.448023 n-d-826528-4 devstack@placement-api.service[111484]: DEBUG placement.objects.research_context [req-964931c9-598e-4be2-90cd-ff7d81912541 req-cb821422-51ee-4447-a522-634c34360d90 service placement] found 2 providers with available 1 DISK_GB {{(pid=111484) get_provider_ids_matching /opt/stack/placement/placement/objects/research_context.py:559}}
Apr 05 07:21:28.448678 n-d-826528-4 devstack@placement-api.service[111484]: DEBUG placement.objects.research_context [req-964931c9-598e-4be2-90cd-ff7d81912541 req-cb821422-51ee-4447-a522-634c34360d90 service placement] found 2 providers with available 1024 MEMORY_MB {{(pid=111484) get_provider_ids_matching /opt/stack/placement/placement/objects/research_context.py:559}}
Apr 05 07:21:28.456624 n-d-826528-4 devstack@placement-api.service[111484]: DEBUG placement.objects.research_context [req-964931c9-598e-4be2-90cd-ff7d81912541 req-cb821422-51ee-4447-a522-634c34360d90 service placement] found 2 providers after filtering by previous result {{(pid=111484) get_provider_ids_matching /opt/stack/placement/placement/objects/research_context.py:590}}
Apr 05 07:21:28.456624 n-d-826528-4 devstack@placement-api.service[111484]: DEBUG placement.objects.research_context [req-964931c9-598e-4be2-90cd-ff7d81912541 req-cb821422-51ee-4447-a522-634c34360d90 service placement] found 2 providers with available 1 VCPU {{(pid=111484) get_provider_ids_matching /opt/stack/placement/placement/objects/research_context.py:559}}
Apr 05 07:21:28.456624 n-d-826528-4 devstack@placement-api.service[111484]: DEBUG placement.objects.research_context [req-964931c9-598e-4be2-90cd-ff7d81912541 req-cb821422-51ee-4447-a522-634c34360d90 service placement] found 2 providers after filtering by previous result {{(pid=111484) get_provider_ids_matching /opt/stack/placement/placement/objects/research_context.py:590}}
Apr 05 07:21:28.463851 n-d-826528-4 devstack@placement-api.service[111484]: DEBUG placement.objects.allocation_candidate [req-964931c9-598e-4be2-90cd-ff7d81912541 req-cb821422-51ee-4447-a522-634c34360d90 service placement] RequestGroup(use_same_provider=False, resources={DISK_GB:1, MEMORY_MB:1024, VCPU:1}, traits=(), aggregates=[]) (suffix '') returned 2 matches {{(pid=111484) _get_by_requests /opt/stack/placement/placement/objects/allocation_candidate.py:156}}
Apr 05 07:21:28.464559 n-d-826528-4 devstack@placement-api.service[111484]: DEBUG placement.objects.allocation_candidate [req-964931c9-598e-4be2-90cd-ff7d81912541 req-cb821422-51ee-4447-a522-634c34360d90 service placement] Merging candidates yields 2 allocation requests and 2 provider summaries {{(pid=111484) _merge_candidates /opt/stack/placement/placement/objects/allocation_candidate.py:809}}
Apr 05 07:21:28.466427 n-d-826528-4 devstack@placement-api.service[111484]: INFO placement.requestlog [req-964931c9-598e-4be2-90cd-ff7d81912541 req-cb821422-51ee-4447-a522-634c34360d90 service placement] 10.222.0.39 "GET /placement/allocation_candidates?limit=1000&resources=DISK_GB%3A1%2CMEMORY_MB%3A1024%2CVCPU%3A1&root_required=%21COMPUTE_STATUS_DISABLED" status: 200 len: 1309 microversion: 1.36
Apr 05 07:21:28.467059 n-d-826528-4 devstack@placement-api.service[111484]: [pid: 111484|app: 0|req: 370/732] 10.222.0.39 () {60 vars in 1506 bytes} [Tue Apr 5 07:21:28 2022] GET /placement/allocation_candidates?limit=1000&resources=DISK_GB%3A1%2CMEMORY_MB%3A1024%2CVCPU%3A1&root_required=%21COMPUTE_STATUS_DISABLED => generated 1309 bytes in 88 msecs (HTTP/1.1 200) 8 headers in 297 bytes (1 switches on core 0)
Apr 05 07:21:28.577792 n-d-826528-4 devstack@placement-api.service[111483]: DEBUG placement.requestlog [req-964931c9-598e-4be2-90cd-ff7d81912541 req-7501a709-39a4-432f-89ca-be3634874e64 None None] Starting request: 10.222.0.39 "GET /placement/allocations/2e4661da-8141-45f1-a289-d04e79ebf2d3" {{(pid=111483) __call__ /opt/stack/placement/placement/requestlog.py:55}}
Apr 05 07:21:28.593388 n-d-826528-4 devstack@placement-api.service[111483]: INFO placement.requestlog [req-964931c9-598e-4be2-90cd-ff7d81912541 req-7501a709-39a4-432f-89ca-be3634874e64 service placement] 10.222.0.39 "GET /placement/allocations/2e4661da-8141-45f1-a289-d04e79ebf2d3" status: 200 len: 19 microversion: 1.28
Apr 05 07:21:28.594904 n-d-826528-4 devstack@placement-api.service[111483]: [pid: 111483|app: 0|req: 363/733] 10.222.0.39 () {60 vars in 1380 bytes} [Tue Apr 5 07:21:28 2022] GET /placement/allocations/2e4661da-8141-45f1-a289-d04e79ebf2d3 => generated 19 bytes in 17 msecs (HTTP/1.1 200) 8 headers in 295 bytes (1 switches on core 0)
Apr 05 07:21:28.601459 n-d-826528-4 devstack@placement-api.service[111484]: DEBUG placement.requestlog [req-964931c9-598e-4be2-90cd-ff7d81912541 req-3fb67a23-d51a-4c19-aef8-4502e24355d7 None None] Starting request: 10.222.0.39 "PUT /placement/allocations/2e4661da-8141-45f1-a289-d04e79ebf2d3" {{(pid=111484) __call__ /opt/stack/placement/placement/requestlog.py:55}}
Apr 05 07:21:28.873173 n-d-826528-4 devstack@placement-api.service[111484]: DEBUG placement.handlers.allocation [req-964931c9-598e-4be2-90cd-ff7d81912541 req-3fb67a23-d51a-4c19-aef8-4502e24355d7 service placement] Successfully wrote allocations [, , ] {{(pid=111484) _update_consumers_and_create_allocations /opt/stack/placement/placement/handlers/allocation.py:462}}
Apr 05 07:21:28.939260 n-d-826528-4 devstack@placement-api.service[111484]: INFO placement.requestlog [req-964931c9-598e-4be2-90cd-ff7d81912541 req-3fb67a23-d51a-4c19-aef8-4502e24355d7 service placement] 10.222.0.39 "PUT /placement/allocations/2e4661da-8141-45f1-a289-d04e79ebf2d3" status: 204 len: 0 microversion: 1.36
Apr 05 07:21:28.941265 n-d-826528-4 devstack@placement-api.service[111484]: [pid: 111484|app: 0|req: 371/734] 10.222.0.39 () {64 vars in 1433 bytes} [Tue Apr 5 07:21:28 2022] PUT /placement/allocations/2e4661da-8141-45f1-a289-d04e79ebf2d3 => generated 0 bytes in 341 msecs (HTTP/1.1 204) 5 headers in 199 bytes (1 switches on core 0)
Apr 05 07:21:28.975004 n-d-826528-4 devstack@placement-api.service[111483]: DEBUG placement.requestlog [req-964931c9-598e-4be2-90cd-ff7d81912541 req-199a09c1-bf19-4dbf-9d80-8380183dcf05 None None] Starting request: 10.222.0.39 "GET /placement/allocations/8da77fb3-1ef5-40f2-bb34-cc3b743f4823" {{(pid=111483) __call__ /opt/stack/placement/placement/requestlog.py:55}}
Apr 05 07:21:28.990317 n-d-826528-4 devstack@placement-api.service[111483]: INFO placement.requestlog [req-964931c9-598e-4be2-90cd-ff7d81912541 req-199a09c1-bf19-4dbf-9d80-8380183dcf05 service placement] 10.222.0.39 "GET /placement/allocations/8da77fb3-1ef5-40f2-bb34-cc3b743f4823" status: 200 len: 19 microversion: 1.28
Apr 05 07:21:28.997249 n-d-826528-4 devstack@placement-api.service[111483]: [pid: 111483|app: 0|req: 364/735] 10.222.0.39 () {60 vars in 1380 bytes} [Tue Apr 5 07:21:28 2022] GET /placement/allocations/8da77fb3-1ef5-40f2-bb34-cc3b743f4823 => generated 19 bytes in 22 msecs (HTTP/1.1 200) 8 headers in 295 bytes (1 switches on core 0)
Apr 05 07:21:28.998453 n-d-826528-4 devstack@placement-api.service[111484]: DEBUG placement.requestlog [req-964931c9-598e-4be2-90cd-ff7d81912541 req-2e8ac47b-39e8-4677-adab-ef488da052ce None None] Starting request: 10.222.0.39 "PUT /placement/allocations/8da77fb3-1ef5-40f2-bb34-cc3b743f4823" {{(pid=111484) __call__ /opt/stack/placement/placement/requestlog.py:55}}
Apr 05 07:21:29.183681 n-d-826528-4 devstack@placement-api.service[111484]: DEBUG placement.handlers.allocation [req-964931c9-598e-4be2-90cd-ff7d81912541 req-2e8ac47b-39e8-4677-adab-ef488da052ce service placement] Successfully wrote allocations [, , ] {{(pid=111484) _update_consumers_and_create_allocations /opt/stack/placement/placement/handlers/allocation.py:462}}
Apr 05 07:21:29.258801 n-d-826528-4 devstack@placement-api.service[111484]: INFO placement.requestlog [req-964931c9-598e-4be2-90cd-ff7d81912541 req-2e8ac47b-39e8-4677-adab-ef488da052ce service placement] 10.222.0.39 "PUT /placement/allocations/8da77fb3-1ef5-40f2-bb34-cc3b743f4823" status: 204 len: 0 microversion: 1.36
Apr 05 07:21:29.259184 n-d-826528-4 devstack@placement-api.service[111484]: [pid: 111484|app: 0|req: 372/736] 10.222.0.39 () {64 vars in 1433 bytes} [Tue Apr 5 07:21:28 2022] PUT /placement/allocations/8da77fb3-1ef5-40f2-bb34-cc3b743f4823 => generated 0 bytes in 261 msecs (HTTP/1.1 204) 5 headers in 199 bytes (2 switches on core 0)
Apr 05 07:21:30.536676 n-d-826528-4 devstack@placement-api.service[111483]: DEBUG placement.requestlog [req-964931c9-598e-4be2-90cd-ff7d81912541 req-f71e0b0c-4c58-47a7-ae10-cb970f6cee57 None None] Starting request: 10.222.0.15 "GET /placement/allocations/2e4661da-8141-45f1-a289-d04e79ebf2d3" {{(pid=111483) __call__ /opt/stack/placement/placement/requestlog.py:55}}
Apr 05 07:21:30.554032 n-d-826528-4 devstack@placement-api.service[111483]: INFO placement.requestlog [req-964931c9-598e-4be2-90cd-ff7d81912541 req-f71e0b0c-4c58-47a7-ae10-cb970f6cee57 service placement] 10.222.0.15 "GET /placement/allocations/2e4661da-8141-45f1-a289-d04e79ebf2d3" status: 200 len: 259 microversion: 1.28
Apr 05 07:21:30.554488 n-d-826528-4 devstack@placement-api.service[111483]: [pid: 111483|app: 0|req: 365/737] 10.222.0.15 () {60 vars in 1377 bytes} [Tue Apr 5 07:21:30 2022] GET /placement/allocations/2e4661da-8141-45f1-a289-d04e79ebf2d3 => generated 259 bytes in 18 msecs (HTTP/1.1 200) 8 headers in 296 bytes (1 switches on core 0)
Apr 05 07:21:30.987299 n-d-826528-4 devstack@placement-api.service[111484]: DEBUG placement.requestlog [req-964931c9-598e-4be2-90cd-ff7d81912541 req-dc47bcb6-8ec5-4bc0-ad19-96bf4bd4dac6 None None] Starting request: 10.222.0.30 "GET /placement/allocations/8da77fb3-1ef5-40f2-bb34-cc3b743f4823" {{(pid=111484) __call__ /opt/stack/placement/placement/requestlog.py:55}}
Apr 05 07:21:31.003327 n-d-826528-4 devstack@placement-api.service[111484]: INFO placement.requestlog [req-964931c9-598e-4be2-90cd-ff7d81912541 req-dc47bcb6-8ec5-4bc0-ad19-96bf4bd4dac6 service placement] 10.222.0.30 "GET /placement/allocations/8da77fb3-1ef5-40f2-bb34-cc3b743f4823" status: 200 len: 259 microversion: 1.28
Apr 05 07:21:31.003909 n-d-826528-4 devstack@placement-api.service[111484]: [pid: 111484|app: 0|req: 373/738] 10.222.0.30 () {60 vars in 1377 bytes} [Tue Apr 5 07:21:30 2022] GET /placement/allocations/8da77fb3-1ef5-40f2-bb34-cc3b743f4823 => generated 259 bytes in 17 msecs (HTTP/1.1 200) 8 headers in 296 bytes (2 switches on core 0)
Apr 05 07:21:53.403553 n-d-826528-4 devstack@placement-api.service[111483]: DEBUG placement.requestlog [req-35dec9ac-b618-4527-a408-da68d1851c48 req-dc25b869-d926-415d-9359-b13237f1ea75 None None] Starting request: 10.222.0.39 "GET /placement/allocation_candidates?limit=1000&resources=DISK_GB%3A1%2CMEMORY_MB%3A1024%2CVCPU%3A1&root_required=%21COMPUTE_STATUS_DISABLED" {{(pid=111483) __call__ /opt/stack/placement/placement/requestlog.py:55}}
Apr 05 07:21:53.488070 n-d-826528-4 devstack@placement-api.service[111483]: DEBUG placement.objects.research_context [req-35dec9ac-b618-4527-a408-da68d1851c48 req-dc25b869-d926-415d-9359-b13237f1ea75 service placement] getting providers with 1 DISK_GB {{(pid=111483) __init__ /opt/stack/placement/placement/objects/research_context.py:136}}
Apr 05 07:21:53.509839 n-d-826528-4 devstack@placement-api.service[111483]: DEBUG placement.objects.research_context [req-35dec9ac-b618-4527-a408-da68d1851c48 req-dc25b869-d926-415d-9359-b13237f1ea75 service placement] getting providers with 1024 MEMORY_MB {{(pid=111483) __init__ /opt/stack/placement/placement/objects/research_context.py:136}}
Apr 05 07:21:53.524652 n-d-826528-4 devstack@placement-api.service[111483]: DEBUG placement.objects.research_context [req-35dec9ac-b618-4527-a408-da68d1851c48 req-dc25b869-d926-415d-9359-b13237f1ea75 service placement] getting providers with 1 VCPU {{(pid=111483) __init__ /opt/stack/placement/placement/objects/research_context.py:136}}
Apr 05 07:21:53.549264 n-d-826528-4 devstack@placement-api.service[111483]: DEBUG placement.objects.research_context [req-35dec9ac-b618-4527-a408-da68d1851c48 req-dc25b869-d926-415d-9359-b13237f1ea75 service placement] found 2 providers with available 1 DISK_GB {{(pid=111483) get_provider_ids_matching /opt/stack/placement/placement/objects/research_context.py:559}}
Apr 05 07:21:53.549525 n-d-826528-4 devstack@placement-api.service[111483]: DEBUG placement.objects.research_context [req-35dec9ac-b618-4527-a408-da68d1851c48 req-dc25b869-d926-415d-9359-b13237f1ea75 service placement] found 2 providers with available 1024 MEMORY_MB {{(pid=111483) get_provider_ids_matching /opt/stack/placement/placement/objects/research_context.py:559}}
Apr 05 07:21:53.549792 n-d-826528-4 devstack@placement-api.service[111483]: DEBUG placement.objects.research_context [req-35dec9ac-b618-4527-a408-da68d1851c48 req-dc25b869-d926-415d-9359-b13237f1ea75 service placement] found 2 providers after filtering by previous result {{(pid=111483) get_provider_ids_matching /opt/stack/placement/placement/objects/research_context.py:590}}
Apr 05 07:21:53.550070 n-d-826528-4 devstack@placement-api.service[111483]: DEBUG placement.objects.research_context [req-35dec9ac-b618-4527-a408-da68d1851c48 req-dc25b869-d926-415d-9359-b13237f1ea75 service placement] found 2 providers with available 1 VCPU {{(pid=111483) get_provider_ids_matching /opt/stack/placement/placement/objects/research_context.py:559}}
Apr 05 07:21:53.558734 n-d-826528-4 devstack@placement-api.service[111483]: DEBUG placement.objects.research_context [req-35dec9ac-b618-4527-a408-da68d1851c48 req-dc25b869-d926-415d-9359-b13237f1ea75 service placement] found 2 providers after filtering by previous result {{(pid=111483) get_provider_ids_matching /opt/stack/placement/placement/objects/research_context.py:590}}
Apr 05 07:21:53.582555 n-d-826528-4 devstack@placement-api.service[111483]: DEBUG placement.objects.allocation_candidate [req-35dec9ac-b618-4527-a408-da68d1851c48 req-dc25b869-d926-415d-9359-b13237f1ea75 service placement] RequestGroup(use_same_provider=False, resources={DISK_GB:1, MEMORY_MB:1024, VCPU:1}, traits=(), aggregates=[]) (suffix '') returned 2 matches {{(pid=111483) _get_by_requests /opt/stack/placement/placement/objects/allocation_candidate.py:156}}
Apr 05 07:21:53.583213 n-d-826528-4 devstack@placement-api.service[111483]: DEBUG placement.objects.allocation_candidate [req-35dec9ac-b618-4527-a408-da68d1851c48 req-dc25b869-d926-415d-9359-b13237f1ea75 service placement] Merging candidates yields 2 allocation requests and 2 provider summaries {{(pid=111483) _merge_candidates /opt/stack/placement/placement/objects/allocation_candidate.py:809}}
Apr 05 07:21:53.589048 n-d-826528-4 devstack@placement-api.service[111483]: INFO placement.requestlog [req-35dec9ac-b618-4527-a408-da68d1851c48 req-dc25b869-d926-415d-9359-b13237f1ea75 service placement] 10.222.0.39 "GET /placement/allocation_candidates?limit=1000&resources=DISK_GB%3A1%2CMEMORY_MB%3A1024%2CVCPU%3A1&root_required=%21COMPUTE_STATUS_DISABLED" status: 200 len: 1309 microversion: 1.36
Apr 05 07:21:53.589986 n-d-826528-4 devstack@placement-api.service[111483]: [pid: 111483|app: 0|req: 366/739] 10.222.0.39 () {60 vars in 1506 bytes} [Tue Apr 5 07:21:53 2022] GET /placement/allocation_candidates?limit=1000&resources=DISK_GB%3A1%2CMEMORY_MB%3A1024%2CVCPU%3A1&root_required=%21COMPUTE_STATUS_DISABLED => generated 1309 bytes in 187 msecs (HTTP/1.1 200) 8 headers in 297 bytes (1 switches on core 0)
Apr 05 07:21:53.732110 n-d-826528-4 devstack@placement-api.service[111484]: DEBUG placement.requestlog [req-35dec9ac-b618-4527-a408-da68d1851c48 req-dc5001b6-8937-4fce-b5d5-7cc16b3e2593 None None] Starting request: 10.222.0.39 "GET /placement/allocations/5aaa8594-5f43-49c8-a718-ecef58a57b68" {{(pid=111484) __call__ /opt/stack/placement/placement/requestlog.py:55}}
Apr 05 07:21:53.749097 n-d-826528-4 devstack@placement-api.service[111484]: INFO placement.requestlog [req-35dec9ac-b618-4527-a408-da68d1851c48 req-dc5001b6-8937-4fce-b5d5-7cc16b3e2593 service placement] 10.222.0.39 "GET /placement/allocations/5aaa8594-5f43-49c8-a718-ecef58a57b68" status: 200 len: 19 microversion: 1.28
Apr 05 07:21:53.749944 n-d-826528-4 devstack@placement-api.service[111484]: [pid: 111484|app: 0|req: 374/740] 10.222.0.39 () {60 vars in 1380 bytes} [Tue Apr 5 07:21:53 2022] GET /placement/allocations/5aaa8594-5f43-49c8-a718-ecef58a57b68 => generated 19 bytes in 18 msecs (HTTP/1.1 200) 8 headers in 295 bytes (1 switches on core 0)
Apr 05 07:21:53.774434 n-d-826528-4 devstack@placement-api.service[111483]: DEBUG placement.requestlog [req-35dec9ac-b618-4527-a408-da68d1851c48 req-c12c3de3-b5b0-44c7-8b70-7cc80e01dec8 None None] Starting request: 10.222.0.39 "PUT /placement/allocations/5aaa8594-5f43-49c8-a718-ecef58a57b68" {{(pid=111483) __call__ /opt/stack/placement/placement/requestlog.py:55}}
Apr 05 07:21:53.936074 n-d-826528-4 devstack@placement-api.service[111484]: DEBUG placement.requestlog [req-05b1bf8a-02ad-4fde-bdad-88497b77fef3 req-fe8c620c-4655-481a-9ae0-758eb9787d19 None None] Starting request: 10.222.0.15 "GET /placement/resource_providers/cd90ab92-a2ef-48c7-8fde-12d6415650af/allocations" {{(pid=111484) __call__ /opt/stack/placement/placement/requestlog.py:55}}
Apr 05 07:21:53.955938 n-d-826528-4 devstack@placement-api.service[111483]: DEBUG placement.handlers.allocation [req-35dec9ac-b618-4527-a408-da68d1851c48 req-c12c3de3-b5b0-44c7-8b70-7cc80e01dec8 service placement] Successfully wrote allocations [, , ] {{(pid=111483) _update_consumers_and_create_allocations /opt/stack/placement/placement/handlers/allocation.py:462}}
Apr 05 07:21:53.983269 n-d-826528-4 devstack@placement-api.service[111484]: INFO placement.requestlog [req-05b1bf8a-02ad-4fde-bdad-88497b77fef3 req-fe8c620c-4655-481a-9ae0-758eb9787d19 service placement] 10.222.0.15 "GET /placement/resource_providers/cd90ab92-a2ef-48c7-8fde-12d6415650af/allocations" status: 200 len: 255 microversion: 1.0
Apr 05 07:21:53.983554 n-d-826528-4 devstack@placement-api.service[111484]: [pid: 111484|app: 0|req: 375/741] 10.222.0.15 () {58 vars in 1390 bytes} [Tue Apr 5 07:21:53 2022] GET /placement/resource_providers/cd90ab92-a2ef-48c7-8fde-12d6415650af/allocations => generated 255 bytes in 48 msecs (HTTP/1.1 200) 6 headers in 224 bytes (2 switches on core 0)
Apr 05 07:21:54.040153 n-d-826528-4 devstack@placement-api.service[111483]: INFO placement.requestlog [req-35dec9ac-b618-4527-a408-da68d1851c48 req-c12c3de3-b5b0-44c7-8b70-7cc80e01dec8 service placement] 10.222.0.39 "PUT /placement/allocations/5aaa8594-5f43-49c8-a718-ecef58a57b68" status: 204 len: 0 microversion: 1.36
Apr 05 07:21:54.040833 n-d-826528-4 devstack@placement-api.service[111483]: [pid: 111483|app: 0|req: 367/742] 10.222.0.39 () {64 vars in 1433 bytes} [Tue Apr 5 07:21:53 2022] PUT /placement/allocations/5aaa8594-5f43-49c8-a718-ecef58a57b68 => generated 0 bytes in 267 msecs (HTTP/1.1 204) 5 headers in 199 bytes (1 switches on core 0)
Apr 05 07:21:54.108687 n-d-826528-4 devstack@placement-api.service[111484]: DEBUG placement.requestlog [req-35dec9ac-b618-4527-a408-da68d1851c48 req-5510f101-b8d0-4105-af2c-ca9323ea3cb1 None None] Starting request: 10.222.0.39 "GET /placement/allocations/007afcec-2dc9-44cf-a441-f54cece1d38f" {{(pid=111484) __call__ /opt/stack/placement/placement/requestlog.py:55}}
Apr 05 07:21:54.124219 n-d-826528-4 devstack@placement-api.service[111484]: INFO placement.requestlog [req-35dec9ac-b618-4527-a408-da68d1851c48 req-5510f101-b8d0-4105-af2c-ca9323ea3cb1 service placement] 10.222.0.39 "GET /placement/allocations/007afcec-2dc9-44cf-a441-f54cece1d38f" status: 200 len: 19 microversion: 1.28
Apr 05 07:21:54.134595 n-d-826528-4 devstack@placement-api.service[111484]: [pid: 111484|app: 0|req: 376/743] 10.222.0.39 () {60 vars in 1380 bytes} [Tue Apr 5 07:21:54 2022] GET /placement/allocations/007afcec-2dc9-44cf-a441-f54cece1d38f => generated 19 bytes in 26 msecs (HTTP/1.1 200) 8 headers in 295 bytes (1 switches on core 0)
Apr 05 07:21:54.140280 n-d-826528-4 devstack@placement-api.service[111483]: DEBUG placement.requestlog [req-35dec9ac-b618-4527-a408-da68d1851c48 req-b270451e-600d-4de5-bb65-fcf56ae2b8cb None None] Starting request: 10.222.0.39 "PUT /placement/allocations/007afcec-2dc9-44cf-a441-f54cece1d38f" {{(pid=111483) __call__ /opt/stack/placement/placement/requestlog.py:55}}
Apr 05 07:21:54.343572 n-d-826528-4 devstack@placement-api.service[111483]: DEBUG placement.handlers.allocation [req-35dec9ac-b618-4527-a408-da68d1851c48 req-b270451e-600d-4de5-bb65-fcf56ae2b8cb service placement] Successfully wrote allocations [, , ] {{(pid=111483) _update_consumers_and_create_allocations /opt/stack/placement/placement/handlers/allocation.py:462}}
Apr 05 07:21:54.412649 n-d-826528-4 devstack@placement-api.service[111483]: INFO placement.requestlog [req-35dec9ac-b618-4527-a408-da68d1851c48 req-b270451e-600d-4de5-bb65-fcf56ae2b8cb service placement] 10.222.0.39 "PUT /placement/allocations/007afcec-2dc9-44cf-a441-f54cece1d38f" status: 204 len: 0 microversion: 1.36
Apr 05 07:21:54.413482 n-d-826528-4 devstack@placement-api.service[111483]: [pid: 111483|app: 0|req: 368/744] 10.222.0.39 () {64 vars in 1433 bytes} [Tue Apr 5 07:21:54 2022] PUT /placement/allocations/007afcec-2dc9-44cf-a441-f54cece1d38f => generated 0 bytes in 273 msecs (HTTP/1.1 204) 5 headers in 199 bytes (1 switches on core 0)
Apr 05 07:21:55.970123 n-d-826528-4 devstack@placement-api.service[111484]: DEBUG placement.requestlog [req-35dec9ac-b618-4527-a408-da68d1851c48 req-6be8da44-055c-42f5-99eb-f281f8dbd461 None None] Starting request: 10.222.0.15 "GET /placement/allocations/5aaa8594-5f43-49c8-a718-ecef58a57b68" {{(pid=111484) __call__ /opt/stack/placement/placement/requestlog.py:55}}
Apr 05 07:21:56.017801 n-d-826528-4 devstack@placement-api.service[111484]: INFO placement.requestlog [req-35dec9ac-b618-4527-a408-da68d1851c48 req-6be8da44-055c-42f5-99eb-f281f8dbd461 service placement] 10.222.0.15 "GET /placement/allocations/5aaa8594-5f43-49c8-a718-ecef58a57b68" status: 200 len: 259 microversion: 1.28
Apr 05 07:21:56.018403 n-d-826528-4 devstack@placement-api.service[111484]: [pid: 111484|app: 0|req: 377/745] 10.222.0.15 () {60 vars in 1377 bytes} [Tue Apr 5 07:21:55 2022] GET /placement/allocations/5aaa8594-5f43-49c8-a718-ecef58a57b68 => generated 259 bytes in 49 msecs (HTTP/1.1 200) 8 headers in 296 bytes (1 switches on core 0)
Apr 05 07:21:56.563414 n-d-826528-4 devstack@placement-api.service[111483]: DEBUG placement.requestlog [req-35dec9ac-b618-4527-a408-da68d1851c48 req-d07755fe-c444-4c32-ae9b-01aa486f1595 None None] Starting request: 10.222.0.30 "GET /placement/allocations/007afcec-2dc9-44cf-a441-f54cece1d38f" {{(pid=111483) __call__ /opt/stack/placement/placement/requestlog.py:55}}
Apr 05 07:21:56.592884 n-d-826528-4 devstack@placement-api.service[111483]: INFO placement.requestlog [req-35dec9ac-b618-4527-a408-da68d1851c48 req-d07755fe-c444-4c32-ae9b-01aa486f1595 service placement] 10.222.0.30 "GET /placement/allocations/007afcec-2dc9-44cf-a441-f54cece1d38f" status: 200 len: 259 microversion: 1.28
Apr 05 07:21:56.592884 n-d-826528-4 devstack@placement-api.service[111483]: [pid: 111483|app: 0|req: 369/746] 10.222.0.30 () {60 vars in 1377 bytes} [Tue Apr 5 07:21:56 2022] GET /placement/allocations/007afcec-2dc9-44cf-a441-f54cece1d38f => generated 259 bytes in 28 msecs (HTTP/1.1 200) 8 headers in 296 bytes (1 switches on core 0)
Apr 05 07:21:56.894800 n-d-826528-4 devstack@placement-api.service[111484]: DEBUG placement.requestlog [req-1d8a251a-2578-46c9-a8ed-d5951805929f req-5ca0bbcd-b8b2-47b3-b327-e900c78ccba4 None None] Starting request: 10.222.0.15 "DELETE /placement/allocations/2e4661da-8141-45f1-a289-d04e79ebf2d3" {{(pid=111484) __call__ /opt/stack/placement/placement/requestlog.py:55}}
Apr 05 07:21:57.160363 n-d-826528-4 devstack@placement-api.service[111484]: DEBUG placement.handlers.allocation [req-1d8a251a-2578-46c9-a8ed-d5951805929f req-5ca0bbcd-b8b2-47b3-b327-e900c78ccba4 service placement] Successfully deleted allocations [, , ] {{(pid=111484) delete_allocations /opt/stack/placement/placement/handlers/allocation.py:627}}
Apr 05 07:21:57.161654 n-d-826528-4 devstack@placement-api.service[111484]: INFO placement.requestlog [req-1d8a251a-2578-46c9-a8ed-d5951805929f req-5ca0bbcd-b8b2-47b3-b327-e900c78ccba4 service placement] 10.222.0.15 "DELETE /placement/allocations/2e4661da-8141-45f1-a289-d04e79ebf2d3" status: 204 len: 0 microversion: 1.0
Apr 05 07:21:57.162215 n-d-826528-4 devstack@placement-api.service[111484]: [pid: 111484|app: 0|req: 378/747] 10.222.0.15 () {60 vars in 1355 bytes} [Tue Apr 5 07:21:56 2022] DELETE /placement/allocations/2e4661da-8141-45f1-a289-d04e79ebf2d3 => generated 0 bytes in 268 msecs (HTTP/1.1 204) 5 headers in 198 bytes (2 switches on core 0)
Apr 05 07:21:58.123486 n-d-826528-4 devstack@placement-api.service[111483]: DEBUG placement.requestlog [req-b27ac785-b300-4a2c-a2bb-45d2a0e7f34b req-80fae406-4f8d-4fad-b192-e0bb4ae16b1d None None] Starting request: 10.222.0.30 "DELETE /placement/allocations/8da77fb3-1ef5-40f2-bb34-cc3b743f4823" {{(pid=111483) __call__ /opt/stack/placement/placement/requestlog.py:55}}
Apr 05 07:21:58.388800 n-d-826528-4 devstack@placement-api.service[111483]: DEBUG placement.handlers.allocation [req-b27ac785-b300-4a2c-a2bb-45d2a0e7f34b req-80fae406-4f8d-4fad-b192-e0bb4ae16b1d service placement] Successfully deleted allocations [, , ] {{(pid=111483) delete_allocations /opt/stack/placement/placement/handlers/allocation.py:627}}
Apr 05 07:21:58.389735 n-d-826528-4 devstack@placement-api.service[111483]: INFO placement.requestlog [req-b27ac785-b300-4a2c-a2bb-45d2a0e7f34b req-80fae406-4f8d-4fad-b192-e0bb4ae16b1d service placement] 10.222.0.30 "DELETE /placement/allocations/8da77fb3-1ef5-40f2-bb34-cc3b743f4823" status: 204 len: 0 microversion: 1.0
Apr 05 07:21:58.390338 n-d-826528-4 devstack@placement-api.service[111483]: [pid: 111483|app: 0|req: 370/748] 10.222.0.30 () {60 vars in 1355 bytes} [Tue Apr 5 07:21:58 2022] DELETE /placement/allocations/8da77fb3-1ef5-40f2-bb34-cc3b743f4823 => generated 0 bytes in 268 msecs (HTTP/1.1 204) 5 headers in 198 bytes (2 switches on core 0)
Apr 05 07:21:58.553340 n-d-826528-4 devstack@placement-api.service[111484]: DEBUG placement.requestlog [req-033ddf44-8568-4461-b493-24b40e0864b2 req-70425012-83c2-4dbf-96b2-1c41d434ca98 None None] Starting request: 10.222.0.30 "GET /placement/resource_providers/99e754d3-57bd-427a-97a1-03068bc29c56/allocations" {{(pid=111484) __call__ /opt/stack/placement/placement/requestlog.py:55}}
Apr 05 07:21:58.589701 n-d-826528-4 devstack@placement-api.service[111484]: INFO placement.requestlog [req-033ddf44-8568-4461-b493-24b40e0864b2 req-70425012-83c2-4dbf-96b2-1c41d434ca98 service placement] 10.222.0.30 "GET /placement/resource_providers/99e754d3-57bd-427a-97a1-03068bc29c56/allocations" status: 200 len: 429 microversion: 1.0
Apr 05 07:21:58.590422 n-d-826528-4 devstack@placement-api.service[111484]: [pid: 111484|app: 0|req: 379/749] 10.222.0.30 () {58 vars in 1390 bytes} [Tue Apr 5 07:21:58 2022] GET /placement/resource_providers/99e754d3-57bd-427a-97a1-03068bc29c56/allocations => generated 429 bytes in 38 msecs (HTTP/1.1 200) 6 headers in 224 bytes (1 switches on core 0)
Apr 05 07:22:25.015497 n-d-826528-4 devstack@placement-api.service[111483]: DEBUG placement.requestlog [req-3de4e24a-e758-4e79-aaa5-7123f24531c3 req-243fcd63-dfad-4749-af90-7fb8566a87e2 None None] Starting request: 10.222.0.30 "DELETE /placement/allocations/007afcec-2dc9-44cf-a441-f54cece1d38f" {{(pid=111483) __call__ /opt/stack/placement/placement/requestlog.py:55}}
Apr 05 07:22:25.403631 n-d-826528-4 devstack@placement-api.service[111483]: DEBUG placement.handlers.allocation [req-3de4e24a-e758-4e79-aaa5-7123f24531c3 req-243fcd63-dfad-4749-af90-7fb8566a87e2 service placement] Successfully deleted allocations [, , ] {{(pid=111483) delete_allocations /opt/stack/placement/placement/handlers/allocation.py:627}}
Apr 05 07:22:25.410007 n-d-826528-4 devstack@placement-api.service[111483]: INFO placement.requestlog [req-3de4e24a-e758-4e79-aaa5-7123f24531c3 req-243fcd63-dfad-4749-af90-7fb8566a87e2 service placement] 10.222.0.30 "DELETE /placement/allocations/007afcec-2dc9-44cf-a441-f54cece1d38f" status: 204 len: 0 microversion: 1.0
Apr 05 07:22:25.410007 n-d-826528-4 devstack@placement-api.service[111483]: [pid: 111483|app: 0|req: 371/750] 10.222.0.30 () {60 vars in 1355 bytes} [Tue Apr 5 07:22:25 2022] DELETE /placement/allocations/007afcec-2dc9-44cf-a441-f54cece1d38f => generated 0 bytes in 394 msecs (HTTP/1.1 204) 5 headers in 198 bytes (1 switches on core 0)
Apr 05 07:22:25.586978 n-d-826528-4 devstack@placement-api.service[111484]: DEBUG placement.requestlog [req-a62584e9-a528-4b8a-bc59-1303dbac278a req-5d0d6555-f829-4800-8525-5df8ec9a6292 None None] Starting request: 10.222.0.15 "DELETE /placement/allocations/5aaa8594-5f43-49c8-a718-ecef58a57b68" {{(pid=111484) __call__ /opt/stack/placement/placement/requestlog.py:55}}
Apr 05 07:22:25.869021 n-d-826528-4 devstack@placement-api.service[111484]: DEBUG placement.handlers.allocation [req-a62584e9-a528-4b8a-bc59-1303dbac278a req-5d0d6555-f829-4800-8525-5df8ec9a6292 service placement] Successfully deleted allocations [, , ] {{(pid=111484) delete_allocations /opt/stack/placement/placement/handlers/allocation.py:627}}
Apr 05 07:22:25.869791 n-d-826528-4 devstack@placement-api.service[111484]: INFO placement.requestlog [req-a62584e9-a528-4b8a-bc59-1303dbac278a req-5d0d6555-f829-4800-8525-5df8ec9a6292 service placement] 10.222.0.15 "DELETE /placement/allocations/5aaa8594-5f43-49c8-a718-ecef58a57b68" status: 204 len: 0 microversion: 1.0
Apr 05 07:22:25.870712 n-d-826528-4 devstack@placement-api.service[111484]: [pid: 111484|app: 0|req: 380/751] 10.222.0.15 () {60 vars in 1355 bytes} [Tue Apr 5 07:22:25 2022] DELETE /placement/allocations/5aaa8594-5f43-49c8-a718-ecef58a57b68 => generated 0 bytes in 284 msecs (HTTP/1.1 204) 5 headers in 198 bytes (1 switches on core 0)
Apr 05 07:22:47.566132 n-d-826528-4 devstack@placement-api.service[111483]: DEBUG placement.requestlog [req-e9c8a147-7550-4191-ba6d-fdbce35c3147 req-0c417b04-22f1-4a10-8686-471927dd099e None None] Starting request: 10.222.0.30 "DELETE /placement/allocations/43ef9fd7-a25f-46b7-9426-e685ed6f3fb9" {{(pid=111483) __call__ /opt/stack/placement/placement/requestlog.py:55}}
Apr 05 07:22:47.766066 n-d-826528-4 devstack@placement-api.service[111483]: DEBUG placement.handlers.allocation [req-e9c8a147-7550-4191-ba6d-fdbce35c3147 req-0c417b04-22f1-4a10-8686-471927dd099e service placement] Successfully deleted allocations [, , ] {{(pid=111483) delete_allocations /opt/stack/placement/placement/handlers/allocation.py:627}}
Apr 05 07:22:47.766832 n-d-826528-4 devstack@placement-api.service[111483]: INFO placement.requestlog [req-e9c8a147-7550-4191-ba6d-fdbce35c3147 req-0c417b04-22f1-4a10-8686-471927dd099e service placement] 10.222.0.30 "DELETE /placement/allocations/43ef9fd7-a25f-46b7-9426-e685ed6f3fb9" status: 204 len: 0 microversion: 1.0
Apr 05 07:22:47.767698 n-d-826528-4 devstack@placement-api.service[111483]: [pid: 111483|app: 0|req: 372/752] 10.222.0.30 () {60 vars in 1355 bytes} [Tue Apr 5 07:22:47 2022] DELETE /placement/allocations/43ef9fd7-a25f-46b7-9426-e685ed6f3fb9 => generated 0 bytes in 202 msecs (HTTP/1.1 204) 5 headers in 198 bytes (1 switches on core 0)
Apr 05 07:22:51.782579 n-d-826528-4 devstack@placement-api.service[111484]: DEBUG placement.requestlog [req-1f975beb-b8d3-455c-b919-75952009acfa req-a2ca9df4-b668-4a03-b2c7-7447fbda8013 None None] Starting request: 10.222.0.15 "DELETE /placement/allocations/a73319d9-dc60-4f68-911d-ab0c00c9bb81" {{(pid=111484) __call__ /opt/stack/placement/placement/requestlog.py:55}}
Apr 05 07:22:52.018376 n-d-826528-4 devstack@placement-api.service[111484]: DEBUG placement.handlers.allocation [req-1f975beb-b8d3-455c-b919-75952009acfa req-a2ca9df4-b668-4a03-b2c7-7447fbda8013 service placement] Successfully deleted allocations [, , ] {{(pid=111484) delete_allocations /opt/stack/placement/placement/handlers/allocation.py:627}}
Apr 05 07:22:52.019402 n-d-826528-4 devstack@placement-api.service[111484]: INFO placement.requestlog [req-1f975beb-b8d3-455c-b919-75952009acfa req-a2ca9df4-b668-4a03-b2c7-7447fbda8013 service placement] 10.222.0.15 "DELETE /placement/allocations/a73319d9-dc60-4f68-911d-ab0c00c9bb81" status: 204 len: 0 microversion: 1.0
Apr 05 07:22:52.020876 n-d-826528-4 devstack@placement-api.service[111484]: [pid: 111484|app: 0|req: 381/753] 10.222.0.15 () {60 vars in 1355 bytes} [Tue Apr 5 07:22:51 2022] DELETE /placement/allocations/a73319d9-dc60-4f68-911d-ab0c00c9bb81 => generated 0 bytes in 238 msecs (HTTP/1.1 204) 5 headers in 198 bytes (1 switches on core 0)
Apr 05 07:22:53.883679 n-d-826528-4 devstack@placement-api.service[111483]: DEBUG placement.requestlog [req-8c92d682-dfe2-4ce5-8e68-dfdef3d20239 req-3219b138-dce0-4e3a-bb15-bc4af917991d None None] Starting request: 10.222.0.15 "GET /placement/resource_providers/cd90ab92-a2ef-48c7-8fde-12d6415650af/allocations" {{(pid=111483) __call__ /opt/stack/placement/placement/requestlog.py:55}}
Apr 05 07:22:53.910425 n-d-826528-4 devstack@placement-api.service[111483]: INFO placement.requestlog [req-8c92d682-dfe2-4ce5-8e68-dfdef3d20239 req-3219b138-dce0-4e3a-bb15-bc4af917991d service placement] 10.222.0.15 "GET /placement/resource_providers/cd90ab92-a2ef-48c7-8fde-12d6415650af/allocations" status: 200 len: 55 microversion: 1.0
