Feb 19 01:07:29.988173 n-d-826528-3 devstack@placement-api.service[110416]: [pid: 110416|app: 0|req: 506/1010] 10.222.0.122 () {60 vars in 1356 bytes} [Sat Feb 19 01:07:29 2022] DELETE /placement/allocations/0b8b5b6a-be8e-44b5-95c9-cc20393e0500 => generated 0 bytes in 57 msecs (HTTP/1.1 204) 5 headers in 198 bytes (1 switches on core 0)
Feb 19 01:07:30.001543 n-d-826528-3 devstack@placement-api.service[110415]: DEBUG placement.requestlog [req-36d4c9db-82da-4f8a-9bce-9da393acafb6 req-1c9fdb60-081a-4a3a-8e43-4eb316ba2147 None None] Starting request: 10.222.0.122 "GET /placement/resource_providers/2b562217-ef6e-4e70-9df9-1024dc51b672/allocations" {{(pid=110415) __call__ /opt/stack/placement/placement/requestlog.py:55}}
Feb 19 01:07:30.038225 n-d-826528-3 devstack@placement-api.service[110415]: INFO placement.requestlog [req-36d4c9db-82da-4f8a-9bce-9da393acafb6 req-1c9fdb60-081a-4a3a-8e43-4eb316ba2147 service placement] 10.222.0.122 "GET /placement/resource_providers/2b562217-ef6e-4e70-9df9-1024dc51b672/allocations" status: 200 len: 154 microversion: 1.0
Feb 19 01:07:30.039144 n-d-826528-3 devstack@placement-api.service[110415]: [pid: 110415|app: 0|req: 505/1011] 10.222.0.122 () {58 vars in 1391 bytes} [Sat Feb 19 01:07:30 2022] GET /placement/resource_providers/2b562217-ef6e-4e70-9df9-1024dc51b672/allocations => generated 154 bytes in 38 msecs (HTTP/1.1 200) 6 headers in 224 bytes (1 switches on core 0)
Feb 19 01:07:43.185366 n-d-826528-3 devstack@placement-api.service[110416]: DEBUG placement.requestlog [req-21e36481-ea70-4bf1-9087-dbc62bdffef6 req-cb3aa9ee-75bc-4760-85fb-1852db1b21af None None] Starting request: 10.222.0.45 "GET /placement/allocation_candidates?limit=1000&resources=DISK_GB%3A1%2CMEMORY_MB%3A1024%2CVCPU%3A1&root_required=%21COMPUTE_STATUS_DISABLED" {{(pid=110416) __call__ /opt/stack/placement/placement/requestlog.py:55}}
Feb 19 01:07:43.257963 n-d-826528-3 devstack@placement-api.service[110416]: DEBUG placement.objects.research_context [req-21e36481-ea70-4bf1-9087-dbc62bdffef6 req-cb3aa9ee-75bc-4760-85fb-1852db1b21af service placement] getting providers with 1 DISK_GB {{(pid=110416) __init__ /opt/stack/placement/placement/objects/research_context.py:126}}
Feb 19 01:07:43.265575 n-d-826528-3 devstack@placement-api.service[110416]: DEBUG placement.objects.research_context [req-21e36481-ea70-4bf1-9087-dbc62bdffef6 req-cb3aa9ee-75bc-4760-85fb-1852db1b21af service placement] getting providers with 1024 MEMORY_MB {{(pid=110416) __init__ /opt/stack/placement/placement/objects/research_context.py:126}}
Feb 19 01:07:43.273133 n-d-826528-3 devstack@placement-api.service[110416]: DEBUG placement.objects.research_context [req-21e36481-ea70-4bf1-9087-dbc62bdffef6 req-cb3aa9ee-75bc-4760-85fb-1852db1b21af service placement] getting providers with 1 VCPU {{(pid=110416) __init__ /opt/stack/placement/placement/objects/research_context.py:126}}
Feb 19 01:07:43.286445 n-d-826528-3 devstack@placement-api.service[110416]: DEBUG placement.objects.research_context [req-21e36481-ea70-4bf1-9087-dbc62bdffef6 req-cb3aa9ee-75bc-4760-85fb-1852db1b21af service placement] found 2 providers with available 1 DISK_GB {{(pid=110416) get_provider_ids_matching /opt/stack/placement/placement/objects/research_context.py:549}}
Feb 19 01:07:43.286977 n-d-826528-3 devstack@placement-api.service[110416]: DEBUG placement.objects.research_context [req-21e36481-ea70-4bf1-9087-dbc62bdffef6 req-cb3aa9ee-75bc-4760-85fb-1852db1b21af service placement] found 2 providers with available 1024 MEMORY_MB {{(pid=110416) get_provider_ids_matching /opt/stack/placement/placement/objects/research_context.py:549}}
Feb 19 01:07:43.288852 n-d-826528-3 devstack@placement-api.service[110416]: DEBUG placement.objects.research_context [req-21e36481-ea70-4bf1-9087-dbc62bdffef6 req-cb3aa9ee-75bc-4760-85fb-1852db1b21af service placement] found 2 providers after filtering by previous result {{(pid=110416) get_provider_ids_matching /opt/stack/placement/placement/objects/research_context.py:580}}
Feb 19 01:07:43.289313 n-d-826528-3 devstack@placement-api.service[110416]: DEBUG placement.objects.research_context [req-21e36481-ea70-4bf1-9087-dbc62bdffef6 req-cb3aa9ee-75bc-4760-85fb-1852db1b21af service placement] found 2 providers with available 1 VCPU {{(pid=110416) get_provider_ids_matching /opt/stack/placement/placement/objects/research_context.py:549}}
Feb 19 01:07:43.289834 n-d-826528-3 devstack@placement-api.service[110416]: DEBUG placement.objects.research_context [req-21e36481-ea70-4bf1-9087-dbc62bdffef6 req-cb3aa9ee-75bc-4760-85fb-1852db1b21af service placement] found 2 providers after filtering by previous result {{(pid=110416) get_provider_ids_matching /opt/stack/placement/placement/objects/research_context.py:580}}
Feb 19 01:07:43.327177 n-d-826528-3 devstack@placement-api.service[110416]: DEBUG placement.objects.allocation_candidate [req-21e36481-ea70-4bf1-9087-dbc62bdffef6 req-cb3aa9ee-75bc-4760-85fb-1852db1b21af service placement] RequestGroup(use_same_provider=False, resources={DISK_GB:1, MEMORY_MB:1024, VCPU:1}, traits=[], aggregates=[]) (suffix '') returned 2 matches {{(pid=110416) _get_by_requests /opt/stack/placement/placement/objects/allocation_candidate.py:145}}
Feb 19 01:07:43.328640 n-d-826528-3 devstack@placement-api.service[110416]: DEBUG placement.objects.allocation_candidate [req-21e36481-ea70-4bf1-9087-dbc62bdffef6 req-cb3aa9ee-75bc-4760-85fb-1852db1b21af service placement] Merging candidates yields 2 allocation requests and 2 provider summaries {{(pid=110416) _merge_candidates /opt/stack/placement/placement/objects/allocation_candidate.py:783}}
Feb 19 01:07:43.330911 n-d-826528-3 devstack@placement-api.service[110416]: INFO placement.requestlog [req-21e36481-ea70-4bf1-9087-dbc62bdffef6 req-cb3aa9ee-75bc-4760-85fb-1852db1b21af service placement] 10.222.0.45 "GET /placement/allocation_candidates?limit=1000&resources=DISK_GB%3A1%2CMEMORY_MB%3A1024%2CVCPU%3A1&root_required=%21COMPUTE_STATUS_DISABLED" status: 200 len: 1309 microversion: 1.36
Feb 19 01:07:43.331772 n-d-826528-3 devstack@placement-api.service[110416]: [pid: 110416|app: 0|req: 507/1012] 10.222.0.45 () {60 vars in 1506 bytes} [Sat Feb 19 01:07:43 2022] GET /placement/allocation_candidates?limit=1000&resources=DISK_GB%3A1%2CMEMORY_MB%3A1024%2CVCPU%3A1&root_required=%21COMPUTE_STATUS_DISABLED => generated 1309 bytes in 147 msecs (HTTP/1.1 200) 8 headers in 297 bytes (1 switches on core 0)
Feb 19 01:07:43.407556 n-d-826528-3 devstack@placement-api.service[110415]: DEBUG placement.requestlog [req-21e36481-ea70-4bf1-9087-dbc62bdffef6 req-ecc05510-4828-4cd5-80a5-19838e4afe48 None None] Starting request: 10.222.0.45 "GET /placement/allocations/31581455-a18c-446e-99b7-ae5bee13b645" {{(pid=110415) __call__ /opt/stack/placement/placement/requestlog.py:55}}
Feb 19 01:07:43.420932 n-d-826528-3 devstack@placement-api.service[110415]: INFO placement.requestlog [req-21e36481-ea70-4bf1-9087-dbc62bdffef6 req-ecc05510-4828-4cd5-80a5-19838e4afe48 service placement] 10.222.0.45 "GET /placement/allocations/31581455-a18c-446e-99b7-ae5bee13b645" status: 200 len: 19 microversion: 1.28
Feb 19 01:07:43.422555 n-d-826528-3 devstack@placement-api.service[110415]: [pid: 110415|app: 0|req: 506/1013] 10.222.0.45 () {60 vars in 1380 bytes} [Sat Feb 19 01:07:43 2022] GET /placement/allocations/31581455-a18c-446e-99b7-ae5bee13b645 => generated 19 bytes in 15 msecs (HTTP/1.1 200) 8 headers in 295 bytes (1 switches on core 0)
Feb 19 01:07:43.428317 n-d-826528-3 devstack@placement-api.service[110416]: DEBUG placement.requestlog [req-21e36481-ea70-4bf1-9087-dbc62bdffef6 req-bca6e011-66d6-45d1-ac69-4d14de4426a8 None None] Starting request: 10.222.0.45 "PUT /placement/allocations/31581455-a18c-446e-99b7-ae5bee13b645" {{(pid=110416) __call__ /opt/stack/placement/placement/requestlog.py:55}}
Feb 19 01:07:43.500753 n-d-826528-3 devstack@placement-api.service[110416]: DEBUG placement.handlers.allocation [req-21e36481-ea70-4bf1-9087-dbc62bdffef6 req-bca6e011-66d6-45d1-ac69-4d14de4426a8 service placement] Successfully wrote allocations [, , ] {{(pid=110416) _update_consumers_and_create_allocations /opt/stack/placement/placement/handlers/allocation.py:462}}
Feb 19 01:07:43.508022 n-d-826528-3 devstack@placement-api.service[110416]: INFO placement.requestlog [req-21e36481-ea70-4bf1-9087-dbc62bdffef6 req-bca6e011-66d6-45d1-ac69-4d14de4426a8 service placement] 10.222.0.45 "PUT /placement/allocations/31581455-a18c-446e-99b7-ae5bee13b645" status: 204 len: 0 microversion: 1.36
Feb 19 01:07:43.533079 n-d-826528-3 devstack@placement-api.service[110416]: [pid: 110416|app: 0|req: 508/1014] 10.222.0.45 () {64 vars in 1433 bytes} [Sat Feb 19 01:07:43 2022] PUT /placement/allocations/31581455-a18c-446e-99b7-ae5bee13b645 => generated 0 bytes in 81 msecs (HTTP/1.1 204) 5 headers in 199 bytes (2 switches on core 0)
Feb 19 01:07:44.015658 n-d-826528-3 devstack@placement-api.service[110415]: DEBUG placement.requestlog [req-21e36481-ea70-4bf1-9087-dbc62bdffef6 req-41cc1b5c-29c7-4402-b36f-b9cab3fb08ce None None] Starting request: 10.222.0.122 "GET /placement/allocations/31581455-a18c-446e-99b7-ae5bee13b645" {{(pid=110415) __call__ /opt/stack/placement/placement/requestlog.py:55}}
Feb 19 01:07:44.038015 n-d-826528-3 devstack@placement-api.service[110415]: INFO placement.requestlog [req-21e36481-ea70-4bf1-9087-dbc62bdffef6 req-41cc1b5c-29c7-4402-b36f-b9cab3fb08ce service placement] 10.222.0.122 "GET /placement/allocations/31581455-a18c-446e-99b7-ae5bee13b645" status: 200 len: 259 microversion: 1.28
Feb 19 01:07:44.039224 n-d-826528-3 devstack@placement-api.service[110415]: [pid: 110415|app: 0|req: 507/1015] 10.222.0.122 () {60 vars in 1378 bytes} [Sat Feb 19 01:07:44 2022] GET /placement/allocations/31581455-a18c-446e-99b7-ae5bee13b645 => generated 259 bytes in 24 msecs (HTTP/1.1 200) 8 headers in 296 bytes (1 switches on core 0)
Feb 19 01:07:47.289904 n-d-826528-3 devstack@placement-api.service[110416]: DEBUG placement.requestlog [req-adec8eb9-08f2-4c1c-a370-46ac88ffc3c5 req-9269ef59-cda2-4fce-a937-dd915183b734 None None] Starting request: 10.222.0.45 "GET /placement/allocation_candidates?limit=1000&resources=DISK_GB%3A1%2CMEMORY_MB%3A1024%2CVCPU%3A1&root_required=%21COMPUTE_STATUS_DISABLED" {{(pid=110416) __call__ /opt/stack/placement/placement/requestlog.py:55}}
Feb 19 01:07:47.356791 n-d-826528-3 devstack@placement-api.service[110416]: DEBUG placement.objects.research_context [req-adec8eb9-08f2-4c1c-a370-46ac88ffc3c5 req-9269ef59-cda2-4fce-a937-dd915183b734 service placement] getting providers with 1 DISK_GB {{(pid=110416) __init__ /opt/stack/placement/placement/objects/research_context.py:126}}
Feb 19 01:07:47.378811 n-d-826528-3 devstack@placement-api.service[110416]: DEBUG placement.objects.research_context [req-adec8eb9-08f2-4c1c-a370-46ac88ffc3c5 req-9269ef59-cda2-4fce-a937-dd915183b734 service placement] getting providers with 1024 MEMORY_MB {{(pid=110416) __init__ /opt/stack/placement/placement/objects/research_context.py:126}}
Feb 19 01:07:47.395955 n-d-826528-3 devstack@placement-api.service[110416]: DEBUG placement.objects.research_context [req-adec8eb9-08f2-4c1c-a370-46ac88ffc3c5 req-9269ef59-cda2-4fce-a937-dd915183b734 service placement] getting providers with 1 VCPU {{(pid=110416) __init__ /opt/stack/placement/placement/objects/research_context.py:126}}
Feb 19 01:07:47.403525 n-d-826528-3 devstack@placement-api.service[110416]: DEBUG placement.objects.research_context [req-adec8eb9-08f2-4c1c-a370-46ac88ffc3c5 req-9269ef59-cda2-4fce-a937-dd915183b734 service placement] found 2 providers with available 1 DISK_GB {{(pid=110416) get_provider_ids_matching /opt/stack/placement/placement/objects/research_context.py:549}}
Feb 19 01:07:47.403774 n-d-826528-3 devstack@placement-api.service[110416]: DEBUG placement.objects.research_context [req-adec8eb9-08f2-4c1c-a370-46ac88ffc3c5 req-9269ef59-cda2-4fce-a937-dd915183b734 service placement] found 2 providers with available 1024 MEMORY_MB {{(pid=110416) get_provider_ids_matching /opt/stack/placement/placement/objects/research_context.py:549}}
Feb 19 01:07:47.404043 n-d-826528-3 devstack@placement-api.service[110416]: DEBUG placement.objects.research_context [req-adec8eb9-08f2-4c1c-a370-46ac88ffc3c5 req-9269ef59-cda2-4fce-a937-dd915183b734 service placement] found 2 providers after filtering by previous result {{(pid=110416) get_provider_ids_matching /opt/stack/placement/placement/objects/research_context.py:580}}
Feb 19 01:07:47.404470 n-d-826528-3 devstack@placement-api.service[110416]: DEBUG placement.objects.research_context [req-adec8eb9-08f2-4c1c-a370-46ac88ffc3c5 req-9269ef59-cda2-4fce-a937-dd915183b734 service placement] found 2 providers with available 1 VCPU {{(pid=110416) get_provider_ids_matching /opt/stack/placement/placement/objects/research_context.py:549}}
Feb 19 01:07:47.405280 n-d-826528-3 devstack@placement-api.service[110416]: DEBUG placement.objects.research_context [req-adec8eb9-08f2-4c1c-a370-46ac88ffc3c5 req-9269ef59-cda2-4fce-a937-dd915183b734 service placement] found 2 providers after filtering by previous result {{(pid=110416) get_provider_ids_matching /opt/stack/placement/placement/objects/research_context.py:580}}
Feb 19 01:07:47.431610 n-d-826528-3 devstack@placement-api.service[110416]: DEBUG placement.objects.allocation_candidate [req-adec8eb9-08f2-4c1c-a370-46ac88ffc3c5 req-9269ef59-cda2-4fce-a937-dd915183b734 service placement] RequestGroup(use_same_provider=False, resources={DISK_GB:1, MEMORY_MB:1024, VCPU:1}, traits=[], aggregates=[]) (suffix '') returned 2 matches {{(pid=110416) _get_by_requests /opt/stack/placement/placement/objects/allocation_candidate.py:145}}
Feb 19 01:07:47.434201 n-d-826528-3 devstack@placement-api.service[110416]: DEBUG placement.objects.allocation_candidate [req-adec8eb9-08f2-4c1c-a370-46ac88ffc3c5 req-9269ef59-cda2-4fce-a937-dd915183b734 service placement] Merging candidates yields 2 allocation requests and 2 provider summaries {{(pid=110416) _merge_candidates /opt/stack/placement/placement/objects/allocation_candidate.py:783}}
Feb 19 01:07:47.436109 n-d-826528-3 devstack@placement-api.service[110416]: INFO placement.requestlog [req-adec8eb9-08f2-4c1c-a370-46ac88ffc3c5 req-9269ef59-cda2-4fce-a937-dd915183b734 service placement] 10.222.0.45 "GET /placement/allocation_candidates?limit=1000&resources=DISK_GB%3A1%2CMEMORY_MB%3A1024%2CVCPU%3A1&root_required=%21COMPUTE_STATUS_DISABLED" status: 200 len: 1309 microversion: 1.36
Feb 19 01:07:47.436678 n-d-826528-3 devstack@placement-api.service[110416]: [pid: 110416|app: 0|req: 509/1016] 10.222.0.45 () {60 vars in 1506 bytes} [Sat Feb 19 01:07:47 2022] GET /placement/allocation_candidates?limit=1000&resources=DISK_GB%3A1%2CMEMORY_MB%3A1024%2CVCPU%3A1&root_required=%21COMPUTE_STATUS_DISABLED => generated 1309 bytes in 148 msecs (HTTP/1.1 200) 8 headers in 297 bytes (1 switches on core 0)
Feb 19 01:07:47.526658 n-d-826528-3 devstack@placement-api.service[110415]: DEBUG placement.requestlog [req-adec8eb9-08f2-4c1c-a370-46ac88ffc3c5 req-4a3e192d-3047-4a0e-b701-6649f780352c None None] Starting request: 10.222.0.45 "GET /placement/allocations/6bb40583-a9f7-41cb-b1aa-7cfd6680abb6" {{(pid=110415) __call__ /opt/stack/placement/placement/requestlog.py:55}}
Feb 19 01:07:47.544525 n-d-826528-3 devstack@placement-api.service[110415]: INFO placement.requestlog [req-adec8eb9-08f2-4c1c-a370-46ac88ffc3c5 req-4a3e192d-3047-4a0e-b701-6649f780352c service placement] 10.222.0.45 "GET /placement/allocations/6bb40583-a9f7-41cb-b1aa-7cfd6680abb6" status: 200 len: 19 microversion: 1.28
Feb 19 01:07:47.550302 n-d-826528-3 devstack@placement-api.service[110415]: [pid: 110415|app: 0|req: 508/1017] 10.222.0.45 () {60 vars in 1380 bytes} [Sat Feb 19 01:07:47 2022] GET /placement/allocations/6bb40583-a9f7-41cb-b1aa-7cfd6680abb6 => generated 19 bytes in 24 msecs (HTTP/1.1 200) 8 headers in 295 bytes (1 switches on core 0)
Feb 19 01:07:47.552643 n-d-826528-3 devstack@placement-api.service[110416]: DEBUG placement.requestlog [req-adec8eb9-08f2-4c1c-a370-46ac88ffc3c5 req-5fe886bc-6d0c-4e4d-82fe-b2b102041f41 None None] Starting request: 10.222.0.45 "PUT /placement/allocations/6bb40583-a9f7-41cb-b1aa-7cfd6680abb6" {{(pid=110416) __call__ /opt/stack/placement/placement/requestlog.py:55}}
Feb 19 01:07:47.681082 n-d-826528-3 devstack@placement-api.service[110416]: DEBUG placement.handlers.allocation [req-adec8eb9-08f2-4c1c-a370-46ac88ffc3c5 req-5fe886bc-6d0c-4e4d-82fe-b2b102041f41 service placement] Successfully wrote allocations [, , ] {{(pid=110416) _update_consumers_and_create_allocations /opt/stack/placement/placement/handlers/allocation.py:462}}
Feb 19 01:07:47.684550 n-d-826528-3 devstack@placement-api.service[110416]: INFO placement.requestlog [req-adec8eb9-08f2-4c1c-a370-46ac88ffc3c5 req-5fe886bc-6d0c-4e4d-82fe-b2b102041f41 service placement] 10.222.0.45 "PUT /placement/allocations/6bb40583-a9f7-41cb-b1aa-7cfd6680abb6" status: 204 len: 0 microversion: 1.36
Feb 19 01:07:47.685324 n-d-826528-3 devstack@placement-api.service[110416]: [pid: 110416|app: 0|req: 510/1018] 10.222.0.45 () {64 vars in 1433 bytes} [Sat Feb 19 01:07:47 2022] PUT /placement/allocations/6bb40583-a9f7-41cb-b1aa-7cfd6680abb6 => generated 0 bytes in 133 msecs (HTTP/1.1 204) 5 headers in 199 bytes (2 switches on core 0)
Feb 19 01:07:48.267615 n-d-826528-3 devstack@placement-api.service[110415]: DEBUG placement.requestlog [req-adec8eb9-08f2-4c1c-a370-46ac88ffc3c5 req-ba1a849a-a35c-449f-9cbc-ed5651c93bc9 None None] Starting request: 10.222.0.124 "GET /placement/allocations/6bb40583-a9f7-41cb-b1aa-7cfd6680abb6" {{(pid=110415) __call__ /opt/stack/placement/placement/requestlog.py:55}}
Feb 19 01:07:48.294635 n-d-826528-3 devstack@placement-api.service[110415]: INFO placement.requestlog [req-adec8eb9-08f2-4c1c-a370-46ac88ffc3c5 req-ba1a849a-a35c-449f-9cbc-ed5651c93bc9 service placement] 10.222.0.124 "GET /placement/allocations/6bb40583-a9f7-41cb-b1aa-7cfd6680abb6" status: 200 len: 260 microversion: 1.28
Feb 19 01:07:48.295875 n-d-826528-3 devstack@placement-api.service[110415]: [pid: 110415|app: 0|req: 509/1019] 10.222.0.124 () {60 vars in 1378 bytes} [Sat Feb 19 01:07:48 2022] GET /placement/allocations/6bb40583-a9f7-41cb-b1aa-7cfd6680abb6 => generated 260 bytes in 29 msecs (HTTP/1.1 200) 8 headers in 296 bytes (1 switches on core 0)
Feb 19 01:08:01.677022 n-d-826528-3 devstack@placement-api.service[110416]: DEBUG placement.requestlog [req-57284d96-98db-465c-acde-7bcfc8730e70 req-0b453de2-e0f6-45fb-9227-c25fa7d13047 None None] Starting request: 10.222.0.45 "GET /placement/allocation_candidates?limit=1000&resources=DISK_GB%3A1%2CMEMORY_MB%3A1024%2CVCPU%3A1&root_required=%21COMPUTE_STATUS_DISABLED" {{(pid=110416) __call__ /opt/stack/placement/placement/requestlog.py:55}}
Feb 19 01:08:01.714518 n-d-826528-3 devstack@placement-api.service[110416]: DEBUG placement.objects.research_context [req-57284d96-98db-465c-acde-7bcfc8730e70 req-0b453de2-e0f6-45fb-9227-c25fa7d13047 service placement] getting providers with 1 DISK_GB {{(pid=110416) __init__ /opt/stack/placement/placement/objects/research_context.py:126}}
Feb 19 01:08:01.736345 n-d-826528-3 devstack@placement-api.service[110416]: DEBUG placement.objects.research_context [req-57284d96-98db-465c-acde-7bcfc8730e70 req-0b453de2-e0f6-45fb-9227-c25fa7d13047 service placement] getting providers with 1024 MEMORY_MB {{(pid=110416) __init__ /opt/stack/placement/placement/objects/research_context.py:126}}
Feb 19 01:08:01.747341 n-d-826528-3 devstack@placement-api.service[110416]: DEBUG placement.objects.research_context [req-57284d96-98db-465c-acde-7bcfc8730e70 req-0b453de2-e0f6-45fb-9227-c25fa7d13047 service placement] getting providers with 1 VCPU {{(pid=110416) __init__ /opt/stack/placement/placement/objects/research_context.py:126}}
Feb 19 01:08:01.753584 n-d-826528-3 devstack@placement-api.service[110416]: DEBUG placement.objects.research_context [req-57284d96-98db-465c-acde-7bcfc8730e70 req-0b453de2-e0f6-45fb-9227-c25fa7d13047 service placement] found 2 providers with available 1 DISK_GB {{(pid=110416) get_provider_ids_matching /opt/stack/placement/placement/objects/research_context.py:549}}
Feb 19 01:08:01.753879 n-d-826528-3 devstack@placement-api.service[110416]: DEBUG placement.objects.research_context [req-57284d96-98db-465c-acde-7bcfc8730e70 req-0b453de2-e0f6-45fb-9227-c25fa7d13047 service placement] found 2 providers with available 1024 MEMORY_MB {{(pid=110416) get_provider_ids_matching /opt/stack/placement/placement/objects/research_context.py:549}}
Feb 19 01:08:01.754152 n-d-826528-3 devstack@placement-api.service[110416]: DEBUG placement.objects.research_context [req-57284d96-98db-465c-acde-7bcfc8730e70 req-0b453de2-e0f6-45fb-9227-c25fa7d13047 service placement] found 2 providers after filtering by previous result {{(pid=110416) get_provider_ids_matching /opt/stack/placement/placement/objects/research_context.py:580}}
Feb 19 01:08:01.754408 n-d-826528-3 devstack@placement-api.service[110416]: DEBUG placement.objects.research_context [req-57284d96-98db-465c-acde-7bcfc8730e70 req-0b453de2-e0f6-45fb-9227-c25fa7d13047 service placement] found 2 providers with available 1 VCPU {{(pid=110416) get_provider_ids_matching /opt/stack/placement/placement/objects/research_context.py:549}}
Feb 19 01:08:01.754667 n-d-826528-3 devstack@placement-api.service[110416]: DEBUG placement.objects.research_context [req-57284d96-98db-465c-acde-7bcfc8730e70 req-0b453de2-e0f6-45fb-9227-c25fa7d13047 service placement] found 2 providers after filtering by previous result {{(pid=110416) get_provider_ids_matching /opt/stack/placement/placement/objects/research_context.py:580}}
Feb 19 01:08:01.768224 n-d-826528-3 devstack@placement-api.service[110416]: DEBUG placement.objects.allocation_candidate [req-57284d96-98db-465c-acde-7bcfc8730e70 req-0b453de2-e0f6-45fb-9227-c25fa7d13047 service placement] RequestGroup(use_same_provider=False, resources={DISK_GB:1, MEMORY_MB:1024, VCPU:1}, traits=[], aggregates=[]) (suffix '') returned 2 matches {{(pid=110416) _get_by_requests /opt/stack/placement/placement/objects/allocation_candidate.py:145}}
Feb 19 01:08:01.768593 n-d-826528-3 devstack@placement-api.service[110416]: DEBUG placement.objects.allocation_candidate [req-57284d96-98db-465c-acde-7bcfc8730e70 req-0b453de2-e0f6-45fb-9227-c25fa7d13047 service placement] Merging candidates yields 2 allocation requests and 2 provider summaries {{(pid=110416) _merge_candidates /opt/stack/placement/placement/objects/allocation_candidate.py:783}}
Feb 19 01:08:01.770400 n-d-826528-3 devstack@placement-api.service[110416]: INFO placement.requestlog [req-57284d96-98db-465c-acde-7bcfc8730e70 req-0b453de2-e0f6-45fb-9227-c25fa7d13047 service placement] 10.222.0.45 "GET /placement/allocation_candidates?limit=1000&resources=DISK_GB%3A1%2CMEMORY_MB%3A1024%2CVCPU%3A1&root_required=%21COMPUTE_STATUS_DISABLED" status: 200 len: 1309 microversion: 1.36
Feb 19 01:08:01.771137 n-d-826528-3 devstack@placement-api.service[110416]: [pid: 110416|app: 0|req: 511/1020] 10.222.0.45 () {60 vars in 1506 bytes} [Sat Feb 19 01:08:01 2022] GET /placement/allocation_candidates?limit=1000&resources=DISK_GB%3A1%2CMEMORY_MB%3A1024%2CVCPU%3A1&root_required=%21COMPUTE_STATUS_DISABLED => generated 1309 bytes in 94 msecs (HTTP/1.1 200) 8 headers in 297 bytes (1 switches on core 0)
Feb 19 01:08:01.874139 n-d-826528-3 devstack@placement-api.service[110415]: DEBUG placement.requestlog [req-57284d96-98db-465c-acde-7bcfc8730e70 req-6a26ca55-8965-4a11-836d-131cfe97f682 None None] Starting request: 10.222.0.45 "GET /placement/allocations/68e7be01-ebae-4cca-b033-6e48250a6e15" {{(pid=110415) __call__ /opt/stack/placement/placement/requestlog.py:55}}
Feb 19 01:08:01.887891 n-d-826528-3 devstack@placement-api.service[110415]: INFO placement.requestlog [req-57284d96-98db-465c-acde-7bcfc8730e70 req-6a26ca55-8965-4a11-836d-131cfe97f682 service placement] 10.222.0.45 "GET /placement/allocations/68e7be01-ebae-4cca-b033-6e48250a6e15" status: 200 len: 19 microversion: 1.28
Feb 19 01:08:01.888272 n-d-826528-3 devstack@placement-api.service[110415]: [pid: 110415|app: 0|req: 510/1021] 10.222.0.45 () {60 vars in 1380 bytes} [Sat Feb 19 01:08:01 2022] GET /placement/allocations/68e7be01-ebae-4cca-b033-6e48250a6e15 => generated 19 bytes in 15 msecs (HTTP/1.1 200) 8 headers in 295 bytes (1 switches on core 0)
Feb 19 01:08:01.895209 n-d-826528-3 devstack@placement-api.service[110416]: DEBUG placement.requestlog [req-57284d96-98db-465c-acde-7bcfc8730e70 req-afeef97b-53b9-498c-9751-550b47895b9e None None] Starting request: 10.222.0.45 "PUT /placement/allocations/68e7be01-ebae-4cca-b033-6e48250a6e15" {{(pid=110416) __call__ /opt/stack/placement/placement/requestlog.py:55}}
Feb 19 01:08:01.990134 n-d-826528-3 devstack@placement-api.service[110416]: DEBUG placement.handlers.allocation [req-57284d96-98db-465c-acde-7bcfc8730e70 req-afeef97b-53b9-498c-9751-550b47895b9e service placement] Successfully wrote allocations [, , ] {{(pid=110416) _update_consumers_and_create_allocations /opt/stack/placement/placement/handlers/allocation.py:462}}
Feb 19 01:08:01.994714 n-d-826528-3 devstack@placement-api.service[110416]: INFO placement.requestlog [req-57284d96-98db-465c-acde-7bcfc8730e70 req-afeef97b-53b9-498c-9751-550b47895b9e service placement] 10.222.0.45 "PUT /placement/allocations/68e7be01-ebae-4cca-b033-6e48250a6e15" status: 204 len: 0 microversion: 1.36
Feb 19 01:08:01.995281 n-d-826528-3 devstack@placement-api.service[110416]: [pid: 110416|app: 0|req: 512/1022] 10.222.0.45 () {64 vars in 1433 bytes} [Sat Feb 19 01:08:01 2022] PUT /placement/allocations/68e7be01-ebae-4cca-b033-6e48250a6e15 => generated 0 bytes in 101 msecs (HTTP/1.1 204) 5 headers in 199 bytes (1 switches on core 0)
Feb 19 01:08:02.331836 n-d-826528-3 devstack@placement-api.service[110415]: DEBUG placement.requestlog [req-57284d96-98db-465c-acde-7bcfc8730e70 req-d90ce153-03d0-4ea4-be04-7e061fd23e3c None None] Starting request: 10.222.0.122 "GET /placement/allocations/68e7be01-ebae-4cca-b033-6e48250a6e15" {{(pid=110415) __call__ /opt/stack/placement/placement/requestlog.py:55}}
Feb 19 01:08:02.350869 n-d-826528-3 devstack@placement-api.service[110415]: INFO placement.requestlog [req-57284d96-98db-465c-acde-7bcfc8730e70 req-d90ce153-03d0-4ea4-be04-7e061fd23e3c service placement] 10.222.0.122 "GET /placement/allocations/68e7be01-ebae-4cca-b033-6e48250a6e15" status: 200 len: 259 microversion: 1.28
Feb 19 01:08:02.351861 n-d-826528-3 devstack@placement-api.service[110415]: [pid: 110415|app: 0|req: 511/1023] 10.222.0.122 () {60 vars in 1378 bytes} [Sat Feb 19 01:08:02 2022] GET /placement/allocations/68e7be01-ebae-4cca-b033-6e48250a6e15 => generated 259 bytes in 20 msecs (HTTP/1.1 200) 8 headers in 296 bytes (1 switches on core 0)
Feb 19 01:08:22.668910 n-d-826528-3 devstack@placement-api.service[110416]: DEBUG placement.requestlog [req-dd3d8cc9-a554-4716-b327-b72727c36e25 req-d5adf50d-3121-4cb2-82c2-2df086346d5f None None] Starting request: 10.222.0.124 "GET /placement/resource_providers/ceec1a3b-3637-435d-a2f2-120385eb515f/allocations" {{(pid=110416) __call__ /opt/stack/placement/placement/requestlog.py:55}}
Feb 19 01:08:22.693540 n-d-826528-3 devstack@placement-api.service[110416]: INFO placement.requestlog [req-dd3d8cc9-a554-4716-b327-b72727c36e25 req-d5adf50d-3121-4cb2-82c2-2df086346d5f service placement] 10.222.0.124 "GET /placement/resource_providers/ceec1a3b-3637-435d-a2f2-120385eb515f/allocations" status: 200 len: 357 microversion: 1.0
Feb 19 01:08:22.694603 n-d-826528-3 devstack@placement-api.service[110416]: [pid: 110416|app: 0|req: 513/1024] 10.222.0.124 () {58 vars in 1391 bytes} [Sat Feb 19 01:08:22 2022] GET /placement/resource_providers/ceec1a3b-3637-435d-a2f2-120385eb515f/allocations => generated 357 bytes in 26 msecs (HTTP/1.1 200) 6 headers in 224 bytes (2 switches on core 0)
Feb 19 01:08:30.833121 n-d-826528-3 devstack@placement-api.service[110415]: DEBUG placement.requestlog [req-92a07207-d83e-4ca3-b353-d84912057c72 req-e3062224-3b83-44a5-8144-e73994cc9f8a None None] Starting request: 10.222.0.122 "GET /placement/resource_providers/2b562217-ef6e-4e70-9df9-1024dc51b672/allocations" {{(pid=110415) __call__ /opt/stack/placement/placement/requestlog.py:55}}
Feb 19 01:08:30.853743 n-d-826528-3 devstack@placement-api.service[110415]: INFO placement.requestlog [req-92a07207-d83e-4ca3-b353-d84912057c72 req-e3062224-3b83-44a5-8144-e73994cc9f8a service placement] 10.222.0.122 "GET /placement/resource_providers/2b562217-ef6e-4e70-9df9-1024dc51b672/allocations" status: 200 len: 356 microversion: 1.0
Feb 19 01:08:30.854328 n-d-826528-3 devstack@placement-api.service[110415]: [pid: 110415|app: 0|req: 512/1025] 10.222.0.122 () {58 vars in 1391 bytes} [Sat Feb 19 01:08:30 2022] GET /placement/resource_providers/2b562217-ef6e-4e70-9df9-1024dc51b672/allocations => generated 356 bytes in 22 msecs (HTTP/1.1 200) 6 headers in 224 bytes (1 switches on core 0)
Feb 19 01:08:36.647821 n-d-826528-3 devstack@placement-api.service[110416]: DEBUG placement.requestlog [req-749268aa-21cb-4a20-8741-4c8910b4ef80 req-87138529-6c5d-42ef-8963-49ee307326a0 None None] Starting request: 10.222.0.45 "GET /placement/resource_providers/ceec1a3b-3637-435d-a2f2-120385eb515f/traits" {{(pid=110416) __call__ /opt/stack/placement/placement/requestlog.py:55}}
Feb 19 01:08:36.792771 n-d-826528-3 devstack@placement-api.service[110416]: INFO placement.requestlog [req-749268aa-21cb-4a20-8741-4c8910b4ef80 req-87138529-6c5d-42ef-8963-49ee307326a0 service placement] 10.222.0.45 "GET /placement/resource_providers/ceec1a3b-3637-435d-a2f2-120385eb515f/traits" status: 200 len: 213 microversion: 1.6
Feb 19 01:08:36.793188 n-d-826528-3 devstack@placement-api.service[110416]: [pid: 110416|app: 0|req: 514/1026] 10.222.0.45 () {60 vars in 1412 bytes} [Sat Feb 19 01:08:36 2022] GET /placement/resource_providers/ceec1a3b-3637-435d-a2f2-120385eb515f/traits => generated 213 bytes in 146 msecs (HTTP/1.1 200) 6 headers in 224 bytes (1 switches on core 0)
Feb 19 01:08:37.152206 n-d-826528-3 devstack@placement-api.service[110415]: DEBUG placement.requestlog [None req-3d8023f0-da91-4c9b-85e5-aa6906cb69c9 None None] Starting request: 10.222.0.45 "GET /placement/" {{(pid=110415) __call__ /opt/stack/placement/placement/requestlog.py:55}}
Feb 19 01:08:37.154024 n-d-826528-3 devstack@placement-api.service[110415]: INFO placement.requestlog [None req-3d8023f0-da91-4c9b-85e5-aa6906cb69c9 None None] 10.222.0.45 "GET /placement/" status: 200 len: 136 microversion: 1.0
Feb 19 01:08:37.154570 n-d-826528-3 devstack@placement-api.service[110415]: [pid: 110415|app: 0|req: 513/1027] 10.222.0.45 () {54 vars in 916 bytes} [Sat Feb 19 01:08:37 2022] GET /placement => generated 136 bytes in 3 msecs (HTTP/1.1 200) 6 headers in 224 bytes (1 switches on core 0)
Feb 19 01:08:37.168053 n-d-826528-3 devstack@placement-api.service[110416]: DEBUG placement.requestlog [req-749268aa-21cb-4a20-8741-4c8910b4ef80 req-78a36799-fa17-424c-a3cb-bd36eab7d4e4 None None] Starting request: 10.222.0.45 "GET /placement/allocations/6bb40583-a9f7-41cb-b1aa-7cfd6680abb6" {{(pid=110416) __call__ /opt/stack/placement/placement/requestlog.py:55}}
Feb 19 01:08:37.254615 n-d-826528-3 devstack@placement-api.service[110416]: INFO placement.requestlog [req-749268aa-21cb-4a20-8741-4c8910b4ef80 req-78a36799-fa17-424c-a3cb-bd36eab7d4e4 service placement] 10.222.0.45 "GET /placement/allocations/6bb40583-a9f7-41cb-b1aa-7cfd6680abb6" status: 200 len: 260 microversion: 1.28
Feb 19 01:08:37.254961 n-d-826528-3 devstack@placement-api.service[110416]: [pid: 110416|app: 0|req: 515/1028] 10.222.0.45 () {60 vars in 1380 bytes} [Sat Feb 19 01:08:37 2022] GET /placement/allocations/6bb40583-a9f7-41cb-b1aa-7cfd6680abb6 => generated 260 bytes in 87 msecs (HTTP/1.1 200) 8 headers in 296 bytes (1 switches on core 0)
Feb 19 01:08:37.261847 n-d-826528-3 devstack@placement-api.service[110415]: DEBUG placement.requestlog [req-749268aa-21cb-4a20-8741-4c8910b4ef80 req-e4d89538-c662-4c19-975f-5e93512616ee None None] Starting request: 10.222.0.45 "GET /placement/allocations/6bb40583-a9f7-41cb-b1aa-7cfd6680abb6" {{(pid=110415) __call__ /opt/stack/placement/placement/requestlog.py:55}}
Feb 19 01:08:37.277979 n-d-826528-3 devstack@placement-api.service[110415]: INFO placement.requestlog [req-749268aa-21cb-4a20-8741-4c8910b4ef80 req-e4d89538-c662-4c19-975f-5e93512616ee service placement] 10.222.0.45 "GET /placement/allocations/6bb40583-a9f7-41cb-b1aa-7cfd6680abb6" status: 200 len: 260 microversion: 1.28
Feb 19 01:08:37.278519 n-d-826528-3 devstack@placement-api.service[110415]: [pid: 110415|app: 0|req: 514/1029] 10.222.0.45 () {60 vars in 1380 bytes} [Sat Feb 19 01:08:37 2022] GET /placement/allocations/6bb40583-a9f7-41cb-b1aa-7cfd6680abb6 => generated 260 bytes in 17 msecs (HTTP/1.1 200) 8 headers in 296 bytes (1 switches on core 0)
Feb 19 01:08:37.284636 n-d-826528-3 devstack@placement-api.service[110416]: DEBUG placement.requestlog [req-749268aa-21cb-4a20-8741-4c8910b4ef80 req-49010f14-8c4e-40c2-b340-354721246ebc None None] Starting request: 10.222.0.45 "GET /placement/allocations/d71bea71-f9ee-4a0a-bd7e-27c58be1438c" {{(pid=110416) __call__ /opt/stack/placement/placement/requestlog.py:55}}
Feb 19 01:08:37.296021 n-d-826528-3 devstack@placement-api.service[110416]: INFO placement.requestlog [req-749268aa-21cb-4a20-8741-4c8910b4ef80 req-49010f14-8c4e-40c2-b340-354721246ebc service placement] 10.222.0.45 "GET /placement/allocations/d71bea71-f9ee-4a0a-bd7e-27c58be1438c" status: 200 len: 19 microversion: 1.28
Feb 19 01:08:37.296354 n-d-826528-3 devstack@placement-api.service[110416]: [pid: 110416|app: 0|req: 516/1030] 10.222.0.45 () {60 vars in 1380 bytes} [Sat Feb 19 01:08:37 2022] GET /placement/allocations/d71bea71-f9ee-4a0a-bd7e-27c58be1438c => generated 19 bytes in 12 msecs (HTTP/1.1 200) 8 headers in 295 bytes (1 switches on core 0)
Feb 19 01:08:37.302140 n-d-826528-3 devstack@placement-api.service[110415]: DEBUG placement.requestlog [req-749268aa-21cb-4a20-8741-4c8910b4ef80 req-14a4e761-86af-4030-9562-4a5f8debcaa6 None None] Starting request: 10.222.0.45 "POST /placement/allocations" {{(pid=110415) __call__ /opt/stack/placement/placement/requestlog.py:55}}
Feb 19 01:08:37.372820 n-d-826528-3 devstack@placement-api.service[110415]: DEBUG placement.handlers.allocation [req-749268aa-21cb-4a20-8741-4c8910b4ef80 req-14a4e761-86af-4030-9562-4a5f8debcaa6 service placement] Successfully wrote allocations [, , , , , ] {{(pid=110415) _update_consumers_and_create_allocations /opt/stack/placement/placement/handlers/allocation.py:572}}
Feb 19 01:08:37.376934 n-d-826528-3 devstack@placement-api.service[110415]: INFO placement.requestlog [req-749268aa-21cb-4a20-8741-4c8910b4ef80 req-14a4e761-86af-4030-9562-4a5f8debcaa6 service placement] 10.222.0.45 "POST /placement/allocations" status: 204 len: 0 microversion: 1.28
Feb 19 01:08:37.377452 n-d-826528-3 devstack@placement-api.service[110415]: [pid: 110415|app: 0|req: 515/1031] 10.222.0.45 () {64 vars in 1323 bytes} [Sat Feb 19 01:08:37 2022] POST /placement/allocations => generated 0 bytes in 76 msecs (HTTP/1.1 204) 5 headers in 199 bytes (2 switches on core 0)
Feb 19 01:08:37.513617 n-d-826528-3 devstack@placement-api.service[110416]: DEBUG placement.requestlog [req-749268aa-21cb-4a20-8741-4c8910b4ef80 req-ced85b27-6510-4d4d-89d1-06e2b03341ce None None] Starting request: 10.222.0.45 "GET /placement/allocation_candidates?limit=1000&resources=DISK_GB%3A1%2CMEMORY_MB%3A1024%2CVCPU%3A1&root_required=%21COMPUTE_STATUS_DISABLED" {{(pid=110416) __call__ /opt/stack/placement/placement/requestlog.py:55}}
Feb 19 01:08:37.545268 n-d-826528-3 devstack@placement-api.service[110416]: DEBUG placement.objects.research_context [req-749268aa-21cb-4a20-8741-4c8910b4ef80 req-ced85b27-6510-4d4d-89d1-06e2b03341ce service placement] getting providers with 1 DISK_GB {{(pid=110416) __init__ /opt/stack/placement/placement/objects/research_context.py:126}}
Feb 19 01:08:37.550815 n-d-826528-3 devstack@placement-api.service[110416]: DEBUG placement.objects.research_context [req-749268aa-21cb-4a20-8741-4c8910b4ef80 req-ced85b27-6510-4d4d-89d1-06e2b03341ce service placement] getting providers with 1024 MEMORY_MB {{(pid=110416) __init__ /opt/stack/placement/placement/objects/research_context.py:126}}
Feb 19 01:08:37.558997 n-d-826528-3 devstack@placement-api.service[110416]: DEBUG placement.objects.research_context [req-749268aa-21cb-4a20-8741-4c8910b4ef80 req-ced85b27-6510-4d4d-89d1-06e2b03341ce service placement] getting providers with 1 VCPU {{(pid=110416) __init__ /opt/stack/placement/placement/objects/research_context.py:126}}
Feb 19 01:08:37.565078 n-d-826528-3 devstack@placement-api.service[110416]: DEBUG placement.objects.research_context [req-749268aa-21cb-4a20-8741-4c8910b4ef80 req-ced85b27-6510-4d4d-89d1-06e2b03341ce service placement] found 2 providers with available 1 DISK_GB {{(pid=110416) get_provider_ids_matching /opt/stack/placement/placement/objects/research_context.py:549}}
Feb 19 01:08:37.565339 n-d-826528-3 devstack@placement-api.service[110416]: DEBUG placement.objects.research_context [req-749268aa-21cb-4a20-8741-4c8910b4ef80 req-ced85b27-6510-4d4d-89d1-06e2b03341ce service placement] found 2 providers with available 1024 MEMORY_MB {{(pid=110416) get_provider_ids_matching /opt/stack/placement/placement/objects/research_context.py:549}}
Feb 19 01:08:37.565585 n-d-826528-3 devstack@placement-api.service[110416]: DEBUG placement.objects.research_context [req-749268aa-21cb-4a20-8741-4c8910b4ef80 req-ced85b27-6510-4d4d-89d1-06e2b03341ce service placement] found 2 providers after filtering by previous result {{(pid=110416) get_provider_ids_matching /opt/stack/placement/placement/objects/research_context.py:580}}
Feb 19 01:08:37.565875 n-d-826528-3 devstack@placement-api.service[110416]: DEBUG placement.objects.research_context [req-749268aa-21cb-4a20-8741-4c8910b4ef80 req-ced85b27-6510-4d4d-89d1-06e2b03341ce service placement] found 2 providers with available 1 VCPU {{(pid=110416) get_provider_ids_matching /opt/stack/placement/placement/objects/research_context.py:549}}
Feb 19 01:08:37.566130 n-d-826528-3 devstack@placement-api.service[110416]: DEBUG placement.objects.research_context [req-749268aa-21cb-4a20-8741-4c8910b4ef80 req-ced85b27-6510-4d4d-89d1-06e2b03341ce service placement] found 2 providers after filtering by previous result {{(pid=110416) get_provider_ids_matching /opt/stack/placement/placement/objects/research_context.py:580}}
Feb 19 01:08:37.576480 n-d-826528-3 devstack@placement-api.service[110416]: DEBUG placement.objects.allocation_candidate [req-749268aa-21cb-4a20-8741-4c8910b4ef80 req-ced85b27-6510-4d4d-89d1-06e2b03341ce service placement] RequestGroup(use_same_provider=False, resources={DISK_GB:1, MEMORY_MB:1024, VCPU:1}, traits=[], aggregates=[]) (suffix '') returned 2 matches {{(pid=110416) _get_by_requests /opt/stack/placement/placement/objects/allocation_candidate.py:145}}
Feb 19 01:08:37.576842 n-d-826528-3 devstack@placement-api.service[110416]: DEBUG placement.objects.allocation_candidate [req-749268aa-21cb-4a20-8741-4c8910b4ef80 req-ced85b27-6510-4d4d-89d1-06e2b03341ce service placement] Merging candidates yields 2 allocation requests and 2 provider summaries {{(pid=110416) _merge_candidates /opt/stack/placement/placement/objects/allocation_candidate.py:783}}
Feb 19 01:08:37.578348 n-d-826528-3 devstack@placement-api.service[110416]: INFO placement.requestlog [req-749268aa-21cb-4a20-8741-4c8910b4ef80 req-ced85b27-6510-4d4d-89d1-06e2b03341ce service placement] 10.222.0.45 "GET /placement/allocation_candidates?limit=1000&resources=DISK_GB%3A1%2CMEMORY_MB%3A1024%2CVCPU%3A1&root_required=%21COMPUTE_STATUS_DISABLED" status: 200 len: 1309 microversion: 1.36
Feb 19 01:08:37.578723 n-d-826528-3 devstack@placement-api.service[110416]: [pid: 110416|app: 0|req: 517/1032] 10.222.0.45 () {60 vars in 1506 bytes} [Sat Feb 19 01:08:37 2022] GET /placement/allocation_candidates?limit=1000&resources=DISK_GB%3A1%2CMEMORY_MB%3A1024%2CVCPU%3A1&root_required=%21COMPUTE_STATUS_DISABLED => generated 1309 bytes in 65 msecs (HTTP/1.1 200) 8 headers in 297 bytes (1 switches on core 0)
Feb 19 01:08:37.623865 n-d-826528-3 devstack@placement-api.service[110415]: DEBUG placement.requestlog [req-749268aa-21cb-4a20-8741-4c8910b4ef80 req-2d3543a0-82c6-4749-9db3-f81953edde81 None None] Starting request: 10.222.0.45 "GET /placement/allocations/6bb40583-a9f7-41cb-b1aa-7cfd6680abb6" {{(pid=110415) __call__ /opt/stack/placement/placement/requestlog.py:55}}
Feb 19 01:08:37.634961 n-d-826528-3 devstack@placement-api.service[110415]: INFO placement.requestlog [req-749268aa-21cb-4a20-8741-4c8910b4ef80 req-2d3543a0-82c6-4749-9db3-f81953edde81 service placement] 10.222.0.45 "GET /placement/allocations/6bb40583-a9f7-41cb-b1aa-7cfd6680abb6" status: 200 len: 19 microversion: 1.28
Feb 19 01:08:37.635311 n-d-826528-3 devstack@placement-api.service[110415]: [pid: 110415|app: 0|req: 516/1033] 10.222.0.45 () {60 vars in 1380 bytes} [Sat Feb 19 01:08:37 2022] GET /placement/allocations/6bb40583-a9f7-41cb-b1aa-7cfd6680abb6 => generated 19 bytes in 12 msecs (HTTP/1.1 200) 8 headers in 295 bytes (1 switches on core 0)
Feb 19 01:08:37.641968 n-d-826528-3 devstack@placement-api.service[110416]: DEBUG placement.requestlog [req-749268aa-21cb-4a20-8741-4c8910b4ef80 req-414b0d3c-cc81-4720-a214-f7ebaa3f30a0 None None] Starting request: 10.222.0.45 "PUT /placement/allocations/6bb40583-a9f7-41cb-b1aa-7cfd6680abb6" {{(pid=110416) __call__ /opt/stack/placement/placement/requestlog.py:55}}
Feb 19 01:08:37.703106 n-d-826528-3 devstack@placement-api.service[110416]: DEBUG placement.handlers.allocation [req-749268aa-21cb-4a20-8741-4c8910b4ef80 req-414b0d3c-cc81-4720-a214-f7ebaa3f30a0 service placement] Successfully wrote allocations [, , ] {{(pid=110416) _update_consumers_and_create_allocations /opt/stack/placement/placement/handlers/allocation.py:462}}
Feb 19 01:08:37.707469 n-d-826528-3 devstack@placement-api.service[110416]: INFO placement.requestlog [req-749268aa-21cb-4a20-8741-4c8910b4ef80 req-414b0d3c-cc81-4720-a214-f7ebaa3f30a0 service placement] 10.222.0.45 "PUT /placement/allocations/6bb40583-a9f7-41cb-b1aa-7cfd6680abb6" status: 204 len: 0 microversion: 1.36
Feb 19 01:08:37.707849 n-d-826528-3 devstack@placement-api.service[110416]: [pid: 110416|app: 0|req: 518/1034] 10.222.0.45 () {64 vars in 1433 bytes} [Sat Feb 19 01:08:37 2022] PUT /placement/allocations/6bb40583-a9f7-41cb-b1aa-7cfd6680abb6 => generated 0 bytes in 66 msecs (HTTP/1.1 204) 5 headers in 199 bytes (2 switches on core 0)
Feb 19 01:08:37.830126 n-d-826528-3 devstack@placement-api.service[110415]: DEBUG placement.requestlog [req-749268aa-21cb-4a20-8741-4c8910b4ef80 req-284b87cd-b7fe-48d2-a558-2c1a3925e765 None None] Starting request: 10.222.0.122 "GET /placement/allocations/6bb40583-a9f7-41cb-b1aa-7cfd6680abb6" {{(pid=110415) __call__ /opt/stack/placement/placement/requestlog.py:55}}
Feb 19 01:08:37.845528 n-d-826528-3 devstack@placement-api.service[110415]: INFO placement.requestlog [req-749268aa-21cb-4a20-8741-4c8910b4ef80 req-284b87cd-b7fe-48d2-a558-2c1a3925e765 service placement] 10.222.0.122 "GET /placement/allocations/6bb40583-a9f7-41cb-b1aa-7cfd6680abb6" status: 200 len: 259 microversion: 1.28
Feb 19 01:08:37.845897 n-d-826528-3 devstack@placement-api.service[110415]: [pid: 110415|app: 0|req: 517/1035] 10.222.0.122 () {60 vars in 1378 bytes} [Sat Feb 19 01:08:37 2022] GET /placement/allocations/6bb40583-a9f7-41cb-b1aa-7cfd6680abb6 => generated 259 bytes in 16 msecs (HTTP/1.1 200) 8 headers in 296 bytes (1 switches on core 0)
Feb 19 01:08:56.090377 n-d-826528-3 devstack@placement-api.service[110416]: DEBUG placement.requestlog [req-501dea08-5405-4042-9061-cdaca8c747a6 req-dcc5df98-603d-43bb-9dc6-4871c977a608 None None] Starting request: 10.222.0.122 "DELETE /placement/allocations/31581455-a18c-446e-99b7-ae5bee13b645" {{(pid=110416) __call__ /opt/stack/placement/placement/requestlog.py:55}}
Feb 19 01:08:56.123195 n-d-826528-3 devstack@placement-api.service[110416]: DEBUG placement.handlers.allocation [req-501dea08-5405-4042-9061-cdaca8c747a6 req-dcc5df98-603d-43bb-9dc6-4871c977a608 service placement] Successfully deleted allocations [, , ] {{(pid=110416) delete_allocations /opt/stack/placement/placement/handlers/allocation.py:627}}
Feb 19 01:08:56.123984 n-d-826528-3 devstack@placement-api.service[110416]: INFO placement.requestlog [req-501dea08-5405-4042-9061-cdaca8c747a6 req-dcc5df98-603d-43bb-9dc6-4871c977a608 service placement] 10.222.0.122 "DELETE /placement/allocations/31581455-a18c-446e-99b7-ae5bee13b645" status: 204 len: 0 microversion: 1.0
Feb 19 01:08:56.124522 n-d-826528-3 devstack@placement-api.service[110416]: [pid: 110416|app: 0|req: 519/1036] 10.222.0.122 () {60 vars in 1356 bytes} [Sat Feb 19 01:08:56 2022] DELETE /placement/allocations/31581455-a18c-446e-99b7-ae5bee13b645 => generated 0 bytes in 34 msecs (HTTP/1.1 204) 5 headers in 198 bytes (1 switches on core 0)
Feb 19 01:08:58.253968 n-d-826528-3 devstack@placement-api.service[110415]: DEBUG placement.requestlog [req-749268aa-21cb-4a20-8741-4c8910b4ef80 req-e93fd4e5-05a9-4db7-99f4-634674ad24a1 None None] Starting request: 10.222.0.122 "GET /placement/allocations/6bb40583-a9f7-41cb-b1aa-7cfd6680abb6" {{(pid=110415) __call__ /opt/stack/placement/placement/requestlog.py:55}}
Feb 19 01:08:58.279364 n-d-826528-3 devstack@placement-api.service[110415]: INFO placement.requestlog [req-749268aa-21cb-4a20-8741-4c8910b4ef80 req-e93fd4e5-05a9-4db7-99f4-634674ad24a1 service placement] 10.222.0.122 "GET /placement/allocations/6bb40583-a9f7-41cb-b1aa-7cfd6680abb6" status: 200 len: 259 microversion: 1.28
Feb 19 01:08:58.279753 n-d-826528-3 devstack@placement-api.service[110415]: [pid: 110415|app: 0|req: 518/1037] 10.222.0.122 () {60 vars in 1378 bytes} [Sat Feb 19 01:08:58 2022] GET /placement/allocations/6bb40583-a9f7-41cb-b1aa-7cfd6680abb6 => generated 259 bytes in 26 msecs (HTTP/1.1 200) 8 headers in 296 bytes (1 switches on core 0)
Feb 19 01:09:03.131378 n-d-826528-3 devstack@placement-api.service[110416]: DEBUG placement.requestlog [req-1d857997-e2c5-4467-975f-9ff2f17ba155 req-1c07d2a0-da0c-48fc-bf81-2552198c2726 None None] Starting request: 10.222.0.124 "GET /placement/allocations/d71bea71-f9ee-4a0a-bd7e-27c58be1438c" {{(pid=110416) __call__ /opt/stack/placement/placement/requestlog.py:55}}
Feb 19 01:09:03.169443 n-d-826528-3 devstack@placement-api.service[110416]: INFO placement.requestlog [req-1d857997-e2c5-4467-975f-9ff2f17ba155 req-1c07d2a0-da0c-48fc-bf81-2552198c2726 service placement] 10.222.0.124 "GET /placement/allocations/d71bea71-f9ee-4a0a-bd7e-27c58be1438c" status: 200 len: 260 microversion: 1.28
Feb 19 01:09:03.170653 n-d-826528-3 devstack@placement-api.service[110416]: [pid: 110416|app: 0|req: 520/1038] 10.222.0.124 () {60 vars in 1378 bytes} [Sat Feb 19 01:09:03 2022] GET /placement/allocations/d71bea71-f9ee-4a0a-bd7e-27c58be1438c => generated 260 bytes in 40 msecs (HTTP/1.1 200) 8 headers in 296 bytes (1 switches on core 0)
Feb 19 01:09:03.180695 n-d-826528-3 devstack@placement-api.service[110415]: DEBUG placement.requestlog [req-1d857997-e2c5-4467-975f-9ff2f17ba155 req-66701bbd-fbef-45ab-9b62-6f5a63d55f25 None None] Starting request: 10.222.0.124 "PUT /placement/allocations/d71bea71-f9ee-4a0a-bd7e-27c58be1438c" {{(pid=110415) __call__ /opt/stack/placement/placement/requestlog.py:55}}
Feb 19 01:09:03.247570 n-d-826528-3 devstack@placement-api.service[110415]: DEBUG placement.handlers.allocation [req-1d857997-e2c5-4467-975f-9ff2f17ba155 req-66701bbd-fbef-45ab-9b62-6f5a63d55f25 service placement] Successfully wrote allocations [, , ] {{(pid=110415) _update_consumers_and_create_allocations /opt/stack/placement/placement/handlers/allocation.py:462}}
Feb 19 01:09:03.255032 n-d-826528-3 devstack@placement-api.service[110415]: INFO placement.requestlog [req-1d857997-e2c5-4467-975f-9ff2f17ba155 req-66701bbd-fbef-45ab-9b62-6f5a63d55f25 service placement] 10.222.0.124 "PUT /placement/allocations/d71bea71-f9ee-4a0a-bd7e-27c58be1438c" status: 204 len: 0 microversion: 1.28
Feb 19 01:09:03.256791 n-d-826528-3 devstack@placement-api.service[110415]: [pid: 110415|app: 0|req: 519/1039] 10.222.0.124 () {64 vars in 1431 bytes} [Sat Feb 19 01:09:03 2022] PUT /placement/allocations/d71bea71-f9ee-4a0a-bd7e-27c58be1438c => generated 0 bytes in 76 msecs (HTTP/1.1 204) 5 headers in 199 bytes (1 switches on core 0)
Feb 19 01:09:05.585066 n-d-826528-3 devstack@placement-api.service[110416]: DEBUG placement.requestlog [req-9c0f410c-7836-422c-aa7e-b7b080d7a005 req-c232b3df-f243-4c4f-be6f-803328e218c3 None None] Starting request: 10.222.0.122 "DELETE /placement/allocations/68e7be01-ebae-4cca-b033-6e48250a6e15" {{(pid=110416) __call__ /opt/stack/placement/placement/requestlog.py:55}}
Feb 19 01:09:05.615586 n-d-826528-3 devstack@placement-api.service[110416]: DEBUG placement.handlers.allocation [req-9c0f410c-7836-422c-aa7e-b7b080d7a005 req-c232b3df-f243-4c4f-be6f-803328e218c3 service placement] Successfully deleted allocations [, , ] {{(pid=110416) delete_allocations /opt/stack/placement/placement/handlers/allocation.py:627}}
Feb 19 01:09:05.616093 n-d-826528-3 devstack@placement-api.service[110416]: INFO placement.requestlog [req-9c0f410c-7836-422c-aa7e-b7b080d7a005 req-c232b3df-f243-4c4f-be6f-803328e218c3 service placement] 10.222.0.122 "DELETE /placement/allocations/68e7be01-ebae-4cca-b033-6e48250a6e15" status: 204 len: 0 microversion: 1.0
Feb 19 01:09:05.616611 n-d-826528-3 devstack@placement-api.service[110416]: [pid: 110416|app: 0|req: 521/1040] 10.222.0.122 () {60 vars in 1356 bytes} [Sat Feb 19 01:09:05 2022] DELETE /placement/allocations/68e7be01-ebae-4cca-b033-6e48250a6e15 => generated 0 bytes in 32 msecs (HTTP/1.1 204) 5 headers in 198 bytes (1 switches on core 0)
