Feb 19 00:40:00.666567 n-d-826528-3 devstack@g-api.service[118505]: [pid: 118505|app: 0|req: 232/486] 127.0.0.1 () {40 vars in 830 bytes} [Sat Feb 19 00:40:00 2022] POST /v2/metadefs/namespaces/tempest-test-ns-750207197/resource_types => generated 105 bytes in 58 msecs (HTTP/1.1 201) 4 headers in 162 bytes (1 switches on core 0)
Feb 19 00:40:00.667913 n-d-826528-3 devstack@g-api.service[118505]: DEBUG glance.api.middleware.version_negotiation [None req-f7dc9345-2c3d-4d4d-81e2-3befaf7c29fd tempest-MetadataNamespacePropertiesTest-1764554271 tempest-MetadataNamespacePropertiesTest-1764554271-project-admin] Determining version of request: POST /v2/metadefs/namespaces/tempest-test-ns-750207197/properties Accept: application/json {{(pid=118505) process_request /opt/stack/glance/glance/api/middleware/version_negotiation.py:44}}
Feb 19 00:40:00.668250 n-d-826528-3 devstack@g-api.service[118505]: DEBUG glance.api.middleware.version_negotiation [None req-f7dc9345-2c3d-4d4d-81e2-3befaf7c29fd tempest-MetadataNamespacePropertiesTest-1764554271 tempest-MetadataNamespacePropertiesTest-1764554271-project-admin] Using url versioning {{(pid=118505) process_request /opt/stack/glance/glance/api/middleware/version_negotiation.py:57}}
Feb 19 00:40:00.669125 n-d-826528-3 devstack@g-api.service[118505]: DEBUG glance.api.middleware.version_negotiation [None req-f7dc9345-2c3d-4d4d-81e2-3befaf7c29fd tempest-MetadataNamespacePropertiesTest-1764554271 tempest-MetadataNamespacePropertiesTest-1764554271-project-admin] Matched version: v2 {{(pid=118505) process_request /opt/stack/glance/glance/api/middleware/version_negotiation.py:69}}
Feb 19 00:40:00.669528 n-d-826528-3 devstack@g-api.service[118505]: DEBUG glance.api.middleware.version_negotiation [None req-f7dc9345-2c3d-4d4d-81e2-3befaf7c29fd tempest-MetadataNamespacePropertiesTest-1764554271 tempest-MetadataNamespacePropertiesTest-1764554271-project-admin] new path /v2/metadefs/namespaces/tempest-test-ns-750207197/properties {{(pid=118505) process_request /opt/stack/glance/glance/api/middleware/version_negotiation.py:70}}
Feb 19 00:40:00.723215 n-d-826528-3 devstack@g-api.service[118505]: [pid: 118505|app: 0|req: 233/487] 127.0.0.1 () {40 vars in 823 bytes} [Sat Feb 19 00:40:00 2022] POST /v2/metadefs/namespaces/tempest-test-ns-750207197/properties => generated 152 bytes in 53 msecs (HTTP/1.1 201) 4 headers in 162 bytes (1 switches on core 0)
Feb 19 00:40:00.724683 n-d-826528-3 devstack@g-api.service[118505]: DEBUG glance.api.middleware.version_negotiation [None req-cfdc99d5-d3e5-4413-af23-338d37ddf3b7 tempest-MetadataNamespacePropertiesTest-1764554271 tempest-MetadataNamespacePropertiesTest-1764554271-project-admin] Determining version of request: GET /v2/metadefs/namespaces/tempest-test-ns-750207197/properties/OS::Glance::Image Accept: application/json {{(pid=118505) process_request /opt/stack/glance/glance/api/middleware/version_negotiation.py:44}}
Feb 19 00:40:00.725748 n-d-826528-3 devstack@g-api.service[118505]: DEBUG glance.api.middleware.version_negotiation [None req-cfdc99d5-d3e5-4413-af23-338d37ddf3b7 tempest-MetadataNamespacePropertiesTest-1764554271 tempest-MetadataNamespacePropertiesTest-1764554271-project-admin] Using url versioning {{(pid=118505) process_request /opt/stack/glance/glance/api/middleware/version_negotiation.py:57}}
Feb 19 00:40:00.726191 n-d-826528-3 devstack@g-api.service[118505]: DEBUG glance.api.middleware.version_negotiation [None req-cfdc99d5-d3e5-4413-af23-338d37ddf3b7 tempest-MetadataNamespacePropertiesTest-1764554271 tempest-MetadataNamespacePropertiesTest-1764554271-project-admin] Matched version: v2 {{(pid=118505) process_request /opt/stack/glance/glance/api/middleware/version_negotiation.py:69}}
Feb 19 00:40:00.726708 n-d-826528-3 devstack@g-api.service[118505]: DEBUG glance.api.middleware.version_negotiation [None req-cfdc99d5-d3e5-4413-af23-338d37ddf3b7 tempest-MetadataNamespacePropertiesTest-1764554271 tempest-MetadataNamespacePropertiesTest-1764554271-project-admin] new path /v2/metadefs/namespaces/tempest-test-ns-750207197/properties/OS::Glance::Image {{(pid=118505) process_request /opt/stack/glance/glance/api/middleware/version_negotiation.py:70}}
Feb 19 00:40:00.742290 n-d-826528-3 devstack@g-api.service[118506]: DEBUG glance.image_cache.drivers.sqlite [None req-199e719f-868f-44c9-bf06-9ef288684d9e tempest-AttachSCSIVolumeTestJSON-820304771 tempest-AttachSCSIVolumeTestJSON-820304771-project] Fetch finished, moving '/opt/stack/data/glance/cache/incomplete/85f6bdc2-6103-4b2d-ab17-72a7e7c80216' to '/opt/stack/data/glance/cache/85f6bdc2-6103-4b2d-ab17-72a7e7c80216' {{(pid=118506) commit /opt/stack/glance/glance/image_cache/drivers/sqlite.py:324}}
Feb 19 00:40:00.753946 n-d-826528-3 devstack@g-api.service[118506]: [pid: 118506|app: 0|req: 255/488] 127.0.0.1 () {40 vars in 855 bytes} [Sat Feb 19 00:39:43 2022] GET /v2/images/85f6bdc2-6103-4b2d-ab17-72a7e7c80216/file => generated 645922816 bytes in 17491 msecs (HTTP/1.1 200) 4 headers in 191 bytes (9870 switches on core 0)
Feb 19 00:40:00.755702 n-d-826528-3 devstack@g-api.service[118505]: [pid: 118505|app: 0|req: 234/489] 127.0.0.1 () {38 vars in 837 bytes} [Sat Feb 19 00:40:00 2022] GET /v2/metadefs/namespaces/tempest-test-ns-750207197/properties/OS::Glance::Image => generated 152 bytes in 31 msecs (HTTP/1.1 200) 4 headers in 157 bytes (1 switches on core 0)
Feb 19 00:40:00.760119 n-d-826528-3 devstack@g-api.service[118506]: DEBUG glance.api.middleware.version_negotiation [None req-199e719f-868f-44c9-bf06-9ef288684d9e tempest-AttachSCSIVolumeTestJSON-820304771 tempest-AttachSCSIVolumeTestJSON-820304771-project] Determining version of request: PUT /v2/metadefs/namespaces/tempest-test-ns-750207197/properties/OS::Glance::Image Accept: application/json {{(pid=118506) process_request /opt/stack/glance/glance/api/middleware/version_negotiation.py:44}}
Feb 19 00:40:00.760708 n-d-826528-3 devstack@g-api.service[118506]: DEBUG glance.api.middleware.version_negotiation [None req-199e719f-868f-44c9-bf06-9ef288684d9e tempest-AttachSCSIVolumeTestJSON-820304771 tempest-AttachSCSIVolumeTestJSON-820304771-project] Using url versioning {{(pid=118506) process_request /opt/stack/glance/glance/api/middleware/version_negotiation.py:57}}
Feb 19 00:40:00.761137 n-d-826528-3 devstack@g-api.service[118506]: DEBUG glance.api.middleware.version_negotiation [None req-199e719f-868f-44c9-bf06-9ef288684d9e tempest-AttachSCSIVolumeTestJSON-820304771 tempest-AttachSCSIVolumeTestJSON-820304771-project] Matched version: v2 {{(pid=118506) process_request /opt/stack/glance/glance/api/middleware/version_negotiation.py:69}}
Feb 19 00:40:00.761496 n-d-826528-3 devstack@g-api.service[118506]: DEBUG glance.api.middleware.version_negotiation [None req-199e719f-868f-44c9-bf06-9ef288684d9e tempest-AttachSCSIVolumeTestJSON-820304771 tempest-AttachSCSIVolumeTestJSON-820304771-project] new path /v2/metadefs/namespaces/tempest-test-ns-750207197/properties/OS::Glance::Image {{(pid=118506) process_request /opt/stack/glance/glance/api/middleware/version_negotiation.py:70}}
Feb 19 00:40:00.942846 n-d-826528-3 devstack@g-api.service[118505]: DEBUG glance.api.middleware.version_negotiation [None req-fd9a36dd-9492-416a-a608-17b08e0f789a tempest-MetadataNamespacePropertiesTest-1764554271 tempest-MetadataNamespacePropertiesTest-1764554271-project-admin] Determining version of request: GET /v2/images Accept: */* {{(pid=118505) process_request /opt/stack/glance/glance/api/middleware/version_negotiation.py:44}}
Feb 19 00:40:00.943805 n-d-826528-3 devstack@g-api.service[118505]: DEBUG glance.api.middleware.version_negotiation [None req-fd9a36dd-9492-416a-a608-17b08e0f789a tempest-MetadataNamespacePropertiesTest-1764554271 tempest-MetadataNamespacePropertiesTest-1764554271-project-admin] Using url versioning {{(pid=118505) process_request /opt/stack/glance/glance/api/middleware/version_negotiation.py:57}}
Feb 19 00:40:00.943805 n-d-826528-3 devstack@g-api.service[118505]: DEBUG glance.api.middleware.version_negotiation [None req-fd9a36dd-9492-416a-a608-17b08e0f789a tempest-MetadataNamespacePropertiesTest-1764554271 tempest-MetadataNamespacePropertiesTest-1764554271-project-admin] Matched version: v2 {{(pid=118505) process_request /opt/stack/glance/glance/api/middleware/version_negotiation.py:69}}
Feb 19 00:40:00.943805 n-d-826528-3 devstack@g-api.service[118505]: DEBUG glance.api.middleware.version_negotiation [None req-fd9a36dd-9492-416a-a608-17b08e0f789a tempest-MetadataNamespacePropertiesTest-1764554271 tempest-MetadataNamespacePropertiesTest-1764554271-project-admin] new path /v2/images {{(pid=118505) process_request /opt/stack/glance/glance/api/middleware/version_negotiation.py:70}}
Feb 19 00:40:00.991191 n-d-826528-3 devstack@g-api.service[118505]: [pid: 118505|app: 0|req: 235/490] 127.0.0.1 () {40 vars in 1030 bytes} [Sat Feb 19 00:40:00 2022] GET /v2/images?image_type=backup&backup_type=daily&instance_uuid=9a2aae52-9582-40ff-97f3-a50920f56a49&limit=20&sort_key=created_at&sort_dir=desc => generated 4207 bytes in 48 msecs (HTTP/1.1 200) 4 headers in 158 bytes (1 switches on core 0)
Feb 19 00:40:00.992743 n-d-826528-3 devstack@g-api.service[118505]: DEBUG glance.api.middleware.version_negotiation [None req-221f0d61-2f9b-4dad-b64c-180a656a24f0 tempest-ServerActionsTestJSON-495340709 tempest-ServerActionsTestJSON-495340709-project] Determining version of request: DELETE /v2/metadefs/namespaces/tempest-test-ns-750207197/properties/OS::Glance::Image Accept: application/json {{(pid=118505) process_request /opt/stack/glance/glance/api/middleware/version_negotiation.py:44}}
Feb 19 00:40:00.992743 n-d-826528-3 devstack@g-api.service[118505]: DEBUG glance.api.middleware.version_negotiation [None req-221f0d61-2f9b-4dad-b64c-180a656a24f0 tempest-ServerActionsTestJSON-495340709 tempest-ServerActionsTestJSON-495340709-project] Using url versioning {{(pid=118505) process_request /opt/stack/glance/glance/api/middleware/version_negotiation.py:57}}
Feb 19 00:40:00.992743 n-d-826528-3 devstack@g-api.service[118505]: DEBUG glance.api.middleware.version_negotiation [None req-221f0d61-2f9b-4dad-b64c-180a656a24f0 tempest-ServerActionsTestJSON-495340709 tempest-ServerActionsTestJSON-495340709-project] Matched version: v2 {{(pid=118505) process_request /opt/stack/glance/glance/api/middleware/version_negotiation.py:69}}
Feb 19 00:40:00.993134 n-d-826528-3 devstack@g-api.service[118505]: DEBUG glance.api.middleware.version_negotiation [None req-221f0d61-2f9b-4dad-b64c-180a656a24f0 tempest-ServerActionsTestJSON-495340709 tempest-ServerActionsTestJSON-495340709-project] new path /v2/metadefs/namespaces/tempest-test-ns-750207197/properties/OS::Glance::Image {{(pid=118505) process_request /opt/stack/glance/glance/api/middleware/version_negotiation.py:70}}
Feb 19 00:40:00.994126 n-d-826528-3 devstack@g-api.service[118506]: [pid: 118506|app: 0|req: 256/491] 127.0.0.1 () {40 vars in 858 bytes} [Sat Feb 19 00:40:00 2022] PUT /v2/metadefs/namespaces/tempest-test-ns-750207197/properties/OS::Glance::Image => generated 160 bytes in 235 msecs (HTTP/1.1 200) 4 headers in 157 bytes (1 switches on core 0)
Feb 19 00:40:00.996940 n-d-826528-3 devstack@g-api.service[118506]: DEBUG glance.api.middleware.version_negotiation [None req-4fbc50fe-ffd1-446a-8db5-630f9d498c2a tempest-MetadataNamespacePropertiesTest-1764554271 tempest-MetadataNamespacePropertiesTest-1764554271-project-admin] Determining version of request: GET /v2/schemas/image Accept: */* {{(pid=118506) process_request /opt/stack/glance/glance/api/middleware/version_negotiation.py:44}}
Feb 19 00:40:00.998829 n-d-826528-3 devstack@g-api.service[118506]: DEBUG glance.api.middleware.version_negotiation [None req-4fbc50fe-ffd1-446a-8db5-630f9d498c2a tempest-MetadataNamespacePropertiesTest-1764554271 tempest-MetadataNamespacePropertiesTest-1764554271-project-admin] Using url versioning {{(pid=118506) process_request /opt/stack/glance/glance/api/middleware/version_negotiation.py:57}}
Feb 19 00:40:00.999399 n-d-826528-3 devstack@g-api.service[118506]: DEBUG glance.api.middleware.version_negotiation [None req-4fbc50fe-ffd1-446a-8db5-630f9d498c2a tempest-MetadataNamespacePropertiesTest-1764554271 tempest-MetadataNamespacePropertiesTest-1764554271-project-admin] Matched version: v2 {{(pid=118506) process_request /opt/stack/glance/glance/api/middleware/version_negotiation.py:69}}
Feb 19 00:40:01.000437 n-d-826528-3 devstack@g-api.service[118506]: DEBUG glance.api.middleware.version_negotiation [None req-4fbc50fe-ffd1-446a-8db5-630f9d498c2a tempest-MetadataNamespacePropertiesTest-1764554271 tempest-MetadataNamespacePropertiesTest-1764554271-project-admin] new path /v2/schemas/image {{(pid=118506) process_request /opt/stack/glance/glance/api/middleware/version_negotiation.py:70}}
Feb 19 00:40:01.014332 n-d-826528-3 devstack@g-api.service[118506]: [pid: 118506|app: 0|req: 257/492] 127.0.0.1 () {40 vars in 785 bytes} [Sat Feb 19 00:40:00 2022] GET /v2/schemas/image => generated 6083 bytes in 18 msecs (HTTP/1.1 200) 4 headers in 158 bytes (1 switches on core 0)
Feb 19 00:40:01.023341 n-d-826528-3 devstack@g-api.service[118506]: DEBUG glance.api.middleware.version_negotiation [None req-221f0d61-2f9b-4dad-b64c-180a656a24f0 tempest-ServerActionsTestJSON-495340709 tempest-ServerActionsTestJSON-495340709-project] Determining version of request: DELETE /v2/images/b72b451f-486b-420b-b6d7-c3a4e7394a31 Accept: */* {{(pid=118506) process_request /opt/stack/glance/glance/api/middleware/version_negotiation.py:44}}
Feb 19 00:40:01.023656 n-d-826528-3 devstack@g-api.service[118506]: DEBUG glance.api.middleware.version_negotiation [None req-221f0d61-2f9b-4dad-b64c-180a656a24f0 tempest-ServerActionsTestJSON-495340709 tempest-ServerActionsTestJSON-495340709-project] Using url versioning {{(pid=118506) process_request /opt/stack/glance/glance/api/middleware/version_negotiation.py:57}}
Feb 19 00:40:01.024042 n-d-826528-3 devstack@g-api.service[118506]: DEBUG glance.api.middleware.version_negotiation [None req-221f0d61-2f9b-4dad-b64c-180a656a24f0 tempest-ServerActionsTestJSON-495340709 tempest-ServerActionsTestJSON-495340709-project] Matched version: v2 {{(pid=118506) process_request /opt/stack/glance/glance/api/middleware/version_negotiation.py:69}}
Feb 19 00:40:01.024336 n-d-826528-3 devstack@g-api.service[118506]: DEBUG glance.api.middleware.version_negotiation [None req-221f0d61-2f9b-4dad-b64c-180a656a24f0 tempest-ServerActionsTestJSON-495340709 tempest-ServerActionsTestJSON-495340709-project] new path /v2/images/b72b451f-486b-420b-b6d7-c3a4e7394a31 {{(pid=118506) process_request /opt/stack/glance/glance/api/middleware/version_negotiation.py:70}}
Feb 19 00:40:01.030153 n-d-826528-3 devstack@g-api.service[118505]: [pid: 118505|app: 0|req: 236/493] 127.0.0.1 () {38 vars in 840 bytes} [Sat Feb 19 00:40:00 2022] DELETE /v2/metadefs/namespaces/tempest-test-ns-750207197/properties/OS::Glance::Image => generated 0 bytes in 38 msecs (HTTP/1.1 204) 4 headers in 171 bytes (1 switches on core 0)
Feb 19 00:40:01.034163 n-d-826528-3 devstack@g-api.service[118505]: DEBUG glance.api.middleware.version_negotiation [None req-d5c468c9-c02b-470d-b6ae-9a5ce2fb6c71 tempest-MetadataNamespacePropertiesTest-1764554271 tempest-MetadataNamespacePropertiesTest-1764554271-project-admin] Determining version of request: GET /v2/metadefs/namespaces/tempest-test-ns-750207197/properties Accept: application/json {{(pid=118505) process_request /opt/stack/glance/glance/api/middleware/version_negotiation.py:44}}
Feb 19 00:40:01.034659 n-d-826528-3 devstack@g-api.service[118505]: DEBUG glance.api.middleware.version_negotiation [None req-d5c468c9-c02b-470d-b6ae-9a5ce2fb6c71 tempest-MetadataNamespacePropertiesTest-1764554271 tempest-MetadataNamespacePropertiesTest-1764554271-project-admin] Using url versioning {{(pid=118505) process_request /opt/stack/glance/glance/api/middleware/version_negotiation.py:57}}
Feb 19 00:40:01.035075 n-d-826528-3 devstack@g-api.service[118505]: DEBUG glance.api.middleware.version_negotiation [None req-d5c468c9-c02b-470d-b6ae-9a5ce2fb6c71 tempest-MetadataNamespacePropertiesTest-1764554271 tempest-MetadataNamespacePropertiesTest-1764554271-project-admin] Matched version: v2 {{(pid=118505) process_request /opt/stack/glance/glance/api/middleware/version_negotiation.py:69}}
Feb 19 00:40:01.035481 n-d-826528-3 devstack@g-api.service[118505]: DEBUG glance.api.middleware.version_negotiation [None req-d5c468c9-c02b-470d-b6ae-9a5ce2fb6c71 tempest-MetadataNamespacePropertiesTest-1764554271 tempest-MetadataNamespacePropertiesTest-1764554271-project-admin] new path /v2/metadefs/namespaces/tempest-test-ns-750207197/properties {{(pid=118505) process_request /opt/stack/glance/glance/api/middleware/version_negotiation.py:70}}
Feb 19 00:40:01.050721 n-d-826528-3 devstack@g-api.service[118506]: WARNING glance.api.v2.images [None req-221f0d61-2f9b-4dad-b64c-180a656a24f0 tempest-ServerActionsTestJSON-495340709 tempest-ServerActionsTestJSON-495340709-project] After upload to backend, deletion of staged image data has failed because it cannot be found at /tmp/staging//b72b451f-486b-420b-b6d7-c3a4e7394a31
Feb 19 00:40:01.052038 n-d-826528-3 devstack@g-api.service[118506]: DEBUG glance_store.backend [None req-221f0d61-2f9b-4dad-b64c-180a656a24f0 tempest-ServerActionsTestJSON-495340709 tempest-ServerActionsTestJSON-495340709-project] Attempting to import store swift {{(pid=118506) _load_store /usr/local/lib/python3.8/dist-packages/glance_store/backend.py:217}}
Feb 19 00:40:01.058792 n-d-826528-3 devstack@g-api.service[118506]: DEBUG glance_store.capabilities [None req-221f0d61-2f9b-4dad-b64c-180a656a24f0 tempest-ServerActionsTestJSON-495340709 tempest-ServerActionsTestJSON-495340709-project] Store glance_store._drivers.swift.store.SingleTenantStore doesn't support updating dynamic storage capabilities. Please overwrite 'update_capabilities' method of the store to implement updating logics if needed. {{(pid=118506) update_capabilities /usr/local/lib/python3.8/dist-packages/glance_store/capabilities.py:91}}
Feb 19 00:40:01.060658 n-d-826528-3 devstack@g-api.service[118506]: DEBUG glance_store.driver [None req-221f0d61-2f9b-4dad-b64c-180a656a24f0 tempest-ServerActionsTestJSON-495340709 tempest-ServerActionsTestJSON-495340709-project] Late loading location class glance_store._drivers.swift.store.StoreLocation {{(pid=118506) get_store_location_class /usr/local/lib/python3.8/dist-packages/glance_store/driver.py:117}}
Feb 19 00:40:01.061221 n-d-826528-3 devstack@g-api.service[118506]: DEBUG glance_store.location [None req-221f0d61-2f9b-4dad-b64c-180a656a24f0 tempest-ServerActionsTestJSON-495340709 tempest-ServerActionsTestJSON-495340709-project] Registering scheme swift+https with {'store': , 'location_class': , 'store_entry': 'swift'} {{(pid=118506) register_scheme_map /usr/local/lib/python3.8/dist-packages/glance_store/location.py:146}}
Feb 19 00:40:01.061478 n-d-826528-3 devstack@g-api.service[118506]: DEBUG glance_store.location [None req-221f0d61-2f9b-4dad-b64c-180a656a24f0 tempest-ServerActionsTestJSON-495340709 tempest-ServerActionsTestJSON-495340709-project] Registering scheme swift+https with {'store': , 'location_class': , 'store_entry': 'swift'} {{(pid=118506) register_scheme_map /usr/local/lib/python3.8/dist-packages/glance_store/location.py:146}}
Feb 19 00:40:01.062055 n-d-826528-3 devstack@g-api.service[118505]: [pid: 118505|app: 0|req: 237/494] 127.0.0.1 () {38 vars in 801 bytes} [Sat Feb 19 00:40:01 2022] GET /v2/metadefs/namespaces/tempest-test-ns-750207197/properties => generated 18 bytes in 28 msecs (HTTP/1.1 200) 4 headers in 156 bytes (1 switches on core 0)
Feb 19 00:40:01.065494 n-d-826528-3 devstack@g-api.service[118506]: DEBUG glance_store.location [None req-221f0d61-2f9b-4dad-b64c-180a656a24f0 tempest-ServerActionsTestJSON-495340709 tempest-ServerActionsTestJSON-495340709-project] Registering scheme swift with {'store': , 'location_class': , 'store_entry': 'swift'} {{(pid=118506) register_scheme_map /usr/local/lib/python3.8/dist-packages/glance_store/location.py:146}}
Feb 19 00:40:01.065820 n-d-826528-3 devstack@g-api.service[118506]: DEBUG glance_store.location [None req-221f0d61-2f9b-4dad-b64c-180a656a24f0 tempest-ServerActionsTestJSON-495340709 tempest-ServerActionsTestJSON-495340709-project] Registering scheme swift+https with {'store': , 'location_class': , 'store_entry': 'swift'} {{(pid=118506) register_scheme_map /usr/local/lib/python3.8/dist-packages/glance_store/location.py:146}}
Feb 19 00:40:01.066029 n-d-826528-3 devstack@g-api.service[118505]: DEBUG glance.api.middleware.version_negotiation [None req-a9160ab2-0de4-499e-ae7d-b32f10935ce4 tempest-MetadataNamespacePropertiesTest-1764554271 tempest-MetadataNamespacePropertiesTest-1764554271-project-admin] Determining version of request: DELETE /v2/metadefs/namespaces/tempest-test-ns-750207197 Accept: application/json {{(pid=118505) process_request /opt/stack/glance/glance/api/middleware/version_negotiation.py:44}}
Feb 19 00:40:01.066157 n-d-826528-3 devstack@g-api.service[118506]: DEBUG glance_store.location [None req-221f0d61-2f9b-4dad-b64c-180a656a24f0 tempest-ServerActionsTestJSON-495340709 tempest-ServerActionsTestJSON-495340709-project] Registering scheme swift with {'store': , 'location_class': , 'store_entry': 'swift'} {{(pid=118506) register_scheme_map /usr/local/lib/python3.8/dist-packages/glance_store/location.py:146}}
Feb 19 00:40:01.066325 n-d-826528-3 devstack@g-api.service[118506]: DEBUG glance_store.location [None req-221f0d61-2f9b-4dad-b64c-180a656a24f0 tempest-ServerActionsTestJSON-495340709 tempest-ServerActionsTestJSON-495340709-project] Registering scheme swift+http with {'store': , 'location_class': , 'store_entry': 'swift'} {{(pid=118506) register_scheme_map /usr/local/lib/python3.8/dist-packages/glance_store/location.py:146}}
Feb 19 00:40:01.066582 n-d-826528-3 devstack@g-api.service[118506]: DEBUG glance_store.location [None req-221f0d61-2f9b-4dad-b64c-180a656a24f0 tempest-ServerActionsTestJSON-495340709 tempest-ServerActionsTestJSON-495340709-project] Registering scheme swift+https with {'store': , 'location_class': , 'store_entry': 'swift'} {{(pid=118506) register_scheme_map /usr/local/lib/python3.8/dist-packages/glance_store/location.py:146}}
Feb 19 00:40:01.066828 n-d-826528-3 devstack@g-api.service[118506]: DEBUG glance_store.location [None req-221f0d61-2f9b-4dad-b64c-180a656a24f0 tempest-ServerActionsTestJSON-495340709 tempest-ServerActionsTestJSON-495340709-project] Registering scheme swift with {'store': , 'location_class': , 'store_entry': 'swift'} {{(pid=118506) register_scheme_map /usr/local/lib/python3.8/dist-packages/glance_store/location.py:146}}
Feb 19 00:40:01.066952 n-d-826528-3 devstack@g-api.service[118505]: DEBUG glance.api.middleware.version_negotiation [None req-a9160ab2-0de4-499e-ae7d-b32f10935ce4 tempest-MetadataNamespacePropertiesTest-1764554271 tempest-MetadataNamespacePropertiesTest-1764554271-project-admin] Using url versioning {{(pid=118505) process_request /opt/stack/glance/glance/api/middleware/version_negotiation.py:57}}
Feb 19 00:40:01.067057 n-d-826528-3 devstack@g-api.service[118506]: DEBUG glance_store.location [None req-221f0d61-2f9b-4dad-b64c-180a656a24f0 tempest-ServerActionsTestJSON-495340709 tempest-ServerActionsTestJSON-495340709-project] Registering scheme swift+http with {'store': , 'location_class': , 'store_entry': 'swift'} {{(pid=118506) register_scheme_map /usr/local/lib/python3.8/dist-packages/glance_store/location.py:146}}
Feb 19 00:40:01.067302 n-d-826528-3 devstack@g-api.service[118506]: DEBUG glance_store.location [None req-221f0d61-2f9b-4dad-b64c-180a656a24f0 tempest-ServerActionsTestJSON-495340709 tempest-ServerActionsTestJSON-495340709-project] Registering scheme swift+config with {'store': , 'location_class': , 'store_entry': 'swift'} {{(pid=118506) register_scheme_map /usr/local/lib/python3.8/dist-packages/glance_store/location.py:146}}
Feb 19 00:40:01.067502 n-d-826528-3 devstack@g-api.service[118505]: DEBUG glance.api.middleware.version_negotiation [None req-a9160ab2-0de4-499e-ae7d-b32f10935ce4 tempest-MetadataNamespacePropertiesTest-1764554271 tempest-MetadataNamespacePropertiesTest-1764554271-project-admin] Matched version: v2 {{(pid=118505) process_request /opt/stack/glance/glance/api/middleware/version_negotiation.py:69}}
Feb 19 00:40:01.067883 n-d-826528-3 devstack@g-api.service[118505]: DEBUG glance.api.middleware.version_negotiation [None req-a9160ab2-0de4-499e-ae7d-b32f10935ce4 tempest-MetadataNamespacePropertiesTest-1764554271 tempest-MetadataNamespacePropertiesTest-1764554271-project-admin] new path /v2/metadefs/namespaces/tempest-test-ns-750207197 {{(pid=118505) process_request /opt/stack/glance/glance/api/middleware/version_negotiation.py:70}}
Feb 19 00:40:01.068316 n-d-826528-3 devstack@g-api.service[118506]: DEBUG keystoneclient.auth.identity.v3.base [None req-221f0d61-2f9b-4dad-b64c-180a656a24f0 tempest-ServerActionsTestJSON-495340709 tempest-ServerActionsTestJSON-495340709-project] Making authentication request to http://10.222.0.45/identity/v3/auth/tokens {{(pid=118506) get_auth_ref /usr/local/lib/python3.8/dist-packages/keystoneclient/auth/identity/v3/base.py:187}}
Feb 19 00:40:01.114120 n-d-826528-3 devstack@g-api.service[118505]: [pid: 118505|app: 0|req: 238/495] 127.0.0.1 () {38 vars in 782 bytes} [Sat Feb 19 00:40:01 2022] DELETE /v2/metadefs/namespaces/tempest-test-ns-750207197 => generated 0 bytes in 49 msecs (HTTP/1.1 204) 4 headers in 171 bytes (1 switches on core 0)
Feb 19 00:40:01.203575 n-d-826528-3 devstack@g-api.service[118506]: DEBUG keystoneclient.auth.identity.v3.base [None req-221f0d61-2f9b-4dad-b64c-180a656a24f0 tempest-ServerActionsTestJSON-495340709 tempest-ServerActionsTestJSON-495340709-project] {"token": {"methods": ["password"], "user": {"domain": {"id": "default", "name": "Default"}, "id": "ee63218e95994b6480113b3160f34fa1", "name": "glance-swift", "password_expires_at": null}, "audit_ids": ["h8MP7JziTaShCaSe4LOqmw"], "expires_at": "2022-02-19T01:40:01.000000Z", "issued_at": "2022-02-19T00:40:01.000000Z", "project": {"domain": {"id": "default", "name": "Default"}, "id": "c13435579cf1480690eee9172db19643", "name": "service"}, "is_domain": false, "roles": [{"id": "37e3b3c1cee6426cb918ae9143473f26", "name": "service"}, {"id": "4d7284ca10614cc098c83c0ced6cd3f8", "name": "ResellerAdmin"}], "catalog": [{"endpoints": [{"id": "5124b05094a843c3ad39a9043d1b1106", "interface": "public", "region_id": "RegionOne", "url": "http://10.222.0.45/volume/v3/c13435579cf1480690eee9172db19643", "region": "RegionOne"}], "id": "0192a272527244518be119ac0e9caed8", "type": "volumev3", "name": "cinderv3"}, {"endpoints": [{"id": "e818d061563a4651b0c79a06548c715c", "interface": "public", "region_id": "RegionOne", "url": "http://10.222.0.45/identity", "region": "RegionOne"}], "id": "08fe18f54de84ba29425d495638f348e", "type": "identity", "name": "keystone"}, {"endpoints": [{"id": "4ca35295ed2343928d853571d8234254", "interface": "public", "region_id": "RegionOne", "url": "http://10.222.0.45/placement", "region": "RegionOne"}], "id": "3fdb47b0f15f40d4af9fb97ae80187b9", "type": "placement", "name": "placement"}, {"endpoints": [{"id": "d3623c88af314a1aa5936df22b7b9aa9", "interface": "public", "region_id": "RegionOne", "url": "http://10.222.0.45/compute/v2.1", "region": "RegionOne"}], "id": "7a9b78ee672043508ecfc52ad775fcc2", "type": "compute", "name": "nova"}, {"endpoints": [{"id": "77205e72540243d99349f6514b9ec4ad", "interface": "public", "region_id": "RegionOne", "url": "http://10.222.0.45/image", "region": "RegionOne"}], "id": "8fb0be942e0441618c8e00a826a01414", "type": "image", "name": "glance"}, {"endpoints": [{"id": "25bdb9459e2d477b8a4f043bd7462376", "interface": "public", "region_id": "RegionOne", "url": "http://10.222.0.45:8080/v1/AUTH_c13435579cf1480690eee9172db19643", "region": "RegionOne"}, {"id": "8000a578bae24d98ac60a332a0d5010f", "interface": "admin", "region_id": "RegionOne", "url": "http://10.222.0.45:8080", "region": "RegionOne"}], "id": "9e3d765f908942ef96922e296e05f55d", "type": "object-store", "name": "swift"}, {"endpoints": [{"id": "714db8fc83a64439aac93669c16e37d2", "interface": "public", "region_id": "RegionOne", "url": "http://10.222.0.45/compute/v2/c13435579cf1480690eee9172db19643", "region": "RegionOne"}], "id": "d90c192ae5874cb591d5934c08116ee4", "type": "compute_legacy", "name": "nova_legacy"}, {"endpoints": [{"id": "468dc9153c0b474eb774f4e60072162e", "interface": "public", "region_id": "RegionOne", "url": "http://10.222.0.45:9696/", "region": "RegionOne"}], "id": "f5e6e7eeb73f445e9a34024d4e3ad3d9", "type": "network", "name": "neutron"}, {"endpoints": [{"id": "aad1a922e08e4c479c9a171639105550", "interface": "public", "region_id": "RegionOne", "url": "http://10.222.0.45/volume/v3/c13435579cf1480690eee9172db19643", "region": "RegionOne"}], "id": "f783082c584b4827a902a2762a823f64", "type": "block-storage", "name": "cinder"}]}} {{(pid=118506) get_auth_ref /usr/local/lib/python3.8/dist-packages/keystoneclient/auth/identity/v3/base.py:192}}
Feb 19 00:40:01.204415 n-d-826528-3 devstack@g-api.service[118506]: DEBUG keystoneclient.httpclient [None req-221f0d61-2f9b-4dad-b64c-180a656a24f0 tempest-ServerActionsTestJSON-495340709 tempest-ServerActionsTestJSON-495340709-project] Failed to find endpoint for management url admin endpoint for identity service not found {{(pid=118506) _process_management_url /usr/local/lib/python3.8/dist-packages/keystoneclient/httpclient.py:659}}
Feb 19 00:40:01.492739 n-d-826528-3 devstack@g-api.service[118506]: DEBUG swiftclient [None req-221f0d61-2f9b-4dad-b64c-180a656a24f0 tempest-ServerActionsTestJSON-495340709 tempest-ServerActionsTestJSON-495340709-project] REQ: curl -i http://10.222.0.45:8080/v1/AUTH_c13435579cf1480690eee9172db19643/glance/b72b451f-486b-420b-b6d7-c3a4e7394a31 -I -H "X-Auth-Token: gAAAAABiEDxhw7O5..." {{(pid=118506) http_log /usr/local/lib/python3.8/dist-packages/swiftclient/client.py:187}}
Feb 19 00:40:01.492739 n-d-826528-3 devstack@g-api.service[118506]: DEBUG swiftclient [None req-221f0d61-2f9b-4dad-b64c-180a656a24f0 tempest-ServerActionsTestJSON-495340709 tempest-ServerActionsTestJSON-495340709-project] RESP STATUS: 200 OK {{(pid=118506) http_log /usr/local/lib/python3.8/dist-packages/swiftclient/client.py:188}}
Feb 19 00:40:01.492739 n-d-826528-3 devstack@g-api.service[118506]: DEBUG swiftclient [None req-221f0d61-2f9b-4dad-b64c-180a656a24f0 tempest-ServerActionsTestJSON-495340709 tempest-ServerActionsTestJSON-495340709-project] RESP HEADERS: {'Content-Type': 'application/octet-stream', 'X-Object-Manifest': 'glance/b72b451f-486b-420b-b6d7-c3a4e7394a31-', 'Last-Modified': 'Sat, 19 Feb 2022 00:39:06 GMT', 'X-Timestamp': '1645231145.51291', 'Accept-Ranges': 'bytes', 'Content-Length': '645922816', 'Etag': '"978ae6f349e91c670c97189bf0c9648e"', 'X-Trans-Id': 'tx8efdaab8734740f389602-0062103c61', 'X-Openstack-Request-Id': 'tx8efdaab8734740f389602-0062103c61', 'Date': 'Sat, 19 Feb 2022 00:40:01 GMT'} {{(pid=118506) http_log /usr/local/lib/python3.8/dist-packages/swiftclient/client.py:189}}
Feb 19 00:40:01.538428 n-d-826528-3 devstack@g-api.service[118506]: DEBUG swiftclient [None req-221f0d61-2f9b-4dad-b64c-180a656a24f0 tempest-ServerActionsTestJSON-495340709 tempest-ServerActionsTestJSON-495340709-project] REQ: curl -i http://10.222.0.45:8080/v1/AUTH_c13435579cf1480690eee9172db19643/glance?format=json&prefix=b72b451f-486b-420b-b6d7-c3a4e7394a31- -X GET -H "X-Auth-Token: gAAAAABiEDxhw7O5..." -H "Accept-Encoding: gzip" {{(pid=118506) http_log /usr/local/lib/python3.8/dist-packages/swiftclient/client.py:187}}
Feb 19 00:40:01.538673 n-d-826528-3 devstack@g-api.service[118506]: DEBUG swiftclient [None req-221f0d61-2f9b-4dad-b64c-180a656a24f0 tempest-ServerActionsTestJSON-495340709 tempest-ServerActionsTestJSON-495340709-project] RESP STATUS: 200 OK {{(pid=118506) http_log /usr/local/lib/python3.8/dist-packages/swiftclient/client.py:188}}
Feb 19 00:40:01.539054 n-d-826528-3 devstack@g-api.service[118506]: DEBUG swiftclient [None req-221f0d61-2f9b-4dad-b64c-180a656a24f0 tempest-ServerActionsTestJSON-495340709 tempest-ServerActionsTestJSON-495340709-project] RESP HEADERS: {'Content-Type': 'application/json; charset=utf-8', 'Content-Length': '843', 'X-Container-Object-Count': '21', 'X-Container-Bytes-Used': '3263168512', 'X-Timestamp': '1645230137.68769', 'Last-Modified': 'Sat, 19 Feb 2022 00:22:18 GMT', 'Accept-Ranges': 'bytes', 'X-Storage-Policy': 'Policy-0', 'X-Container-Sharding': 'False', 'X-Trans-Id': 'tx4f1411242606486c8e28f-0062103c61', 'X-Openstack-Request-Id': 'tx4f1411242606486c8e28f-0062103c61', 'Date': 'Sat, 19 Feb 2022 00:40:01 GMT'} {{(pid=118506) http_log /usr/local/lib/python3.8/dist-packages/swiftclient/client.py:189}}
Feb 19 00:40:01.539411 n-d-826528-3 devstack@g-api.service[118506]: DEBUG swiftclient [None req-221f0d61-2f9b-4dad-b64c-180a656a24f0 tempest-ServerActionsTestJSON-495340709 tempest-ServerActionsTestJSON-495340709-project] RESP BODY: b'[{"bytes": 204800000, "hash": "ab3d42637264ca7bf5980aabaee04f4a", "name": "b72b451f-486b-420b-b6d7-c3a4e7394a31-00001", "content_type": "application/octet-stream", "last_modified": "2022-02-19T00:38:40.786820"}, {"bytes": 204800000, "hash": "cf480d369be3386f5ea99b460144ad0f", "name": "b72b451f-486b-420b-b6d7-c3a4e7394a31-00002", "content_type": "application/octet-stream", "last_modified": "2022-02-19T00:38:48.911080"}, {"bytes": 204800000, "hash": "474c454a7d42aa08dc839c761619c10b", "name": "b72b451f-486b-420b-b6d7-c3a4e7394a31-00003", "content_type": "application/octet-stream", "last_modified": "2022-02-19T00:38:56.914980"}, {"bytes": 31522816, "hash": "0be982c76a84f3b50fdfe738452bdba1", "name": "b72b451f-486b-420b-b6d7-c3a4e7394a31-00004", "content_type": "application/octet-stream", "last_modified": "2022-02-19T00:39:04.129870"}]' {{(pid=118506) http_log /usr/local/lib/python3.8/dist-packages/swiftclient/client.py:193}}
Feb 19 00:40:01.602970 n-d-826528-3 devstack@g-api.service[118506]: DEBUG swiftclient [None req-221f0d61-2f9b-4dad-b64c-180a656a24f0 tempest-ServerActionsTestJSON-495340709 tempest-ServerActionsTestJSON-495340709-project] REQ: curl -i http://10.222.0.45:8080/v1/AUTH_c13435579cf1480690eee9172db19643/glance/b72b451f-486b-420b-b6d7-c3a4e7394a31-00001 DELETE -H "X-Auth-Token: gAAAAABiEDxhw7O5..." {{(pid=118506) http_log /usr/local/lib/python3.8/dist-packages/swiftclient/client.py:187}}
Feb 19 00:40:01.603215 n-d-826528-3 devstack@g-api.service[118506]: DEBUG swiftclient [None req-221f0d61-2f9b-4dad-b64c-180a656a24f0 tempest-ServerActionsTestJSON-495340709 tempest-ServerActionsTestJSON-495340709-project] RESP STATUS: 204 No Content {{(pid=118506) http_log /usr/local/lib/python3.8/dist-packages/swiftclient/client.py:188}}
Feb 19 00:40:01.603537 n-d-826528-3 devstack@g-api.service[118506]: DEBUG swiftclient [None req-221f0d61-2f9b-4dad-b64c-180a656a24f0 tempest-ServerActionsTestJSON-495340709 tempest-ServerActionsTestJSON-495340709-project] RESP HEADERS: {'Content-Type': 'text/html; charset=UTF-8', 'Content-Length': '0', 'X-Trans-Id': 'txc5a43dec50b7469285122-0062103c61', 'X-Openstack-Request-Id': 'txc5a43dec50b7469285122-0062103c61', 'Date': 'Sat, 19 Feb 2022 00:40:01 GMT'} {{(pid=118506) http_log /usr/local/lib/python3.8/dist-packages/swiftclient/client.py:189}}
Feb 19 00:40:01.665410 n-d-826528-3 devstack@g-api.service[118506]: DEBUG swiftclient [None req-221f0d61-2f9b-4dad-b64c-180a656a24f0 tempest-ServerActionsTestJSON-495340709 tempest-ServerActionsTestJSON-495340709-project] REQ: curl -i http://10.222.0.45:8080/v1/AUTH_c13435579cf1480690eee9172db19643/glance/b72b451f-486b-420b-b6d7-c3a4e7394a31-00002 DELETE -H "X-Auth-Token: gAAAAABiEDxhw7O5..." {{(pid=118506) http_log /usr/local/lib/python3.8/dist-packages/swiftclient/client.py:187}}
Feb 19 00:40:01.665893 n-d-826528-3 devstack@g-api.service[118506]: DEBUG swiftclient [None req-221f0d61-2f9b-4dad-b64c-180a656a24f0 tempest-ServerActionsTestJSON-495340709 tempest-ServerActionsTestJSON-495340709-project] RESP STATUS: 204 No Content {{(pid=118506) http_log /usr/local/lib/python3.8/dist-packages/swiftclient/client.py:188}}
Feb 19 00:40:01.666415 n-d-826528-3 devstack@g-api.service[118506]: DEBUG swiftclient [None req-221f0d61-2f9b-4dad-b64c-180a656a24f0 tempest-ServerActionsTestJSON-495340709 tempest-ServerActionsTestJSON-495340709-project] RESP HEADERS: {'Content-Type': 'text/html; charset=UTF-8', 'Content-Length': '0', 'X-Trans-Id': 'txefee1c1882c54541ab22f-0062103c61', 'X-Openstack-Request-Id': 'txefee1c1882c54541ab22f-0062103c61', 'Date': 'Sat, 19 Feb 2022 00:40:01 GMT'} {{(pid=118506) http_log /usr/local/lib/python3.8/dist-packages/swiftclient/client.py:189}}
Feb 19 00:40:01.713373 n-d-826528-3 devstack@g-api.service[118506]: DEBUG swiftclient [None req-221f0d61-2f9b-4dad-b64c-180a656a24f0 tempest-ServerActionsTestJSON-495340709 tempest-ServerActionsTestJSON-495340709-project] REQ: curl -i http://10.222.0.45:8080/v1/AUTH_c13435579cf1480690eee9172db19643/glance/b72b451f-486b-420b-b6d7-c3a4e7394a31-00003 DELETE -H "X-Auth-Token: gAAAAABiEDxhw7O5..." {{(pid=118506) http_log /usr/local/lib/python3.8/dist-packages/swiftclient/client.py:187}}
Feb 19 00:40:01.713617 n-d-826528-3 devstack@g-api.service[118506]: DEBUG swiftclient [None req-221f0d61-2f9b-4dad-b64c-180a656a24f0 tempest-ServerActionsTestJSON-495340709 tempest-ServerActionsTestJSON-495340709-project] RESP STATUS: 204 No Content {{(pid=118506) http_log /usr/local/lib/python3.8/dist-packages/swiftclient/client.py:188}}
Feb 19 00:40:01.714296 n-d-826528-3 devstack@g-api.service[118506]: DEBUG swiftclient [None req-221f0d61-2f9b-4dad-b64c-180a656a24f0 tempest-ServerActionsTestJSON-495340709 tempest-ServerActionsTestJSON-495340709-project] RESP HEADERS: {'Content-Type': 'text/html; charset=UTF-8', 'Content-Length': '0', 'X-Trans-Id': 'txd213378febe94c0a97a6d-0062103c61', 'X-Openstack-Request-Id': 'txd213378febe94c0a97a6d-0062103c61', 'Date': 'Sat, 19 Feb 2022 00:40:01 GMT'} {{(pid=118506) http_log /usr/local/lib/python3.8/dist-packages/swiftclient/client.py:189}}
Feb 19 00:40:01.762784 n-d-826528-3 devstack@g-api.service[118506]: DEBUG swiftclient [None req-221f0d61-2f9b-4dad-b64c-180a656a24f0 tempest-ServerActionsTestJSON-495340709 tempest-ServerActionsTestJSON-495340709-project] REQ: curl -i http://10.222.0.45:8080/v1/AUTH_c13435579cf1480690eee9172db19643/glance/b72b451f-486b-420b-b6d7-c3a4e7394a31-00004 DELETE -H "X-Auth-Token: gAAAAABiEDxhw7O5..." {{(pid=118506) http_log /usr/local/lib/python3.8/dist-packages/swiftclient/client.py:187}}
Feb 19 00:40:01.763384 n-d-826528-3 devstack@g-api.service[118506]: DEBUG swiftclient [None req-221f0d61-2f9b-4dad-b64c-180a656a24f0 tempest-ServerActionsTestJSON-495340709 tempest-ServerActionsTestJSON-495340709-project] RESP STATUS: 204 No Content {{(pid=118506) http_log /usr/local/lib/python3.8/dist-packages/swiftclient/client.py:188}}
Feb 19 00:40:01.764281 n-d-826528-3 devstack@g-api.service[118506]: DEBUG swiftclient [None req-221f0d61-2f9b-4dad-b64c-180a656a24f0 tempest-ServerActionsTestJSON-495340709 tempest-ServerActionsTestJSON-495340709-project] RESP HEADERS: {'Content-Type': 'text/html; charset=UTF-8', 'Content-Length': '0', 'X-Trans-Id': 'tx2ba6a749fff94af8889b5-0062103c61', 'X-Openstack-Request-Id': 'tx2ba6a749fff94af8889b5-0062103c61', 'Date': 'Sat, 19 Feb 2022 00:40:01 GMT'} {{(pid=118506) http_log /usr/local/lib/python3.8/dist-packages/swiftclient/client.py:189}}
Feb 19 00:40:01.810696 n-d-826528-3 devstack@g-api.service[118506]: DEBUG swiftclient [None req-221f0d61-2f9b-4dad-b64c-180a656a24f0 tempest-ServerActionsTestJSON-495340709 tempest-ServerActionsTestJSON-495340709-project] REQ: curl -i http://10.222.0.45:8080/v1/AUTH_c13435579cf1480690eee9172db19643/glance/b72b451f-486b-420b-b6d7-c3a4e7394a31 DELETE -H "X-Auth-Token: gAAAAABiEDxhw7O5..." {{(pid=118506) http_log /usr/local/lib/python3.8/dist-packages/swiftclient/client.py:187}}
Feb 19 00:40:01.811617 n-d-826528-3 devstack@g-api.service[118506]: DEBUG swiftclient [None req-221f0d61-2f9b-4dad-b64c-180a656a24f0 tempest-ServerActionsTestJSON-495340709 tempest-ServerActionsTestJSON-495340709-project] RESP STATUS: 204 No Content {{(pid=118506) http_log /usr/local/lib/python3.8/dist-packages/swiftclient/client.py:188}}
Feb 19 00:40:01.812168 n-d-826528-3 devstack@g-api.service[118506]: DEBUG swiftclient [None req-221f0d61-2f9b-4dad-b64c-180a656a24f0 tempest-ServerActionsTestJSON-495340709 tempest-ServerActionsTestJSON-495340709-project] RESP HEADERS: {'Content-Type': 'text/html; charset=UTF-8', 'Content-Length': '0', 'X-Trans-Id': 'txeb377c84d1444c39a2b3e-0062103c61', 'X-Openstack-Request-Id': 'txeb377c84d1444c39a2b3e-0062103c61', 'Date': 'Sat, 19 Feb 2022 00:40:01 GMT'} {{(pid=118506) http_log /usr/local/lib/python3.8/dist-packages/swiftclient/client.py:189}}
Feb 19 00:40:02.158511 n-d-826528-3 devstack@g-api.service[118506]: [pid: 118506|app: 0|req: 258/496] 127.0.0.1 () {42 vars in 867 bytes} [Sat Feb 19 00:40:01 2022] DELETE /v2/images/b72b451f-486b-420b-b6d7-c3a4e7394a31 => generated 0 bytes in 1136 msecs (HTTP/1.1 204) 4 headers in 171 bytes (1 switches on core 0)
Feb 19 00:40:02.510502 n-d-826528-3 devstack@g-api.service[118505]: DEBUG glance.api.middleware.version_negotiation [None req-efc3eda5-a719-430a-a1d2-2b44f8b07c7b tempest-MetadataNamespacePropertiesTest-1764554271 tempest-MetadataNamespacePropertiesTest-1764554271-project-admin] Determining version of request: GET /v2/images/b72b451f-486b-420b-b6d7-c3a4e7394a31 Accept: application/json {{(pid=118505) process_request /opt/stack/glance/glance/api/middleware/version_negotiation.py:44}}
Feb 19 00:40:02.512470 n-d-826528-3 devstack@g-api.service[118505]: DEBUG glance.api.middleware.version_negotiation [None req-efc3eda5-a719-430a-a1d2-2b44f8b07c7b tempest-MetadataNamespacePropertiesTest-1764554271 tempest-MetadataNamespacePropertiesTest-1764554271-project-admin] Using url versioning {{(pid=118505) process_request /opt/stack/glance/glance/api/middleware/version_negotiation.py:57}}
Feb 19 00:40:02.513401 n-d-826528-3 devstack@g-api.service[118505]: DEBUG glance.api.middleware.version_negotiation [None req-efc3eda5-a719-430a-a1d2-2b44f8b07c7b tempest-MetadataNamespacePropertiesTest-1764554271 tempest-MetadataNamespacePropertiesTest-1764554271-project-admin] Matched version: v2 {{(pid=118505) process_request /opt/stack/glance/glance/api/middleware/version_negotiation.py:69}}
Feb 19 00:40:02.513946 n-d-826528-3 devstack@g-api.service[118505]: DEBUG glance.api.middleware.version_negotiation [None req-efc3eda5-a719-430a-a1d2-2b44f8b07c7b tempest-MetadataNamespacePropertiesTest-1764554271 tempest-MetadataNamespacePropertiesTest-1764554271-project-admin] new path /v2/images/b72b451f-486b-420b-b6d7-c3a4e7394a31 {{(pid=118505) process_request /opt/stack/glance/glance/api/middleware/version_negotiation.py:70}}
Feb 19 00:40:02.528203 n-d-826528-3 devstack@g-api.service[118505]: DEBUG glance.db.sqlalchemy.api [None req-1464aa1d-91f4-412e-ac40-726f2c178302 tempest-ServerActionsTestJSON-495340709 tempest-ServerActionsTestJSON-495340709-project] No image found with ID b72b451f-486b-420b-b6d7-c3a4e7394a31 {{(pid=118505) _image_get /opt/stack/glance/glance/db/sqlalchemy/api.py:280}}
Feb 19 00:40:02.538795 n-d-826528-3 devstack@g-api.service[118506]: DEBUG glance.api.middleware.version_negotiation [None req-221f0d61-2f9b-4dad-b64c-180a656a24f0 tempest-ServerActionsTestJSON-495340709 tempest-ServerActionsTestJSON-495340709-project] Determining version of request: GET /v2/images Accept: application/json {{(pid=118506) process_request /opt/stack/glance/glance/api/middleware/version_negotiation.py:44}}
Feb 19 00:40:02.539240 n-d-826528-3 devstack@g-api.service[118506]: DEBUG glance.api.middleware.version_negotiation [None req-221f0d61-2f9b-4dad-b64c-180a656a24f0 tempest-ServerActionsTestJSON-495340709 tempest-ServerActionsTestJSON-495340709-project] Using url versioning {{(pid=118506) process_request /opt/stack/glance/glance/api/middleware/version_negotiation.py:57}}
Feb 19 00:40:02.545359 n-d-826528-3 devstack@g-api.service[118506]: DEBUG glance.api.middleware.version_negotiation [None req-221f0d61-2f9b-4dad-b64c-180a656a24f0 tempest-ServerActionsTestJSON-495340709 tempest-ServerActionsTestJSON-495340709-project] Matched version: v2 {{(pid=118506) process_request /opt/stack/glance/glance/api/middleware/version_negotiation.py:69}}
Feb 19 00:40:02.552929 n-d-826528-3 devstack@g-api.service[118506]: DEBUG glance.api.middleware.version_negotiation [None req-221f0d61-2f9b-4dad-b64c-180a656a24f0 tempest-ServerActionsTestJSON-495340709 tempest-ServerActionsTestJSON-495340709-project] new path /v2/images {{(pid=118506) process_request /opt/stack/glance/glance/api/middleware/version_negotiation.py:70}}
Feb 19 00:40:02.566288 n-d-826528-3 devstack@g-api.service[118505]: [pid: 118505|app: 0|req: 239/497] 127.0.0.1 () {38 vars in 775 bytes} [Sat Feb 19 00:40:02 2022] GET /v2/images/b72b451f-486b-420b-b6d7-c3a4e7394a31 => generated 139 bytes in 56 msecs (HTTP/1.1 404) 4 headers in 164 bytes (1 switches on core 0)
Feb 19 00:40:02.642077 n-d-826528-3 devstack@g-api.service[118506]: [pid: 118506|app: 0|req: 259/498] 127.0.0.1 () {38 vars in 968 bytes} [Sat Feb 19 00:40:02 2022] GET /v2/images?status=active&sort_key=created_at&sort_dir=asc&image_type=backup&backup_type=daily&instance_uuid=9a2aae52-9582-40ff-97f3-a50920f56a49 => generated 2874 bytes in 103 msecs (HTTP/1.1 200) 4 headers in 158 bytes (1 switches on core 0)
Feb 19 00:40:03.141862 n-d-826528-3 devstack@g-api.service[118505]: DEBUG glance.api.middleware.version_negotiation [None req-1464aa1d-91f4-412e-ac40-726f2c178302 tempest-ServerActionsTestJSON-495340709 tempest-ServerActionsTestJSON-495340709-project] Determining version of request: DELETE /v2/images/392483b0-be66-4c5a-8371-ef8200969535 Accept: application/json {{(pid=118505) process_request /opt/stack/glance/glance/api/middleware/version_negotiation.py:44}}
Feb 19 00:40:03.142238 n-d-826528-3 devstack@g-api.service[118505]: DEBUG glance.api.middleware.version_negotiation [None req-1464aa1d-91f4-412e-ac40-726f2c178302 tempest-ServerActionsTestJSON-495340709 tempest-ServerActionsTestJSON-495340709-project] Using url versioning {{(pid=118505) process_request /opt/stack/glance/glance/api/middleware/version_negotiation.py:57}}
Feb 19 00:40:03.142561 n-d-826528-3 devstack@g-api.service[118505]: DEBUG glance.api.middleware.version_negotiation [None req-1464aa1d-91f4-412e-ac40-726f2c178302 tempest-ServerActionsTestJSON-495340709 tempest-ServerActionsTestJSON-495340709-project] Matched version: v2 {{(pid=118505) process_request /opt/stack/glance/glance/api/middleware/version_negotiation.py:69}}
Feb 19 00:40:03.142845 n-d-826528-3 devstack@g-api.service[118505]: DEBUG glance.api.middleware.version_negotiation [None req-1464aa1d-91f4-412e-ac40-726f2c178302 tempest-ServerActionsTestJSON-495340709 tempest-ServerActionsTestJSON-495340709-project] new path /v2/images/392483b0-be66-4c5a-8371-ef8200969535 {{(pid=118505) process_request /opt/stack/glance/glance/api/middleware/version_negotiation.py:70}}
Feb 19 00:40:03.198931 n-d-826528-3 devstack@g-api.service[118505]: WARNING glance.api.v2.images [None req-cc8d5e1b-e793-4b83-bb03-c8d30c211be9 tempest-ServerActionsTestJSON-495340709 tempest-ServerActionsTestJSON-495340709-project] After upload to backend, deletion of staged image data has failed because it cannot be found at /tmp/staging//392483b0-be66-4c5a-8371-ef8200969535
Feb 19 00:40:03.203870 n-d-826528-3 devstack@g-api.service[118505]: DEBUG glance_store.backend [None req-cc8d5e1b-e793-4b83-bb03-c8d30c211be9 tempest-ServerActionsTestJSON-495340709 tempest-ServerActionsTestJSON-495340709-project] Attempting to import store swift {{(pid=118505) _load_store /usr/local/lib/python3.8/dist-packages/glance_store/backend.py:217}}
Feb 19 00:40:03.209651 n-d-826528-3 devstack@g-api.service[118505]: DEBUG glance_store.capabilities [None req-cc8d5e1b-e793-4b83-bb03-c8d30c211be9 tempest-ServerActionsTestJSON-495340709 tempest-ServerActionsTestJSON-495340709-project] Store glance_store._drivers.swift.store.SingleTenantStore doesn't support updating dynamic storage capabilities. Please overwrite 'update_capabilities' method of the store to implement updating logics if needed. {{(pid=118505) update_capabilities /usr/local/lib/python3.8/dist-packages/glance_store/capabilities.py:91}}
Feb 19 00:40:03.212273 n-d-826528-3 devstack@g-api.service[118505]: DEBUG glance_store.driver [None req-cc8d5e1b-e793-4b83-bb03-c8d30c211be9 tempest-ServerActionsTestJSON-495340709 tempest-ServerActionsTestJSON-495340709-project] Late loading location class glance_store._drivers.swift.store.StoreLocation {{(pid=118505) get_store_location_class /usr/local/lib/python3.8/dist-packages/glance_store/driver.py:117}}
Feb 19 00:40:03.212562 n-d-826528-3 devstack@g-api.service[118505]: DEBUG glance_store.location [None req-cc8d5e1b-e793-4b83-bb03-c8d30c211be9 tempest-ServerActionsTestJSON-495340709 tempest-ServerActionsTestJSON-495340709-project] Registering scheme swift+https with {'store': , 'location_class': , 'store_entry': 'swift'} {{(pid=118505) register_scheme_map /usr/local/lib/python3.8/dist-packages/glance_store/location.py:146}}
Feb 19 00:40:03.212820 n-d-826528-3 devstack@g-api.service[118505]: DEBUG glance_store.location [None req-cc8d5e1b-e793-4b83-bb03-c8d30c211be9 tempest-ServerActionsTestJSON-495340709 tempest-ServerActionsTestJSON-495340709-project] Registering scheme swift+https with {'store': , 'location_class': , 'store_entry': 'swift'} {{(pid=118505) register_scheme_map /usr/local/lib/python3.8/dist-packages/glance_store/location.py:146}}
