Aug 18 10:03:16.212678 n-d-826526-6 devstack@placement-api.service[119829]: INFO placement.requestlog [req-35f30cd5-953a-4af3-a1cc-c90ca4b297fe req-21609a4b-1c20-4d69-9da3-a3544a2293c7 service placement] 10.222.0.17 "GET /placement/allocations/bae584e8-5345-45b0-be10-c81984fb4031" status: 200 len: 19 microversion: 1.28
Aug 18 10:03:16.217789 n-d-826526-6 devstack@placement-api.service[119829]: [pid: 119829|app: 0|req: 354/712] 10.222.0.17 () {60 vars in 1380 bytes} [Thu Aug 18 10:03:16 2022] GET /placement/allocations/bae584e8-5345-45b0-be10-c81984fb4031 => generated 19 bytes in 26 msecs (HTTP/1.1 200) 8 headers in 295 bytes (1 switches on core 0)
Aug 18 10:03:16.223896 n-d-826526-6 devstack@placement-api.service[119829]: DEBUG placement.requestlog [req-35f30cd5-953a-4af3-a1cc-c90ca4b297fe req-7c6f527f-92d0-4202-86c2-753fee637311 None None] Starting request: 10.222.0.17 "PUT /placement/allocations/bae584e8-5345-45b0-be10-c81984fb4031" {{(pid=119829) __call__ /opt/stack/placement/placement/requestlog.py:55}}
Aug 18 10:03:16.400980 n-d-826526-6 devstack@placement-api.service[119828]: DEBUG placement.handlers.allocation [req-f3e07ef4-9fb2-4a80-bc0e-ece6a7caa66b req-1a712117-12ce-4e8e-8feb-cb5541f20f3a service placement] Successfully deleted allocations [, , ] {{(pid=119828) delete_allocations /opt/stack/placement/placement/handlers/allocation.py:627}}
Aug 18 10:03:16.405119 n-d-826526-6 devstack@placement-api.service[119828]: INFO placement.requestlog [req-f3e07ef4-9fb2-4a80-bc0e-ece6a7caa66b req-1a712117-12ce-4e8e-8feb-cb5541f20f3a service placement] 10.222.0.45 "DELETE /placement/allocations/c973e93c-8508-4196-b32d-be1d7a0b444e" status: 204 len: 0 microversion: 1.0
Aug 18 10:03:16.405119 n-d-826526-6 devstack@placement-api.service[119828]: [pid: 119828|app: 0|req: 359/713] 10.222.0.45 () {60 vars in 1355 bytes} [Thu Aug 18 10:03:16 2022] DELETE /placement/allocations/c973e93c-8508-4196-b32d-be1d7a0b444e => generated 0 bytes in 247 msecs (HTTP/1.1 204) 5 headers in 198 bytes (1 switches on core 0)
Aug 18 10:03:16.850546 n-d-826526-6 devstack@placement-api.service[119829]: DEBUG placement.handlers.allocation [req-35f30cd5-953a-4af3-a1cc-c90ca4b297fe req-7c6f527f-92d0-4202-86c2-753fee637311 service placement] Successfully wrote allocations [, , ] {{(pid=119829) _update_consumers_and_create_allocations /opt/stack/placement/placement/handlers/allocation.py:462}}
Aug 18 10:03:16.973310 n-d-826526-6 devstack@placement-api.service[119829]: INFO placement.requestlog [req-35f30cd5-953a-4af3-a1cc-c90ca4b297fe req-7c6f527f-92d0-4202-86c2-753fee637311 service placement] 10.222.0.17 "PUT /placement/allocations/bae584e8-5345-45b0-be10-c81984fb4031" status: 204 len: 0 microversion: 1.36
Aug 18 10:03:16.973310 n-d-826526-6 devstack@placement-api.service[119829]: [pid: 119829|app: 0|req: 355/714] 10.222.0.17 () {64 vars in 1433 bytes} [Thu Aug 18 10:03:16 2022] PUT /placement/allocations/bae584e8-5345-45b0-be10-c81984fb4031 => generated 0 bytes in 745 msecs (HTTP/1.1 204) 5 headers in 199 bytes (1 switches on core 0)
Aug 18 10:03:17.727131 n-d-826526-6 devstack@placement-api.service[119828]: DEBUG placement.requestlog [None req-774ce162-9e08-49d0-8ba6-d157325fc818 None None] Starting request: 10.222.0.17 "GET /placement/resource_providers/79ed539c-3165-4e68-9246-46e7746005d3/aggregates" {{(pid=119828) __call__ /opt/stack/placement/placement/requestlog.py:55}}
Aug 18 10:03:17.727131 n-d-826526-6 devstack@placement-api.service[119828]: INFO placement.requestlog [None req-774ce162-9e08-49d0-8ba6-d157325fc818 service placement] 10.222.0.17 "GET /placement/resource_providers/79ed539c-3165-4e68-9246-46e7746005d3/aggregates" status: 404 len: 235 microversion: 1.1
Aug 18 10:03:17.727131 n-d-826526-6 devstack@placement-api.service[119828]: [pid: 119828|app: 0|req: 360/715] 10.222.0.17 () {58 vars in 1362 bytes} [Thu Aug 18 10:03:17 2022] GET /placement/resource_providers/79ed539c-3165-4e68-9246-46e7746005d3/aggregates => generated 235 bytes in 14 msecs (HTTP/1.1 404) 5 headers in 202 bytes (1 switches on core 0)
Aug 18 10:03:17.759263 n-d-826526-6 devstack@placement-api.service[119829]: DEBUG placement.requestlog [None req-9e49e8d4-b048-444e-915a-3df7ee3eae64 None None] Starting request: 10.222.0.17 "DELETE /placement/resource_providers/79ed539c-3165-4e68-9246-46e7746005d3" {{(pid=119829) __call__ /opt/stack/placement/placement/requestlog.py:55}}
Aug 18 10:03:17.761838 n-d-826526-6 devstack@placement-api.service[119829]: DEBUG placement.wsgi_wrapper [None req-9e49e8d4-b048-444e-915a-3df7ee3eae64 service placement] Placement API returning an error response: No resource provider with uuid 79ed539c-3165-4e68-9246-46e7746005d3 found for delete {{(pid=119829) call_func /opt/stack/placement/placement/wsgi_wrapper.py:31}}
Aug 18 10:03:17.762787 n-d-826526-6 devstack@placement-api.service[119829]: INFO placement.requestlog [None req-9e49e8d4-b048-444e-915a-3df7ee3eae64 service placement] 10.222.0.17 "DELETE /placement/resource_providers/79ed539c-3165-4e68-9246-46e7746005d3" status: 404 len: 246 microversion: 1.1
Aug 18 10:03:17.763721 n-d-826526-6 devstack@placement-api.service[119829]: [pid: 119829|app: 0|req: 356/716] 10.222.0.17 () {60 vars in 1351 bytes} [Thu Aug 18 10:03:17 2022] DELETE /placement/resource_providers/79ed539c-3165-4e68-9246-46e7746005d3 => generated 246 bytes in 12 msecs (HTTP/1.1 404) 6 headers in 231 bytes (1 switches on core 0)
Aug 18 10:03:18.837256 n-d-826526-6 devstack@placement-api.service[119828]: DEBUG placement.requestlog [req-35f30cd5-953a-4af3-a1cc-c90ca4b297fe req-5007fbe5-dd1d-4189-ad49-346ebfb2869f None None] Starting request: 10.222.0.45 "GET /placement/allocations/bae584e8-5345-45b0-be10-c81984fb4031" {{(pid=119828) __call__ /opt/stack/placement/placement/requestlog.py:55}}
Aug 18 10:03:18.860483 n-d-826526-6 devstack@placement-api.service[119828]: INFO placement.requestlog [req-35f30cd5-953a-4af3-a1cc-c90ca4b297fe req-5007fbe5-dd1d-4189-ad49-346ebfb2869f service placement] 10.222.0.45 "GET /placement/allocations/bae584e8-5345-45b0-be10-c81984fb4031" status: 200 len: 259 microversion: 1.28
Aug 18 10:03:18.861395 n-d-826526-6 devstack@placement-api.service[119828]: [pid: 119828|app: 0|req: 361/717] 10.222.0.45 () {60 vars in 1377 bytes} [Thu Aug 18 10:03:18 2022] GET /placement/allocations/bae584e8-5345-45b0-be10-c81984fb4031 => generated 259 bytes in 24 msecs (HTTP/1.1 200) 8 headers in 296 bytes (2 switches on core 0)
Aug 18 10:03:21.245199 n-d-826526-6 devstack@placement-api.service[119829]: DEBUG placement.requestlog [None req-ff168b99-b26f-4d34-8eaa-22da5e32392f None None] Starting request: 10.222.0.17 "GET /placement/resource_providers/dab057f5-15c1-43ce-8444-3d1b1f06adb8/aggregates" {{(pid=119829) __call__ /opt/stack/placement/placement/requestlog.py:55}}
Aug 18 10:03:21.262659 n-d-826526-6 devstack@placement-api.service[119829]: INFO placement.requestlog [None req-ff168b99-b26f-4d34-8eaa-22da5e32392f service placement] 10.222.0.17 "GET /placement/resource_providers/dab057f5-15c1-43ce-8444-3d1b1f06adb8/aggregates" status: 404 len: 235 microversion: 1.1
Aug 18 10:03:21.263217 n-d-826526-6 devstack@placement-api.service[119829]: [pid: 119829|app: 0|req: 357/718] 10.222.0.17 () {58 vars in 1362 bytes} [Thu Aug 18 10:03:21 2022] GET /placement/resource_providers/dab057f5-15c1-43ce-8444-3d1b1f06adb8/aggregates => generated 235 bytes in 18 msecs (HTTP/1.1 404) 5 headers in 202 bytes (1 switches on core 0)
Aug 18 10:03:21.290567 n-d-826526-6 devstack@placement-api.service[119828]: DEBUG placement.requestlog [None req-e26177af-2844-4373-9d80-12019d366df7 None None] Starting request: 10.222.0.17 "DELETE /placement/resource_providers/dab057f5-15c1-43ce-8444-3d1b1f06adb8" {{(pid=119828) __call__ /opt/stack/placement/placement/requestlog.py:55}}
Aug 18 10:03:21.307621 n-d-826526-6 devstack@placement-api.service[119828]: DEBUG placement.wsgi_wrapper [None req-e26177af-2844-4373-9d80-12019d366df7 service placement] Placement API returning an error response: No resource provider with uuid dab057f5-15c1-43ce-8444-3d1b1f06adb8 found for delete {{(pid=119828) call_func /opt/stack/placement/placement/wsgi_wrapper.py:31}}
Aug 18 10:03:21.308552 n-d-826526-6 devstack@placement-api.service[119828]: INFO placement.requestlog [None req-e26177af-2844-4373-9d80-12019d366df7 service placement] 10.222.0.17 "DELETE /placement/resource_providers/dab057f5-15c1-43ce-8444-3d1b1f06adb8" status: 404 len: 246 microversion: 1.1
Aug 18 10:03:21.309673 n-d-826526-6 devstack@placement-api.service[119828]: [pid: 119828|app: 0|req: 362/719] 10.222.0.17 () {60 vars in 1351 bytes} [Thu Aug 18 10:03:21 2022] DELETE /placement/resource_providers/dab057f5-15c1-43ce-8444-3d1b1f06adb8 => generated 246 bytes in 19 msecs (HTTP/1.1 404) 6 headers in 231 bytes (1 switches on core 0)
Aug 18 10:03:29.580788 n-d-826526-6 devstack@placement-api.service[119829]: DEBUG placement.requestlog [req-d6df50d4-da1f-44cf-8910-bf417cdfbb2c req-42bffb3a-0ceb-461b-9dee-2b1dce7e0aa5 None None] Starting request: 10.222.0.47 "DELETE /placement/allocations/14397630-5586-4e5b-b46f-b65d264a458f" {{(pid=119829) __call__ /opt/stack/placement/placement/requestlog.py:55}}
Aug 18 10:03:29.769138 n-d-826526-6 devstack@placement-api.service[119829]: DEBUG placement.handlers.allocation [req-d6df50d4-da1f-44cf-8910-bf417cdfbb2c req-42bffb3a-0ceb-461b-9dee-2b1dce7e0aa5 service placement] Successfully deleted allocations [, ] {{(pid=119829) delete_allocations /opt/stack/placement/placement/handlers/allocation.py:627}}
Aug 18 10:03:29.770207 n-d-826526-6 devstack@placement-api.service[119829]: INFO placement.requestlog [req-d6df50d4-da1f-44cf-8910-bf417cdfbb2c req-42bffb3a-0ceb-461b-9dee-2b1dce7e0aa5 service placement] 10.222.0.47 "DELETE /placement/allocations/14397630-5586-4e5b-b46f-b65d264a458f" status: 204 len: 0 microversion: 1.0
Aug 18 10:03:29.771147 n-d-826526-6 devstack@placement-api.service[119829]: [pid: 119829|app: 0|req: 358/720] 10.222.0.47 () {60 vars in 1355 bytes} [Thu Aug 18 10:03:29 2022] DELETE /placement/allocations/14397630-5586-4e5b-b46f-b65d264a458f => generated 0 bytes in 191 msecs (HTTP/1.1 204) 5 headers in 198 bytes (1 switches on core 0)
Aug 18 10:03:30.243573 n-d-826526-6 devstack@placement-api.service[119828]: DEBUG placement.requestlog [req-cf70e1ed-0343-4158-acc3-a953e4d2dee2 req-69ea9420-513d-4913-b3b4-d3d254721337 None None] Starting request: 10.222.0.17 "GET /placement/allocation_candidates?limit=1000&resources=DISK_GB%3A1%2CMEMORY_MB%3A1024%2CVCPU%3A1&root_required=%21COMPUTE_STATUS_DISABLED" {{(pid=119828) __call__ /opt/stack/placement/placement/requestlog.py:55}}
Aug 18 10:03:30.267368 n-d-826526-6 devstack@placement-api.service[119828]: DEBUG dbcounter [-] [119828] Writing DB stats placement:SELECT=50,placement:DELETE=10 {{(pid=119828) stat_writer /usr/local/lib/python3.8/dist-packages/dbcounter.py:114}}
Aug 18 10:03:30.330649 n-d-826526-6 devstack@placement-api.service[119828]: DEBUG placement.objects.research_context [req-cf70e1ed-0343-4158-acc3-a953e4d2dee2 req-69ea9420-513d-4913-b3b4-d3d254721337 service placement] getting providers with 1 DISK_GB {{(pid=119828) __init__ /opt/stack/placement/placement/objects/research_context.py:136}}
Aug 18 10:03:30.337828 n-d-826526-6 devstack@placement-api.service[119828]: DEBUG placement.objects.research_context [req-cf70e1ed-0343-4158-acc3-a953e4d2dee2 req-69ea9420-513d-4913-b3b4-d3d254721337 service placement] getting providers with 1024 MEMORY_MB {{(pid=119828) __init__ /opt/stack/placement/placement/objects/research_context.py:136}}
Aug 18 10:03:30.344259 n-d-826526-6 devstack@placement-api.service[119828]: DEBUG placement.objects.research_context [req-cf70e1ed-0343-4158-acc3-a953e4d2dee2 req-69ea9420-513d-4913-b3b4-d3d254721337 service placement] getting providers with 1 VCPU {{(pid=119828) __init__ /opt/stack/placement/placement/objects/research_context.py:136}}
Aug 18 10:03:30.351850 n-d-826526-6 devstack@placement-api.service[119828]: DEBUG placement.objects.research_context [req-cf70e1ed-0343-4158-acc3-a953e4d2dee2 req-69ea9420-513d-4913-b3b4-d3d254721337 service placement] found 2 providers with available 1 DISK_GB {{(pid=119828) get_provider_ids_matching /opt/stack/placement/placement/objects/research_context.py:563}}
Aug 18 10:03:30.352482 n-d-826526-6 devstack@placement-api.service[119828]: DEBUG placement.objects.research_context [req-cf70e1ed-0343-4158-acc3-a953e4d2dee2 req-69ea9420-513d-4913-b3b4-d3d254721337 service placement] found 2 providers with available 1024 MEMORY_MB {{(pid=119828) get_provider_ids_matching /opt/stack/placement/placement/objects/research_context.py:563}}
Aug 18 10:03:30.352925 n-d-826526-6 devstack@placement-api.service[119828]: DEBUG placement.objects.research_context [req-cf70e1ed-0343-4158-acc3-a953e4d2dee2 req-69ea9420-513d-4913-b3b4-d3d254721337 service placement] found 2 providers after filtering by previous result {{(pid=119828) get_provider_ids_matching /opt/stack/placement/placement/objects/research_context.py:594}}
Aug 18 10:03:30.353452 n-d-826526-6 devstack@placement-api.service[119828]: DEBUG placement.objects.research_context [req-cf70e1ed-0343-4158-acc3-a953e4d2dee2 req-69ea9420-513d-4913-b3b4-d3d254721337 service placement] found 2 providers with available 1 VCPU {{(pid=119828) get_provider_ids_matching /opt/stack/placement/placement/objects/research_context.py:563}}
Aug 18 10:03:30.353991 n-d-826526-6 devstack@placement-api.service[119828]: DEBUG placement.objects.research_context [req-cf70e1ed-0343-4158-acc3-a953e4d2dee2 req-69ea9420-513d-4913-b3b4-d3d254721337 service placement] found 2 providers after filtering by previous result {{(pid=119828) get_provider_ids_matching /opt/stack/placement/placement/objects/research_context.py:594}}
Aug 18 10:03:30.377129 n-d-826526-6 devstack@placement-api.service[119828]: DEBUG placement.objects.allocation_candidate [req-cf70e1ed-0343-4158-acc3-a953e4d2dee2 req-69ea9420-513d-4913-b3b4-d3d254721337 service placement] RequestGroup(use_same_provider=False, resources={DISK_GB:1, MEMORY_MB:1024, VCPU:1}, traits=(), aggregates=[]) (suffix '') returned 2 matches {{(pid=119828) _get_by_requests /opt/stack/placement/placement/objects/allocation_candidate.py:156}}
Aug 18 10:03:30.377767 n-d-826526-6 devstack@placement-api.service[119828]: DEBUG placement.objects.allocation_candidate [req-cf70e1ed-0343-4158-acc3-a953e4d2dee2 req-69ea9420-513d-4913-b3b4-d3d254721337 service placement] Merging candidates yields 2 allocation requests and 2 provider summaries {{(pid=119828) _merge_candidates /opt/stack/placement/placement/objects/allocation_candidate.py:809}}
Aug 18 10:03:30.379661 n-d-826526-6 devstack@placement-api.service[119828]: INFO placement.requestlog [req-cf70e1ed-0343-4158-acc3-a953e4d2dee2 req-69ea9420-513d-4913-b3b4-d3d254721337 service placement] 10.222.0.17 "GET /placement/allocation_candidates?limit=1000&resources=DISK_GB%3A1%2CMEMORY_MB%3A1024%2CVCPU%3A1&root_required=%21COMPUTE_STATUS_DISABLED" status: 200 len: 1309 microversion: 1.36
Aug 18 10:03:30.385047 n-d-826526-6 devstack@placement-api.service[119828]: [pid: 119828|app: 0|req: 363/721] 10.222.0.17 () {60 vars in 1506 bytes} [Thu Aug 18 10:03:30 2022] GET /placement/allocation_candidates?limit=1000&resources=DISK_GB%3A1%2CMEMORY_MB%3A1024%2CVCPU%3A1&root_required=%21COMPUTE_STATUS_DISABLED => generated 1309 bytes in 142 msecs (HTTP/1.1 200) 8 headers in 297 bytes (1 switches on core 0)
Aug 18 10:03:30.481213 n-d-826526-6 devstack@placement-api.service[119829]: DEBUG placement.requestlog [req-cf70e1ed-0343-4158-acc3-a953e4d2dee2 req-b5e45580-a567-4cfc-af5d-e7015c75523b None None] Starting request: 10.222.0.17 "GET /placement/allocations/bcfd1113-8356-4687-9826-1598d8519b61" {{(pid=119829) __call__ /opt/stack/placement/placement/requestlog.py:55}}
Aug 18 10:03:30.512118 n-d-826526-6 devstack@placement-api.service[119829]: INFO placement.requestlog [req-cf70e1ed-0343-4158-acc3-a953e4d2dee2 req-b5e45580-a567-4cfc-af5d-e7015c75523b service placement] 10.222.0.17 "GET /placement/allocations/bcfd1113-8356-4687-9826-1598d8519b61" status: 200 len: 19 microversion: 1.28
Aug 18 10:03:30.512908 n-d-826526-6 devstack@placement-api.service[119829]: [pid: 119829|app: 0|req: 359/722] 10.222.0.17 () {60 vars in 1380 bytes} [Thu Aug 18 10:03:30 2022] GET /placement/allocations/bcfd1113-8356-4687-9826-1598d8519b61 => generated 19 bytes in 32 msecs (HTTP/1.1 200) 8 headers in 295 bytes (1 switches on core 0)
Aug 18 10:03:30.526115 n-d-826526-6 devstack@placement-api.service[119828]: DEBUG placement.requestlog [req-cf70e1ed-0343-4158-acc3-a953e4d2dee2 req-0505dad3-1453-49e6-b5d3-d98e458a5f9c None None] Starting request: 10.222.0.17 "PUT /placement/allocations/bcfd1113-8356-4687-9826-1598d8519b61" {{(pid=119828) __call__ /opt/stack/placement/placement/requestlog.py:55}}
Aug 18 10:03:30.711161 n-d-826526-6 devstack@placement-api.service[119828]: DEBUG placement.handlers.allocation [req-cf70e1ed-0343-4158-acc3-a953e4d2dee2 req-0505dad3-1453-49e6-b5d3-d98e458a5f9c service placement] Successfully wrote allocations [, , ] {{(pid=119828) _update_consumers_and_create_allocations /opt/stack/placement/placement/handlers/allocation.py:462}}
Aug 18 10:03:30.824304 n-d-826526-6 devstack@placement-api.service[119828]: INFO placement.requestlog [req-cf70e1ed-0343-4158-acc3-a953e4d2dee2 req-0505dad3-1453-49e6-b5d3-d98e458a5f9c service placement] 10.222.0.17 "PUT /placement/allocations/bcfd1113-8356-4687-9826-1598d8519b61" status: 204 len: 0 microversion: 1.36
Aug 18 10:03:30.824990 n-d-826526-6 devstack@placement-api.service[119828]: [pid: 119828|app: 0|req: 364/723] 10.222.0.17 () {64 vars in 1433 bytes} [Thu Aug 18 10:03:30 2022] PUT /placement/allocations/bcfd1113-8356-4687-9826-1598d8519b61 => generated 0 bytes in 299 msecs (HTTP/1.1 204) 5 headers in 199 bytes (1 switches on core 0)
Aug 18 10:03:32.124241 n-d-826526-6 devstack@placement-api.service[119829]: DEBUG placement.requestlog [req-cf70e1ed-0343-4158-acc3-a953e4d2dee2 req-def2ec95-3354-46d6-836c-63155b350bf1 None None] Starting request: 10.222.0.47 "GET /placement/allocations/bcfd1113-8356-4687-9826-1598d8519b61" {{(pid=119829) __call__ /opt/stack/placement/placement/requestlog.py:55}}
Aug 18 10:03:32.160160 n-d-826526-6 devstack@placement-api.service[119829]: INFO placement.requestlog [req-cf70e1ed-0343-4158-acc3-a953e4d2dee2 req-def2ec95-3354-46d6-836c-63155b350bf1 service placement] 10.222.0.47 "GET /placement/allocations/bcfd1113-8356-4687-9826-1598d8519b61" status: 200 len: 259 microversion: 1.28
Aug 18 10:03:32.162696 n-d-826526-6 devstack@placement-api.service[119829]: [pid: 119829|app: 0|req: 360/724] 10.222.0.47 () {60 vars in 1377 bytes} [Thu Aug 18 10:03:32 2022] GET /placement/allocations/bcfd1113-8356-4687-9826-1598d8519b61 => generated 259 bytes in 39 msecs (HTTP/1.1 200) 8 headers in 296 bytes (1 switches on core 0)
Aug 18 10:03:32.284037 n-d-826526-6 devstack@placement-api.service[119828]: DEBUG placement.requestlog [None req-2595f768-60fd-409a-85b6-e2b812a8cc69 None None] Starting request: 10.222.0.17 "GET /placement/resource_providers/80a45b71-b7e3-4fc1-94f9-17da10542973/aggregates" {{(pid=119828) __call__ /opt/stack/placement/placement/requestlog.py:55}}
Aug 18 10:03:32.312043 n-d-826526-6 devstack@placement-api.service[119828]: INFO placement.requestlog [None req-2595f768-60fd-409a-85b6-e2b812a8cc69 service placement] 10.222.0.17 "GET /placement/resource_providers/80a45b71-b7e3-4fc1-94f9-17da10542973/aggregates" status: 404 len: 235 microversion: 1.1
Aug 18 10:03:32.312967 n-d-826526-6 devstack@placement-api.service[119828]: [pid: 119828|app: 0|req: 365/725] 10.222.0.17 () {58 vars in 1362 bytes} [Thu Aug 18 10:03:32 2022] GET /placement/resource_providers/80a45b71-b7e3-4fc1-94f9-17da10542973/aggregates => generated 235 bytes in 29 msecs (HTTP/1.1 404) 5 headers in 202 bytes (1 switches on core 0)
Aug 18 10:03:32.362369 n-d-826526-6 devstack@placement-api.service[119829]: DEBUG placement.requestlog [None req-fbddf27b-80ef-41e6-9c9c-40d67b082de3 None None] Starting request: 10.222.0.17 "DELETE /placement/resource_providers/80a45b71-b7e3-4fc1-94f9-17da10542973" {{(pid=119829) __call__ /opt/stack/placement/placement/requestlog.py:55}}
Aug 18 10:03:32.381364 n-d-826526-6 devstack@placement-api.service[119829]: DEBUG placement.wsgi_wrapper [None req-fbddf27b-80ef-41e6-9c9c-40d67b082de3 service placement] Placement API returning an error response: No resource provider with uuid 80a45b71-b7e3-4fc1-94f9-17da10542973 found for delete {{(pid=119829) call_func /opt/stack/placement/placement/wsgi_wrapper.py:31}}
Aug 18 10:03:32.382121 n-d-826526-6 devstack@placement-api.service[119829]: INFO placement.requestlog [None req-fbddf27b-80ef-41e6-9c9c-40d67b082de3 service placement] 10.222.0.17 "DELETE /placement/resource_providers/80a45b71-b7e3-4fc1-94f9-17da10542973" status: 404 len: 246 microversion: 1.1
Aug 18 10:03:32.382481 n-d-826526-6 devstack@placement-api.service[119829]: [pid: 119829|app: 0|req: 361/726] 10.222.0.17 () {60 vars in 1351 bytes} [Thu Aug 18 10:03:32 2022] DELETE /placement/resource_providers/80a45b71-b7e3-4fc1-94f9-17da10542973 => generated 246 bytes in 20 msecs (HTTP/1.1 404) 6 headers in 231 bytes (1 switches on core 0)
Aug 18 10:03:38.540854 n-d-826526-6 devstack@placement-api.service[119828]: DEBUG placement.requestlog [None req-3f93f236-c7bf-4198-ae0d-938fe51f3d99 None None] Starting request: 10.222.0.17 "GET /placement/" {{(pid=119828) __call__ /opt/stack/placement/placement/requestlog.py:55}}
Aug 18 10:03:38.543648 n-d-826526-6 devstack@placement-api.service[119828]: INFO placement.requestlog [None req-3f93f236-c7bf-4198-ae0d-938fe51f3d99 None None] 10.222.0.17 "GET /placement/" status: 200 len: 136 microversion: 1.0
Aug 18 10:03:38.544443 n-d-826526-6 devstack@placement-api.service[119828]: [pid: 119828|app: 0|req: 366/727] 10.222.0.17 () {54 vars in 907 bytes} [Thu Aug 18 10:03:38 2022] GET /placement => generated 136 bytes in 4 msecs (HTTP/1.1 200) 6 headers in 224 bytes (1 switches on core 0)
Aug 18 10:03:38.579618 n-d-826526-6 devstack@placement-api.service[119829]: DEBUG placement.requestlog [req-781d3ec1-5602-4340-8981-4c61f3861ecd req-5990c6a1-427e-4fb3-b3a0-e6d2087ed4dd None None] Starting request: 10.222.0.17 "GET /placement/resource_providers/cae8ded3-1442-4d40-8b3a-877ec622e651/traits" {{(pid=119829) __call__ /opt/stack/placement/placement/requestlog.py:55}}
Aug 18 10:03:39.116856 n-d-826526-6 devstack@placement-api.service[119829]: DEBUG dbcounter [-] [119829] Writing DB stats placement:SELECT=62,placement:DELETE=6,placement:INSERT=6,placement:UPDATE=2 {{(pid=119829) stat_writer /usr/local/lib/python3.8/dist-packages/dbcounter.py:114}}
Aug 18 10:03:39.168240 n-d-826526-6 devstack@placement-api.service[119829]: INFO placement.requestlog [req-781d3ec1-5602-4340-8981-4c61f3861ecd req-5990c6a1-427e-4fb3-b3a0-e6d2087ed4dd service placement] 10.222.0.17 "GET /placement/resource_providers/cae8ded3-1442-4d40-8b3a-877ec622e651/traits" status: 200 len: 212 microversion: 1.6
Aug 18 10:03:39.170580 n-d-826526-6 devstack@placement-api.service[119829]: [pid: 119829|app: 0|req: 362/728] 10.222.0.17 () {60 vars in 1412 bytes} [Thu Aug 18 10:03:38 2022] GET /placement/resource_providers/cae8ded3-1442-4d40-8b3a-877ec622e651/traits => generated 212 bytes in 590 msecs (HTTP/1.1 200) 6 headers in 224 bytes (1 switches on core 0)
Aug 18 10:03:40.364249 n-d-826526-6 devstack@placement-api.service[119828]: DEBUG placement.requestlog [req-98ac9538-4ade-411e-917b-aeea50d641f5 req-d3d1bda7-9865-440a-a777-b073f96dfe95 None None] Starting request: 10.222.0.17 "GET /placement/allocation_candidates?limit=1000&resources=DISK_GB%3A1%2CMEMORY_MB%3A1024%2CVCPU%3A1&root_required=%21COMPUTE_STATUS_DISABLED" {{(pid=119828) __call__ /opt/stack/placement/placement/requestlog.py:55}}
Aug 18 10:03:40.457466 n-d-826526-6 devstack@placement-api.service[119828]: DEBUG placement.objects.research_context [req-98ac9538-4ade-411e-917b-aeea50d641f5 req-d3d1bda7-9865-440a-a777-b073f96dfe95 service placement] getting providers with 1 DISK_GB {{(pid=119828) __init__ /opt/stack/placement/placement/objects/research_context.py:136}}
Aug 18 10:03:40.465178 n-d-826526-6 devstack@placement-api.service[119828]: DEBUG placement.objects.research_context [req-98ac9538-4ade-411e-917b-aeea50d641f5 req-d3d1bda7-9865-440a-a777-b073f96dfe95 service placement] getting providers with 1024 MEMORY_MB {{(pid=119828) __init__ /opt/stack/placement/placement/objects/research_context.py:136}}
Aug 18 10:03:40.475726 n-d-826526-6 devstack@placement-api.service[119828]: DEBUG placement.objects.research_context [req-98ac9538-4ade-411e-917b-aeea50d641f5 req-d3d1bda7-9865-440a-a777-b073f96dfe95 service placement] getting providers with 1 VCPU {{(pid=119828) __init__ /opt/stack/placement/placement/objects/research_context.py:136}}
Aug 18 10:03:40.496502 n-d-826526-6 devstack@placement-api.service[119828]: DEBUG placement.objects.research_context [req-98ac9538-4ade-411e-917b-aeea50d641f5 req-d3d1bda7-9865-440a-a777-b073f96dfe95 service placement] found 2 providers with available 1 DISK_GB {{(pid=119828) get_provider_ids_matching /opt/stack/placement/placement/objects/research_context.py:563}}
Aug 18 10:03:40.497130 n-d-826526-6 devstack@placement-api.service[119828]: DEBUG placement.objects.research_context [req-98ac9538-4ade-411e-917b-aeea50d641f5 req-d3d1bda7-9865-440a-a777-b073f96dfe95 service placement] found 2 providers with available 1024 MEMORY_MB {{(pid=119828) get_provider_ids_matching /opt/stack/placement/placement/objects/research_context.py:563}}
Aug 18 10:03:40.497481 n-d-826526-6 devstack@placement-api.service[119828]: DEBUG placement.objects.research_context [req-98ac9538-4ade-411e-917b-aeea50d641f5 req-d3d1bda7-9865-440a-a777-b073f96dfe95 service placement] found 2 providers after filtering by previous result {{(pid=119828) get_provider_ids_matching /opt/stack/placement/placement/objects/research_context.py:594}}
Aug 18 10:03:40.498023 n-d-826526-6 devstack@placement-api.service[119828]: DEBUG placement.objects.research_context [req-98ac9538-4ade-411e-917b-aeea50d641f5 req-d3d1bda7-9865-440a-a777-b073f96dfe95 service placement] found 2 providers with available 1 VCPU {{(pid=119828) get_provider_ids_matching /opt/stack/placement/placement/objects/research_context.py:563}}
Aug 18 10:03:40.498421 n-d-826526-6 devstack@placement-api.service[119828]: DEBUG placement.objects.research_context [req-98ac9538-4ade-411e-917b-aeea50d641f5 req-d3d1bda7-9865-440a-a777-b073f96dfe95 service placement] found 2 providers after filtering by previous result {{(pid=119828) get_provider_ids_matching /opt/stack/placement/placement/objects/research_context.py:594}}
Aug 18 10:03:40.526407 n-d-826526-6 devstack@placement-api.service[119828]: DEBUG placement.objects.allocation_candidate [req-98ac9538-4ade-411e-917b-aeea50d641f5 req-d3d1bda7-9865-440a-a777-b073f96dfe95 service placement] RequestGroup(use_same_provider=False, resources={DISK_GB:1, MEMORY_MB:1024, VCPU:1}, traits=(), aggregates=[]) (suffix '') returned 2 matches {{(pid=119828) _get_by_requests /opt/stack/placement/placement/objects/allocation_candidate.py:156}}
Aug 18 10:03:40.526884 n-d-826526-6 devstack@placement-api.service[119828]: DEBUG placement.objects.allocation_candidate [req-98ac9538-4ade-411e-917b-aeea50d641f5 req-d3d1bda7-9865-440a-a777-b073f96dfe95 service placement] Merging candidates yields 2 allocation requests and 2 provider summaries {{(pid=119828) _merge_candidates /opt/stack/placement/placement/objects/allocation_candidate.py:809}}
Aug 18 10:03:40.531747 n-d-826526-6 devstack@placement-api.service[119828]: INFO placement.requestlog [req-98ac9538-4ade-411e-917b-aeea50d641f5 req-d3d1bda7-9865-440a-a777-b073f96dfe95 service placement] 10.222.0.17 "GET /placement/allocation_candidates?limit=1000&resources=DISK_GB%3A1%2CMEMORY_MB%3A1024%2CVCPU%3A1&root_required=%21COMPUTE_STATUS_DISABLED" status: 200 len: 1309 microversion: 1.36
Aug 18 10:03:40.532460 n-d-826526-6 devstack@placement-api.service[119828]: [pid: 119828|app: 0|req: 367/729] 10.222.0.17 () {60 vars in 1506 bytes} [Thu Aug 18 10:03:40 2022] GET /placement/allocation_candidates?limit=1000&resources=DISK_GB%3A1%2CMEMORY_MB%3A1024%2CVCPU%3A1&root_required=%21COMPUTE_STATUS_DISABLED => generated 1309 bytes in 169 msecs (HTTP/1.1 200) 8 headers in 297 bytes (1 switches on core 0)
Aug 18 10:03:40.665811 n-d-826526-6 devstack@placement-api.service[119829]: DEBUG placement.requestlog [req-98ac9538-4ade-411e-917b-aeea50d641f5 req-9b8acca9-c86c-40fc-8ec1-9efc1ce39deb None None] Starting request: 10.222.0.17 "GET /placement/allocations/331f4db3-a25b-4247-b830-8fa66230fdcb" {{(pid=119829) __call__ /opt/stack/placement/placement/requestlog.py:55}}
Aug 18 10:03:40.669013 n-d-826526-6 devstack@placement-api.service[119829]: INFO placement.requestlog [req-98ac9538-4ade-411e-917b-aeea50d641f5 req-9b8acca9-c86c-40fc-8ec1-9efc1ce39deb service placement] 10.222.0.17 "GET /placement/allocations/331f4db3-a25b-4247-b830-8fa66230fdcb" status: 200 len: 19 microversion: 1.28
Aug 18 10:03:40.675691 n-d-826526-6 devstack@placement-api.service[119829]: [pid: 119829|app: 0|req: 363/730] 10.222.0.17 () {60 vars in 1380 bytes} [Thu Aug 18 10:03:40 2022] GET /placement/allocations/331f4db3-a25b-4247-b830-8fa66230fdcb => generated 19 bytes in 30 msecs (HTTP/1.1 200) 8 headers in 295 bytes (1 switches on core 0)
Aug 18 10:03:40.679439 n-d-826526-6 devstack@placement-api.service[119828]: DEBUG placement.requestlog [req-98ac9538-4ade-411e-917b-aeea50d641f5 req-493d9ccf-739f-47fe-98cd-f41b04dbf2e7 None None] Starting request: 10.222.0.17 "PUT /placement/allocations/331f4db3-a25b-4247-b830-8fa66230fdcb" {{(pid=119828) __call__ /opt/stack/placement/placement/requestlog.py:55}}
Aug 18 10:03:41.075087 n-d-826526-6 devstack@placement-api.service[119828]: DEBUG placement.handlers.allocation [req-98ac9538-4ade-411e-917b-aeea50d641f5 req-493d9ccf-739f-47fe-98cd-f41b04dbf2e7 service placement] Successfully wrote allocations [, , ] {{(pid=119828) _update_consumers_and_create_allocations /opt/stack/placement/placement/handlers/allocation.py:462}}
Aug 18 10:03:41.146861 n-d-826526-6 devstack@placement-api.service[119828]: INFO placement.requestlog [req-98ac9538-4ade-411e-917b-aeea50d641f5 req-493d9ccf-739f-47fe-98cd-f41b04dbf2e7 service placement] 10.222.0.17 "PUT /placement/allocations/331f4db3-a25b-4247-b830-8fa66230fdcb" status: 204 len: 0 microversion: 1.36
Aug 18 10:03:41.147804 n-d-826526-6 devstack@placement-api.service[119828]: [pid: 119828|app: 0|req: 368/731] 10.222.0.17 () {64 vars in 1433 bytes} [Thu Aug 18 10:03:40 2022] PUT /placement/allocations/331f4db3-a25b-4247-b830-8fa66230fdcb => generated 0 bytes in 469 msecs (HTTP/1.1 204) 5 headers in 199 bytes (1 switches on core 0)
Aug 18 10:03:41.925971 n-d-826526-6 devstack@placement-api.service[119829]: DEBUG placement.requestlog [None req-8cdc4be0-ef50-4b7a-a6ad-8d6e54eba07b None None] Starting request: 10.222.0.17 "GET /placement/" {{(pid=119829) __call__ /opt/stack/placement/placement/requestlog.py:55}}
Aug 18 10:03:41.926946 n-d-826526-6 devstack@placement-api.service[119829]: INFO placement.requestlog [None req-8cdc4be0-ef50-4b7a-a6ad-8d6e54eba07b None None] 10.222.0.17 "GET /placement/" status: 200 len: 136 microversion: 1.0
Aug 18 10:03:41.927266 n-d-826526-6 devstack@placement-api.service[119829]: [pid: 119829|app: 0|req: 364/732] 10.222.0.17 () {54 vars in 916 bytes} [Thu Aug 18 10:03:41 2022] GET /placement => generated 136 bytes in 2 msecs (HTTP/1.1 200) 6 headers in 224 bytes (1 switches on core 0)
Aug 18 10:03:41.938015 n-d-826526-6 devstack@placement-api.service[119828]: DEBUG placement.requestlog [req-781d3ec1-5602-4340-8981-4c61f3861ecd req-6a67637e-00b1-47b5-9b9b-30c21bea66cf None None] Starting request: 10.222.0.17 "GET /placement/allocations/bae584e8-5345-45b0-be10-c81984fb4031" {{(pid=119828) __call__ /opt/stack/placement/placement/requestlog.py:55}}
Aug 18 10:03:42.414411 n-d-826526-6 devstack@placement-api.service[119828]: INFO placement.requestlog [req-781d3ec1-5602-4340-8981-4c61f3861ecd req-6a67637e-00b1-47b5-9b9b-30c21bea66cf service placement] 10.222.0.17 "GET /placement/allocations/bae584e8-5345-45b0-be10-c81984fb4031" status: 200 len: 259 microversion: 1.28
Aug 18 10:03:42.417380 n-d-826526-6 devstack@placement-api.service[119829]: DEBUG placement.requestlog [req-98ac9538-4ade-411e-917b-aeea50d641f5 req-c04f1813-05fd-4758-b033-d3c3d22b60e9 None None] Starting request: 10.222.0.45 "GET /placement/allocations/331f4db3-a25b-4247-b830-8fa66230fdcb" {{(pid=119829) __call__ /opt/stack/placement/placement/requestlog.py:55}}
Aug 18 10:03:42.419784 n-d-826526-6 devstack@placement-api.service[119828]: [pid: 119828|app: 0|req: 369/733] 10.222.0.17 () {60 vars in 1380 bytes} [Thu Aug 18 10:03:41 2022] GET /placement/allocations/bae584e8-5345-45b0-be10-c81984fb4031 => generated 259 bytes in 482 msecs (HTTP/1.1 200) 8 headers in 296 bytes (1 switches on core 0)
Aug 18 10:03:42.427650 n-d-826526-6 devstack@placement-api.service[119828]: DEBUG placement.requestlog [req-781d3ec1-5602-4340-8981-4c61f3861ecd req-7e46ae1d-a7e9-4ea1-8724-a4772d1647d1 None None] Starting request: 10.222.0.17 "GET /placement/allocations/bae584e8-5345-45b0-be10-c81984fb4031" {{(pid=119828) __call__ /opt/stack/placement/placement/requestlog.py:55}}
Aug 18 10:03:42.449952 n-d-826526-6 devstack@placement-api.service[119829]: INFO placement.requestlog [req-98ac9538-4ade-411e-917b-aeea50d641f5 req-c04f1813-05fd-4758-b033-d3c3d22b60e9 service placement] 10.222.0.45 "GET /placement/allocations/331f4db3-a25b-4247-b830-8fa66230fdcb" status: 200 len: 259 microversion: 1.28
Aug 18 10:03:42.451099 n-d-826526-6 devstack@placement-api.service[119829]: [pid: 119829|app: 0|req: 365/734] 10.222.0.45 () {60 vars in 1377 bytes} [Thu Aug 18 10:03:42 2022] GET /placement/allocations/331f4db3-a25b-4247-b830-8fa66230fdcb => generated 259 bytes in 34 msecs (HTTP/1.1 200) 8 headers in 296 bytes (2 switches on core 0)
Aug 18 10:03:42.463548 n-d-826526-6 devstack@placement-api.service[119828]: INFO placement.requestlog [req-781d3ec1-5602-4340-8981-4c61f3861ecd req-7e46ae1d-a7e9-4ea1-8724-a4772d1647d1 service placement] 10.222.0.17 "GET /placement/allocations/bae584e8-5345-45b0-be10-c81984fb4031" status: 200 len: 259 microversion: 1.28
Aug 18 10:03:42.464383 n-d-826526-6 devstack@placement-api.service[119828]: [pid: 119828|app: 0|req: 370/735] 10.222.0.17 () {60 vars in 1380 bytes} [Thu Aug 18 10:03:42 2022] GET /placement/allocations/bae584e8-5345-45b0-be10-c81984fb4031 => generated 259 bytes in 37 msecs (HTTP/1.1 200) 8 headers in 296 bytes (2 switches on core 0)
Aug 18 10:03:42.474398 n-d-826526-6 devstack@placement-api.service[119829]: DEBUG placement.requestlog [req-781d3ec1-5602-4340-8981-4c61f3861ecd req-6d3cf94d-5251-4b70-b0cc-b3b291c74482 None None] Starting request: 10.222.0.17 "GET /placement/allocations/9a38d3ab-fdc2-4dab-aaca-38241795bae7" {{(pid=119829) __call__ /opt/stack/placement/placement/requestlog.py:55}}
Aug 18 10:03:42.490406 n-d-826526-6 devstack@placement-api.service[119829]: INFO placement.requestlog [req-781d3ec1-5602-4340-8981-4c61f3861ecd req-6d3cf94d-5251-4b70-b0cc-b3b291c74482 service placement] 10.222.0.17 "GET /placement/allocations/9a38d3ab-fdc2-4dab-aaca-38241795bae7" status: 200 len: 19 microversion: 1.28
Aug 18 10:03:42.497688 n-d-826526-6 devstack@placement-api.service[119829]: [pid: 119829|app: 0|req: 366/736] 10.222.0.17 () {60 vars in 1380 bytes} [Thu Aug 18 10:03:42 2022] GET /placement/allocations/9a38d3ab-fdc2-4dab-aaca-38241795bae7 => generated 19 bytes in 23 msecs (HTTP/1.1 200) 8 headers in 295 bytes (1 switches on core 0)
Aug 18 10:03:42.497920 n-d-826526-6 devstack@placement-api.service[119828]: DEBUG placement.requestlog [req-781d3ec1-5602-4340-8981-4c61f3861ecd req-36a7d2a4-67ba-4d4d-82ce-bbf80b664459 None None] Starting request: 10.222.0.17 "POST /placement/allocations" {{(pid=119828) __call__ /opt/stack/placement/placement/requestlog.py:55}}
Aug 18 10:03:42.734113 n-d-826526-6 devstack@placement-api.service[119828]: DEBUG dbcounter [-] [119828] Writing DB stats placement:SELECT=81,placement:INSERT=11,placement:DELETE=4,placement:UPDATE=4 {{(pid=119828) stat_writer /usr/local/lib/python3.8/dist-packages/dbcounter.py:114}}
Aug 18 10:03:42.780182 n-d-826526-6 devstack@placement-api.service[119828]: DEBUG placement.handlers.allocation [req-781d3ec1-5602-4340-8981-4c61f3861ecd req-36a7d2a4-67ba-4d4d-82ce-bbf80b664459 service placement] Successfully wrote allocations [, , , , , ] {{(pid=119828) _update_consumers_and_create_allocations /opt/stack/placement/placement/handlers/allocation.py:572}}
Aug 18 10:03:42.854940 n-d-826526-6 devstack@placement-api.service[119828]: INFO placement.requestlog [req-781d3ec1-5602-4340-8981-4c61f3861ecd req-36a7d2a4-67ba-4d4d-82ce-bbf80b664459 service placement] 10.222.0.17 "POST /placement/allocations" status: 204 len: 0 microversion: 1.28
Aug 18 10:03:42.855882 n-d-826526-6 devstack@placement-api.service[119828]: [pid: 119828|app: 0|req: 371/737] 10.222.0.17 () {64 vars in 1323 bytes} [Thu Aug 18 10:03:42 2022] POST /placement/allocations => generated 0 bytes in 358 msecs (HTTP/1.1 204) 5 headers in 199 bytes (2 switches on core 0)
Aug 18 10:03:44.025469 n-d-826526-6 devstack@placement-api.service[119829]: DEBUG placement.requestlog [req-99f18d66-9132-4846-91d7-14ce0205edc6 req-d706f408-1007-4a22-9ae4-012adf05b55d None None] Starting request: 10.222.0.17 "GET /placement/allocation_candidates?limit=1000&resources=DISK_GB%3A1%2CMEMORY_MB%3A1024%2CVCPU%3A1&root_required=%21COMPUTE_STATUS_DISABLED" {{(pid=119829) __call__ /opt/stack/placement/placement/requestlog.py:55}}
Aug 18 10:03:44.110235 n-d-826526-6 devstack@placement-api.service[119829]: DEBUG placement.objects.research_context [req-99f18d66-9132-4846-91d7-14ce0205edc6 req-d706f408-1007-4a22-9ae4-012adf05b55d service placement] getting providers with 1 DISK_GB {{(pid=119829) __init__ /opt/stack/placement/placement/objects/research_context.py:136}}
Aug 18 10:03:44.128725 n-d-826526-6 devstack@placement-api.service[119829]: DEBUG placement.objects.research_context [req-99f18d66-9132-4846-91d7-14ce0205edc6 req-d706f408-1007-4a22-9ae4-012adf05b55d service placement] getting providers with 1024 MEMORY_MB {{(pid=119829) __init__ /opt/stack/placement/placement/objects/research_context.py:136}}
Aug 18 10:03:44.136704 n-d-826526-6 devstack@placement-api.service[119829]: DEBUG placement.objects.research_context [req-99f18d66-9132-4846-91d7-14ce0205edc6 req-d706f408-1007-4a22-9ae4-012adf05b55d service placement] getting providers with 1 VCPU {{(pid=119829) __init__ /opt/stack/placement/placement/objects/research_context.py:136}}
Aug 18 10:03:44.156563 n-d-826526-6 devstack@placement-api.service[119829]: DEBUG placement.objects.research_context [req-99f18d66-9132-4846-91d7-14ce0205edc6 req-d706f408-1007-4a22-9ae4-012adf05b55d service placement] found 2 providers with available 1 DISK_GB {{(pid=119829) get_provider_ids_matching /opt/stack/placement/placement/objects/research_context.py:563}}
Aug 18 10:03:44.157060 n-d-826526-6 devstack@placement-api.service[119829]: DEBUG placement.objects.research_context [req-99f18d66-9132-4846-91d7-14ce0205edc6 req-d706f408-1007-4a22-9ae4-012adf05b55d service placement] found 2 providers with available 1024 MEMORY_MB {{(pid=119829) get_provider_ids_matching /opt/stack/placement/placement/objects/research_context.py:563}}
Aug 18 10:03:44.157338 n-d-826526-6 devstack@placement-api.service[119829]: DEBUG placement.objects.research_context [req-99f18d66-9132-4846-91d7-14ce0205edc6 req-d706f408-1007-4a22-9ae4-012adf05b55d service placement] found 2 providers after filtering by previous result {{(pid=119829) get_provider_ids_matching /opt/stack/placement/placement/objects/research_context.py:594}}
Aug 18 10:03:44.157603 n-d-826526-6 devstack@placement-api.service[119829]: DEBUG placement.objects.research_context [req-99f18d66-9132-4846-91d7-14ce0205edc6 req-d706f408-1007-4a22-9ae4-012adf05b55d service placement] found 2 providers with available 1 VCPU {{(pid=119829) get_provider_ids_matching /opt/stack/placement/placement/objects/research_context.py:563}}
Aug 18 10:03:44.157885 n-d-826526-6 devstack@placement-api.service[119829]: DEBUG placement.objects.research_context [req-99f18d66-9132-4846-91d7-14ce0205edc6 req-d706f408-1007-4a22-9ae4-012adf05b55d service placement] found 2 providers after filtering by previous result {{(pid=119829) get_provider_ids_matching /opt/stack/placement/placement/objects/research_context.py:594}}
Aug 18 10:03:44.188993 n-d-826526-6 devstack@placement-api.service[119829]: DEBUG placement.objects.allocation_candidate [req-99f18d66-9132-4846-91d7-14ce0205edc6 req-d706f408-1007-4a22-9ae4-012adf05b55d service placement] RequestGroup(use_same_provider=False, resources={DISK_GB:1, MEMORY_MB:1024, VCPU:1}, traits=(), aggregates=[]) (suffix '') returned 2 matches {{(pid=119829) _get_by_requests /opt/stack/placement/placement/objects/allocation_candidate.py:156}}
Aug 18 10:03:44.189355 n-d-826526-6 devstack@placement-api.service[119829]: DEBUG placement.objects.allocation_candidate [req-99f18d66-9132-4846-91d7-14ce0205edc6 req-d706f408-1007-4a22-9ae4-012adf05b55d service placement] Merging candidates yields 2 allocation requests and 2 provider summaries {{(pid=119829) _merge_candidates /opt/stack/placement/placement/objects/allocation_candidate.py:809}}
Aug 18 10:03:44.195292 n-d-826526-6 devstack@placement-api.service[119829]: INFO placement.requestlog [req-99f18d66-9132-4846-91d7-14ce0205edc6 req-d706f408-1007-4a22-9ae4-012adf05b55d service placement] 10.222.0.17 "GET /placement/allocation_candidates?limit=1000&resources=DISK_GB%3A1%2CMEMORY_MB%3A1024%2CVCPU%3A1&root_required=%21COMPUTE_STATUS_DISABLED" status: 200 len: 1309 microversion: 1.36
Aug 18 10:03:44.195949 n-d-826526-6 devstack@placement-api.service[119829]: [pid: 119829|app: 0|req: 367/738] 10.222.0.17 () {60 vars in 1506 bytes} [Thu Aug 18 10:03:44 2022] GET /placement/allocation_candidates?limit=1000&resources=DISK_GB%3A1%2CMEMORY_MB%3A1024%2CVCPU%3A1&root_required=%21COMPUTE_STATUS_DISABLED => generated 1309 bytes in 171 msecs (HTTP/1.1 200) 8 headers in 297 bytes (1 switches on core 0)
Aug 18 10:03:44.299523 n-d-826526-6 devstack@placement-api.service[119828]: DEBUG placement.requestlog [req-99f18d66-9132-4846-91d7-14ce0205edc6 req-3311579d-0b55-4506-8242-a8c75377c666 None None] Starting request: 10.222.0.17 "GET /placement/allocations/75750ad9-f0b0-4b38-99c8-235606262160" {{(pid=119828) __call__ /opt/stack/placement/placement/requestlog.py:55}}
Aug 18 10:03:44.316543 n-d-826526-6 devstack@placement-api.service[119828]: INFO placement.requestlog [req-99f18d66-9132-4846-91d7-14ce0205edc6 req-3311579d-0b55-4506-8242-a8c75377c666 service placement] 10.222.0.17 "GET /placement/allocations/75750ad9-f0b0-4b38-99c8-235606262160" status: 200 len: 19 microversion: 1.28
Aug 18 10:03:44.317319 n-d-826526-6 devstack@placement-api.service[119828]: [pid: 119828|app: 0|req: 372/739] 10.222.0.17 () {60 vars in 1380 bytes} [Thu Aug 18 10:03:44 2022] GET /placement/allocations/75750ad9-f0b0-4b38-99c8-235606262160 => generated 19 bytes in 18 msecs (HTTP/1.1 200) 8 headers in 295 bytes (1 switches on core 0)
Aug 18 10:03:44.327854 n-d-826526-6 devstack@placement-api.service[119829]: DEBUG placement.requestlog [req-99f18d66-9132-4846-91d7-14ce0205edc6 req-22336a68-b293-4c66-a18e-ee55dd241fc4 None None] Starting request: 10.222.0.17 "PUT /placement/allocations/75750ad9-f0b0-4b38-99c8-235606262160" {{(pid=119829) __call__ /opt/stack/placement/placement/requestlog.py:55}}
Aug 18 10:03:44.513620 n-d-826526-6 devstack@placement-api.service[119828]: DEBUG placement.requestlog [req-781d3ec1-5602-4340-8981-4c61f3861ecd req-d00ae5e8-ac0d-4d94-a4e9-26aa0ba5b2e4 None None] Starting request: 10.222.0.17 "GET /placement/allocation_candidates?limit=1000&resources=DISK_GB%3A1%2CMEMORY_MB%3A1024%2CVCPU%3A1&root_required=%21COMPUTE_STATUS_DISABLED" {{(pid=119828) __call__ /opt/stack/placement/placement/requestlog.py:55}}
Aug 18 10:03:44.548977 n-d-826526-6 devstack@placement-api.service[119829]: DEBUG placement.handlers.allocation [req-99f18d66-9132-4846-91d7-14ce0205edc6 req-22336a68-b293-4c66-a18e-ee55dd241fc4 service placement] Successfully wrote allocations [, , ] {{(pid=119829) _update_consumers_and_create_allocations /opt/stack/placement/placement/handlers/allocation.py:462}}
Aug 18 10:03:44.581009 n-d-826526-6 devstack@placement-api.service[119828]: DEBUG placement.objects.research_context [req-781d3ec1-5602-4340-8981-4c61f3861ecd req-d00ae5e8-ac0d-4d94-a4e9-26aa0ba5b2e4 service placement] getting providers with 1 DISK_GB {{(pid=119828) __init__ /opt/stack/placement/placement/objects/research_context.py:136}}
Aug 18 10:03:44.590039 n-d-826526-6 devstack@placement-api.service[119828]: DEBUG placement.objects.research_context [req-781d3ec1-5602-4340-8981-4c61f3861ecd req-d00ae5e8-ac0d-4d94-a4e9-26aa0ba5b2e4 service placement] getting providers with 1024 MEMORY_MB {{(pid=119828) __init__ /opt/stack/placement/placement/objects/research_context.py:136}}
Aug 18 10:03:44.599591 n-d-826526-6 devstack@placement-api.service[119828]: DEBUG placement.objects.research_context [req-781d3ec1-5602-4340-8981-4c61f3861ecd req-d00ae5e8-ac0d-4d94-a4e9-26aa0ba5b2e4 service placement] getting providers with 1 VCPU {{(pid=119828) __init__ /opt/stack/placement/placement/objects/research_context.py:136}}
Aug 18 10:03:44.612525 n-d-826526-6 devstack@placement-api.service[119828]: DEBUG placement.objects.research_context [req-781d3ec1-5602-4340-8981-4c61f3861ecd req-d00ae5e8-ac0d-4d94-a4e9-26aa0ba5b2e4 service placement] found 2 providers with available 1 DISK_GB {{(pid=119828) get_provider_ids_matching /opt/stack/placement/placement/objects/research_context.py:563}}
Aug 18 10:03:44.612525 n-d-826526-6 devstack@placement-api.service[119828]: DEBUG placement.objects.research_context [req-781d3ec1-5602-4340-8981-4c61f3861ecd req-d00ae5e8-ac0d-4d94-a4e9-26aa0ba5b2e4 service placement] found 2 providers with available 1024 MEMORY_MB {{(pid=119828) get_provider_ids_matching /opt/stack/placement/placement/objects/research_context.py:563}}
Aug 18 10:03:44.612525 n-d-826526-6 devstack@placement-api.service[119828]: DEBUG placement.objects.research_context [req-781d3ec1-5602-4340-8981-4c61f3861ecd req-d00ae5e8-ac0d-4d94-a4e9-26aa0ba5b2e4 service placement] found 2 providers after filtering by previous result {{(pid=119828) get_provider_ids_matching /opt/stack/placement/placement/objects/research_context.py:594}}
Aug 18 10:03:44.612525 n-d-826526-6 devstack@placement-api.service[119828]: DEBUG placement.objects.research_context [req-781d3ec1-5602-4340-8981-4c61f3861ecd req-d00ae5e8-ac0d-4d94-a4e9-26aa0ba5b2e4 service placement] found 2 providers with available 1 VCPU {{(pid=119828) get_provider_ids_matching /opt/stack/placement/placement/objects/research_context.py:563}}
Aug 18 10:03:44.612525 n-d-826526-6 devstack@placement-api.service[119828]: DEBUG placement.objects.research_context [req-781d3ec1-5602-4340-8981-4c61f3861ecd req-d00ae5e8-ac0d-4d94-a4e9-26aa0ba5b2e4 service placement] found 2 providers after filtering by previous result {{(pid=119828) get_provider_ids_matching /opt/stack/placement/placement/objects/research_context.py:594}}
Aug 18 10:03:44.631908 n-d-826526-6 devstack@placement-api.service[119828]: DEBUG placement.objects.allocation_candidate [req-781d3ec1-5602-4340-8981-4c61f3861ecd req-d00ae5e8-ac0d-4d94-a4e9-26aa0ba5b2e4 service placement] RequestGroup(use_same_provider=False, resources={DISK_GB:1, MEMORY_MB:1024, VCPU:1}, traits=(), aggregates=[]) (suffix '') returned 2 matches {{(pid=119828) _get_by_requests /opt/stack/placement/placement/objects/allocation_candidate.py:156}}
Aug 18 10:03:44.633732 n-d-826526-6 devstack@placement-api.service[119828]: DEBUG placement.objects.allocation_candidate [req-781d3ec1-5602-4340-8981-4c61f3861ecd req-d00ae5e8-ac0d-4d94-a4e9-26aa0ba5b2e4 service placement] Merging candidates yields 2 allocation requests and 2 provider summaries {{(pid=119828) _merge_candidates /opt/stack/placement/placement/objects/allocation_candidate.py:809}}
Aug 18 10:03:44.636837 n-d-826526-6 devstack@placement-api.service[119828]: INFO placement.requestlog [req-781d3ec1-5602-4340-8981-4c61f3861ecd req-d00ae5e8-ac0d-4d94-a4e9-26aa0ba5b2e4 service placement] 10.222.0.17 "GET /placement/allocation_candidates?limit=1000&resources=DISK_GB%3A1%2CMEMORY_MB%3A1024%2CVCPU%3A1&root_required=%21COMPUTE_STATUS_DISABLED" status: 200 len: 1309 microversion: 1.36
Aug 18 10:03:44.638228 n-d-826526-6 devstack@placement-api.service[119828]: [pid: 119828|app: 0|req: 373/740] 10.222.0.17 () {60 vars in 1506 bytes} [Thu Aug 18 10:03:44 2022] GET /placement/allocation_candidates?limit=1000&resources=DISK_GB%3A1%2CMEMORY_MB%3A1024%2CVCPU%3A1&root_required=%21COMPUTE_STATUS_DISABLED => generated 1309 bytes in 125 msecs (HTTP/1.1 200) 8 headers in 297 bytes (1 switches on core 0)
Aug 18 10:03:44.652955 n-d-826526-6 devstack@placement-api.service[119829]: INFO placement.requestlog [req-99f18d66-9132-4846-91d7-14ce0205edc6 req-22336a68-b293-4c66-a18e-ee55dd241fc4 service placement] 10.222.0.17 "PUT /placement/allocations/75750ad9-f0b0-4b38-99c8-235606262160" status: 204 len: 0 microversion: 1.36
Aug 18 10:03:44.654191 n-d-826526-6 devstack@placement-api.service[119829]: [pid: 119829|app: 0|req: 368/741] 10.222.0.17 () {64 vars in 1433 bytes} [Thu Aug 18 10:03:44 2022] PUT /placement/allocations/75750ad9-f0b0-4b38-99c8-235606262160 => generated 0 bytes in 328 msecs (HTTP/1.1 204) 5 headers in 199 bytes (1 switches on core 0)
