Aug 18 09:50:03.124450 n-d-826526-6 devstack@placement-api.service[119829]: [pid: 119829|app: 0|req: 91/181] 10.222.0.47 () {60 vars in 1376 bytes} [Thu Aug 18 09:50:03 2022] GET /placement/resource_providers?in_tree=00ae548d-1502-431f-bc61-5a5b41b01d41 => generated 863 bytes in 34 msecs (HTTP/1.1 200) 6 headers in 225 bytes (1 switches on core 0)
Aug 18 09:50:03.140963 n-d-826526-6 devstack@placement-api.service[119828]: DEBUG placement.requestlog [req-0c2049c2-fd90-4d24-addc-4ea9a74a511c req-6a944405-5907-4458-b902-ae6ffc34fdeb None None] Starting request: 10.222.0.47 "GET /placement/resource_providers/00ae548d-1502-431f-bc61-5a5b41b01d41/inventories" {{(pid=119828) __call__ /opt/stack/placement/placement/requestlog.py:55}}
Aug 18 09:50:03.188524 n-d-826526-6 devstack@placement-api.service[119828]: INFO placement.requestlog [req-0c2049c2-fd90-4d24-addc-4ea9a74a511c req-6a944405-5907-4458-b902-ae6ffc34fdeb service placement] 10.222.0.47 "GET /placement/resource_providers/00ae548d-1502-431f-bc61-5a5b41b01d41/inventories" status: 200 len: 398 microversion: 1.0
Aug 18 09:50:03.190139 n-d-826526-6 devstack@placement-api.service[119828]: [pid: 119828|app: 0|req: 91/182] 10.222.0.47 () {58 vars in 1390 bytes} [Thu Aug 18 09:50:03 2022] GET /placement/resource_providers/00ae548d-1502-431f-bc61-5a5b41b01d41/inventories => generated 398 bytes in 49 msecs (HTTP/1.1 200) 6 headers in 224 bytes (1 switches on core 0)
Aug 18 09:50:03.214771 n-d-826526-6 devstack@placement-api.service[119829]: DEBUG placement.requestlog [req-0c2049c2-fd90-4d24-addc-4ea9a74a511c req-fa430ae9-d965-47f9-8daa-97b602fb27ac None None] Starting request: 10.222.0.47 "GET /placement/resource_providers/00ae548d-1502-431f-bc61-5a5b41b01d41/aggregates" {{(pid=119829) __call__ /opt/stack/placement/placement/requestlog.py:55}}
Aug 18 09:50:03.231059 n-d-826526-6 devstack@placement-api.service[119829]: INFO placement.requestlog [req-0c2049c2-fd90-4d24-addc-4ea9a74a511c req-fa430ae9-d965-47f9-8daa-97b602fb27ac service placement] 10.222.0.47 "GET /placement/resource_providers/00ae548d-1502-431f-bc61-5a5b41b01d41/aggregates" status: 200 len: 54 microversion: 1.19
Aug 18 09:50:03.234218 n-d-826526-6 devstack@placement-api.service[119829]: [pid: 119829|app: 0|req: 92/183] 10.222.0.47 () {60 vars in 1431 bytes} [Thu Aug 18 09:50:03 2022] GET /placement/resource_providers/00ae548d-1502-431f-bc61-5a5b41b01d41/aggregates => generated 54 bytes in 18 msecs (HTTP/1.1 200) 8 headers in 295 bytes (1 switches on core 0)
Aug 18 09:50:03.252146 n-d-826526-6 devstack@placement-api.service[119828]: DEBUG placement.requestlog [req-0c2049c2-fd90-4d24-addc-4ea9a74a511c req-317052b8-2e02-4a9f-a7a3-fe440ea227cd None None] Starting request: 10.222.0.47 "GET /placement/resource_providers/00ae548d-1502-431f-bc61-5a5b41b01d41/traits" {{(pid=119828) __call__ /opt/stack/placement/placement/requestlog.py:55}}
Aug 18 09:50:03.297431 n-d-826526-6 devstack@placement-api.service[119828]: INFO placement.requestlog [req-0c2049c2-fd90-4d24-addc-4ea9a74a511c req-317052b8-2e02-4a9f-a7a3-fe440ea227cd service placement] 10.222.0.47 "GET /placement/resource_providers/00ae548d-1502-431f-bc61-5a5b41b01d41/traits" status: 200 len: 212 microversion: 1.6
Aug 18 09:50:03.297431 n-d-826526-6 devstack@placement-api.service[119828]: [pid: 119828|app: 0|req: 92/184] 10.222.0.47 () {60 vars in 1418 bytes} [Thu Aug 18 09:50:03 2022] GET /placement/resource_providers/00ae548d-1502-431f-bc61-5a5b41b01d41/traits => generated 212 bytes in 44 msecs (HTTP/1.1 200) 6 headers in 224 bytes (2 switches on core 0)
Aug 18 09:50:03.768809 n-d-826526-6 devstack@placement-api.service[119829]: DEBUG placement.requestlog [req-0c2049c2-fd90-4d24-addc-4ea9a74a511c req-69428c73-151b-465f-8b15-e4d6caf0c519 None None] Starting request: 10.222.0.47 "GET /placement/allocations/82e632c2-43f3-4005-a488-8f43292d9f55" {{(pid=119829) __call__ /opt/stack/placement/placement/requestlog.py:55}}
Aug 18 09:50:03.786715 n-d-826526-6 devstack@placement-api.service[119829]: INFO placement.requestlog [req-0c2049c2-fd90-4d24-addc-4ea9a74a511c req-69428c73-151b-465f-8b15-e4d6caf0c519 service placement] 10.222.0.47 "GET /placement/allocations/82e632c2-43f3-4005-a488-8f43292d9f55" status: 200 len: 259 microversion: 1.28
Aug 18 09:50:03.787577 n-d-826526-6 devstack@placement-api.service[119829]: [pid: 119829|app: 0|req: 93/185] 10.222.0.47 () {60 vars in 1377 bytes} [Thu Aug 18 09:50:03 2022] GET /placement/allocations/82e632c2-43f3-4005-a488-8f43292d9f55 => generated 259 bytes in 19 msecs (HTTP/1.1 200) 8 headers in 296 bytes (1 switches on core 0)
Aug 18 09:50:03.795981 n-d-826526-6 devstack@placement-api.service[119828]: DEBUG placement.requestlog [req-0c2049c2-fd90-4d24-addc-4ea9a74a511c req-855c56d8-b2c5-4e9b-af66-41bb33e81f0d None None] Starting request: 10.222.0.47 "PUT /placement/allocations/82e632c2-43f3-4005-a488-8f43292d9f55" {{(pid=119828) __call__ /opt/stack/placement/placement/requestlog.py:55}}
Aug 18 09:50:03.888758 n-d-826526-6 devstack@placement-api.service[119828]: DEBUG placement.handlers.allocation [req-0c2049c2-fd90-4d24-addc-4ea9a74a511c req-855c56d8-b2c5-4e9b-af66-41bb33e81f0d service placement] Successfully wrote allocations [, , ] {{(pid=119828) _update_consumers_and_create_allocations /opt/stack/placement/placement/handlers/allocation.py:462}}
Aug 18 09:50:04.008059 n-d-826526-6 devstack@placement-api.service[119828]: INFO placement.requestlog [req-0c2049c2-fd90-4d24-addc-4ea9a74a511c req-855c56d8-b2c5-4e9b-af66-41bb33e81f0d service placement] 10.222.0.47 "PUT /placement/allocations/82e632c2-43f3-4005-a488-8f43292d9f55" status: 204 len: 0 microversion: 1.28
Aug 18 09:50:04.008662 n-d-826526-6 devstack@placement-api.service[119828]: [pid: 119828|app: 0|req: 93/186] 10.222.0.47 () {64 vars in 1430 bytes} [Thu Aug 18 09:50:03 2022] PUT /placement/allocations/82e632c2-43f3-4005-a488-8f43292d9f55 => generated 0 bytes in 213 msecs (HTTP/1.1 204) 5 headers in 199 bytes (1 switches on core 0)
Aug 18 09:50:07.439248 n-d-826526-6 devstack@placement-api.service[119829]: DEBUG placement.requestlog [req-fccb8acb-3792-437c-b4dd-1dbfc7cbcd23 req-6a17d730-66f0-4d9c-9448-ce7c5bfe34de None None] Starting request: 10.222.0.45 "DELETE /placement/allocations/6449f47e-6fae-4f0c-975d-98b307df669a" {{(pid=119829) __call__ /opt/stack/placement/placement/requestlog.py:55}}
Aug 18 09:50:07.446915 n-d-826526-6 devstack@placement-api.service[119829]: DEBUG dbcounter [-] [119829] Writing DB stats placement:SELECT=68,placement:DELETE=4 {{(pid=119829) stat_writer /usr/local/lib/python3.8/dist-packages/dbcounter.py:114}}
Aug 18 09:50:07.848753 n-d-826526-6 devstack@placement-api.service[119829]: DEBUG placement.handlers.allocation [req-fccb8acb-3792-437c-b4dd-1dbfc7cbcd23 req-6a17d730-66f0-4d9c-9448-ce7c5bfe34de service placement] Successfully deleted allocations [, , ] {{(pid=119829) delete_allocations /opt/stack/placement/placement/handlers/allocation.py:627}}
Aug 18 09:50:07.853696 n-d-826526-6 devstack@placement-api.service[119829]: INFO placement.requestlog [req-fccb8acb-3792-437c-b4dd-1dbfc7cbcd23 req-6a17d730-66f0-4d9c-9448-ce7c5bfe34de service placement] 10.222.0.45 "DELETE /placement/allocations/6449f47e-6fae-4f0c-975d-98b307df669a" status: 204 len: 0 microversion: 1.0
Aug 18 09:50:07.853696 n-d-826526-6 devstack@placement-api.service[119829]: [pid: 119829|app: 0|req: 94/187] 10.222.0.45 () {60 vars in 1355 bytes} [Thu Aug 18 09:50:07 2022] DELETE /placement/allocations/6449f47e-6fae-4f0c-975d-98b307df669a => generated 0 bytes in 412 msecs (HTTP/1.1 204) 5 headers in 198 bytes (1 switches on core 0)
Aug 18 09:50:08.250476 n-d-826526-6 devstack@placement-api.service[119828]: DEBUG placement.requestlog [req-93703948-0008-4443-93d9-fd1e857918f4 req-b868363c-34ef-4f6c-94c7-7f6b10b8d43d None None] Starting request: 10.222.0.17 "GET /placement/allocation_candidates?limit=1000&resources=DISK_GB%3A1%2CMEMORY_MB%3A1024%2CVCPU%3A1&root_required=%21COMPUTE_STATUS_DISABLED" {{(pid=119828) __call__ /opt/stack/placement/placement/requestlog.py:55}}
Aug 18 09:50:08.317057 n-d-826526-6 devstack@placement-api.service[119828]: DEBUG placement.objects.research_context [req-93703948-0008-4443-93d9-fd1e857918f4 req-b868363c-34ef-4f6c-94c7-7f6b10b8d43d service placement] getting providers with 1 DISK_GB {{(pid=119828) __init__ /opt/stack/placement/placement/objects/research_context.py:136}}
Aug 18 09:50:08.328506 n-d-826526-6 devstack@placement-api.service[119828]: DEBUG placement.objects.research_context [req-93703948-0008-4443-93d9-fd1e857918f4 req-b868363c-34ef-4f6c-94c7-7f6b10b8d43d service placement] getting providers with 1024 MEMORY_MB {{(pid=119828) __init__ /opt/stack/placement/placement/objects/research_context.py:136}}
Aug 18 09:50:08.351582 n-d-826526-6 devstack@placement-api.service[119828]: DEBUG placement.objects.research_context [req-93703948-0008-4443-93d9-fd1e857918f4 req-b868363c-34ef-4f6c-94c7-7f6b10b8d43d service placement] getting providers with 1 VCPU {{(pid=119828) __init__ /opt/stack/placement/placement/objects/research_context.py:136}}
Aug 18 09:50:08.357830 n-d-826526-6 devstack@placement-api.service[119828]: DEBUG dbcounter [-] [119828] Writing DB stats placement:SELECT=84,placement:DELETE=8,placement:INSERT=4,placement:UPDATE=4 {{(pid=119828) stat_writer /usr/local/lib/python3.8/dist-packages/dbcounter.py:114}}
Aug 18 09:50:08.360966 n-d-826526-6 devstack@placement-api.service[119828]: DEBUG placement.objects.research_context [req-93703948-0008-4443-93d9-fd1e857918f4 req-b868363c-34ef-4f6c-94c7-7f6b10b8d43d service placement] found 2 providers with available 1 DISK_GB {{(pid=119828) get_provider_ids_matching /opt/stack/placement/placement/objects/research_context.py:563}}
Aug 18 09:50:08.361309 n-d-826526-6 devstack@placement-api.service[119828]: DEBUG placement.objects.research_context [req-93703948-0008-4443-93d9-fd1e857918f4 req-b868363c-34ef-4f6c-94c7-7f6b10b8d43d service placement] found 2 providers with available 1024 MEMORY_MB {{(pid=119828) get_provider_ids_matching /opt/stack/placement/placement/objects/research_context.py:563}}
Aug 18 09:50:08.366494 n-d-826526-6 devstack@placement-api.service[119828]: DEBUG placement.objects.research_context [req-93703948-0008-4443-93d9-fd1e857918f4 req-b868363c-34ef-4f6c-94c7-7f6b10b8d43d service placement] found 2 providers after filtering by previous result {{(pid=119828) get_provider_ids_matching /opt/stack/placement/placement/objects/research_context.py:594}}
Aug 18 09:50:08.366494 n-d-826526-6 devstack@placement-api.service[119828]: DEBUG placement.objects.research_context [req-93703948-0008-4443-93d9-fd1e857918f4 req-b868363c-34ef-4f6c-94c7-7f6b10b8d43d service placement] found 2 providers with available 1 VCPU {{(pid=119828) get_provider_ids_matching /opt/stack/placement/placement/objects/research_context.py:563}}
Aug 18 09:50:08.366494 n-d-826526-6 devstack@placement-api.service[119828]: DEBUG placement.objects.research_context [req-93703948-0008-4443-93d9-fd1e857918f4 req-b868363c-34ef-4f6c-94c7-7f6b10b8d43d service placement] found 2 providers after filtering by previous result {{(pid=119828) get_provider_ids_matching /opt/stack/placement/placement/objects/research_context.py:594}}
Aug 18 09:50:08.391228 n-d-826526-6 devstack@placement-api.service[119828]: DEBUG placement.objects.allocation_candidate [req-93703948-0008-4443-93d9-fd1e857918f4 req-b868363c-34ef-4f6c-94c7-7f6b10b8d43d service placement] RequestGroup(use_same_provider=False, resources={DISK_GB:1, MEMORY_MB:1024, VCPU:1}, traits=(), aggregates=[]) (suffix '') returned 2 matches {{(pid=119828) _get_by_requests /opt/stack/placement/placement/objects/allocation_candidate.py:156}}
Aug 18 09:50:08.391228 n-d-826526-6 devstack@placement-api.service[119828]: DEBUG placement.objects.allocation_candidate [req-93703948-0008-4443-93d9-fd1e857918f4 req-b868363c-34ef-4f6c-94c7-7f6b10b8d43d service placement] Merging candidates yields 2 allocation requests and 2 provider summaries {{(pid=119828) _merge_candidates /opt/stack/placement/placement/objects/allocation_candidate.py:809}}
Aug 18 09:50:08.391228 n-d-826526-6 devstack@placement-api.service[119828]: INFO placement.requestlog [req-93703948-0008-4443-93d9-fd1e857918f4 req-b868363c-34ef-4f6c-94c7-7f6b10b8d43d service placement] 10.222.0.17 "GET /placement/allocation_candidates?limit=1000&resources=DISK_GB%3A1%2CMEMORY_MB%3A1024%2CVCPU%3A1&root_required=%21COMPUTE_STATUS_DISABLED" status: 200 len: 1309 microversion: 1.36
Aug 18 09:50:08.391228 n-d-826526-6 devstack@placement-api.service[119828]: [pid: 119828|app: 0|req: 94/188] 10.222.0.17 () {60 vars in 1506 bytes} [Thu Aug 18 09:50:08 2022] GET /placement/allocation_candidates?limit=1000&resources=DISK_GB%3A1%2CMEMORY_MB%3A1024%2CVCPU%3A1&root_required=%21COMPUTE_STATUS_DISABLED => generated 1309 bytes in 136 msecs (HTTP/1.1 200) 8 headers in 297 bytes (2 switches on core 0)
Aug 18 09:50:08.451819 n-d-826526-6 devstack@placement-api.service[119829]: DEBUG placement.requestlog [req-93703948-0008-4443-93d9-fd1e857918f4 req-bebd7a8e-ce78-4e0a-850e-ba8376912502 None None] Starting request: 10.222.0.17 "GET /placement/allocations/69927614-0e7c-40bb-976e-6b929faac060" {{(pid=119829) __call__ /opt/stack/placement/placement/requestlog.py:55}}
Aug 18 09:50:08.464956 n-d-826526-6 devstack@placement-api.service[119829]: INFO placement.requestlog [req-93703948-0008-4443-93d9-fd1e857918f4 req-bebd7a8e-ce78-4e0a-850e-ba8376912502 service placement] 10.222.0.17 "GET /placement/allocations/69927614-0e7c-40bb-976e-6b929faac060" status: 200 len: 19 microversion: 1.28
Aug 18 09:50:08.472799 n-d-826526-6 devstack@placement-api.service[119829]: [pid: 119829|app: 0|req: 95/189] 10.222.0.17 () {60 vars in 1380 bytes} [Thu Aug 18 09:50:08 2022] GET /placement/allocations/69927614-0e7c-40bb-976e-6b929faac060 => generated 19 bytes in 21 msecs (HTTP/1.1 200) 8 headers in 295 bytes (1 switches on core 0)
Aug 18 09:50:08.473628 n-d-826526-6 devstack@placement-api.service[119828]: DEBUG placement.requestlog [req-93703948-0008-4443-93d9-fd1e857918f4 req-05f18dad-ab55-423f-bf06-0a3e1e1e753a None None] Starting request: 10.222.0.17 "PUT /placement/allocations/69927614-0e7c-40bb-976e-6b929faac060" {{(pid=119828) __call__ /opt/stack/placement/placement/requestlog.py:55}}
Aug 18 09:50:08.596355 n-d-826526-6 devstack@placement-api.service[119829]: DEBUG placement.requestlog [req-8e935582-5a75-4ceb-971a-b1825c968077 req-18b524bb-0b4d-4afd-8b75-be661177333a None None] Starting request: 10.222.0.45 "DELETE /placement/allocations/b31bdefb-803d-49e1-9a1d-bb344b481729" {{(pid=119829) __call__ /opt/stack/placement/placement/requestlog.py:55}}
Aug 18 09:50:08.640702 n-d-826526-6 devstack@placement-api.service[119828]: DEBUG placement.handlers.allocation [req-93703948-0008-4443-93d9-fd1e857918f4 req-05f18dad-ab55-423f-bf06-0a3e1e1e753a service placement] Successfully wrote allocations [, , ] {{(pid=119828) _update_consumers_and_create_allocations /opt/stack/placement/placement/handlers/allocation.py:462}}
Aug 18 09:50:08.733297 n-d-826526-6 devstack@placement-api.service[119828]: INFO placement.requestlog [req-93703948-0008-4443-93d9-fd1e857918f4 req-05f18dad-ab55-423f-bf06-0a3e1e1e753a service placement] 10.222.0.17 "PUT /placement/allocations/69927614-0e7c-40bb-976e-6b929faac060" status: 204 len: 0 microversion: 1.36
Aug 18 09:50:08.733847 n-d-826526-6 devstack@placement-api.service[119828]: [pid: 119828|app: 0|req: 95/190] 10.222.0.17 () {64 vars in 1433 bytes} [Thu Aug 18 09:50:08 2022] PUT /placement/allocations/69927614-0e7c-40bb-976e-6b929faac060 => generated 0 bytes in 260 msecs (HTTP/1.1 204) 5 headers in 199 bytes (1 switches on core 0)
Aug 18 09:50:08.848337 n-d-826526-6 devstack@placement-api.service[119829]: DEBUG placement.handlers.allocation [req-8e935582-5a75-4ceb-971a-b1825c968077 req-18b524bb-0b4d-4afd-8b75-be661177333a service placement] Successfully deleted allocations [, , ] {{(pid=119829) delete_allocations /opt/stack/placement/placement/handlers/allocation.py:627}}
Aug 18 09:50:08.849094 n-d-826526-6 devstack@placement-api.service[119829]: INFO placement.requestlog [req-8e935582-5a75-4ceb-971a-b1825c968077 req-18b524bb-0b4d-4afd-8b75-be661177333a service placement] 10.222.0.45 "DELETE /placement/allocations/b31bdefb-803d-49e1-9a1d-bb344b481729" status: 204 len: 0 microversion: 1.0
Aug 18 09:50:08.850085 n-d-826526-6 devstack@placement-api.service[119829]: [pid: 119829|app: 0|req: 96/191] 10.222.0.45 () {60 vars in 1355 bytes} [Thu Aug 18 09:50:08 2022] DELETE /placement/allocations/b31bdefb-803d-49e1-9a1d-bb344b481729 => generated 0 bytes in 254 msecs (HTTP/1.1 204) 5 headers in 198 bytes (2 switches on core 0)
Aug 18 09:50:09.996129 n-d-826526-6 devstack@placement-api.service[119828]: DEBUG placement.requestlog [req-93703948-0008-4443-93d9-fd1e857918f4 req-3fe08cc8-3759-4ff4-8734-754d3bfb0057 None None] Starting request: 10.222.0.47 "GET /placement/allocations/69927614-0e7c-40bb-976e-6b929faac060" {{(pid=119828) __call__ /opt/stack/placement/placement/requestlog.py:55}}
Aug 18 09:50:10.012343 n-d-826526-6 devstack@placement-api.service[119828]: INFO placement.requestlog [req-93703948-0008-4443-93d9-fd1e857918f4 req-3fe08cc8-3759-4ff4-8734-754d3bfb0057 service placement] 10.222.0.47 "GET /placement/allocations/69927614-0e7c-40bb-976e-6b929faac060" status: 200 len: 259 microversion: 1.28
Aug 18 09:50:10.017606 n-d-826526-6 devstack@placement-api.service[119828]: [pid: 119828|app: 0|req: 96/192] 10.222.0.47 () {60 vars in 1377 bytes} [Thu Aug 18 09:50:09 2022] GET /placement/allocations/69927614-0e7c-40bb-976e-6b929faac060 => generated 259 bytes in 21 msecs (HTTP/1.1 200) 8 headers in 296 bytes (2 switches on core 0)
Aug 18 09:50:15.214311 n-d-826526-6 devstack@placement-api.service[119829]: DEBUG placement.requestlog [req-7d65e375-5e0b-4ff0-b5df-be51c93afbed req-ccd5b7de-13e4-4dbb-ae72-df6635c78be0 None None] Starting request: 10.222.0.45 "DELETE /placement/allocations/d8daa49c-5c92-4590-b523-d1a81661302b" {{(pid=119829) __call__ /opt/stack/placement/placement/requestlog.py:55}}
Aug 18 09:50:15.370116 n-d-826526-6 devstack@placement-api.service[119828]: DEBUG placement.requestlog [req-c3c73dc8-e961-41b3-9515-bc5ad747c51c req-7a29bf31-92af-4de2-8b00-7dc0732baf77 None None] Starting request: 10.222.0.17 "GET /placement/allocation_candidates?limit=1000&resources=DISK_GB%3A1%2CMEMORY_MB%3A1024%2CVCPU%3A1&root_required=%21COMPUTE_STATUS_DISABLED" {{(pid=119828) __call__ /opt/stack/placement/placement/requestlog.py:55}}
Aug 18 09:50:15.453777 n-d-826526-6 devstack@placement-api.service[119829]: DEBUG placement.handlers.allocation [req-7d65e375-5e0b-4ff0-b5df-be51c93afbed req-ccd5b7de-13e4-4dbb-ae72-df6635c78be0 service placement] Successfully deleted allocations [, , ] {{(pid=119829) delete_allocations /opt/stack/placement/placement/handlers/allocation.py:627}}
Aug 18 09:50:15.458480 n-d-826526-6 devstack@placement-api.service[119829]: INFO placement.requestlog [req-7d65e375-5e0b-4ff0-b5df-be51c93afbed req-ccd5b7de-13e4-4dbb-ae72-df6635c78be0 service placement] 10.222.0.45 "DELETE /placement/allocations/d8daa49c-5c92-4590-b523-d1a81661302b" status: 204 len: 0 microversion: 1.0
Aug 18 09:50:15.458480 n-d-826526-6 devstack@placement-api.service[119829]: [pid: 119829|app: 0|req: 97/193] 10.222.0.45 () {60 vars in 1355 bytes} [Thu Aug 18 09:50:15 2022] DELETE /placement/allocations/d8daa49c-5c92-4590-b523-d1a81661302b => generated 0 bytes in 241 msecs (HTTP/1.1 204) 5 headers in 198 bytes (1 switches on core 0)
Aug 18 09:50:15.504490 n-d-826526-6 devstack@placement-api.service[119828]: DEBUG placement.objects.research_context [req-c3c73dc8-e961-41b3-9515-bc5ad747c51c req-7a29bf31-92af-4de2-8b00-7dc0732baf77 service placement] getting providers with 1 DISK_GB {{(pid=119828) __init__ /opt/stack/placement/placement/objects/research_context.py:136}}
Aug 18 09:50:15.522491 n-d-826526-6 devstack@placement-api.service[119828]: DEBUG placement.objects.research_context [req-c3c73dc8-e961-41b3-9515-bc5ad747c51c req-7a29bf31-92af-4de2-8b00-7dc0732baf77 service placement] getting providers with 1024 MEMORY_MB {{(pid=119828) __init__ /opt/stack/placement/placement/objects/research_context.py:136}}
Aug 18 09:50:15.541388 n-d-826526-6 devstack@placement-api.service[119828]: DEBUG placement.objects.research_context [req-c3c73dc8-e961-41b3-9515-bc5ad747c51c req-7a29bf31-92af-4de2-8b00-7dc0732baf77 service placement] getting providers with 1 VCPU {{(pid=119828) __init__ /opt/stack/placement/placement/objects/research_context.py:136}}
Aug 18 09:50:15.554402 n-d-826526-6 devstack@placement-api.service[119828]: DEBUG placement.objects.research_context [req-c3c73dc8-e961-41b3-9515-bc5ad747c51c req-7a29bf31-92af-4de2-8b00-7dc0732baf77 service placement] found 2 providers with available 1 DISK_GB {{(pid=119828) get_provider_ids_matching /opt/stack/placement/placement/objects/research_context.py:563}}
Aug 18 09:50:15.555980 n-d-826526-6 devstack@placement-api.service[119828]: DEBUG placement.objects.research_context [req-c3c73dc8-e961-41b3-9515-bc5ad747c51c req-7a29bf31-92af-4de2-8b00-7dc0732baf77 service placement] found 2 providers with available 1024 MEMORY_MB {{(pid=119828) get_provider_ids_matching /opt/stack/placement/placement/objects/research_context.py:563}}
Aug 18 09:50:15.555980 n-d-826526-6 devstack@placement-api.service[119828]: DEBUG placement.objects.research_context [req-c3c73dc8-e961-41b3-9515-bc5ad747c51c req-7a29bf31-92af-4de2-8b00-7dc0732baf77 service placement] found 2 providers after filtering by previous result {{(pid=119828) get_provider_ids_matching /opt/stack/placement/placement/objects/research_context.py:594}}
Aug 18 09:50:15.556357 n-d-826526-6 devstack@placement-api.service[119828]: DEBUG placement.objects.research_context [req-c3c73dc8-e961-41b3-9515-bc5ad747c51c req-7a29bf31-92af-4de2-8b00-7dc0732baf77 service placement] found 2 providers with available 1 VCPU {{(pid=119828) get_provider_ids_matching /opt/stack/placement/placement/objects/research_context.py:563}}
Aug 18 09:50:15.556825 n-d-826526-6 devstack@placement-api.service[119828]: DEBUG placement.objects.research_context [req-c3c73dc8-e961-41b3-9515-bc5ad747c51c req-7a29bf31-92af-4de2-8b00-7dc0732baf77 service placement] found 2 providers after filtering by previous result {{(pid=119828) get_provider_ids_matching /opt/stack/placement/placement/objects/research_context.py:594}}
Aug 18 09:50:15.579762 n-d-826526-6 devstack@placement-api.service[119828]: DEBUG placement.objects.allocation_candidate [req-c3c73dc8-e961-41b3-9515-bc5ad747c51c req-7a29bf31-92af-4de2-8b00-7dc0732baf77 service placement] RequestGroup(use_same_provider=False, resources={DISK_GB:1, MEMORY_MB:1024, VCPU:1}, traits=(), aggregates=[]) (suffix '') returned 2 matches {{(pid=119828) _get_by_requests /opt/stack/placement/placement/objects/allocation_candidate.py:156}}
Aug 18 09:50:15.579762 n-d-826526-6 devstack@placement-api.service[119828]: DEBUG placement.objects.allocation_candidate [req-c3c73dc8-e961-41b3-9515-bc5ad747c51c req-7a29bf31-92af-4de2-8b00-7dc0732baf77 service placement] Merging candidates yields 2 allocation requests and 2 provider summaries {{(pid=119828) _merge_candidates /opt/stack/placement/placement/objects/allocation_candidate.py:809}}
Aug 18 09:50:15.582537 n-d-826526-6 devstack@placement-api.service[119828]: INFO placement.requestlog [req-c3c73dc8-e961-41b3-9515-bc5ad747c51c req-7a29bf31-92af-4de2-8b00-7dc0732baf77 service placement] 10.222.0.17 "GET /placement/allocation_candidates?limit=1000&resources=DISK_GB%3A1%2CMEMORY_MB%3A1024%2CVCPU%3A1&root_required=%21COMPUTE_STATUS_DISABLED" status: 200 len: 1309 microversion: 1.36
Aug 18 09:50:15.583136 n-d-826526-6 devstack@placement-api.service[119828]: [pid: 119828|app: 0|req: 97/194] 10.222.0.17 () {60 vars in 1506 bytes} [Thu Aug 18 09:50:15 2022] GET /placement/allocation_candidates?limit=1000&resources=DISK_GB%3A1%2CMEMORY_MB%3A1024%2CVCPU%3A1&root_required=%21COMPUTE_STATUS_DISABLED => generated 1309 bytes in 213 msecs (HTTP/1.1 200) 8 headers in 297 bytes (2 switches on core 0)
Aug 18 09:50:15.659311 n-d-826526-6 devstack@placement-api.service[119829]: DEBUG placement.requestlog [req-c3c73dc8-e961-41b3-9515-bc5ad747c51c req-dec240b5-6e8d-41d7-8975-cd1990264aa8 None None] Starting request: 10.222.0.17 "GET /placement/allocations/32aaa406-b239-459f-bc61-368b6b0b4d93" {{(pid=119829) __call__ /opt/stack/placement/placement/requestlog.py:55}}
Aug 18 09:50:15.673961 n-d-826526-6 devstack@placement-api.service[119829]: INFO placement.requestlog [req-c3c73dc8-e961-41b3-9515-bc5ad747c51c req-dec240b5-6e8d-41d7-8975-cd1990264aa8 service placement] 10.222.0.17 "GET /placement/allocations/32aaa406-b239-459f-bc61-368b6b0b4d93" status: 200 len: 19 microversion: 1.28
Aug 18 09:50:15.674980 n-d-826526-6 devstack@placement-api.service[119829]: [pid: 119829|app: 0|req: 98/195] 10.222.0.17 () {60 vars in 1380 bytes} [Thu Aug 18 09:50:15 2022] GET /placement/allocations/32aaa406-b239-459f-bc61-368b6b0b4d93 => generated 19 bytes in 16 msecs (HTTP/1.1 200) 8 headers in 295 bytes (1 switches on core 0)
Aug 18 09:50:15.688118 n-d-826526-6 devstack@placement-api.service[119828]: DEBUG placement.requestlog [req-c3c73dc8-e961-41b3-9515-bc5ad747c51c req-634b528c-69cc-420a-98d4-0e390e693128 None None] Starting request: 10.222.0.17 "PUT /placement/allocations/32aaa406-b239-459f-bc61-368b6b0b4d93" {{(pid=119828) __call__ /opt/stack/placement/placement/requestlog.py:55}}
Aug 18 09:50:16.141632 n-d-826526-6 devstack@placement-api.service[119828]: DEBUG placement.handlers.allocation [req-c3c73dc8-e961-41b3-9515-bc5ad747c51c req-634b528c-69cc-420a-98d4-0e390e693128 service placement] Successfully wrote allocations [, , ] {{(pid=119828) _update_consumers_and_create_allocations /opt/stack/placement/placement/handlers/allocation.py:462}}
Aug 18 09:50:16.225291 n-d-826526-6 devstack@placement-api.service[119828]: INFO placement.requestlog [req-c3c73dc8-e961-41b3-9515-bc5ad747c51c req-634b528c-69cc-420a-98d4-0e390e693128 service placement] 10.222.0.17 "PUT /placement/allocations/32aaa406-b239-459f-bc61-368b6b0b4d93" status: 204 len: 0 microversion: 1.36
Aug 18 09:50:16.225696 n-d-826526-6 devstack@placement-api.service[119828]: [pid: 119828|app: 0|req: 98/196] 10.222.0.17 () {64 vars in 1433 bytes} [Thu Aug 18 09:50:15 2022] PUT /placement/allocations/32aaa406-b239-459f-bc61-368b6b0b4d93 => generated 0 bytes in 540 msecs (HTTP/1.1 204) 5 headers in 199 bytes (1 switches on core 0)
Aug 18 09:50:17.460224 n-d-826526-6 devstack@placement-api.service[119829]: DEBUG placement.requestlog [req-c3c73dc8-e961-41b3-9515-bc5ad747c51c req-6a5978d0-1c07-4262-905f-db8462f87f35 None None] Starting request: 10.222.0.45 "GET /placement/allocations/32aaa406-b239-459f-bc61-368b6b0b4d93" {{(pid=119829) __call__ /opt/stack/placement/placement/requestlog.py:55}}
Aug 18 09:50:17.476151 n-d-826526-6 devstack@placement-api.service[119829]: INFO placement.requestlog [req-c3c73dc8-e961-41b3-9515-bc5ad747c51c req-6a5978d0-1c07-4262-905f-db8462f87f35 service placement] 10.222.0.45 "GET /placement/allocations/32aaa406-b239-459f-bc61-368b6b0b4d93" status: 200 len: 259 microversion: 1.28
Aug 18 09:50:17.476514 n-d-826526-6 devstack@placement-api.service[119829]: [pid: 119829|app: 0|req: 99/197] 10.222.0.45 () {60 vars in 1377 bytes} [Thu Aug 18 09:50:17 2022] GET /placement/allocations/32aaa406-b239-459f-bc61-368b6b0b4d93 => generated 259 bytes in 17 msecs (HTTP/1.1 200) 8 headers in 296 bytes (1 switches on core 0)
Aug 18 09:50:21.166583 n-d-826526-6 devstack@placement-api.service[119828]: DEBUG placement.requestlog [req-84086f03-d4cf-4a8e-b7f1-28ebf1a4f12c req-b7cccc68-8e9a-47af-bfb3-29de3771bfd9 None None] Starting request: 10.222.0.47 "DELETE /placement/allocations/c6589c74-3330-4d14-8df9-af40fc6e3ac5" {{(pid=119828) __call__ /opt/stack/placement/placement/requestlog.py:55}}
Aug 18 09:50:21.431471 n-d-826526-6 devstack@placement-api.service[119828]: DEBUG placement.handlers.allocation [req-84086f03-d4cf-4a8e-b7f1-28ebf1a4f12c req-b7cccc68-8e9a-47af-bfb3-29de3771bfd9 service placement] Successfully deleted allocations [, , ] {{(pid=119828) delete_allocations /opt/stack/placement/placement/handlers/allocation.py:627}}
Aug 18 09:50:21.432325 n-d-826526-6 devstack@placement-api.service[119828]: INFO placement.requestlog [req-84086f03-d4cf-4a8e-b7f1-28ebf1a4f12c req-b7cccc68-8e9a-47af-bfb3-29de3771bfd9 service placement] 10.222.0.47 "DELETE /placement/allocations/c6589c74-3330-4d14-8df9-af40fc6e3ac5" status: 204 len: 0 microversion: 1.0
Aug 18 09:50:21.432785 n-d-826526-6 devstack@placement-api.service[119828]: [pid: 119828|app: 0|req: 99/198] 10.222.0.47 () {60 vars in 1355 bytes} [Thu Aug 18 09:50:21 2022] DELETE /placement/allocations/c6589c74-3330-4d14-8df9-af40fc6e3ac5 => generated 0 bytes in 267 msecs (HTTP/1.1 204) 5 headers in 198 bytes (1 switches on core 0)
Aug 18 09:50:22.969790 n-d-826526-6 devstack@placement-api.service[119829]: DEBUG placement.requestlog [req-67092919-6bdb-4d9a-a4f5-b7d00555f7f6 req-b6b8c366-b559-4fb2-8ee3-b0d59fb2d272 None None] Starting request: 10.222.0.47 "DELETE /placement/allocations/79247233-350a-4281-bb5d-394f9b8fa47d" {{(pid=119829) __call__ /opt/stack/placement/placement/requestlog.py:55}}
Aug 18 09:50:23.249704 n-d-826526-6 devstack@placement-api.service[119829]: DEBUG placement.handlers.allocation [req-67092919-6bdb-4d9a-a4f5-b7d00555f7f6 req-b6b8c366-b559-4fb2-8ee3-b0d59fb2d272 service placement] Successfully deleted allocations [, , ] {{(pid=119829) delete_allocations /opt/stack/placement/placement/handlers/allocation.py:627}}
Aug 18 09:50:23.249704 n-d-826526-6 devstack@placement-api.service[119829]: INFO placement.requestlog [req-67092919-6bdb-4d9a-a4f5-b7d00555f7f6 req-b6b8c366-b559-4fb2-8ee3-b0d59fb2d272 service placement] 10.222.0.47 "DELETE /placement/allocations/79247233-350a-4281-bb5d-394f9b8fa47d" status: 204 len: 0 microversion: 1.0
Aug 18 09:50:23.249704 n-d-826526-6 devstack@placement-api.service[119829]: [pid: 119829|app: 0|req: 100/199] 10.222.0.47 () {60 vars in 1355 bytes} [Thu Aug 18 09:50:22 2022] DELETE /placement/allocations/79247233-350a-4281-bb5d-394f9b8fa47d => generated 0 bytes in 280 msecs (HTTP/1.1 204) 5 headers in 198 bytes (1 switches on core 0)
Aug 18 09:50:31.311013 n-d-826526-6 devstack@placement-api.service[119828]: DEBUG dbcounter [-] [119828] Writing DB stats placement:SELECT=54,placement:INSERT=10,placement:DELETE=6,placement:UPDATE=4 {{(pid=119828) stat_writer /usr/local/lib/python3.8/dist-packages/dbcounter.py:114}}
Aug 18 09:50:31.311944 n-d-826526-6 devstack@placement-api.service[119828]: DEBUG placement.requestlog [None req-f86d9b1b-7b9d-49e6-b24c-a00da0da3c5b None None] Starting request: 10.222.0.17 "GET /placement/resource_providers/1e554e87-b5b7-4480-af92-803b5fea92ef/aggregates" {{(pid=119828) __call__ /opt/stack/placement/placement/requestlog.py:55}}
Aug 18 09:50:31.331632 n-d-826526-6 devstack@placement-api.service[119828]: INFO placement.requestlog [None req-f86d9b1b-7b9d-49e6-b24c-a00da0da3c5b service placement] 10.222.0.17 "GET /placement/resource_providers/1e554e87-b5b7-4480-af92-803b5fea92ef/aggregates" status: 404 len: 235 microversion: 1.1
Aug 18 09:50:31.332373 n-d-826526-6 devstack@placement-api.service[119828]: [pid: 119828|app: 0|req: 100/200] 10.222.0.17 () {58 vars in 1362 bytes} [Thu Aug 18 09:50:31 2022] GET /placement/resource_providers/1e554e87-b5b7-4480-af92-803b5fea92ef/aggregates => generated 235 bytes in 21 msecs (HTTP/1.1 404) 5 headers in 202 bytes (1 switches on core 0)
Aug 18 09:50:31.358867 n-d-826526-6 devstack@placement-api.service[119829]: DEBUG placement.requestlog [None req-87437dba-3c60-4acc-ac2b-36e458160a76 None None] Starting request: 10.222.0.17 "DELETE /placement/resource_providers/1e554e87-b5b7-4480-af92-803b5fea92ef" {{(pid=119829) __call__ /opt/stack/placement/placement/requestlog.py:55}}
Aug 18 09:50:31.380469 n-d-826526-6 devstack@placement-api.service[119829]: DEBUG placement.wsgi_wrapper [None req-87437dba-3c60-4acc-ac2b-36e458160a76 service placement] Placement API returning an error response: No resource provider with uuid 1e554e87-b5b7-4480-af92-803b5fea92ef found for delete {{(pid=119829) call_func /opt/stack/placement/placement/wsgi_wrapper.py:31}}
Aug 18 09:50:31.381639 n-d-826526-6 devstack@placement-api.service[119829]: INFO placement.requestlog [None req-87437dba-3c60-4acc-ac2b-36e458160a76 service placement] 10.222.0.17 "DELETE /placement/resource_providers/1e554e87-b5b7-4480-af92-803b5fea92ef" status: 404 len: 246 microversion: 1.1
Aug 18 09:50:31.382002 n-d-826526-6 devstack@placement-api.service[119829]: [pid: 119829|app: 0|req: 101/201] 10.222.0.17 () {60 vars in 1351 bytes} [Thu Aug 18 09:50:31 2022] DELETE /placement/resource_providers/1e554e87-b5b7-4480-af92-803b5fea92ef => generated 246 bytes in 23 msecs (HTTP/1.1 404) 6 headers in 231 bytes (1 switches on core 0)
Aug 18 09:50:35.328320 n-d-826526-6 devstack@placement-api.service[119828]: DEBUG placement.requestlog [req-5e608637-c675-459b-a68a-b8f947c3397c req-92788961-e524-49b9-852b-c1e3ffb4a843 None None] Starting request: 10.222.0.45 "DELETE /placement/allocations/32aaa406-b239-459f-bc61-368b6b0b4d93" {{(pid=119828) __call__ /opt/stack/placement/placement/requestlog.py:55}}
Aug 18 09:50:35.594417 n-d-826526-6 devstack@placement-api.service[119829]: DEBUG placement.requestlog [None req-38eb2925-e8fb-4c09-8cf9-b5ccba5ad26b None None] Starting request: 10.222.0.17 "GET /placement/resource_providers/93641b94-606d-4451-a3ae-3d2f08476d82/aggregates" {{(pid=119829) __call__ /opt/stack/placement/placement/requestlog.py:55}}
Aug 18 09:50:35.597624 n-d-826526-6 devstack@placement-api.service[119828]: DEBUG placement.handlers.allocation [req-5e608637-c675-459b-a68a-b8f947c3397c req-92788961-e524-49b9-852b-c1e3ffb4a843 service placement] Successfully deleted allocations [, , ] {{(pid=119828) delete_allocations /opt/stack/placement/placement/handlers/allocation.py:627}}
Aug 18 09:50:35.598918 n-d-826526-6 devstack@placement-api.service[119828]: INFO placement.requestlog [req-5e608637-c675-459b-a68a-b8f947c3397c req-92788961-e524-49b9-852b-c1e3ffb4a843 service placement] 10.222.0.45 "DELETE /placement/allocations/32aaa406-b239-459f-bc61-368b6b0b4d93" status: 204 len: 0 microversion: 1.0
Aug 18 09:50:35.599524 n-d-826526-6 devstack@placement-api.service[119828]: [pid: 119828|app: 0|req: 101/202] 10.222.0.45 () {60 vars in 1355 bytes} [Thu Aug 18 09:50:35 2022] DELETE /placement/allocations/32aaa406-b239-459f-bc61-368b6b0b4d93 => generated 0 bytes in 272 msecs (HTTP/1.1 204) 5 headers in 198 bytes (1 switches on core 0)
Aug 18 09:50:35.713059 n-d-826526-6 devstack@placement-api.service[119829]: INFO placement.requestlog [None req-38eb2925-e8fb-4c09-8cf9-b5ccba5ad26b service placement] 10.222.0.17 "GET /placement/resource_providers/93641b94-606d-4451-a3ae-3d2f08476d82/aggregates" status: 404 len: 235 microversion: 1.1
Aug 18 09:50:35.713690 n-d-826526-6 devstack@placement-api.service[119829]: [pid: 119829|app: 0|req: 102/203] 10.222.0.17 () {58 vars in 1362 bytes} [Thu Aug 18 09:50:35 2022] GET /placement/resource_providers/93641b94-606d-4451-a3ae-3d2f08476d82/aggregates => generated 235 bytes in 119 msecs (HTTP/1.1 404) 5 headers in 202 bytes (2 switches on core 0)
Aug 18 09:50:35.731749 n-d-826526-6 devstack@placement-api.service[119828]: DEBUG placement.requestlog [None req-32c87118-e7f6-4233-9a42-ff7ffcdc9256 None None] Starting request: 10.222.0.17 "DELETE /placement/resource_providers/93641b94-606d-4451-a3ae-3d2f08476d82" {{(pid=119828) __call__ /opt/stack/placement/placement/requestlog.py:55}}
Aug 18 09:50:35.742617 n-d-826526-6 devstack@placement-api.service[119828]: DEBUG placement.wsgi_wrapper [None req-32c87118-e7f6-4233-9a42-ff7ffcdc9256 service placement] Placement API returning an error response: No resource provider with uuid 93641b94-606d-4451-a3ae-3d2f08476d82 found for delete {{(pid=119828) call_func /opt/stack/placement/placement/wsgi_wrapper.py:31}}
Aug 18 09:50:35.743586 n-d-826526-6 devstack@placement-api.service[119828]: INFO placement.requestlog [None req-32c87118-e7f6-4233-9a42-ff7ffcdc9256 service placement] 10.222.0.17 "DELETE /placement/resource_providers/93641b94-606d-4451-a3ae-3d2f08476d82" status: 404 len: 246 microversion: 1.1
Aug 18 09:50:35.744245 n-d-826526-6 devstack@placement-api.service[119828]: [pid: 119828|app: 0|req: 102/204] 10.222.0.17 () {60 vars in 1351 bytes} [Thu Aug 18 09:50:35 2022] DELETE /placement/resource_providers/93641b94-606d-4451-a3ae-3d2f08476d82 => generated 246 bytes in 13 msecs (HTTP/1.1 404) 6 headers in 231 bytes (1 switches on core 0)
Aug 18 09:50:41.389718 n-d-826526-6 devstack@placement-api.service[119829]: DEBUG placement.requestlog [req-4824448c-41b4-4c3b-9503-11255cbb2fdf req-817bce1c-a3ac-4789-851d-ec45fe13ca38 None None] Starting request: 10.222.0.17 "GET /placement/allocation_candidates?limit=1000&resources=DISK_GB%3A1%2CMEMORY_MB%3A1024%2CVCPU%3A1&root_required=%21COMPUTE_STATUS_DISABLED" {{(pid=119829) __call__ /opt/stack/placement/placement/requestlog.py:55}}
Aug 18 09:50:41.408239 n-d-826526-6 devstack@placement-api.service[119829]: DEBUG dbcounter [-] [119829] Writing DB stats placement:SELECT=40,placement:DELETE=8 {{(pid=119829) stat_writer /usr/local/lib/python3.8/dist-packages/dbcounter.py:114}}
Aug 18 09:50:41.442342 n-d-826526-6 devstack@placement-api.service[119829]: DEBUG placement.objects.research_context [req-4824448c-41b4-4c3b-9503-11255cbb2fdf req-817bce1c-a3ac-4789-851d-ec45fe13ca38 service placement] getting providers with 1 DISK_GB {{(pid=119829) __init__ /opt/stack/placement/placement/objects/research_context.py:136}}
Aug 18 09:50:41.450327 n-d-826526-6 devstack@placement-api.service[119829]: DEBUG placement.objects.research_context [req-4824448c-41b4-4c3b-9503-11255cbb2fdf req-817bce1c-a3ac-4789-851d-ec45fe13ca38 service placement] getting providers with 1024 MEMORY_MB {{(pid=119829) __init__ /opt/stack/placement/placement/objects/research_context.py:136}}
Aug 18 09:50:41.458095 n-d-826526-6 devstack@placement-api.service[119829]: DEBUG placement.objects.research_context [req-4824448c-41b4-4c3b-9503-11255cbb2fdf req-817bce1c-a3ac-4789-851d-ec45fe13ca38 service placement] getting providers with 1 VCPU {{(pid=119829) __init__ /opt/stack/placement/placement/objects/research_context.py:136}}
Aug 18 09:50:41.477119 n-d-826526-6 devstack@placement-api.service[119829]: DEBUG placement.objects.research_context [req-4824448c-41b4-4c3b-9503-11255cbb2fdf req-817bce1c-a3ac-4789-851d-ec45fe13ca38 service placement] found 2 providers with available 1 DISK_GB {{(pid=119829) get_provider_ids_matching /opt/stack/placement/placement/objects/research_context.py:563}}
Aug 18 09:50:41.481054 n-d-826526-6 devstack@placement-api.service[119829]: DEBUG placement.objects.research_context [req-4824448c-41b4-4c3b-9503-11255cbb2fdf req-817bce1c-a3ac-4789-851d-ec45fe13ca38 service placement] found 2 providers with available 1024 MEMORY_MB {{(pid=119829) get_provider_ids_matching /opt/stack/placement/placement/objects/research_context.py:563}}
Aug 18 09:50:41.482115 n-d-826526-6 devstack@placement-api.service[119829]: DEBUG placement.objects.research_context [req-4824448c-41b4-4c3b-9503-11255cbb2fdf req-817bce1c-a3ac-4789-851d-ec45fe13ca38 service placement] found 2 providers after filtering by previous result {{(pid=119829) get_provider_ids_matching /opt/stack/placement/placement/objects/research_context.py:594}}
Aug 18 09:50:41.482516 n-d-826526-6 devstack@placement-api.service[119829]: DEBUG placement.objects.research_context [req-4824448c-41b4-4c3b-9503-11255cbb2fdf req-817bce1c-a3ac-4789-851d-ec45fe13ca38 service placement] found 2 providers with available 1 VCPU {{(pid=119829) get_provider_ids_matching /opt/stack/placement/placement/objects/research_context.py:563}}
Aug 18 09:50:41.483722 n-d-826526-6 devstack@placement-api.service[119829]: DEBUG placement.objects.research_context [req-4824448c-41b4-4c3b-9503-11255cbb2fdf req-817bce1c-a3ac-4789-851d-ec45fe13ca38 service placement] found 2 providers after filtering by previous result {{(pid=119829) get_provider_ids_matching /opt/stack/placement/placement/objects/research_context.py:594}}
Aug 18 09:50:41.496186 n-d-826526-6 devstack@placement-api.service[119829]: DEBUG placement.objects.allocation_candidate [req-4824448c-41b4-4c3b-9503-11255cbb2fdf req-817bce1c-a3ac-4789-851d-ec45fe13ca38 service placement] RequestGroup(use_same_provider=False, resources={DISK_GB:1, MEMORY_MB:1024, VCPU:1}, traits=(), aggregates=[]) (suffix '') returned 2 matches {{(pid=119829) _get_by_requests /opt/stack/placement/placement/objects/allocation_candidate.py:156}}
Aug 18 09:50:41.496707 n-d-826526-6 devstack@placement-api.service[119829]: DEBUG placement.objects.allocation_candidate [req-4824448c-41b4-4c3b-9503-11255cbb2fdf req-817bce1c-a3ac-4789-851d-ec45fe13ca38 service placement] Merging candidates yields 2 allocation requests and 2 provider summaries {{(pid=119829) _merge_candidates /opt/stack/placement/placement/objects/allocation_candidate.py:809}}
Aug 18 09:50:41.500599 n-d-826526-6 devstack@placement-api.service[119829]: INFO placement.requestlog [req-4824448c-41b4-4c3b-9503-11255cbb2fdf req-817bce1c-a3ac-4789-851d-ec45fe13ca38 service placement] 10.222.0.17 "GET /placement/allocation_candidates?limit=1000&resources=DISK_GB%3A1%2CMEMORY_MB%3A1024%2CVCPU%3A1&root_required=%21COMPUTE_STATUS_DISABLED" status: 200 len: 1309 microversion: 1.36
Aug 18 09:50:41.500599 n-d-826526-6 devstack@placement-api.service[119829]: [pid: 119829|app: 0|req: 103/205] 10.222.0.17 () {60 vars in 1506 bytes} [Thu Aug 18 09:50:41 2022] GET /placement/allocation_candidates?limit=1000&resources=DISK_GB%3A1%2CMEMORY_MB%3A1024%2CVCPU%3A1&root_required=%21COMPUTE_STATUS_DISABLED => generated 1309 bytes in 110 msecs (HTTP/1.1 200) 8 headers in 297 bytes (1 switches on core 0)
Aug 18 09:50:41.627837 n-d-826526-6 devstack@placement-api.service[119828]: DEBUG placement.requestlog [req-4824448c-41b4-4c3b-9503-11255cbb2fdf req-3d58a7fb-8df3-4697-9ac4-89f40b521abf None None] Starting request: 10.222.0.17 "GET /placement/allocations/547f5765-6c79-4ee8-a49b-91287b63c0e7" {{(pid=119828) __call__ /opt/stack/placement/placement/requestlog.py:55}}
Aug 18 09:50:41.651701 n-d-826526-6 devstack@placement-api.service[119828]: INFO placement.requestlog [req-4824448c-41b4-4c3b-9503-11255cbb2fdf req-3d58a7fb-8df3-4697-9ac4-89f40b521abf service placement] 10.222.0.17 "GET /placement/allocations/547f5765-6c79-4ee8-a49b-91287b63c0e7" status: 200 len: 19 microversion: 1.28
Aug 18 09:50:41.658656 n-d-826526-6 devstack@placement-api.service[119828]: [pid: 119828|app: 0|req: 103/206] 10.222.0.17 () {60 vars in 1380 bytes} [Thu Aug 18 09:50:41 2022] GET /placement/allocations/547f5765-6c79-4ee8-a49b-91287b63c0e7 => generated 19 bytes in 25 msecs (HTTP/1.1 200) 8 headers in 295 bytes (2 switches on core 0)
Aug 18 09:50:41.661396 n-d-826526-6 devstack@placement-api.service[119829]: DEBUG placement.requestlog [req-4824448c-41b4-4c3b-9503-11255cbb2fdf req-b2321a87-c726-4c9d-8613-20a0eb51be38 None None] Starting request: 10.222.0.17 "PUT /placement/allocations/547f5765-6c79-4ee8-a49b-91287b63c0e7" {{(pid=119829) __call__ /opt/stack/placement/placement/requestlog.py:55}}
Aug 18 09:50:42.066711 n-d-826526-6 devstack@placement-api.service[119829]: DEBUG placement.handlers.allocation [req-4824448c-41b4-4c3b-9503-11255cbb2fdf req-b2321a87-c726-4c9d-8613-20a0eb51be38 service placement] Successfully wrote allocations [, , ] {{(pid=119829) _update_consumers_and_create_allocations /opt/stack/placement/placement/handlers/allocation.py:462}}
Aug 18 09:50:42.198261 n-d-826526-6 devstack@placement-api.service[119829]: INFO placement.requestlog [req-4824448c-41b4-4c3b-9503-11255cbb2fdf req-b2321a87-c726-4c9d-8613-20a0eb51be38 service placement] 10.222.0.17 "PUT /placement/allocations/547f5765-6c79-4ee8-a49b-91287b63c0e7" status: 204 len: 0 microversion: 1.36
Aug 18 09:50:42.200938 n-d-826526-6 devstack@placement-api.service[119829]: [pid: 119829|app: 0|req: 104/207] 10.222.0.17 () {64 vars in 1433 bytes} [Thu Aug 18 09:50:41 2022] PUT /placement/allocations/547f5765-6c79-4ee8-a49b-91287b63c0e7 => generated 0 bytes in 540 msecs (HTTP/1.1 204) 5 headers in 199 bytes (1 switches on core 0)
Aug 18 09:50:43.352013 n-d-826526-6 devstack@placement-api.service[119828]: DEBUG placement.requestlog [req-d5473428-592f-4dc0-a689-723a2f9977ef req-2c1ed989-1931-475f-a76d-fca2d3fdb77f None None] Starting request: 10.222.0.45 "GET /placement/resource_providers/cae8ded3-1442-4d40-8b3a-877ec622e651/allocations" {{(pid=119828) __call__ /opt/stack/placement/placement/requestlog.py:55}}
Aug 18 09:50:43.418785 n-d-826526-6 devstack@placement-api.service[119828]: INFO placement.requestlog [req-d5473428-592f-4dc0-a689-723a2f9977ef req-2c1ed989-1931-475f-a76d-fca2d3fdb77f service placement] 10.222.0.45 "GET /placement/resource_providers/cae8ded3-1442-4d40-8b3a-877ec622e651/allocations" status: 200 len: 356 microversion: 1.0
Aug 18 09:50:43.421918 n-d-826526-6 devstack@placement-api.service[119828]: [pid: 119828|app: 0|req: 104/208] 10.222.0.45 () {58 vars in 1390 bytes} [Thu Aug 18 09:50:43 2022] GET /placement/resource_providers/cae8ded3-1442-4d40-8b3a-877ec622e651/allocations => generated 356 bytes in 70 msecs (HTTP/1.1 200) 6 headers in 224 bytes (1 switches on core 0)
Aug 18 09:50:43.894310 n-d-826526-6 devstack@placement-api.service[119829]: DEBUG placement.requestlog [req-4824448c-41b4-4c3b-9503-11255cbb2fdf req-793e585a-92d7-443b-ae6c-1158146ae3b0 None None] Starting request: 10.222.0.45 "GET /placement/allocations/547f5765-6c79-4ee8-a49b-91287b63c0e7" {{(pid=119829) __call__ /opt/stack/placement/placement/requestlog.py:55}}
Aug 18 09:50:43.913763 n-d-826526-6 devstack@placement-api.service[119829]: INFO placement.requestlog [req-4824448c-41b4-4c3b-9503-11255cbb2fdf req-793e585a-92d7-443b-ae6c-1158146ae3b0 service placement] 10.222.0.45 "GET /placement/allocations/547f5765-6c79-4ee8-a49b-91287b63c0e7" status: 200 len: 259 microversion: 1.28
Aug 18 09:50:43.916714 n-d-826526-6 devstack@placement-api.service[119829]: [pid: 119829|app: 0|req: 105/209] 10.222.0.45 () {60 vars in 1377 bytes} [Thu Aug 18 09:50:43 2022] GET /placement/allocations/547f5765-6c79-4ee8-a49b-91287b63c0e7 => generated 259 bytes in 23 msecs (HTTP/1.1 200) 8 headers in 296 bytes (1 switches on core 0)
Aug 18 09:50:47.146653 n-d-826526-6 devstack@placement-api.service[119828]: DEBUG placement.requestlog [req-0d8fcee4-effe-434e-bc16-ffe7ed26f5ce req-461e88b0-c2a2-4bab-a737-9b293f4fdedc None None] Starting request: 10.222.0.17 "GET /placement/allocation_candidates?limit=1000&resources=DISK_GB%3A1%2CMEMORY_MB%3A1024%2CVCPU%3A1&root_required=%21COMPUTE_STATUS_DISABLED" {{(pid=119828) __call__ /opt/stack/placement/placement/requestlog.py:55}}
Aug 18 09:50:47.254030 n-d-826526-6 devstack@placement-api.service[119828]: DEBUG placement.objects.research_context [req-0d8fcee4-effe-434e-bc16-ffe7ed26f5ce req-461e88b0-c2a2-4bab-a737-9b293f4fdedc service placement] getting providers with 1 DISK_GB {{(pid=119828) __init__ /opt/stack/placement/placement/objects/research_context.py:136}}
Aug 18 09:50:47.280676 n-d-826526-6 devstack@placement-api.service[119828]: DEBUG placement.objects.research_context [req-0d8fcee4-effe-434e-bc16-ffe7ed26f5ce req-461e88b0-c2a2-4bab-a737-9b293f4fdedc service placement] getting providers with 1024 MEMORY_MB {{(pid=119828) __init__ /opt/stack/placement/placement/objects/research_context.py:136}}
Aug 18 09:50:47.306486 n-d-826526-6 devstack@placement-api.service[119828]: DEBUG placement.objects.research_context [req-0d8fcee4-effe-434e-bc16-ffe7ed26f5ce req-461e88b0-c2a2-4bab-a737-9b293f4fdedc service placement] getting providers with 1 VCPU {{(pid=119828) __init__ /opt/stack/placement/placement/objects/research_context.py:136}}
Aug 18 09:50:47.313180 n-d-826526-6 devstack@placement-api.service[119828]: DEBUG placement.objects.research_context [req-0d8fcee4-effe-434e-bc16-ffe7ed26f5ce req-461e88b0-c2a2-4bab-a737-9b293f4fdedc service placement] found 2 providers with available 1 DISK_GB {{(pid=119828) get_provider_ids_matching /opt/stack/placement/placement/objects/research_context.py:563}}
Aug 18 09:50:47.313470 n-d-826526-6 devstack@placement-api.service[119828]: DEBUG placement.objects.research_context [req-0d8fcee4-effe-434e-bc16-ffe7ed26f5ce req-461e88b0-c2a2-4bab-a737-9b293f4fdedc service placement] found 2 providers with available 1024 MEMORY_MB {{(pid=119828) get_provider_ids_matching /opt/stack/placement/placement/objects/research_context.py:563}}
Aug 18 09:50:47.313769 n-d-826526-6 devstack@placement-api.service[119828]: DEBUG placement.objects.research_context [req-0d8fcee4-effe-434e-bc16-ffe7ed26f5ce req-461e88b0-c2a2-4bab-a737-9b293f4fdedc service placement] found 2 providers after filtering by previous result {{(pid=119828) get_provider_ids_matching /opt/stack/placement/placement/objects/research_context.py:594}}
Aug 18 09:50:47.314037 n-d-826526-6 devstack@placement-api.service[119828]: DEBUG placement.objects.research_context [req-0d8fcee4-effe-434e-bc16-ffe7ed26f5ce req-461e88b0-c2a2-4bab-a737-9b293f4fdedc service placement] found 2 providers with available 1 VCPU {{(pid=119828) get_provider_ids_matching /opt/stack/placement/placement/objects/research_context.py:563}}
Aug 18 09:50:47.314498 n-d-826526-6 devstack@placement-api.service[119828]: DEBUG placement.objects.research_context [req-0d8fcee4-effe-434e-bc16-ffe7ed26f5ce req-461e88b0-c2a2-4bab-a737-9b293f4fdedc service placement] found 2 providers after filtering by previous result {{(pid=119828) get_provider_ids_matching /opt/stack/placement/placement/objects/research_context.py:594}}
