Mar 23 08:08:27.675419 n-d-826526-4 devstack@placement-api.service[104825]: [pid: 104825|app: 0|req: 140/277] 10.222.0.46 () {60 vars in 1484 bytes} [Wed Mar 23 08:08:27 2022] GET /placement/allocation_candidates?resources=DISK_GB%3A1%2CMEMORY_MB%3A1024%2CVCPU%3A1&root_required=%21COMPUTE_STATUS_DISABLED => generated 1315 bytes in 131 msecs (HTTP/1.1 200) 8 headers in 297 bytes (2 switches on core 0)
Mar 23 08:08:27.743675 n-d-826526-4 devstack@placement-api.service[104824]: DEBUG placement.requestlog [req-e37b499b-10c6-4ab9-b43b-a80a8ec2ecbe req-a92184df-ffa6-4620-8687-74cbcea875be None None] Starting request: 10.222.0.46 "GET /placement/allocations/553461db-54d5-4ac5-8c3d-c4d625553709" {{(pid=104824) __call__ /opt/stack/placement/placement/requestlog.py:55}}
Mar 23 08:08:27.759626 n-d-826526-4 devstack@placement-api.service[104824]: INFO placement.requestlog [req-e37b499b-10c6-4ab9-b43b-a80a8ec2ecbe req-a92184df-ffa6-4620-8687-74cbcea875be service placement] 10.222.0.46 "GET /placement/allocations/553461db-54d5-4ac5-8c3d-c4d625553709" status: 200 len: 19 microversion: 1.28
Mar 23 08:08:27.762336 n-d-826526-4 devstack@placement-api.service[104824]: [pid: 104824|app: 0|req: 138/278] 10.222.0.46 () {60 vars in 1380 bytes} [Wed Mar 23 08:08:27 2022] GET /placement/allocations/553461db-54d5-4ac5-8c3d-c4d625553709 => generated 19 bytes in 19 msecs (HTTP/1.1 200) 8 headers in 295 bytes (1 switches on core 0)
Mar 23 08:08:27.775960 n-d-826526-4 devstack@placement-api.service[104825]: DEBUG placement.requestlog [req-e37b499b-10c6-4ab9-b43b-a80a8ec2ecbe req-95050f81-3d62-4a35-8b28-1d3ce81da0a1 None None] Starting request: 10.222.0.46 "PUT /placement/allocations/553461db-54d5-4ac5-8c3d-c4d625553709" {{(pid=104825) __call__ /opt/stack/placement/placement/requestlog.py:55}}
Mar 23 08:08:27.914461 n-d-826526-4 devstack@placement-api.service[104825]: DEBUG placement.handlers.allocation [req-e37b499b-10c6-4ab9-b43b-a80a8ec2ecbe req-95050f81-3d62-4a35-8b28-1d3ce81da0a1 service placement] Successfully wrote allocations [, , ] {{(pid=104825) _update_consumers_and_create_allocations /opt/stack/placement/placement/handlers/allocation.py:462}}
Mar 23 08:08:27.996740 n-d-826526-4 devstack@placement-api.service[104825]: INFO placement.requestlog [req-e37b499b-10c6-4ab9-b43b-a80a8ec2ecbe req-95050f81-3d62-4a35-8b28-1d3ce81da0a1 service placement] 10.222.0.46 "PUT /placement/allocations/553461db-54d5-4ac5-8c3d-c4d625553709" status: 204 len: 0 microversion: 1.36
Mar 23 08:08:27.998629 n-d-826526-4 devstack@placement-api.service[104825]: [pid: 104825|app: 0|req: 141/279] 10.222.0.46 () {64 vars in 1433 bytes} [Wed Mar 23 08:08:27 2022] PUT /placement/allocations/553461db-54d5-4ac5-8c3d-c4d625553709 => generated 0 bytes in 223 msecs (HTTP/1.1 204) 5 headers in 199 bytes (1 switches on core 0)
Mar 23 08:08:29.038423 n-d-826526-4 devstack@placement-api.service[104824]: DEBUG placement.requestlog [req-e37b499b-10c6-4ab9-b43b-a80a8ec2ecbe req-f348d5bb-c98d-4ea0-83e3-06b0b5f12ee9 None None] Starting request: 10.222.0.45 "GET /placement/allocations/553461db-54d5-4ac5-8c3d-c4d625553709" {{(pid=104824) __call__ /opt/stack/placement/placement/requestlog.py:55}}
Mar 23 08:08:29.062116 n-d-826526-4 devstack@placement-api.service[104824]: INFO placement.requestlog [req-e37b499b-10c6-4ab9-b43b-a80a8ec2ecbe req-f348d5bb-c98d-4ea0-83e3-06b0b5f12ee9 service placement] 10.222.0.45 "GET /placement/allocations/553461db-54d5-4ac5-8c3d-c4d625553709" status: 200 len: 259 microversion: 1.28
Mar 23 08:08:29.064912 n-d-826526-4 devstack@placement-api.service[104824]: [pid: 104824|app: 0|req: 139/280] 10.222.0.45 () {60 vars in 1377 bytes} [Wed Mar 23 08:08:29 2022] GET /placement/allocations/553461db-54d5-4ac5-8c3d-c4d625553709 => generated 259 bytes in 27 msecs (HTTP/1.1 200) 8 headers in 296 bytes (1 switches on core 0)
Mar 23 08:08:35.492425 n-d-826526-4 devstack@placement-api.service[104825]: DEBUG placement.requestlog [req-0e1feb9e-959d-4a4f-83f1-581882a72ff2 req-c95c2331-a5c3-4cee-afcd-68f674306d2f None None] Starting request: 10.222.0.45 "DELETE /placement/allocations/c92a8be4-fe50-475b-9695-f37d9301ae6c" {{(pid=104825) __call__ /opt/stack/placement/placement/requestlog.py:55}}
Mar 23 08:08:35.664498 n-d-826526-4 devstack@placement-api.service[104825]: DEBUG placement.handlers.allocation [req-0e1feb9e-959d-4a4f-83f1-581882a72ff2 req-c95c2331-a5c3-4cee-afcd-68f674306d2f service placement] Successfully deleted allocations [, , ] {{(pid=104825) delete_allocations /opt/stack/placement/placement/handlers/allocation.py:627}}
Mar 23 08:08:35.665002 n-d-826526-4 devstack@placement-api.service[104825]: INFO placement.requestlog [req-0e1feb9e-959d-4a4f-83f1-581882a72ff2 req-c95c2331-a5c3-4cee-afcd-68f674306d2f service placement] 10.222.0.45 "DELETE /placement/allocations/c92a8be4-fe50-475b-9695-f37d9301ae6c" status: 204 len: 0 microversion: 1.0
Mar 23 08:08:35.665378 n-d-826526-4 devstack@placement-api.service[104825]: [pid: 104825|app: 0|req: 142/281] 10.222.0.45 () {60 vars in 1355 bytes} [Wed Mar 23 08:08:35 2022] DELETE /placement/allocations/c92a8be4-fe50-475b-9695-f37d9301ae6c => generated 0 bytes in 174 msecs (HTTP/1.1 204) 5 headers in 198 bytes (1 switches on core 0)
Mar 23 08:08:39.828039 n-d-826526-4 devstack@placement-api.service[104824]: DEBUG placement.requestlog [req-bf29235c-92f7-4d99-a9b2-6a5f10a76d52 req-63ef9104-d657-488f-864b-fdb8d7b2aef4 None None] Starting request: 10.222.0.65 "DELETE /placement/allocations/74efb3fc-7649-46bb-a942-fece1ec8d8ff" {{(pid=104824) __call__ /opt/stack/placement/placement/requestlog.py:55}}
Mar 23 08:08:40.007609 n-d-826526-4 devstack@placement-api.service[104824]: DEBUG placement.handlers.allocation [req-bf29235c-92f7-4d99-a9b2-6a5f10a76d52 req-63ef9104-d657-488f-864b-fdb8d7b2aef4 service placement] Successfully deleted allocations [, , ] {{(pid=104824) delete_allocations /opt/stack/placement/placement/handlers/allocation.py:627}}
Mar 23 08:08:40.008275 n-d-826526-4 devstack@placement-api.service[104824]: INFO placement.requestlog [req-bf29235c-92f7-4d99-a9b2-6a5f10a76d52 req-63ef9104-d657-488f-864b-fdb8d7b2aef4 service placement] 10.222.0.65 "DELETE /placement/allocations/74efb3fc-7649-46bb-a942-fece1ec8d8ff" status: 204 len: 0 microversion: 1.0
Mar 23 08:08:40.008996 n-d-826526-4 devstack@placement-api.service[104824]: [pid: 104824|app: 0|req: 140/282] 10.222.0.65 () {60 vars in 1355 bytes} [Wed Mar 23 08:08:39 2022] DELETE /placement/allocations/74efb3fc-7649-46bb-a942-fece1ec8d8ff => generated 0 bytes in 181 msecs (HTTP/1.1 204) 5 headers in 198 bytes (1 switches on core 0)
Mar 23 08:08:40.194701 n-d-826526-4 devstack@placement-api.service[104825]: DEBUG placement.requestlog [None req-87603584-3dcc-48cb-8ffa-d782f19ff1ef None None] Starting request: 10.222.0.46 "GET /placement/" {{(pid=104825) __call__ /opt/stack/placement/placement/requestlog.py:55}}
Mar 23 08:08:40.196316 n-d-826526-4 devstack@placement-api.service[104825]: INFO placement.requestlog [None req-87603584-3dcc-48cb-8ffa-d782f19ff1ef None None] 10.222.0.46 "GET /placement/" status: 200 len: 136 microversion: 1.0
Mar 23 08:08:40.198647 n-d-826526-4 devstack@placement-api.service[104825]: [pid: 104825|app: 0|req: 143/283] 10.222.0.46 () {54 vars in 916 bytes} [Wed Mar 23 08:08:40 2022] GET /placement => generated 136 bytes in 4 msecs (HTTP/1.1 200) 6 headers in 224 bytes (1 switches on core 0)
Mar 23 08:08:40.221211 n-d-826526-4 devstack@placement-api.service[104824]: DEBUG placement.requestlog [req-10b9869f-e4e3-431b-bd11-92ddd472d609 req-09433e79-9754-44be-bd8d-657504cac13e None None] Starting request: 10.222.0.46 "GET /placement/allocations/7ab1d857-352d-4e65-8106-5dec43b46519" {{(pid=104824) __call__ /opt/stack/placement/placement/requestlog.py:55}}
Mar 23 08:08:40.390841 n-d-826526-4 devstack@placement-api.service[104824]: INFO placement.requestlog [req-10b9869f-e4e3-431b-bd11-92ddd472d609 req-09433e79-9754-44be-bd8d-657504cac13e service placement] 10.222.0.46 "GET /placement/allocations/7ab1d857-352d-4e65-8106-5dec43b46519" status: 200 len: 259 microversion: 1.28
Mar 23 08:08:40.391212 n-d-826526-4 devstack@placement-api.service[104824]: [pid: 104824|app: 0|req: 141/284] 10.222.0.46 () {60 vars in 1380 bytes} [Wed Mar 23 08:08:40 2022] GET /placement/allocations/7ab1d857-352d-4e65-8106-5dec43b46519 => generated 259 bytes in 170 msecs (HTTP/1.1 200) 8 headers in 296 bytes (1 switches on core 0)
Mar 23 08:08:40.400220 n-d-826526-4 devstack@placement-api.service[104825]: DEBUG placement.requestlog [req-10b9869f-e4e3-431b-bd11-92ddd472d609 req-e403e1ce-58fd-4db8-af96-a2bbb32f383d None None] Starting request: 10.222.0.46 "GET /placement/allocations/7ab1d857-352d-4e65-8106-5dec43b46519" {{(pid=104825) __call__ /opt/stack/placement/placement/requestlog.py:55}}
Mar 23 08:08:40.429514 n-d-826526-4 devstack@placement-api.service[104825]: INFO placement.requestlog [req-10b9869f-e4e3-431b-bd11-92ddd472d609 req-e403e1ce-58fd-4db8-af96-a2bbb32f383d service placement] 10.222.0.46 "GET /placement/allocations/7ab1d857-352d-4e65-8106-5dec43b46519" status: 200 len: 259 microversion: 1.28
Mar 23 08:08:40.433074 n-d-826526-4 devstack@placement-api.service[104825]: [pid: 104825|app: 0|req: 144/285] 10.222.0.46 () {60 vars in 1380 bytes} [Wed Mar 23 08:08:40 2022] GET /placement/allocations/7ab1d857-352d-4e65-8106-5dec43b46519 => generated 259 bytes in 30 msecs (HTTP/1.1 200) 8 headers in 296 bytes (1 switches on core 0)
Mar 23 08:08:40.438570 n-d-826526-4 devstack@placement-api.service[104824]: DEBUG placement.requestlog [req-10b9869f-e4e3-431b-bd11-92ddd472d609 req-4b9aef95-74b6-482d-8164-82890755b49d None None] Starting request: 10.222.0.46 "GET /placement/allocations/225d430e-24e3-4d98-9230-fab1aad0856c" {{(pid=104824) __call__ /opt/stack/placement/placement/requestlog.py:55}}
Mar 23 08:08:40.459178 n-d-826526-4 devstack@placement-api.service[104824]: INFO placement.requestlog [req-10b9869f-e4e3-431b-bd11-92ddd472d609 req-4b9aef95-74b6-482d-8164-82890755b49d service placement] 10.222.0.46 "GET /placement/allocations/225d430e-24e3-4d98-9230-fab1aad0856c" status: 200 len: 19 microversion: 1.28
Mar 23 08:08:40.459613 n-d-826526-4 devstack@placement-api.service[104824]: [pid: 104824|app: 0|req: 142/286] 10.222.0.46 () {60 vars in 1380 bytes} [Wed Mar 23 08:08:40 2022] GET /placement/allocations/225d430e-24e3-4d98-9230-fab1aad0856c => generated 19 bytes in 22 msecs (HTTP/1.1 200) 8 headers in 295 bytes (1 switches on core 0)
Mar 23 08:08:40.465787 n-d-826526-4 devstack@placement-api.service[104825]: DEBUG placement.requestlog [req-10b9869f-e4e3-431b-bd11-92ddd472d609 req-a4f39ba4-9fb5-43be-a257-2bb9400b13da None None] Starting request: 10.222.0.46 "POST /placement/allocations" {{(pid=104825) __call__ /opt/stack/placement/placement/requestlog.py:55}}
Mar 23 08:08:40.715193 n-d-826526-4 devstack@placement-api.service[104825]: DEBUG placement.handlers.allocation [req-10b9869f-e4e3-431b-bd11-92ddd472d609 req-a4f39ba4-9fb5-43be-a257-2bb9400b13da service placement] Successfully wrote allocations [, , , , , ] {{(pid=104825) _update_consumers_and_create_allocations /opt/stack/placement/placement/handlers/allocation.py:572}}
Mar 23 08:08:40.778560 n-d-826526-4 devstack@placement-api.service[104825]: INFO placement.requestlog [req-10b9869f-e4e3-431b-bd11-92ddd472d609 req-a4f39ba4-9fb5-43be-a257-2bb9400b13da service placement] 10.222.0.46 "POST /placement/allocations" status: 204 len: 0 microversion: 1.28
Mar 23 08:08:40.779610 n-d-826526-4 devstack@placement-api.service[104825]: [pid: 104825|app: 0|req: 145/287] 10.222.0.46 () {64 vars in 1323 bytes} [Wed Mar 23 08:08:40 2022] POST /placement/allocations => generated 0 bytes in 314 msecs (HTTP/1.1 204) 5 headers in 199 bytes (1 switches on core 0)
Mar 23 08:08:40.909460 n-d-826526-4 devstack@placement-api.service[104824]: DEBUG placement.requestlog [req-10b9869f-e4e3-431b-bd11-92ddd472d609 req-7938ee01-dfb8-47e9-ab5f-5b47e9bdf4f7 None None] Starting request: 10.222.0.46 "GET /placement/allocation_candidates?limit=1000&resources=DISK_GB%3A1%2CMEMORY_MB%3A512%2CVCPU%3A1&root_required=%21COMPUTE_STATUS_DISABLED" {{(pid=104824) __call__ /opt/stack/placement/placement/requestlog.py:55}}
Mar 23 08:08:40.946929 n-d-826526-4 devstack@placement-api.service[104824]: DEBUG placement.objects.research_context [req-10b9869f-e4e3-431b-bd11-92ddd472d609 req-7938ee01-dfb8-47e9-ab5f-5b47e9bdf4f7 service placement] getting providers with 1 DISK_GB {{(pid=104824) __init__ /opt/stack/placement/placement/objects/research_context.py:136}}
Mar 23 08:08:40.952861 n-d-826526-4 devstack@placement-api.service[104824]: DEBUG placement.objects.research_context [req-10b9869f-e4e3-431b-bd11-92ddd472d609 req-7938ee01-dfb8-47e9-ab5f-5b47e9bdf4f7 service placement] getting providers with 512 MEMORY_MB {{(pid=104824) __init__ /opt/stack/placement/placement/objects/research_context.py:136}}
Mar 23 08:08:40.960280 n-d-826526-4 devstack@placement-api.service[104824]: DEBUG placement.objects.research_context [req-10b9869f-e4e3-431b-bd11-92ddd472d609 req-7938ee01-dfb8-47e9-ab5f-5b47e9bdf4f7 service placement] getting providers with 1 VCPU {{(pid=104824) __init__ /opt/stack/placement/placement/objects/research_context.py:136}}
Mar 23 08:08:40.966400 n-d-826526-4 devstack@placement-api.service[104824]: DEBUG placement.objects.research_context [req-10b9869f-e4e3-431b-bd11-92ddd472d609 req-7938ee01-dfb8-47e9-ab5f-5b47e9bdf4f7 service placement] found 2 providers with available 1 DISK_GB {{(pid=104824) get_provider_ids_matching /opt/stack/placement/placement/objects/research_context.py:559}}
Mar 23 08:08:40.966907 n-d-826526-4 devstack@placement-api.service[104824]: DEBUG placement.objects.research_context [req-10b9869f-e4e3-431b-bd11-92ddd472d609 req-7938ee01-dfb8-47e9-ab5f-5b47e9bdf4f7 service placement] found 2 providers with available 512 MEMORY_MB {{(pid=104824) get_provider_ids_matching /opt/stack/placement/placement/objects/research_context.py:559}}
Mar 23 08:08:40.967372 n-d-826526-4 devstack@placement-api.service[104824]: DEBUG placement.objects.research_context [req-10b9869f-e4e3-431b-bd11-92ddd472d609 req-7938ee01-dfb8-47e9-ab5f-5b47e9bdf4f7 service placement] found 2 providers after filtering by previous result {{(pid=104824) get_provider_ids_matching /opt/stack/placement/placement/objects/research_context.py:590}}
Mar 23 08:08:40.967850 n-d-826526-4 devstack@placement-api.service[104824]: DEBUG placement.objects.research_context [req-10b9869f-e4e3-431b-bd11-92ddd472d609 req-7938ee01-dfb8-47e9-ab5f-5b47e9bdf4f7 service placement] found 2 providers with available 1 VCPU {{(pid=104824) get_provider_ids_matching /opt/stack/placement/placement/objects/research_context.py:559}}
Mar 23 08:08:40.968288 n-d-826526-4 devstack@placement-api.service[104824]: DEBUG placement.objects.research_context [req-10b9869f-e4e3-431b-bd11-92ddd472d609 req-7938ee01-dfb8-47e9-ab5f-5b47e9bdf4f7 service placement] found 2 providers after filtering by previous result {{(pid=104824) get_provider_ids_matching /opt/stack/placement/placement/objects/research_context.py:590}}
Mar 23 08:08:40.982004 n-d-826526-4 devstack@placement-api.service[104824]: DEBUG placement.objects.allocation_candidate [req-10b9869f-e4e3-431b-bd11-92ddd472d609 req-7938ee01-dfb8-47e9-ab5f-5b47e9bdf4f7 service placement] RequestGroup(use_same_provider=False, resources={DISK_GB:1, MEMORY_MB:512, VCPU:1}, traits=(), aggregates=[]) (suffix '') returned 2 matches {{(pid=104824) _get_by_requests /opt/stack/placement/placement/objects/allocation_candidate.py:156}}
Mar 23 08:08:40.982801 n-d-826526-4 devstack@placement-api.service[104824]: DEBUG placement.objects.allocation_candidate [req-10b9869f-e4e3-431b-bd11-92ddd472d609 req-7938ee01-dfb8-47e9-ab5f-5b47e9bdf4f7 service placement] Merging candidates yields 2 allocation requests and 2 provider summaries {{(pid=104824) _merge_candidates /opt/stack/placement/placement/objects/allocation_candidate.py:809}}
Mar 23 08:08:40.984580 n-d-826526-4 devstack@placement-api.service[104824]: INFO placement.requestlog [req-10b9869f-e4e3-431b-bd11-92ddd472d609 req-7938ee01-dfb8-47e9-ab5f-5b47e9bdf4f7 service placement] 10.222.0.46 "GET /placement/allocation_candidates?limit=1000&resources=DISK_GB%3A1%2CMEMORY_MB%3A512%2CVCPU%3A1&root_required=%21COMPUTE_STATUS_DISABLED" status: 200 len: 1310 microversion: 1.36
Mar 23 08:08:40.985625 n-d-826526-4 devstack@placement-api.service[104824]: [pid: 104824|app: 0|req: 143/288] 10.222.0.46 () {60 vars in 1504 bytes} [Wed Mar 23 08:08:40 2022] GET /placement/allocation_candidates?limit=1000&resources=DISK_GB%3A1%2CMEMORY_MB%3A512%2CVCPU%3A1&root_required=%21COMPUTE_STATUS_DISABLED => generated 1310 bytes in 76 msecs (HTTP/1.1 200) 8 headers in 297 bytes (1 switches on core 0)
Mar 23 08:08:41.083779 n-d-826526-4 devstack@placement-api.service[104825]: DEBUG placement.requestlog [req-10b9869f-e4e3-431b-bd11-92ddd472d609 req-859d9b79-a87a-4e7e-8620-72fb67ef5c93 None None] Starting request: 10.222.0.46 "GET /placement/allocations/7ab1d857-352d-4e65-8106-5dec43b46519" {{(pid=104825) __call__ /opt/stack/placement/placement/requestlog.py:55}}
Mar 23 08:08:41.096324 n-d-826526-4 devstack@placement-api.service[104825]: INFO placement.requestlog [req-10b9869f-e4e3-431b-bd11-92ddd472d609 req-859d9b79-a87a-4e7e-8620-72fb67ef5c93 service placement] 10.222.0.46 "GET /placement/allocations/7ab1d857-352d-4e65-8106-5dec43b46519" status: 200 len: 19 microversion: 1.28
Mar 23 08:08:41.102026 n-d-826526-4 devstack@placement-api.service[104825]: [pid: 104825|app: 0|req: 146/289] 10.222.0.46 () {60 vars in 1380 bytes} [Wed Mar 23 08:08:41 2022] GET /placement/allocations/7ab1d857-352d-4e65-8106-5dec43b46519 => generated 19 bytes in 19 msecs (HTTP/1.1 200) 8 headers in 295 bytes (2 switches on core 0)
Mar 23 08:08:41.105960 n-d-826526-4 devstack@placement-api.service[104824]: DEBUG placement.requestlog [req-10b9869f-e4e3-431b-bd11-92ddd472d609 req-7aa50ac5-85bc-4954-8b5a-dedf96034167 None None] Starting request: 10.222.0.46 "PUT /placement/allocations/7ab1d857-352d-4e65-8106-5dec43b46519" {{(pid=104824) __call__ /opt/stack/placement/placement/requestlog.py:55}}
Mar 23 08:08:41.230742 n-d-826526-4 devstack@placement-api.service[104825]: DEBUG placement.requestlog [req-1f4b6635-a28a-4ece-8a55-92034ee63297 req-b8078f96-cba3-4b62-8cff-917d710ac113 None None] Starting request: 10.222.0.45 "DELETE /placement/allocations/7031f0ed-bf5f-49f5-8d27-0fc2ec347a27" {{(pid=104825) __call__ /opt/stack/placement/placement/requestlog.py:55}}
Mar 23 08:08:41.298184 n-d-826526-4 devstack@placement-api.service[104824]: DEBUG placement.handlers.allocation [req-10b9869f-e4e3-431b-bd11-92ddd472d609 req-7aa50ac5-85bc-4954-8b5a-dedf96034167 service placement] Successfully wrote allocations [, , ] {{(pid=104824) _update_consumers_and_create_allocations /opt/stack/placement/placement/handlers/allocation.py:462}}
Mar 23 08:08:41.373188 n-d-826526-4 devstack@placement-api.service[104824]: INFO placement.requestlog [req-10b9869f-e4e3-431b-bd11-92ddd472d609 req-7aa50ac5-85bc-4954-8b5a-dedf96034167 service placement] 10.222.0.46 "PUT /placement/allocations/7ab1d857-352d-4e65-8106-5dec43b46519" status: 204 len: 0 microversion: 1.36
Mar 23 08:08:41.379664 n-d-826526-4 devstack@placement-api.service[104824]: [pid: 104824|app: 0|req: 144/290] 10.222.0.46 () {64 vars in 1433 bytes} [Wed Mar 23 08:08:41 2022] PUT /placement/allocations/7ab1d857-352d-4e65-8106-5dec43b46519 => generated 0 bytes in 270 msecs (HTTP/1.1 204) 5 headers in 199 bytes (1 switches on core 0)
Mar 23 08:08:41.407229 n-d-826526-4 devstack@placement-api.service[104825]: DEBUG placement.handlers.allocation [req-1f4b6635-a28a-4ece-8a55-92034ee63297 req-b8078f96-cba3-4b62-8cff-917d710ac113 service placement] Successfully deleted allocations [, , ] {{(pid=104825) delete_allocations /opt/stack/placement/placement/handlers/allocation.py:627}}
Mar 23 08:08:41.408121 n-d-826526-4 devstack@placement-api.service[104825]: INFO placement.requestlog [req-1f4b6635-a28a-4ece-8a55-92034ee63297 req-b8078f96-cba3-4b62-8cff-917d710ac113 service placement] 10.222.0.45 "DELETE /placement/allocations/7031f0ed-bf5f-49f5-8d27-0fc2ec347a27" status: 204 len: 0 microversion: 1.0
Mar 23 08:08:41.409269 n-d-826526-4 devstack@placement-api.service[104825]: [pid: 104825|app: 0|req: 147/291] 10.222.0.45 () {60 vars in 1355 bytes} [Wed Mar 23 08:08:41 2022] DELETE /placement/allocations/7031f0ed-bf5f-49f5-8d27-0fc2ec347a27 => generated 0 bytes in 179 msecs (HTTP/1.1 204) 5 headers in 198 bytes (2 switches on core 0)
Mar 23 08:08:41.867214 n-d-826526-4 devstack@placement-api.service[104824]: DEBUG placement.requestlog [req-10b9869f-e4e3-431b-bd11-92ddd472d609 req-4076e2e5-c2b9-46b2-9ed9-89b1d3ab15f5 None None] Starting request: 10.222.0.65 "GET /placement/allocations/7ab1d857-352d-4e65-8106-5dec43b46519" {{(pid=104824) __call__ /opt/stack/placement/placement/requestlog.py:55}}
Mar 23 08:08:41.885736 n-d-826526-4 devstack@placement-api.service[104824]: INFO placement.requestlog [req-10b9869f-e4e3-431b-bd11-92ddd472d609 req-4076e2e5-c2b9-46b2-9ed9-89b1d3ab15f5 service placement] 10.222.0.65 "GET /placement/allocations/7ab1d857-352d-4e65-8106-5dec43b46519" status: 200 len: 258 microversion: 1.28
Mar 23 08:08:41.887707 n-d-826526-4 devstack@placement-api.service[104824]: [pid: 104824|app: 0|req: 145/292] 10.222.0.65 () {60 vars in 1377 bytes} [Wed Mar 23 08:08:41 2022] GET /placement/allocations/7ab1d857-352d-4e65-8106-5dec43b46519 => generated 258 bytes in 21 msecs (HTTP/1.1 200) 8 headers in 296 bytes (2 switches on core 0)
Mar 23 08:08:42.278729 n-d-826526-4 devstack@placement-api.service[104825]: DEBUG placement.requestlog [None req-e7849eb4-130c-4b5c-b301-d9386750102c None None] Starting request: 10.222.0.46 "GET /placement/" {{(pid=104825) __call__ /opt/stack/placement/placement/requestlog.py:55}}
Mar 23 08:08:42.279802 n-d-826526-4 devstack@placement-api.service[104825]: INFO placement.requestlog [None req-e7849eb4-130c-4b5c-b301-d9386750102c None None] 10.222.0.46 "GET /placement/" status: 200 len: 136 microversion: 1.0
Mar 23 08:08:42.280772 n-d-826526-4 devstack@placement-api.service[104825]: [pid: 104825|app: 0|req: 148/293] 10.222.0.46 () {54 vars in 916 bytes} [Wed Mar 23 08:08:42 2022] GET /placement => generated 136 bytes in 2 msecs (HTTP/1.1 200) 6 headers in 224 bytes (1 switches on core 0)
Mar 23 08:08:42.290082 n-d-826526-4 devstack@placement-api.service[104824]: DEBUG placement.requestlog [req-404f8a24-f6b1-47f2-98a7-1e0a504e0642 req-94c203e3-cb6a-49d3-8bc3-cc43963fd139 None None] Starting request: 10.222.0.46 "GET /placement/allocations/b9ca56a2-a383-4b1e-afe5-9ef1c9d0d112" {{(pid=104824) __call__ /opt/stack/placement/placement/requestlog.py:55}}
Mar 23 08:08:42.404897 n-d-826526-4 devstack@placement-api.service[104824]: INFO placement.requestlog [req-404f8a24-f6b1-47f2-98a7-1e0a504e0642 req-94c203e3-cb6a-49d3-8bc3-cc43963fd139 service placement] 10.222.0.46 "GET /placement/allocations/b9ca56a2-a383-4b1e-afe5-9ef1c9d0d112" status: 200 len: 259 microversion: 1.28
Mar 23 08:08:42.405774 n-d-826526-4 devstack@placement-api.service[104824]: [pid: 104824|app: 0|req: 146/294] 10.222.0.46 () {60 vars in 1380 bytes} [Wed Mar 23 08:08:42 2022] GET /placement/allocations/b9ca56a2-a383-4b1e-afe5-9ef1c9d0d112 => generated 259 bytes in 116 msecs (HTTP/1.1 200) 8 headers in 296 bytes (1 switches on core 0)
Mar 23 08:08:42.412108 n-d-826526-4 devstack@placement-api.service[104825]: DEBUG placement.requestlog [req-404f8a24-f6b1-47f2-98a7-1e0a504e0642 req-b6c5d58d-5b62-480c-9f87-7a3d205f47bf None None] Starting request: 10.222.0.46 "GET /placement/allocations/b9ca56a2-a383-4b1e-afe5-9ef1c9d0d112" {{(pid=104825) __call__ /opt/stack/placement/placement/requestlog.py:55}}
Mar 23 08:08:42.431156 n-d-826526-4 devstack@placement-api.service[104825]: INFO placement.requestlog [req-404f8a24-f6b1-47f2-98a7-1e0a504e0642 req-b6c5d58d-5b62-480c-9f87-7a3d205f47bf service placement] 10.222.0.46 "GET /placement/allocations/b9ca56a2-a383-4b1e-afe5-9ef1c9d0d112" status: 200 len: 259 microversion: 1.28
Mar 23 08:08:42.431639 n-d-826526-4 devstack@placement-api.service[104825]: [pid: 104825|app: 0|req: 149/295] 10.222.0.46 () {60 vars in 1380 bytes} [Wed Mar 23 08:08:42 2022] GET /placement/allocations/b9ca56a2-a383-4b1e-afe5-9ef1c9d0d112 => generated 259 bytes in 20 msecs (HTTP/1.1 200) 8 headers in 296 bytes (1 switches on core 0)
Mar 23 08:08:42.438447 n-d-826526-4 devstack@placement-api.service[104824]: DEBUG placement.requestlog [req-404f8a24-f6b1-47f2-98a7-1e0a504e0642 req-84be8da6-cc97-44f8-b40c-935fe6fc4d49 None None] Starting request: 10.222.0.46 "GET /placement/allocations/ac01755d-5c21-43fc-8f7e-dc836ab9374a" {{(pid=104824) __call__ /opt/stack/placement/placement/requestlog.py:55}}
Mar 23 08:08:42.454323 n-d-826526-4 devstack@placement-api.service[104824]: INFO placement.requestlog [req-404f8a24-f6b1-47f2-98a7-1e0a504e0642 req-84be8da6-cc97-44f8-b40c-935fe6fc4d49 service placement] 10.222.0.46 "GET /placement/allocations/ac01755d-5c21-43fc-8f7e-dc836ab9374a" status: 200 len: 19 microversion: 1.28
Mar 23 08:08:42.459771 n-d-826526-4 devstack@placement-api.service[104824]: [pid: 104824|app: 0|req: 147/296] 10.222.0.46 () {60 vars in 1380 bytes} [Wed Mar 23 08:08:42 2022] GET /placement/allocations/ac01755d-5c21-43fc-8f7e-dc836ab9374a => generated 19 bytes in 21 msecs (HTTP/1.1 200) 8 headers in 295 bytes (1 switches on core 0)
Mar 23 08:08:42.465075 n-d-826526-4 devstack@placement-api.service[104825]: DEBUG placement.requestlog [req-404f8a24-f6b1-47f2-98a7-1e0a504e0642 req-d20d7ae8-c0ec-42d6-8204-9f0472b368a2 None None] Starting request: 10.222.0.46 "POST /placement/allocations" {{(pid=104825) __call__ /opt/stack/placement/placement/requestlog.py:55}}
Mar 23 08:08:42.658862 n-d-826526-4 devstack@placement-api.service[104825]: DEBUG placement.handlers.allocation [req-404f8a24-f6b1-47f2-98a7-1e0a504e0642 req-d20d7ae8-c0ec-42d6-8204-9f0472b368a2 service placement] Successfully wrote allocations [, , , , , ] {{(pid=104825) _update_consumers_and_create_allocations /opt/stack/placement/placement/handlers/allocation.py:572}}
Mar 23 08:08:42.739845 n-d-826526-4 devstack@placement-api.service[104825]: INFO placement.requestlog [req-404f8a24-f6b1-47f2-98a7-1e0a504e0642 req-d20d7ae8-c0ec-42d6-8204-9f0472b368a2 service placement] 10.222.0.46 "POST /placement/allocations" status: 204 len: 0 microversion: 1.28
Mar 23 08:08:42.740671 n-d-826526-4 devstack@placement-api.service[104825]: [pid: 104825|app: 0|req: 150/297] 10.222.0.46 () {64 vars in 1323 bytes} [Wed Mar 23 08:08:42 2022] POST /placement/allocations => generated 0 bytes in 276 msecs (HTTP/1.1 204) 5 headers in 199 bytes (1 switches on core 0)
Mar 23 08:08:42.772355 n-d-826526-4 devstack@placement-api.service[104824]: DEBUG placement.requestlog [req-404f8a24-f6b1-47f2-98a7-1e0a504e0642 req-f5cf9219-670a-4359-84dc-840a16a024f1 None None] Starting request: 10.222.0.46 "GET /placement/allocations/b9ca56a2-a383-4b1e-afe5-9ef1c9d0d112" {{(pid=104824) __call__ /opt/stack/placement/placement/requestlog.py:55}}
Mar 23 08:08:42.785484 n-d-826526-4 devstack@placement-api.service[104824]: INFO placement.requestlog [req-404f8a24-f6b1-47f2-98a7-1e0a504e0642 req-f5cf9219-670a-4359-84dc-840a16a024f1 service placement] 10.222.0.46 "GET /placement/allocations/b9ca56a2-a383-4b1e-afe5-9ef1c9d0d112" status: 200 len: 19 microversion: 1.28
Mar 23 08:08:42.792325 n-d-826526-4 devstack@placement-api.service[104824]: [pid: 104824|app: 0|req: 148/298] 10.222.0.46 () {60 vars in 1380 bytes} [Wed Mar 23 08:08:42 2022] GET /placement/allocations/b9ca56a2-a383-4b1e-afe5-9ef1c9d0d112 => generated 19 bytes in 20 msecs (HTTP/1.1 200) 8 headers in 295 bytes (1 switches on core 0)
Mar 23 08:08:42.801783 n-d-826526-4 devstack@placement-api.service[104825]: DEBUG placement.requestlog [req-404f8a24-f6b1-47f2-98a7-1e0a504e0642 req-c11c2b12-aa79-4fab-b911-6584dbe516e5 None None] Starting request: 10.222.0.46 "PUT /placement/allocations/b9ca56a2-a383-4b1e-afe5-9ef1c9d0d112" {{(pid=104825) __call__ /opt/stack/placement/placement/requestlog.py:55}}
Mar 23 08:08:42.945205 n-d-826526-4 devstack@placement-api.service[104825]: DEBUG placement.handlers.allocation [req-404f8a24-f6b1-47f2-98a7-1e0a504e0642 req-c11c2b12-aa79-4fab-b911-6584dbe516e5 service placement] Successfully wrote allocations [, , ] {{(pid=104825) _update_consumers_and_create_allocations /opt/stack/placement/placement/handlers/allocation.py:462}}
Mar 23 08:08:42.995822 n-d-826526-4 devstack@placement-api.service[104825]: INFO placement.requestlog [req-404f8a24-f6b1-47f2-98a7-1e0a504e0642 req-c11c2b12-aa79-4fab-b911-6584dbe516e5 service placement] 10.222.0.46 "PUT /placement/allocations/b9ca56a2-a383-4b1e-afe5-9ef1c9d0d112" status: 204 len: 0 microversion: 1.28
Mar 23 08:08:42.996824 n-d-826526-4 devstack@placement-api.service[104825]: [pid: 104825|app: 0|req: 151/299] 10.222.0.46 () {64 vars in 1433 bytes} [Wed Mar 23 08:08:42 2022] PUT /placement/allocations/b9ca56a2-a383-4b1e-afe5-9ef1c9d0d112 => generated 0 bytes in 205 msecs (HTTP/1.1 204) 5 headers in 199 bytes (2 switches on core 0)
Mar 23 08:08:43.200701 n-d-826526-4 devstack@placement-api.service[104824]: DEBUG placement.requestlog [req-c304f7f7-423e-410e-89fb-fef74311389a req-9de12891-aa5a-4883-85ff-874f915592b5 None None] Starting request: 10.222.0.46 "GET /placement/allocation_candidates?limit=1000&resources=DISK_GB%3A1%2CMEMORY_MB%3A1024%2CVCPU%3A1&root_required=%21COMPUTE_STATUS_DISABLED" {{(pid=104824) __call__ /opt/stack/placement/placement/requestlog.py:55}}
Mar 23 08:08:43.245936 n-d-826526-4 devstack@placement-api.service[104824]: DEBUG placement.objects.research_context [req-c304f7f7-423e-410e-89fb-fef74311389a req-9de12891-aa5a-4883-85ff-874f915592b5 service placement] getting providers with 1 DISK_GB {{(pid=104824) __init__ /opt/stack/placement/placement/objects/research_context.py:136}}
Mar 23 08:08:43.252602 n-d-826526-4 devstack@placement-api.service[104824]: DEBUG placement.objects.research_context [req-c304f7f7-423e-410e-89fb-fef74311389a req-9de12891-aa5a-4883-85ff-874f915592b5 service placement] getting providers with 1024 MEMORY_MB {{(pid=104824) __init__ /opt/stack/placement/placement/objects/research_context.py:136}}
Mar 23 08:08:43.258927 n-d-826526-4 devstack@placement-api.service[104825]: DEBUG placement.requestlog [req-404f8a24-f6b1-47f2-98a7-1e0a504e0642 req-0ba3c4db-c5e1-4b18-8fda-25a6f3caa98b None None] Starting request: 10.222.0.45 "GET /placement/allocations/b9ca56a2-a383-4b1e-afe5-9ef1c9d0d112" {{(pid=104825) __call__ /opt/stack/placement/placement/requestlog.py:55}}
Mar 23 08:08:43.262729 n-d-826526-4 devstack@placement-api.service[104824]: DEBUG placement.objects.research_context [req-c304f7f7-423e-410e-89fb-fef74311389a req-9de12891-aa5a-4883-85ff-874f915592b5 service placement] getting providers with 1 VCPU {{(pid=104824) __init__ /opt/stack/placement/placement/objects/research_context.py:136}}
Mar 23 08:08:43.269662 n-d-826526-4 devstack@placement-api.service[104825]: INFO placement.requestlog [req-404f8a24-f6b1-47f2-98a7-1e0a504e0642 req-0ba3c4db-c5e1-4b18-8fda-25a6f3caa98b service placement] 10.222.0.45 "GET /placement/allocations/b9ca56a2-a383-4b1e-afe5-9ef1c9d0d112" status: 200 len: 259 microversion: 1.28
Mar 23 08:08:43.270550 n-d-826526-4 devstack@placement-api.service[104824]: DEBUG placement.objects.research_context [req-c304f7f7-423e-410e-89fb-fef74311389a req-9de12891-aa5a-4883-85ff-874f915592b5 service placement] found 2 providers with available 1 DISK_GB {{(pid=104824) get_provider_ids_matching /opt/stack/placement/placement/objects/research_context.py:559}}
Mar 23 08:08:43.270902 n-d-826526-4 devstack@placement-api.service[104825]: [pid: 104825|app: 0|req: 152/300] 10.222.0.45 () {60 vars in 1377 bytes} [Wed Mar 23 08:08:43 2022] GET /placement/allocations/b9ca56a2-a383-4b1e-afe5-9ef1c9d0d112 => generated 259 bytes in 18 msecs (HTTP/1.1 200) 8 headers in 296 bytes (1 switches on core 0)
Mar 23 08:08:43.271118 n-d-826526-4 devstack@placement-api.service[104824]: DEBUG placement.objects.research_context [req-c304f7f7-423e-410e-89fb-fef74311389a req-9de12891-aa5a-4883-85ff-874f915592b5 service placement] found 2 providers with available 1024 MEMORY_MB {{(pid=104824) get_provider_ids_matching /opt/stack/placement/placement/objects/research_context.py:559}}
Mar 23 08:08:43.271492 n-d-826526-4 devstack@placement-api.service[104824]: DEBUG placement.objects.research_context [req-c304f7f7-423e-410e-89fb-fef74311389a req-9de12891-aa5a-4883-85ff-874f915592b5 service placement] found 2 providers after filtering by previous result {{(pid=104824) get_provider_ids_matching /opt/stack/placement/placement/objects/research_context.py:590}}
Mar 23 08:08:43.271804 n-d-826526-4 devstack@placement-api.service[104824]: DEBUG placement.objects.research_context [req-c304f7f7-423e-410e-89fb-fef74311389a req-9de12891-aa5a-4883-85ff-874f915592b5 service placement] found 2 providers with available 1 VCPU {{(pid=104824) get_provider_ids_matching /opt/stack/placement/placement/objects/research_context.py:559}}
Mar 23 08:08:43.272257 n-d-826526-4 devstack@placement-api.service[104824]: DEBUG placement.objects.research_context [req-c304f7f7-423e-410e-89fb-fef74311389a req-9de12891-aa5a-4883-85ff-874f915592b5 service placement] found 2 providers after filtering by previous result {{(pid=104824) get_provider_ids_matching /opt/stack/placement/placement/objects/research_context.py:590}}
Mar 23 08:08:43.288674 n-d-826526-4 devstack@placement-api.service[104824]: DEBUG placement.objects.allocation_candidate [req-c304f7f7-423e-410e-89fb-fef74311389a req-9de12891-aa5a-4883-85ff-874f915592b5 service placement] RequestGroup(use_same_provider=False, resources={DISK_GB:1, MEMORY_MB:1024, VCPU:1}, traits=(), aggregates=[]) (suffix '') returned 2 matches {{(pid=104824) _get_by_requests /opt/stack/placement/placement/objects/allocation_candidate.py:156}}
Mar 23 08:08:43.289330 n-d-826526-4 devstack@placement-api.service[104824]: DEBUG placement.objects.allocation_candidate [req-c304f7f7-423e-410e-89fb-fef74311389a req-9de12891-aa5a-4883-85ff-874f915592b5 service placement] Merging candidates yields 2 allocation requests and 2 provider summaries {{(pid=104824) _merge_candidates /opt/stack/placement/placement/objects/allocation_candidate.py:809}}
Mar 23 08:08:43.291826 n-d-826526-4 devstack@placement-api.service[104824]: INFO placement.requestlog [req-c304f7f7-423e-410e-89fb-fef74311389a req-9de12891-aa5a-4883-85ff-874f915592b5 service placement] 10.222.0.46 "GET /placement/allocation_candidates?limit=1000&resources=DISK_GB%3A1%2CMEMORY_MB%3A1024%2CVCPU%3A1&root_required=%21COMPUTE_STATUS_DISABLED" status: 200 len: 1314 microversion: 1.36
Mar 23 08:08:43.293375 n-d-826526-4 devstack@placement-api.service[104824]: [pid: 104824|app: 0|req: 149/301] 10.222.0.46 () {60 vars in 1506 bytes} [Wed Mar 23 08:08:43 2022] GET /placement/allocation_candidates?limit=1000&resources=DISK_GB%3A1%2CMEMORY_MB%3A1024%2CVCPU%3A1&root_required=%21COMPUTE_STATUS_DISABLED => generated 1314 bytes in 93 msecs (HTTP/1.1 200) 8 headers in 297 bytes (1 switches on core 0)
Mar 23 08:08:43.390040 n-d-826526-4 devstack@placement-api.service[104825]: DEBUG placement.requestlog [req-c304f7f7-423e-410e-89fb-fef74311389a req-1e005b3e-61cd-439a-92c0-5e9c6a3ca823 None None] Starting request: 10.222.0.46 "GET /placement/allocations/99adbde9-7242-4c1d-ab44-0a91ffe0611c" {{(pid=104825) __call__ /opt/stack/placement/placement/requestlog.py:55}}
Mar 23 08:08:43.420700 n-d-826526-4 devstack@placement-api.service[104825]: INFO placement.requestlog [req-c304f7f7-423e-410e-89fb-fef74311389a req-1e005b3e-61cd-439a-92c0-5e9c6a3ca823 service placement] 10.222.0.46 "GET /placement/allocations/99adbde9-7242-4c1d-ab44-0a91ffe0611c" status: 200 len: 19 microversion: 1.28
Mar 23 08:08:43.425975 n-d-826526-4 devstack@placement-api.service[104825]: [pid: 104825|app: 0|req: 153/302] 10.222.0.46 () {60 vars in 1380 bytes} [Wed Mar 23 08:08:43 2022] GET /placement/allocations/99adbde9-7242-4c1d-ab44-0a91ffe0611c => generated 19 bytes in 35 msecs (HTTP/1.1 200) 8 headers in 295 bytes (1 switches on core 0)
Mar 23 08:08:43.433111 n-d-826526-4 devstack@placement-api.service[104824]: DEBUG placement.requestlog [req-c304f7f7-423e-410e-89fb-fef74311389a req-af8a567a-0107-4341-bc59-ce3f49c90c2f None None] Starting request: 10.222.0.46 "PUT /placement/allocations/99adbde9-7242-4c1d-ab44-0a91ffe0611c" {{(pid=104824) __call__ /opt/stack/placement/placement/requestlog.py:55}}
Mar 23 08:08:43.566536 n-d-826526-4 devstack@placement-api.service[104824]: DEBUG placement.handlers.allocation [req-c304f7f7-423e-410e-89fb-fef74311389a req-af8a567a-0107-4341-bc59-ce3f49c90c2f service placement] Successfully wrote allocations [, , ] {{(pid=104824) _update_consumers_and_create_allocations /opt/stack/placement/placement/handlers/allocation.py:462}}
Mar 23 08:08:43.647411 n-d-826526-4 devstack@placement-api.service[104824]: INFO placement.requestlog [req-c304f7f7-423e-410e-89fb-fef74311389a req-af8a567a-0107-4341-bc59-ce3f49c90c2f service placement] 10.222.0.46 "PUT /placement/allocations/99adbde9-7242-4c1d-ab44-0a91ffe0611c" status: 204 len: 0 microversion: 1.36
Mar 23 08:08:43.647870 n-d-826526-4 devstack@placement-api.service[104824]: [pid: 104824|app: 0|req: 150/303] 10.222.0.46 () {64 vars in 1433 bytes} [Wed Mar 23 08:08:43 2022] PUT /placement/allocations/99adbde9-7242-4c1d-ab44-0a91ffe0611c => generated 0 bytes in 215 msecs (HTTP/1.1 204) 5 headers in 199 bytes (2 switches on core 0)
Mar 23 08:08:44.205131 n-d-826526-4 devstack@placement-api.service[104825]: DEBUG placement.requestlog [req-f0a2d721-12a3-40ef-a6a7-f42af7a5e592 req-daa1e18f-4bb2-49b5-9294-302b08672c14 None None] Starting request: 10.222.0.65 "GET /placement/resource_providers/a44aa8ee-9f89-4b65-a466-bdc3d7bf43d3/allocations" {{(pid=104825) __call__ /opt/stack/placement/placement/requestlog.py:55}}
Mar 23 08:08:44.243779 n-d-826526-4 devstack@placement-api.service[104825]: INFO placement.requestlog [req-f0a2d721-12a3-40ef-a6a7-f42af7a5e592 req-daa1e18f-4bb2-49b5-9294-302b08672c14 service placement] 10.222.0.65 "GET /placement/resource_providers/a44aa8ee-9f89-4b65-a466-bdc3d7bf43d3/allocations" status: 200 len: 1163 microversion: 1.0
Mar 23 08:08:44.244657 n-d-826526-4 devstack@placement-api.service[104825]: [pid: 104825|app: 0|req: 154/304] 10.222.0.65 () {58 vars in 1390 bytes} [Wed Mar 23 08:08:44 2022] GET /placement/resource_providers/a44aa8ee-9f89-4b65-a466-bdc3d7bf43d3/allocations => generated 1163 bytes in 40 msecs (HTTP/1.1 200) 6 headers in 225 bytes (1 switches on core 0)
Mar 23 08:08:44.575420 n-d-826526-4 devstack@placement-api.service[104824]: DEBUG placement.requestlog [req-c304f7f7-423e-410e-89fb-fef74311389a req-dc74e852-f6c5-40f5-865b-22aac1f25b63 None None] Starting request: 10.222.0.65 "GET /placement/allocations/99adbde9-7242-4c1d-ab44-0a91ffe0611c" {{(pid=104824) __call__ /opt/stack/placement/placement/requestlog.py:55}}
Mar 23 08:08:44.611861 n-d-826526-4 devstack@placement-api.service[104824]: INFO placement.requestlog [req-c304f7f7-423e-410e-89fb-fef74311389a req-dc74e852-f6c5-40f5-865b-22aac1f25b63 service placement] 10.222.0.65 "GET /placement/allocations/99adbde9-7242-4c1d-ab44-0a91ffe0611c" status: 200 len: 259 microversion: 1.28
Mar 23 08:08:44.613767 n-d-826526-4 devstack@placement-api.service[104824]: [pid: 104824|app: 0|req: 151/305] 10.222.0.65 () {60 vars in 1377 bytes} [Wed Mar 23 08:08:44 2022] GET /placement/allocations/99adbde9-7242-4c1d-ab44-0a91ffe0611c => generated 259 bytes in 38 msecs (HTTP/1.1 200) 8 headers in 296 bytes (1 switches on core 0)
Mar 23 08:08:46.995518 n-d-826526-4 devstack@placement-api.service[104825]: DEBUG placement.requestlog [req-3fcd011b-9f8a-418b-bc81-8c8222e79278 req-26f30aad-a93c-42d2-a6ee-028c9340fce1 None None] Starting request: 10.222.0.45 "GET /placement/resource_providers/5ed85621-f133-4004-b457-fec738da6e91/allocations" {{(pid=104825) __call__ /opt/stack/placement/placement/requestlog.py:55}}
Mar 23 08:08:47.047369 n-d-826526-4 devstack@placement-api.service[104825]: INFO placement.requestlog [req-3fcd011b-9f8a-418b-bc81-8c8222e79278 req-26f30aad-a93c-42d2-a6ee-028c9340fce1 service placement] 10.222.0.45 "GET /placement/resource_providers/5ed85621-f133-4004-b457-fec738da6e91/allocations" status: 200 len: 1063 microversion: 1.0
Mar 23 08:08:47.048577 n-d-826526-4 devstack@placement-api.service[104825]: [pid: 104825|app: 0|req: 155/306] 10.222.0.45 () {58 vars in 1390 bytes} [Wed Mar 23 08:08:46 2022] GET /placement/resource_providers/5ed85621-f133-4004-b457-fec738da6e91/allocations => generated 1063 bytes in 53 msecs (HTTP/1.1 200) 6 headers in 225 bytes (1 switches on core 0)
Mar 23 08:08:48.967834 n-d-826526-4 devstack@placement-api.service[104824]: DEBUG placement.requestlog [req-edb9080d-c49a-4e5f-aee2-0d4a63190453 req-71ef6249-edaf-484e-be95-b08e457d7e9c None None] Starting request: 10.222.0.45 "DELETE /placement/allocations/763f328c-0c58-4725-b3b1-01c41f5b193a" {{(pid=104824) __call__ /opt/stack/placement/placement/requestlog.py:55}}
Mar 23 08:08:49.137698 n-d-826526-4 devstack@placement-api.service[104824]: DEBUG placement.handlers.allocation [req-edb9080d-c49a-4e5f-aee2-0d4a63190453 req-71ef6249-edaf-484e-be95-b08e457d7e9c service placement] Successfully deleted allocations [, , ] {{(pid=104824) delete_allocations /opt/stack/placement/placement/handlers/allocation.py:627}}
Mar 23 08:08:49.138659 n-d-826526-4 devstack@placement-api.service[104824]: INFO placement.requestlog [req-edb9080d-c49a-4e5f-aee2-0d4a63190453 req-71ef6249-edaf-484e-be95-b08e457d7e9c service placement] 10.222.0.45 "DELETE /placement/allocations/763f328c-0c58-4725-b3b1-01c41f5b193a" status: 204 len: 0 microversion: 1.0
Mar 23 08:08:49.139037 n-d-826526-4 devstack@placement-api.service[104824]: [pid: 104824|app: 0|req: 152/307] 10.222.0.45 () {60 vars in 1355 bytes} [Wed Mar 23 08:08:48 2022] DELETE /placement/allocations/763f328c-0c58-4725-b3b1-01c41f5b193a => generated 0 bytes in 172 msecs (HTTP/1.1 204) 5 headers in 198 bytes (1 switches on core 0)
Mar 23 08:08:54.300664 n-d-826526-4 devstack@placement-api.service[104825]: DEBUG placement.requestlog [req-66d9f37a-bca6-4b2b-aad4-a7b0b5d76edc req-83f412ac-7e4e-4dae-9a20-cf8ff2c21faf None None] Starting request: 10.222.0.46 "GET /placement/allocation_candidates?resources=DISK_GB%3A1%2CMEMORY_MB%3A1024%2CVCPU%3A1&root_required=%21COMPUTE_STATUS_DISABLED" {{(pid=104825) __call__ /opt/stack/placement/placement/requestlog.py:55}}
Mar 23 08:08:54.383243 n-d-826526-4 devstack@placement-api.service[104825]: DEBUG placement.objects.research_context [req-66d9f37a-bca6-4b2b-aad4-a7b0b5d76edc req-83f412ac-7e4e-4dae-9a20-cf8ff2c21faf service placement] getting providers with 1 DISK_GB {{(pid=104825) __init__ /opt/stack/placement/placement/objects/research_context.py:136}}
Mar 23 08:08:54.405308 n-d-826526-4 devstack@placement-api.service[104825]: DEBUG placement.objects.research_context [req-66d9f37a-bca6-4b2b-aad4-a7b0b5d76edc req-83f412ac-7e4e-4dae-9a20-cf8ff2c21faf service placement] getting providers with 1024 MEMORY_MB {{(pid=104825) __init__ /opt/stack/placement/placement/objects/research_context.py:136}}
Mar 23 08:08:54.428344 n-d-826526-4 devstack@placement-api.service[104825]: DEBUG placement.objects.research_context [req-66d9f37a-bca6-4b2b-aad4-a7b0b5d76edc req-83f412ac-7e4e-4dae-9a20-cf8ff2c21faf service placement] getting providers with 1 VCPU {{(pid=104825) __init__ /opt/stack/placement/placement/objects/research_context.py:136}}
Mar 23 08:08:54.434661 n-d-826526-4 devstack@placement-api.service[104825]: DEBUG placement.objects.research_context [req-66d9f37a-bca6-4b2b-aad4-a7b0b5d76edc req-83f412ac-7e4e-4dae-9a20-cf8ff2c21faf service placement] found 2 providers with available 1 DISK_GB {{(pid=104825) get_provider_ids_matching /opt/stack/placement/placement/objects/research_context.py:559}}
Mar 23 08:08:54.434906 n-d-826526-4 devstack@placement-api.service[104825]: DEBUG placement.objects.research_context [req-66d9f37a-bca6-4b2b-aad4-a7b0b5d76edc req-83f412ac-7e4e-4dae-9a20-cf8ff2c21faf service placement] found 2 providers with available 1024 MEMORY_MB {{(pid=104825) get_provider_ids_matching /opt/stack/placement/placement/objects/research_context.py:559}}
Mar 23 08:08:54.435048 n-d-826526-4 devstack@placement-api.service[104825]: DEBUG placement.objects.research_context [req-66d9f37a-bca6-4b2b-aad4-a7b0b5d76edc req-83f412ac-7e4e-4dae-9a20-cf8ff2c21faf service placement] found 2 providers after filtering by previous result {{(pid=104825) get_provider_ids_matching /opt/stack/placement/placement/objects/research_context.py:590}}
Mar 23 08:08:54.435522 n-d-826526-4 devstack@placement-api.service[104825]: DEBUG placement.objects.research_context [req-66d9f37a-bca6-4b2b-aad4-a7b0b5d76edc req-83f412ac-7e4e-4dae-9a20-cf8ff2c21faf service placement] found 2 providers with available 1 VCPU {{(pid=104825) get_provider_ids_matching /opt/stack/placement/placement/objects/research_context.py:559}}
Mar 23 08:08:54.435968 n-d-826526-4 devstack@placement-api.service[104825]: DEBUG placement.objects.research_context [req-66d9f37a-bca6-4b2b-aad4-a7b0b5d76edc req-83f412ac-7e4e-4dae-9a20-cf8ff2c21faf service placement] found 2 providers after filtering by previous result {{(pid=104825) get_provider_ids_matching /opt/stack/placement/placement/objects/research_context.py:590}}
Mar 23 08:08:54.468245 n-d-826526-4 devstack@placement-api.service[104825]: DEBUG placement.objects.allocation_candidate [req-66d9f37a-bca6-4b2b-aad4-a7b0b5d76edc req-83f412ac-7e4e-4dae-9a20-cf8ff2c21faf service placement] RequestGroup(use_same_provider=False, resources={DISK_GB:1, MEMORY_MB:1024, VCPU:1}, traits=(), aggregates=[]) (suffix '') returned 2 matches {{(pid=104825) _get_by_requests /opt/stack/placement/placement/objects/allocation_candidate.py:156}}
Mar 23 08:08:54.468866 n-d-826526-4 devstack@placement-api.service[104825]: DEBUG placement.objects.allocation_candidate [req-66d9f37a-bca6-4b2b-aad4-a7b0b5d76edc req-83f412ac-7e4e-4dae-9a20-cf8ff2c21faf service placement] Merging candidates yields 2 allocation requests and 2 provider summaries {{(pid=104825) _merge_candidates /opt/stack/placement/placement/objects/allocation_candidate.py:809}}
Mar 23 08:08:54.473471 n-d-826526-4 devstack@placement-api.service[104825]: INFO placement.requestlog [req-66d9f37a-bca6-4b2b-aad4-a7b0b5d76edc req-83f412ac-7e4e-4dae-9a20-cf8ff2c21faf service placement] 10.222.0.46 "GET /placement/allocation_candidates?resources=DISK_GB%3A1%2CMEMORY_MB%3A1024%2CVCPU%3A1&root_required=%21COMPUTE_STATUS_DISABLED" status: 200 len: 1312 microversion: 1.36
Mar 23 08:08:54.478228 n-d-826526-4 devstack@placement-api.service[104825]: [pid: 104825|app: 0|req: 156/308] 10.222.0.46 () {60 vars in 1484 bytes} [Wed Mar 23 08:08:54 2022] GET /placement/allocation_candidates?resources=DISK_GB%3A1%2CMEMORY_MB%3A1024%2CVCPU%3A1&root_required=%21COMPUTE_STATUS_DISABLED => generated 1312 bytes in 178 msecs (HTTP/1.1 200) 8 headers in 297 bytes (1 switches on core 0)
Mar 23 08:08:54.600009 n-d-826526-4 devstack@placement-api.service[104824]: DEBUG placement.requestlog [req-66d9f37a-bca6-4b2b-aad4-a7b0b5d76edc req-dc9294e8-77d2-49e4-a5c4-e1bd6893a501 None None] Starting request: 10.222.0.46 "GET /placement/allocations/0b18ec14-befa-46d7-a965-7442409ed342" {{(pid=104824) __call__ /opt/stack/placement/placement/requestlog.py:55}}
Mar 23 08:08:54.616999 n-d-826526-4 devstack@placement-api.service[104824]: INFO placement.requestlog [req-66d9f37a-bca6-4b2b-aad4-a7b0b5d76edc req-dc9294e8-77d2-49e4-a5c4-e1bd6893a501 service placement] 10.222.0.46 "GET /placement/allocations/0b18ec14-befa-46d7-a965-7442409ed342" status: 200 len: 19 microversion: 1.28
Mar 23 08:08:54.627431 n-d-826526-4 devstack@placement-api.service[104824]: [pid: 104824|app: 0|req: 153/309] 10.222.0.46 () {60 vars in 1380 bytes} [Wed Mar 23 08:08:54 2022] GET /placement/allocations/0b18ec14-befa-46d7-a965-7442409ed342 => generated 19 bytes in 28 msecs (HTTP/1.1 200) 8 headers in 295 bytes (1 switches on core 0)
Mar 23 08:08:54.648569 n-d-826526-4 devstack@placement-api.service[104825]: DEBUG placement.requestlog [req-66d9f37a-bca6-4b2b-aad4-a7b0b5d76edc req-d7067acb-1b19-4860-b01d-3fd36acb546f None None] Starting request: 10.222.0.46 "PUT /placement/allocations/0b18ec14-befa-46d7-a965-7442409ed342" {{(pid=104825) __call__ /opt/stack/placement/placement/requestlog.py:55}}
Mar 23 08:08:54.822476 n-d-826526-4 devstack@placement-api.service[104825]: DEBUG placement.handlers.allocation [req-66d9f37a-bca6-4b2b-aad4-a7b0b5d76edc req-d7067acb-1b19-4860-b01d-3fd36acb546f service placement] Successfully wrote allocations [, , ] {{(pid=104825) _update_consumers_and_create_allocations /opt/stack/placement/placement/handlers/allocation.py:462}}
Mar 23 08:08:54.892925 n-d-826526-4 devstack@placement-api.service[104825]: INFO placement.requestlog [req-66d9f37a-bca6-4b2b-aad4-a7b0b5d76edc req-d7067acb-1b19-4860-b01d-3fd36acb546f service placement] 10.222.0.46 "PUT /placement/allocations/0b18ec14-befa-46d7-a965-7442409ed342" status: 204 len: 0 microversion: 1.36
Mar 23 08:08:54.896081 n-d-826526-4 devstack@placement-api.service[104825]: [pid: 104825|app: 0|req: 157/310] 10.222.0.46 () {64 vars in 1433 bytes} [Wed Mar 23 08:08:54 2022] PUT /placement/allocations/0b18ec14-befa-46d7-a965-7442409ed342 => generated 0 bytes in 245 msecs (HTTP/1.1 204) 5 headers in 199 bytes (1 switches on core 0)
Mar 23 08:08:56.050881 n-d-826526-4 devstack@placement-api.service[104824]: DEBUG placement.requestlog [req-66d9f37a-bca6-4b2b-aad4-a7b0b5d76edc req-0462ed35-0f26-4bd1-9ee7-8def50f68988 None None] Starting request: 10.222.0.65 "GET /placement/allocations/0b18ec14-befa-46d7-a965-7442409ed342" {{(pid=104824) __call__ /opt/stack/placement/placement/requestlog.py:55}}
