Aug 18 05:03:34.581859 n-d-826525-5 devstack@placement-api.service[114732]: INFO placement.requestlog [req-26b7f3ff-81fb-4f53-b243-fe46519be70e req-18c60646-57f2-4541-a443-cd2b1ef7f301 service placement] 10.222.0.26 "GET /placement/allocation_candidates?limit=1000&resources=DISK_GB%3A1%2CMEMORY_MB%3A1024%2CVCPU%3A1&root_required=%21COMPUTE_STATUS_DISABLED" status: 200 len: 1309 microversion: 1.36
Aug 18 05:03:34.582549 n-d-826525-5 devstack@placement-api.service[114732]: [pid: 114732|app: 0|req: 337/670] 10.222.0.26 () {60 vars in 1506 bytes} [Thu Aug 18 05:03:34 2022] GET /placement/allocation_candidates?limit=1000&resources=DISK_GB%3A1%2CMEMORY_MB%3A1024%2CVCPU%3A1&root_required=%21COMPUTE_STATUS_DISABLED => generated 1309 bytes in 150 msecs (HTTP/1.1 200) 8 headers in 297 bytes (1 switches on core 0)
Aug 18 05:03:34.700861 n-d-826525-5 devstack@placement-api.service[114733]: DEBUG placement.requestlog [req-26b7f3ff-81fb-4f53-b243-fe46519be70e req-a5f8632a-b7ac-4faa-a67e-553ee481a888 None None] Starting request: 10.222.0.26 "GET /placement/allocations/7d69f8d7-75ee-4d98-afc4-a84fa22f6c52" {{(pid=114733) __call__ /opt/stack/placement/placement/requestlog.py:55}}
Aug 18 05:03:34.715612 n-d-826525-5 devstack@placement-api.service[114733]: INFO placement.requestlog [req-26b7f3ff-81fb-4f53-b243-fe46519be70e req-a5f8632a-b7ac-4faa-a67e-553ee481a888 service placement] 10.222.0.26 "GET /placement/allocations/7d69f8d7-75ee-4d98-afc4-a84fa22f6c52" status: 200 len: 19 microversion: 1.28
Aug 18 05:03:34.716264 n-d-826525-5 devstack@placement-api.service[114733]: [pid: 114733|app: 0|req: 334/671] 10.222.0.26 () {60 vars in 1380 bytes} [Thu Aug 18 05:03:34 2022] GET /placement/allocations/7d69f8d7-75ee-4d98-afc4-a84fa22f6c52 => generated 19 bytes in 16 msecs (HTTP/1.1 200) 8 headers in 295 bytes (1 switches on core 0)
Aug 18 05:03:34.723157 n-d-826525-5 devstack@placement-api.service[114732]: DEBUG placement.requestlog [req-26b7f3ff-81fb-4f53-b243-fe46519be70e req-7246d3db-ce24-4de8-b498-105a3fa68443 None None] Starting request: 10.222.0.26 "PUT /placement/allocations/7d69f8d7-75ee-4d98-afc4-a84fa22f6c52" {{(pid=114732) __call__ /opt/stack/placement/placement/requestlog.py:55}}
Aug 18 05:03:35.346937 n-d-826525-5 devstack@placement-api.service[114732]: DEBUG placement.handlers.allocation [req-26b7f3ff-81fb-4f53-b243-fe46519be70e req-7246d3db-ce24-4de8-b498-105a3fa68443 service placement] Successfully wrote allocations [, , ] {{(pid=114732) _update_consumers_and_create_allocations /opt/stack/placement/placement/handlers/allocation.py:462}}
Aug 18 05:03:35.475939 n-d-826525-5 devstack@placement-api.service[114732]: INFO placement.requestlog [req-26b7f3ff-81fb-4f53-b243-fe46519be70e req-7246d3db-ce24-4de8-b498-105a3fa68443 service placement] 10.222.0.26 "PUT /placement/allocations/7d69f8d7-75ee-4d98-afc4-a84fa22f6c52" status: 204 len: 0 microversion: 1.36
Aug 18 05:03:35.479161 n-d-826525-5 devstack@placement-api.service[114732]: [pid: 114732|app: 0|req: 338/672] 10.222.0.26 () {64 vars in 1433 bytes} [Thu Aug 18 05:03:34 2022] PUT /placement/allocations/7d69f8d7-75ee-4d98-afc4-a84fa22f6c52 => generated 0 bytes in 753 msecs (HTTP/1.1 204) 5 headers in 199 bytes (1 switches on core 0)
Aug 18 05:03:37.025612 n-d-826525-5 devstack@placement-api.service[114733]: DEBUG placement.requestlog [req-26b7f3ff-81fb-4f53-b243-fe46519be70e req-b940fbb9-7340-49d7-ae11-416f6cba0f5e None None] Starting request: 10.222.0.42 "GET /placement/allocations/7d69f8d7-75ee-4d98-afc4-a84fa22f6c52" {{(pid=114733) __call__ /opt/stack/placement/placement/requestlog.py:55}}
Aug 18 05:03:37.042748 n-d-826525-5 devstack@placement-api.service[114733]: INFO placement.requestlog [req-26b7f3ff-81fb-4f53-b243-fe46519be70e req-b940fbb9-7340-49d7-ae11-416f6cba0f5e service placement] 10.222.0.42 "GET /placement/allocations/7d69f8d7-75ee-4d98-afc4-a84fa22f6c52" status: 200 len: 259 microversion: 1.28
Aug 18 05:03:37.043435 n-d-826525-5 devstack@placement-api.service[114733]: [pid: 114733|app: 0|req: 335/673] 10.222.0.42 () {60 vars in 1377 bytes} [Thu Aug 18 05:03:37 2022] GET /placement/allocations/7d69f8d7-75ee-4d98-afc4-a84fa22f6c52 => generated 259 bytes in 18 msecs (HTTP/1.1 200) 8 headers in 296 bytes (1 switches on core 0)
Aug 18 05:03:45.346958 n-d-826525-5 devstack@placement-api.service[114732]: DEBUG dbcounter [-] [114732] Writing DB stats placement:SELECT=58,placement:INSERT=12,placement:DELETE=4,placement:UPDATE=4 {{(pid=114732) stat_writer /usr/local/lib/python3.8/dist-packages/dbcounter.py:114}}
Aug 18 05:03:47.040138 n-d-826525-5 devstack@placement-api.service[114733]: DEBUG dbcounter [-] [114733] Writing DB stats placement:SELECT=16 {{(pid=114733) stat_writer /usr/local/lib/python3.8/dist-packages/dbcounter.py:114}}
Aug 18 05:03:48.926256 n-d-826525-5 devstack@placement-api.service[114732]: DEBUG placement.requestlog [req-abf4b3bf-1971-433f-8a5c-720fd25853de req-60c20cd7-0ecb-4446-be7d-5dd67edb5a63 None None] Starting request: 10.222.0.42 "GET /placement/resource_providers/afb7425c-b7ba-41d3-bd02-c90366552ad6/allocations" {{(pid=114732) __call__ /opt/stack/placement/placement/requestlog.py:55}}
Aug 18 05:03:48.992533 n-d-826525-5 devstack@placement-api.service[114732]: INFO placement.requestlog [req-abf4b3bf-1971-433f-8a5c-720fd25853de req-60c20cd7-0ecb-4446-be7d-5dd67edb5a63 service placement] 10.222.0.42 "GET /placement/resource_providers/afb7425c-b7ba-41d3-bd02-c90366552ad6/allocations" status: 200 len: 659 microversion: 1.0
Aug 18 05:03:48.993357 n-d-826525-5 devstack@placement-api.service[114732]: [pid: 114732|app: 0|req: 339/674] 10.222.0.42 () {58 vars in 1390 bytes} [Thu Aug 18 05:03:48 2022] GET /placement/resource_providers/afb7425c-b7ba-41d3-bd02-c90366552ad6/allocations => generated 659 bytes in 67 msecs (HTTP/1.1 200) 6 headers in 224 bytes (1 switches on core 0)
Aug 18 05:03:49.977961 n-d-826525-5 devstack@placement-api.service[114733]: DEBUG placement.requestlog [req-559cebbd-f828-46f5-9d42-1ff8bd9d7226 req-33a4ca7f-2cc1-4cd2-a064-21e6eafb1e5d None None] Starting request: 10.222.0.43 "DELETE /placement/allocations/88c34471-5356-4b68-b0e8-cf735c44fe99" {{(pid=114733) __call__ /opt/stack/placement/placement/requestlog.py:55}}
Aug 18 05:03:50.421331 n-d-826525-5 devstack@placement-api.service[114733]: DEBUG placement.handlers.allocation [req-559cebbd-f828-46f5-9d42-1ff8bd9d7226 req-33a4ca7f-2cc1-4cd2-a064-21e6eafb1e5d service placement] Successfully deleted allocations [, , ] {{(pid=114733) delete_allocations /opt/stack/placement/placement/handlers/allocation.py:627}}
Aug 18 05:03:50.421823 n-d-826525-5 devstack@placement-api.service[114733]: INFO placement.requestlog [req-559cebbd-f828-46f5-9d42-1ff8bd9d7226 req-33a4ca7f-2cc1-4cd2-a064-21e6eafb1e5d service placement] 10.222.0.43 "DELETE /placement/allocations/88c34471-5356-4b68-b0e8-cf735c44fe99" status: 204 len: 0 microversion: 1.0
Aug 18 05:03:50.422623 n-d-826525-5 devstack@placement-api.service[114733]: [pid: 114733|app: 0|req: 336/675] 10.222.0.43 () {60 vars in 1355 bytes} [Thu Aug 18 05:03:49 2022] DELETE /placement/allocations/88c34471-5356-4b68-b0e8-cf735c44fe99 => generated 0 bytes in 445 msecs (HTTP/1.1 204) 5 headers in 198 bytes (1 switches on core 0)
Aug 18 05:03:51.040462 n-d-826525-5 devstack@placement-api.service[114732]: DEBUG placement.requestlog [req-4baab307-a50d-4ca1-b7f8-4e0c64ec0bb5 req-e34ad276-5ab8-4e7f-a73a-8f1e43cbc771 None None] Starting request: 10.222.0.43 "DELETE /placement/allocations/5d59551f-6c85-46e0-949c-ea91ff313bdd" {{(pid=114732) __call__ /opt/stack/placement/placement/requestlog.py:55}}
Aug 18 05:03:51.335943 n-d-826525-5 devstack@placement-api.service[114732]: DEBUG placement.handlers.allocation [req-4baab307-a50d-4ca1-b7f8-4e0c64ec0bb5 req-e34ad276-5ab8-4e7f-a73a-8f1e43cbc771 service placement] Successfully deleted allocations [, , ] {{(pid=114732) delete_allocations /opt/stack/placement/placement/handlers/allocation.py:627}}
Aug 18 05:03:51.337197 n-d-826525-5 devstack@placement-api.service[114732]: INFO placement.requestlog [req-4baab307-a50d-4ca1-b7f8-4e0c64ec0bb5 req-e34ad276-5ab8-4e7f-a73a-8f1e43cbc771 service placement] 10.222.0.43 "DELETE /placement/allocations/5d59551f-6c85-46e0-949c-ea91ff313bdd" status: 204 len: 0 microversion: 1.0
Aug 18 05:03:51.337197 n-d-826525-5 devstack@placement-api.service[114732]: [pid: 114732|app: 0|req: 340/676] 10.222.0.43 () {60 vars in 1355 bytes} [Thu Aug 18 05:03:51 2022] DELETE /placement/allocations/5d59551f-6c85-46e0-949c-ea91ff313bdd => generated 0 bytes in 297 msecs (HTTP/1.1 204) 5 headers in 198 bytes (1 switches on core 0)
Aug 18 05:03:54.418225 n-d-826525-5 devstack@placement-api.service[114733]: DEBUG placement.requestlog [req-20a66e47-300f-42c7-ade3-8aa7c7fc08cc req-da0f6f81-c59b-43a7-873f-9fb4e64c9d8a None None] Starting request: 10.222.0.26 "GET /placement/allocation_candidates?limit=1000&resources=DISK_GB%3A1%2CMEMORY_MB%3A1024%2CVCPU%3A1&root_required=%21COMPUTE_STATUS_DISABLED" {{(pid=114733) __call__ /opt/stack/placement/placement/requestlog.py:55}}
Aug 18 05:03:54.541132 n-d-826525-5 devstack@placement-api.service[114733]: DEBUG placement.objects.research_context [req-20a66e47-300f-42c7-ade3-8aa7c7fc08cc req-da0f6f81-c59b-43a7-873f-9fb4e64c9d8a service placement] getting providers with 1 DISK_GB {{(pid=114733) __init__ /opt/stack/placement/placement/objects/research_context.py:136}}
Aug 18 05:03:54.560184 n-d-826525-5 devstack@placement-api.service[114733]: DEBUG placement.objects.research_context [req-20a66e47-300f-42c7-ade3-8aa7c7fc08cc req-da0f6f81-c59b-43a7-873f-9fb4e64c9d8a service placement] getting providers with 1024 MEMORY_MB {{(pid=114733) __init__ /opt/stack/placement/placement/objects/research_context.py:136}}
Aug 18 05:03:54.566887 n-d-826525-5 devstack@placement-api.service[114733]: DEBUG placement.objects.research_context [req-20a66e47-300f-42c7-ade3-8aa7c7fc08cc req-da0f6f81-c59b-43a7-873f-9fb4e64c9d8a service placement] getting providers with 1 VCPU {{(pid=114733) __init__ /opt/stack/placement/placement/objects/research_context.py:136}}
Aug 18 05:03:54.582703 n-d-826525-5 devstack@placement-api.service[114733]: DEBUG placement.objects.research_context [req-20a66e47-300f-42c7-ade3-8aa7c7fc08cc req-da0f6f81-c59b-43a7-873f-9fb4e64c9d8a service placement] found 2 providers with available 1 DISK_GB {{(pid=114733) get_provider_ids_matching /opt/stack/placement/placement/objects/research_context.py:563}}
Aug 18 05:03:54.583179 n-d-826525-5 devstack@placement-api.service[114733]: DEBUG placement.objects.research_context [req-20a66e47-300f-42c7-ade3-8aa7c7fc08cc req-da0f6f81-c59b-43a7-873f-9fb4e64c9d8a service placement] found 2 providers with available 1024 MEMORY_MB {{(pid=114733) get_provider_ids_matching /opt/stack/placement/placement/objects/research_context.py:563}}
Aug 18 05:03:54.583597 n-d-826525-5 devstack@placement-api.service[114733]: DEBUG placement.objects.research_context [req-20a66e47-300f-42c7-ade3-8aa7c7fc08cc req-da0f6f81-c59b-43a7-873f-9fb4e64c9d8a service placement] found 2 providers after filtering by previous result {{(pid=114733) get_provider_ids_matching /opt/stack/placement/placement/objects/research_context.py:594}}
Aug 18 05:03:54.584026 n-d-826525-5 devstack@placement-api.service[114733]: DEBUG placement.objects.research_context [req-20a66e47-300f-42c7-ade3-8aa7c7fc08cc req-da0f6f81-c59b-43a7-873f-9fb4e64c9d8a service placement] found 2 providers with available 1 VCPU {{(pid=114733) get_provider_ids_matching /opt/stack/placement/placement/objects/research_context.py:563}}
Aug 18 05:03:54.584448 n-d-826525-5 devstack@placement-api.service[114733]: DEBUG placement.objects.research_context [req-20a66e47-300f-42c7-ade3-8aa7c7fc08cc req-da0f6f81-c59b-43a7-873f-9fb4e64c9d8a service placement] found 2 providers after filtering by previous result {{(pid=114733) get_provider_ids_matching /opt/stack/placement/placement/objects/research_context.py:594}}
Aug 18 05:03:54.616607 n-d-826525-5 devstack@placement-api.service[114733]: DEBUG placement.objects.allocation_candidate [req-20a66e47-300f-42c7-ade3-8aa7c7fc08cc req-da0f6f81-c59b-43a7-873f-9fb4e64c9d8a service placement] RequestGroup(use_same_provider=False, resources={DISK_GB:1, MEMORY_MB:1024, VCPU:1}, traits=(), aggregates=[]) (suffix '') returned 2 matches {{(pid=114733) _get_by_requests /opt/stack/placement/placement/objects/allocation_candidate.py:156}}
Aug 18 05:03:54.618911 n-d-826525-5 devstack@placement-api.service[114733]: DEBUG placement.objects.allocation_candidate [req-20a66e47-300f-42c7-ade3-8aa7c7fc08cc req-da0f6f81-c59b-43a7-873f-9fb4e64c9d8a service placement] Merging candidates yields 2 allocation requests and 2 provider summaries {{(pid=114733) _merge_candidates /opt/stack/placement/placement/objects/allocation_candidate.py:809}}
Aug 18 05:03:54.622255 n-d-826525-5 devstack@placement-api.service[114733]: INFO placement.requestlog [req-20a66e47-300f-42c7-ade3-8aa7c7fc08cc req-da0f6f81-c59b-43a7-873f-9fb4e64c9d8a service placement] 10.222.0.26 "GET /placement/allocation_candidates?limit=1000&resources=DISK_GB%3A1%2CMEMORY_MB%3A1024%2CVCPU%3A1&root_required=%21COMPUTE_STATUS_DISABLED" status: 200 len: 1309 microversion: 1.36
Aug 18 05:03:54.624931 n-d-826525-5 devstack@placement-api.service[114733]: [pid: 114733|app: 0|req: 337/677] 10.222.0.26 () {60 vars in 1506 bytes} [Thu Aug 18 05:03:54 2022] GET /placement/allocation_candidates?limit=1000&resources=DISK_GB%3A1%2CMEMORY_MB%3A1024%2CVCPU%3A1&root_required=%21COMPUTE_STATUS_DISABLED => generated 1309 bytes in 208 msecs (HTTP/1.1 200) 8 headers in 297 bytes (1 switches on core 0)
Aug 18 05:03:54.743726 n-d-826525-5 devstack@placement-api.service[114732]: DEBUG placement.requestlog [req-20a66e47-300f-42c7-ade3-8aa7c7fc08cc req-513609a7-afa2-4e5e-8874-d5002f19dcb8 None None] Starting request: 10.222.0.26 "GET /placement/allocations/99668ebf-f8bc-4453-9a2e-3e1525d4e205" {{(pid=114732) __call__ /opt/stack/placement/placement/requestlog.py:55}}
Aug 18 05:03:54.755963 n-d-826525-5 devstack@placement-api.service[114732]: INFO placement.requestlog [req-20a66e47-300f-42c7-ade3-8aa7c7fc08cc req-513609a7-afa2-4e5e-8874-d5002f19dcb8 service placement] 10.222.0.26 "GET /placement/allocations/99668ebf-f8bc-4453-9a2e-3e1525d4e205" status: 200 len: 19 microversion: 1.28
Aug 18 05:03:54.756644 n-d-826525-5 devstack@placement-api.service[114732]: [pid: 114732|app: 0|req: 341/678] 10.222.0.26 () {60 vars in 1380 bytes} [Thu Aug 18 05:03:54 2022] GET /placement/allocations/99668ebf-f8bc-4453-9a2e-3e1525d4e205 => generated 19 bytes in 13 msecs (HTTP/1.1 200) 8 headers in 295 bytes (1 switches on core 0)
Aug 18 05:03:54.763671 n-d-826525-5 devstack@placement-api.service[114733]: DEBUG placement.requestlog [req-20a66e47-300f-42c7-ade3-8aa7c7fc08cc req-16641998-6524-43a0-a9c2-e073a8d2a015 None None] Starting request: 10.222.0.26 "PUT /placement/allocations/99668ebf-f8bc-4453-9a2e-3e1525d4e205" {{(pid=114733) __call__ /opt/stack/placement/placement/requestlog.py:55}}
Aug 18 05:03:55.052414 n-d-826525-5 devstack@placement-api.service[114733]: DEBUG placement.handlers.allocation [req-20a66e47-300f-42c7-ade3-8aa7c7fc08cc req-16641998-6524-43a0-a9c2-e073a8d2a015 service placement] Successfully wrote allocations [, , ] {{(pid=114733) _update_consumers_and_create_allocations /opt/stack/placement/placement/handlers/allocation.py:462}}
Aug 18 05:03:55.241178 n-d-826525-5 devstack@placement-api.service[114732]: DEBUG placement.requestlog [None req-5d23a8a3-bf46-479d-9426-293fa06c3533 None None] Starting request: 10.222.0.26 "GET /placement/" {{(pid=114732) __call__ /opt/stack/placement/placement/requestlog.py:55}}
Aug 18 05:03:55.242247 n-d-826525-5 devstack@placement-api.service[114732]: INFO placement.requestlog [None req-5d23a8a3-bf46-479d-9426-293fa06c3533 None None] 10.222.0.26 "GET /placement/" status: 200 len: 136 microversion: 1.0
Aug 18 05:03:55.242608 n-d-826525-5 devstack@placement-api.service[114732]: [pid: 114732|app: 0|req: 342/679] 10.222.0.26 () {54 vars in 907 bytes} [Thu Aug 18 05:03:55 2022] GET /placement => generated 136 bytes in 2 msecs (HTTP/1.1 200) 6 headers in 224 bytes (2 switches on core 0)
Aug 18 05:03:55.254684 n-d-826525-5 devstack@placement-api.service[114732]: DEBUG placement.requestlog [req-ab897f7b-8a3e-4970-b17b-abbb3d79a34b req-f7e20185-e5a8-41f1-b96d-af91b5a645a5 None None] Starting request: 10.222.0.26 "DELETE /placement/allocations/99668ebf-f8bc-4453-9a2e-3e1525d4e205" {{(pid=114732) __call__ /opt/stack/placement/placement/requestlog.py:55}}
Aug 18 05:03:55.268491 n-d-826525-5 devstack@placement-api.service[114733]: INFO placement.requestlog [req-20a66e47-300f-42c7-ade3-8aa7c7fc08cc req-16641998-6524-43a0-a9c2-e073a8d2a015 service placement] 10.222.0.26 "PUT /placement/allocations/99668ebf-f8bc-4453-9a2e-3e1525d4e205" status: 204 len: 0 microversion: 1.36
Aug 18 05:03:55.272890 n-d-826525-5 devstack@placement-api.service[114733]: [pid: 114733|app: 0|req: 338/680] 10.222.0.26 () {64 vars in 1433 bytes} [Thu Aug 18 05:03:54 2022] PUT /placement/allocations/99668ebf-f8bc-4453-9a2e-3e1525d4e205 => generated 0 bytes in 505 msecs (HTTP/1.1 204) 5 headers in 199 bytes (1 switches on core 0)
Aug 18 05:03:55.590708 n-d-826525-5 devstack@placement-api.service[114733]: DEBUG placement.requestlog [req-20a66e47-300f-42c7-ade3-8aa7c7fc08cc req-2d46d24e-0062-47ea-ae04-2e8eeb3f093b None None] Starting request: 10.222.0.26 "DELETE /placement/allocations/99668ebf-f8bc-4453-9a2e-3e1525d4e205" {{(pid=114733) __call__ /opt/stack/placement/placement/requestlog.py:55}}
Aug 18 05:03:55.742058 n-d-826525-5 devstack@placement-api.service[114732]: DEBUG placement.handlers.allocation [req-ab897f7b-8a3e-4970-b17b-abbb3d79a34b req-f7e20185-e5a8-41f1-b96d-af91b5a645a5 service placement] Successfully deleted allocations [, , ] {{(pid=114732) delete_allocations /opt/stack/placement/placement/handlers/allocation.py:627}}
Aug 18 05:03:55.742058 n-d-826525-5 devstack@placement-api.service[114732]: INFO placement.requestlog [req-ab897f7b-8a3e-4970-b17b-abbb3d79a34b req-f7e20185-e5a8-41f1-b96d-af91b5a645a5 service placement] 10.222.0.26 "DELETE /placement/allocations/99668ebf-f8bc-4453-9a2e-3e1525d4e205" status: 204 len: 0 microversion: 1.0
Aug 18 05:03:55.742058 n-d-826525-5 devstack@placement-api.service[114732]: [pid: 114732|app: 0|req: 343/681] 10.222.0.26 () {60 vars in 1349 bytes} [Thu Aug 18 05:03:55 2022] DELETE /placement/allocations/99668ebf-f8bc-4453-9a2e-3e1525d4e205 => generated 0 bytes in 482 msecs (HTTP/1.1 204) 5 headers in 198 bytes (2 switches on core 0)
Aug 18 05:03:55.742749 n-d-826525-5 devstack@placement-api.service[114733]: DEBUG placement.wsgi_wrapper [req-20a66e47-300f-42c7-ade3-8aa7c7fc08cc req-2d46d24e-0062-47ea-ae04-2e8eeb3f093b service placement] Placement API returning an error response: No allocations for consumer '99668ebf-f8bc-4453-9a2e-3e1525d4e205' {{(pid=114733) call_func /opt/stack/placement/placement/wsgi_wrapper.py:31}}
Aug 18 05:03:55.743334 n-d-826525-5 devstack@placement-api.service[114733]: INFO placement.requestlog [req-20a66e47-300f-42c7-ade3-8aa7c7fc08cc req-2d46d24e-0062-47ea-ae04-2e8eeb3f093b service placement] 10.222.0.26 "DELETE /placement/allocations/99668ebf-f8bc-4453-9a2e-3e1525d4e205" status: 404 len: 228 microversion: 1.0
Aug 18 05:03:55.760564 n-d-826525-5 devstack@placement-api.service[114733]: [pid: 114733|app: 0|req: 339/682] 10.222.0.26 () {60 vars in 1358 bytes} [Thu Aug 18 05:03:55 2022] DELETE /placement/allocations/99668ebf-f8bc-4453-9a2e-3e1525d4e205 => generated 228 bytes in 162 msecs (HTTP/1.1 404) 6 headers in 231 bytes (2 switches on core 0)
Aug 18 05:03:55.850447 n-d-826525-5 devstack@placement-api.service[114732]: DEBUG placement.requestlog [req-d7f54d2f-1763-4aff-b014-f6969d4d6f27 req-e03f4d4f-fb03-4053-8bae-a0bd19900591 None None] Starting request: 10.222.0.43 "GET /placement/resource_providers/b6d61bdf-b1d7-487b-afc9-b42672fc7056/allocations" {{(pid=114732) __call__ /opt/stack/placement/placement/requestlog.py:55}}
Aug 18 05:03:55.923803 n-d-826525-5 devstack@placement-api.service[114732]: INFO placement.requestlog [req-d7f54d2f-1763-4aff-b014-f6969d4d6f27 req-e03f4d4f-fb03-4053-8bae-a0bd19900591 service placement] 10.222.0.43 "GET /placement/resource_providers/b6d61bdf-b1d7-487b-afc9-b42672fc7056/allocations" status: 200 len: 443 microversion: 1.0
Aug 18 05:03:55.924485 n-d-826525-5 devstack@placement-api.service[114732]: [pid: 114732|app: 0|req: 344/683] 10.222.0.43 () {58 vars in 1390 bytes} [Thu Aug 18 05:03:55 2022] GET /placement/resource_providers/b6d61bdf-b1d7-487b-afc9-b42672fc7056/allocations => generated 443 bytes in 74 msecs (HTTP/1.1 200) 6 headers in 224 bytes (1 switches on core 0)
Aug 18 05:03:58.549662 n-d-826525-5 devstack@placement-api.service[114733]: DEBUG placement.requestlog [req-10796bce-2104-481b-84dd-e68bdd9b441f req-5f16d5ef-e2c2-41fe-b496-cc1ffedb9264 None None] Starting request: 10.222.0.26 "GET /placement/allocation_candidates?limit=1000&resources=DISK_GB%3A1%2CMEMORY_MB%3A1024%2CVCPU%3A1&root_required=%21COMPUTE_STATUS_DISABLED" {{(pid=114733) __call__ /opt/stack/placement/placement/requestlog.py:55}}
Aug 18 05:03:58.633522 n-d-826525-5 devstack@placement-api.service[114733]: DEBUG placement.objects.research_context [req-10796bce-2104-481b-84dd-e68bdd9b441f req-5f16d5ef-e2c2-41fe-b496-cc1ffedb9264 service placement] getting providers with 1 DISK_GB {{(pid=114733) __init__ /opt/stack/placement/placement/objects/research_context.py:136}}
Aug 18 05:03:58.648225 n-d-826525-5 devstack@placement-api.service[114733]: DEBUG placement.objects.research_context [req-10796bce-2104-481b-84dd-e68bdd9b441f req-5f16d5ef-e2c2-41fe-b496-cc1ffedb9264 service placement] getting providers with 1024 MEMORY_MB {{(pid=114733) __init__ /opt/stack/placement/placement/objects/research_context.py:136}}
Aug 18 05:03:58.661640 n-d-826525-5 devstack@placement-api.service[114733]: DEBUG placement.objects.research_context [req-10796bce-2104-481b-84dd-e68bdd9b441f req-5f16d5ef-e2c2-41fe-b496-cc1ffedb9264 service placement] getting providers with 1 VCPU {{(pid=114733) __init__ /opt/stack/placement/placement/objects/research_context.py:136}}
Aug 18 05:03:58.673916 n-d-826525-5 devstack@placement-api.service[114733]: DEBUG placement.objects.research_context [req-10796bce-2104-481b-84dd-e68bdd9b441f req-5f16d5ef-e2c2-41fe-b496-cc1ffedb9264 service placement] found 2 providers with available 1 DISK_GB {{(pid=114733) get_provider_ids_matching /opt/stack/placement/placement/objects/research_context.py:563}}
Aug 18 05:03:58.674399 n-d-826525-5 devstack@placement-api.service[114733]: DEBUG placement.objects.research_context [req-10796bce-2104-481b-84dd-e68bdd9b441f req-5f16d5ef-e2c2-41fe-b496-cc1ffedb9264 service placement] found 2 providers with available 1024 MEMORY_MB {{(pid=114733) get_provider_ids_matching /opt/stack/placement/placement/objects/research_context.py:563}}
Aug 18 05:03:58.674826 n-d-826525-5 devstack@placement-api.service[114733]: DEBUG placement.objects.research_context [req-10796bce-2104-481b-84dd-e68bdd9b441f req-5f16d5ef-e2c2-41fe-b496-cc1ffedb9264 service placement] found 2 providers after filtering by previous result {{(pid=114733) get_provider_ids_matching /opt/stack/placement/placement/objects/research_context.py:594}}
Aug 18 05:03:58.675260 n-d-826525-5 devstack@placement-api.service[114733]: DEBUG placement.objects.research_context [req-10796bce-2104-481b-84dd-e68bdd9b441f req-5f16d5ef-e2c2-41fe-b496-cc1ffedb9264 service placement] found 2 providers with available 1 VCPU {{(pid=114733) get_provider_ids_matching /opt/stack/placement/placement/objects/research_context.py:563}}
Aug 18 05:03:58.675712 n-d-826525-5 devstack@placement-api.service[114733]: DEBUG placement.objects.research_context [req-10796bce-2104-481b-84dd-e68bdd9b441f req-5f16d5ef-e2c2-41fe-b496-cc1ffedb9264 service placement] found 2 providers after filtering by previous result {{(pid=114733) get_provider_ids_matching /opt/stack/placement/placement/objects/research_context.py:594}}
Aug 18 05:03:58.701401 n-d-826525-5 devstack@placement-api.service[114733]: DEBUG placement.objects.allocation_candidate [req-10796bce-2104-481b-84dd-e68bdd9b441f req-5f16d5ef-e2c2-41fe-b496-cc1ffedb9264 service placement] RequestGroup(use_same_provider=False, resources={DISK_GB:1, MEMORY_MB:1024, VCPU:1}, traits=(), aggregates=[]) (suffix '') returned 2 matches {{(pid=114733) _get_by_requests /opt/stack/placement/placement/objects/allocation_candidate.py:156}}
Aug 18 05:03:58.705534 n-d-826525-5 devstack@placement-api.service[114733]: DEBUG placement.objects.allocation_candidate [req-10796bce-2104-481b-84dd-e68bdd9b441f req-5f16d5ef-e2c2-41fe-b496-cc1ffedb9264 service placement] Merging candidates yields 2 allocation requests and 2 provider summaries {{(pid=114733) _merge_candidates /opt/stack/placement/placement/objects/allocation_candidate.py:809}}
Aug 18 05:03:58.707338 n-d-826525-5 devstack@placement-api.service[114733]: INFO placement.requestlog [req-10796bce-2104-481b-84dd-e68bdd9b441f req-5f16d5ef-e2c2-41fe-b496-cc1ffedb9264 service placement] 10.222.0.26 "GET /placement/allocation_candidates?limit=1000&resources=DISK_GB%3A1%2CMEMORY_MB%3A1024%2CVCPU%3A1&root_required=%21COMPUTE_STATUS_DISABLED" status: 200 len: 1309 microversion: 1.36
Aug 18 05:03:58.708317 n-d-826525-5 devstack@placement-api.service[114733]: [pid: 114733|app: 0|req: 340/684] 10.222.0.26 () {60 vars in 1506 bytes} [Thu Aug 18 05:03:58 2022] GET /placement/allocation_candidates?limit=1000&resources=DISK_GB%3A1%2CMEMORY_MB%3A1024%2CVCPU%3A1&root_required=%21COMPUTE_STATUS_DISABLED => generated 1309 bytes in 159 msecs (HTTP/1.1 200) 8 headers in 297 bytes (1 switches on core 0)
Aug 18 05:03:58.862633 n-d-826525-5 devstack@placement-api.service[114732]: DEBUG placement.requestlog [req-10796bce-2104-481b-84dd-e68bdd9b441f req-519076d8-0d58-4997-bef5-6a5833202353 None None] Starting request: 10.222.0.26 "GET /placement/allocations/2a5d995c-2f0c-46bf-bc60-66545f7f7be6" {{(pid=114732) __call__ /opt/stack/placement/placement/requestlog.py:55}}
Aug 18 05:03:58.879505 n-d-826525-5 devstack@placement-api.service[114732]: INFO placement.requestlog [req-10796bce-2104-481b-84dd-e68bdd9b441f req-519076d8-0d58-4997-bef5-6a5833202353 service placement] 10.222.0.26 "GET /placement/allocations/2a5d995c-2f0c-46bf-bc60-66545f7f7be6" status: 200 len: 19 microversion: 1.28
Aug 18 05:03:58.880931 n-d-826525-5 devstack@placement-api.service[114732]: [pid: 114732|app: 0|req: 345/685] 10.222.0.26 () {60 vars in 1380 bytes} [Thu Aug 18 05:03:58 2022] GET /placement/allocations/2a5d995c-2f0c-46bf-bc60-66545f7f7be6 => generated 19 bytes in 19 msecs (HTTP/1.1 200) 8 headers in 295 bytes (1 switches on core 0)
Aug 18 05:03:58.888226 n-d-826525-5 devstack@placement-api.service[114733]: DEBUG placement.requestlog [req-10796bce-2104-481b-84dd-e68bdd9b441f req-4207e4d6-b5c9-4805-8905-f49e3f4e7638 None None] Starting request: 10.222.0.26 "PUT /placement/allocations/2a5d995c-2f0c-46bf-bc60-66545f7f7be6" {{(pid=114733) __call__ /opt/stack/placement/placement/requestlog.py:55}}
Aug 18 05:03:59.198722 n-d-826525-5 devstack@placement-api.service[114733]: DEBUG placement.handlers.allocation [req-10796bce-2104-481b-84dd-e68bdd9b441f req-4207e4d6-b5c9-4805-8905-f49e3f4e7638 service placement] Successfully wrote allocations [, , ] {{(pid=114733) _update_consumers_and_create_allocations /opt/stack/placement/placement/handlers/allocation.py:462}}
Aug 18 05:03:59.346836 n-d-826525-5 devstack@placement-api.service[114733]: INFO placement.requestlog [req-10796bce-2104-481b-84dd-e68bdd9b441f req-4207e4d6-b5c9-4805-8905-f49e3f4e7638 service placement] 10.222.0.26 "PUT /placement/allocations/2a5d995c-2f0c-46bf-bc60-66545f7f7be6" status: 204 len: 0 microversion: 1.36
Aug 18 05:03:59.346836 n-d-826525-5 devstack@placement-api.service[114733]: [pid: 114733|app: 0|req: 341/686] 10.222.0.26 () {64 vars in 1433 bytes} [Thu Aug 18 05:03:58 2022] PUT /placement/allocations/2a5d995c-2f0c-46bf-bc60-66545f7f7be6 => generated 0 bytes in 457 msecs (HTTP/1.1 204) 5 headers in 199 bytes (1 switches on core 0)
Aug 18 05:03:59.795131 n-d-826525-5 devstack@placement-api.service[114732]: DEBUG placement.requestlog [req-37554718-5e37-4b80-9a40-f0d688e7d0ca req-bf10523c-0c55-4db9-bf02-511bdc80601e None None] Starting request: 10.222.0.42 "DELETE /placement/allocations/7d69f8d7-75ee-4d98-afc4-a84fa22f6c52" {{(pid=114732) __call__ /opt/stack/placement/placement/requestlog.py:55}}
Aug 18 05:03:59.801881 n-d-826525-5 devstack@placement-api.service[114733]: DEBUG placement.requestlog [None req-192885fa-d85b-49c9-8180-6de46c8efd21 None None] Starting request: 10.222.0.26 "GET /placement/resource_providers/1710983f-1cb7-456a-90e6-769a549f3462/aggregates" {{(pid=114733) __call__ /opt/stack/placement/placement/requestlog.py:55}}
Aug 18 05:03:59.816649 n-d-826525-5 devstack@placement-api.service[114733]: INFO placement.requestlog [None req-192885fa-d85b-49c9-8180-6de46c8efd21 service placement] 10.222.0.26 "GET /placement/resource_providers/1710983f-1cb7-456a-90e6-769a549f3462/aggregates" status: 404 len: 235 microversion: 1.1
Aug 18 05:03:59.817453 n-d-826525-5 devstack@placement-api.service[114733]: [pid: 114733|app: 0|req: 342/687] 10.222.0.26 () {58 vars in 1362 bytes} [Thu Aug 18 05:03:59 2022] GET /placement/resource_providers/1710983f-1cb7-456a-90e6-769a549f3462/aggregates => generated 235 bytes in 16 msecs (HTTP/1.1 404) 5 headers in 202 bytes (2 switches on core 0)
Aug 18 05:03:59.852063 n-d-826525-5 devstack@placement-api.service[114733]: DEBUG placement.requestlog [None req-959fb41d-8cd1-4fdb-8d32-2eb832359698 None None] Starting request: 10.222.0.26 "DELETE /placement/resource_providers/1710983f-1cb7-456a-90e6-769a549f3462" {{(pid=114733) __call__ /opt/stack/placement/placement/requestlog.py:55}}
Aug 18 05:03:59.880126 n-d-826525-5 devstack@placement-api.service[114733]: DEBUG placement.wsgi_wrapper [None req-959fb41d-8cd1-4fdb-8d32-2eb832359698 service placement] Placement API returning an error response: No resource provider with uuid 1710983f-1cb7-456a-90e6-769a549f3462 found for delete {{(pid=114733) call_func /opt/stack/placement/placement/wsgi_wrapper.py:31}}
Aug 18 05:03:59.880937 n-d-826525-5 devstack@placement-api.service[114733]: INFO placement.requestlog [None req-959fb41d-8cd1-4fdb-8d32-2eb832359698 service placement] 10.222.0.26 "DELETE /placement/resource_providers/1710983f-1cb7-456a-90e6-769a549f3462" status: 404 len: 246 microversion: 1.1
Aug 18 05:03:59.881294 n-d-826525-5 devstack@placement-api.service[114733]: [pid: 114733|app: 0|req: 343/688] 10.222.0.26 () {60 vars in 1351 bytes} [Thu Aug 18 05:03:59 2022] DELETE /placement/resource_providers/1710983f-1cb7-456a-90e6-769a549f3462 => generated 246 bytes in 29 msecs (HTTP/1.1 404) 6 headers in 231 bytes (1 switches on core 0)
Aug 18 05:04:00.192881 n-d-826525-5 devstack@placement-api.service[114732]: DEBUG placement.handlers.allocation [req-37554718-5e37-4b80-9a40-f0d688e7d0ca req-bf10523c-0c55-4db9-bf02-511bdc80601e service placement] Successfully deleted allocations [, , ] {{(pid=114732) delete_allocations /opt/stack/placement/placement/handlers/allocation.py:627}}
Aug 18 05:04:00.214666 n-d-826525-5 devstack@placement-api.service[114732]: INFO placement.requestlog [req-37554718-5e37-4b80-9a40-f0d688e7d0ca req-bf10523c-0c55-4db9-bf02-511bdc80601e service placement] 10.222.0.42 "DELETE /placement/allocations/7d69f8d7-75ee-4d98-afc4-a84fa22f6c52" status: 204 len: 0 microversion: 1.0
Aug 18 05:04:00.214666 n-d-826525-5 devstack@placement-api.service[114732]: [pid: 114732|app: 0|req: 346/689] 10.222.0.42 () {60 vars in 1355 bytes} [Thu Aug 18 05:03:59 2022] DELETE /placement/allocations/7d69f8d7-75ee-4d98-afc4-a84fa22f6c52 => generated 0 bytes in 399 msecs (HTTP/1.1 204) 5 headers in 198 bytes (1 switches on core 0)
Aug 18 05:04:01.347536 n-d-826525-5 devstack@placement-api.service[114733]: DEBUG placement.requestlog [req-10796bce-2104-481b-84dd-e68bdd9b441f req-d7e01e70-cc96-48d2-b9cd-c6d74d4bec0e None None] Starting request: 10.222.0.43 "GET /placement/allocations/2a5d995c-2f0c-46bf-bc60-66545f7f7be6" {{(pid=114733) __call__ /opt/stack/placement/placement/requestlog.py:55}}
Aug 18 05:04:01.400358 n-d-826525-5 devstack@placement-api.service[114733]: INFO placement.requestlog [req-10796bce-2104-481b-84dd-e68bdd9b441f req-d7e01e70-cc96-48d2-b9cd-c6d74d4bec0e service placement] 10.222.0.43 "GET /placement/allocations/2a5d995c-2f0c-46bf-bc60-66545f7f7be6" status: 200 len: 259 microversion: 1.28
Aug 18 05:04:01.401841 n-d-826525-5 devstack@placement-api.service[114733]: [pid: 114733|app: 0|req: 344/690] 10.222.0.43 () {60 vars in 1377 bytes} [Thu Aug 18 05:04:01 2022] GET /placement/allocations/2a5d995c-2f0c-46bf-bc60-66545f7f7be6 => generated 259 bytes in 54 msecs (HTTP/1.1 200) 8 headers in 296 bytes (1 switches on core 0)
Aug 18 05:04:08.246118 n-d-826525-5 devstack@placement-api.service[114732]: DEBUG placement.requestlog [None req-79cbf8f7-adae-4a06-a378-f7bfbb289f57 None None] Starting request: 10.222.0.26 "GET /placement/" {{(pid=114732) __call__ /opt/stack/placement/placement/requestlog.py:55}}
Aug 18 05:04:08.247154 n-d-826525-5 devstack@placement-api.service[114732]: INFO placement.requestlog [None req-79cbf8f7-adae-4a06-a378-f7bfbb289f57 None None] 10.222.0.26 "GET /placement/" status: 200 len: 136 microversion: 1.0
Aug 18 05:04:08.247490 n-d-826525-5 devstack@placement-api.service[114732]: [pid: 114732|app: 0|req: 347/691] 10.222.0.26 () {54 vars in 916 bytes} [Thu Aug 18 05:04:08 2022] GET /placement => generated 136 bytes in 2 msecs (HTTP/1.1 200) 6 headers in 224 bytes (1 switches on core 0)
Aug 18 05:04:08.249114 n-d-826525-5 devstack@placement-api.service[114733]: DEBUG placement.requestlog [None req-1ff07206-107b-4b1e-862d-c0eedca7682f None None] Starting request: 10.222.0.26 "GET /placement/resource_providers/91f0f052-a5ef-4940-b48b-f0631d3d6048/aggregates" {{(pid=114733) __call__ /opt/stack/placement/placement/requestlog.py:55}}
Aug 18 05:04:08.260042 n-d-826525-5 devstack@placement-api.service[114733]: INFO placement.requestlog [None req-1ff07206-107b-4b1e-862d-c0eedca7682f service placement] 10.222.0.26 "GET /placement/resource_providers/91f0f052-a5ef-4940-b48b-f0631d3d6048/aggregates" status: 404 len: 235 microversion: 1.1
Aug 18 05:04:08.262032 n-d-826525-5 devstack@placement-api.service[114732]: DEBUG placement.requestlog [req-da1b3c03-432f-459f-ac6b-bc7926b8a366 req-dfebb27e-59c4-4695-b921-a4ede932edef None None] Starting request: 10.222.0.26 "GET /placement/allocations/b38b4f8b-144a-4b83-b379-1d754b61d99b" {{(pid=114732) __call__ /opt/stack/placement/placement/requestlog.py:55}}
Aug 18 05:04:08.266790 n-d-826525-5 devstack@placement-api.service[114733]: [pid: 114733|app: 0|req: 345/692] 10.222.0.26 () {58 vars in 1362 bytes} [Thu Aug 18 05:04:08 2022] GET /placement/resource_providers/91f0f052-a5ef-4940-b48b-f0631d3d6048/aggregates => generated 235 bytes in 13 msecs (HTTP/1.1 404) 5 headers in 202 bytes (1 switches on core 0)
Aug 18 05:04:08.292284 n-d-826525-5 devstack@placement-api.service[114733]: DEBUG placement.requestlog [None req-823db293-bfd1-4c58-9f91-f08fa7f3afc4 None None] Starting request: 10.222.0.26 "DELETE /placement/resource_providers/91f0f052-a5ef-4940-b48b-f0631d3d6048" {{(pid=114733) __call__ /opt/stack/placement/placement/requestlog.py:55}}
Aug 18 05:04:08.326153 n-d-826525-5 devstack@placement-api.service[114733]: DEBUG placement.wsgi_wrapper [None req-823db293-bfd1-4c58-9f91-f08fa7f3afc4 service placement] Placement API returning an error response: No resource provider with uuid 91f0f052-a5ef-4940-b48b-f0631d3d6048 found for delete {{(pid=114733) call_func /opt/stack/placement/placement/wsgi_wrapper.py:31}}
Aug 18 05:04:08.326921 n-d-826525-5 devstack@placement-api.service[114733]: INFO placement.requestlog [None req-823db293-bfd1-4c58-9f91-f08fa7f3afc4 service placement] 10.222.0.26 "DELETE /placement/resource_providers/91f0f052-a5ef-4940-b48b-f0631d3d6048" status: 404 len: 246 microversion: 1.1
Aug 18 05:04:08.330617 n-d-826525-5 devstack@placement-api.service[114733]: [pid: 114733|app: 0|req: 346/693] 10.222.0.26 () {60 vars in 1351 bytes} [Thu Aug 18 05:04:08 2022] DELETE /placement/resource_providers/91f0f052-a5ef-4940-b48b-f0631d3d6048 => generated 246 bytes in 39 msecs (HTTP/1.1 404) 6 headers in 231 bytes (1 switches on core 0)
Aug 18 05:04:08.414425 n-d-826525-5 devstack@placement-api.service[114732]: INFO placement.requestlog [req-da1b3c03-432f-459f-ac6b-bc7926b8a366 req-dfebb27e-59c4-4695-b921-a4ede932edef service placement] 10.222.0.26 "GET /placement/allocations/b38b4f8b-144a-4b83-b379-1d754b61d99b" status: 200 len: 259 microversion: 1.28
Aug 18 05:04:08.415007 n-d-826525-5 devstack@placement-api.service[114732]: [pid: 114732|app: 0|req: 348/694] 10.222.0.26 () {60 vars in 1380 bytes} [Thu Aug 18 05:04:08 2022] GET /placement/allocations/b38b4f8b-144a-4b83-b379-1d754b61d99b => generated 259 bytes in 153 msecs (HTTP/1.1 200) 8 headers in 296 bytes (2 switches on core 0)
Aug 18 05:04:08.426743 n-d-826525-5 devstack@placement-api.service[114733]: DEBUG placement.requestlog [req-da1b3c03-432f-459f-ac6b-bc7926b8a366 req-5ad79e29-6bf4-48df-a47f-4042f057b646 None None] Starting request: 10.222.0.26 "GET /placement/allocations/b38b4f8b-144a-4b83-b379-1d754b61d99b" {{(pid=114733) __call__ /opt/stack/placement/placement/requestlog.py:55}}
Aug 18 05:04:08.443127 n-d-826525-5 devstack@placement-api.service[114733]: INFO placement.requestlog [req-da1b3c03-432f-459f-ac6b-bc7926b8a366 req-5ad79e29-6bf4-48df-a47f-4042f057b646 service placement] 10.222.0.26 "GET /placement/allocations/b38b4f8b-144a-4b83-b379-1d754b61d99b" status: 200 len: 259 microversion: 1.28
Aug 18 05:04:08.446867 n-d-826525-5 devstack@placement-api.service[114733]: [pid: 114733|app: 0|req: 347/695] 10.222.0.26 () {60 vars in 1380 bytes} [Thu Aug 18 05:04:08 2022] GET /placement/allocations/b38b4f8b-144a-4b83-b379-1d754b61d99b => generated 259 bytes in 17 msecs (HTTP/1.1 200) 8 headers in 296 bytes (1 switches on core 0)
Aug 18 05:04:08.451575 n-d-826525-5 devstack@placement-api.service[114732]: DEBUG placement.requestlog [req-da1b3c03-432f-459f-ac6b-bc7926b8a366 req-715fef86-eb56-4944-89b2-3934d57df222 None None] Starting request: 10.222.0.26 "GET /placement/allocations/11418563-91e0-47ac-b0d8-1625616f0af1" {{(pid=114732) __call__ /opt/stack/placement/placement/requestlog.py:55}}
Aug 18 05:04:08.465405 n-d-826525-5 devstack@placement-api.service[114732]: INFO placement.requestlog [req-da1b3c03-432f-459f-ac6b-bc7926b8a366 req-715fef86-eb56-4944-89b2-3934d57df222 service placement] 10.222.0.26 "GET /placement/allocations/11418563-91e0-47ac-b0d8-1625616f0af1" status: 200 len: 19 microversion: 1.28
Aug 18 05:04:08.465910 n-d-826525-5 devstack@placement-api.service[114732]: [pid: 114732|app: 0|req: 349/696] 10.222.0.26 () {60 vars in 1380 bytes} [Thu Aug 18 05:04:08 2022] GET /placement/allocations/11418563-91e0-47ac-b0d8-1625616f0af1 => generated 19 bytes in 15 msecs (HTTP/1.1 200) 8 headers in 295 bytes (1 switches on core 0)
Aug 18 05:04:08.474163 n-d-826525-5 devstack@placement-api.service[114733]: DEBUG placement.requestlog [req-da1b3c03-432f-459f-ac6b-bc7926b8a366 req-b9c81fa4-1d48-4f32-96e0-357dae7b9951 None None] Starting request: 10.222.0.26 "POST /placement/allocations" {{(pid=114733) __call__ /opt/stack/placement/placement/requestlog.py:55}}
Aug 18 05:04:08.506440 n-d-826525-5 devstack@placement-api.service[114733]: DEBUG dbcounter [-] [114733] Writing DB stats placement:SELECT=82,placement:DELETE=6,placement:INSERT=8,placement:UPDATE=4 {{(pid=114733) stat_writer /usr/local/lib/python3.8/dist-packages/dbcounter.py:114}}
Aug 18 05:04:08.705630 n-d-826525-5 devstack@placement-api.service[114733]: DEBUG placement.handlers.allocation [req-da1b3c03-432f-459f-ac6b-bc7926b8a366 req-b9c81fa4-1d48-4f32-96e0-357dae7b9951 service placement] Successfully wrote allocations [, , , , , ] {{(pid=114733) _update_consumers_and_create_allocations /opt/stack/placement/placement/handlers/allocation.py:572}}
Aug 18 05:04:08.856334 n-d-826525-5 devstack@placement-api.service[114733]: INFO placement.requestlog [req-da1b3c03-432f-459f-ac6b-bc7926b8a366 req-b9c81fa4-1d48-4f32-96e0-357dae7b9951 service placement] 10.222.0.26 "POST /placement/allocations" status: 204 len: 0 microversion: 1.28
Aug 18 05:04:08.856968 n-d-826525-5 devstack@placement-api.service[114733]: [pid: 114733|app: 0|req: 348/697] 10.222.0.26 () {64 vars in 1323 bytes} [Thu Aug 18 05:04:08 2022] POST /placement/allocations => generated 0 bytes in 383 msecs (HTTP/1.1 204) 5 headers in 199 bytes (1 switches on core 0)
Aug 18 05:04:08.890193 n-d-826525-5 devstack@placement-api.service[114732]: DEBUG placement.requestlog [req-da1b3c03-432f-459f-ac6b-bc7926b8a366 req-677faba2-1ce7-4f27-938a-4d33f044424c None None] Starting request: 10.222.0.26 "GET /placement/allocations/b38b4f8b-144a-4b83-b379-1d754b61d99b" {{(pid=114732) __call__ /opt/stack/placement/placement/requestlog.py:55}}
Aug 18 05:04:08.901462 n-d-826525-5 devstack@placement-api.service[114732]: INFO placement.requestlog [req-da1b3c03-432f-459f-ac6b-bc7926b8a366 req-677faba2-1ce7-4f27-938a-4d33f044424c service placement] 10.222.0.26 "GET /placement/allocations/b38b4f8b-144a-4b83-b379-1d754b61d99b" status: 200 len: 19 microversion: 1.28
Aug 18 05:04:08.901798 n-d-826525-5 devstack@placement-api.service[114732]: [pid: 114732|app: 0|req: 350/698] 10.222.0.26 () {60 vars in 1380 bytes} [Thu Aug 18 05:04:08 2022] GET /placement/allocations/b38b4f8b-144a-4b83-b379-1d754b61d99b => generated 19 bytes in 12 msecs (HTTP/1.1 200) 8 headers in 295 bytes (1 switches on core 0)
Aug 18 05:04:08.907749 n-d-826525-5 devstack@placement-api.service[114733]: DEBUG placement.requestlog [req-da1b3c03-432f-459f-ac6b-bc7926b8a366 req-ffc4d7d2-fd6d-4c7c-99c0-0ecc9c70faf6 None None] Starting request: 10.222.0.26 "PUT /placement/allocations/b38b4f8b-144a-4b83-b379-1d754b61d99b" {{(pid=114733) __call__ /opt/stack/placement/placement/requestlog.py:55}}
Aug 18 05:04:09.119130 n-d-826525-5 devstack@placement-api.service[114733]: DEBUG placement.handlers.allocation [req-da1b3c03-432f-459f-ac6b-bc7926b8a366 req-ffc4d7d2-fd6d-4c7c-99c0-0ecc9c70faf6 service placement] Successfully wrote allocations [, , ] {{(pid=114733) _update_consumers_and_create_allocations /opt/stack/placement/placement/handlers/allocation.py:462}}
Aug 18 05:04:09.301736 n-d-826525-5 devstack@placement-api.service[114733]: INFO placement.requestlog [req-da1b3c03-432f-459f-ac6b-bc7926b8a366 req-ffc4d7d2-fd6d-4c7c-99c0-0ecc9c70faf6 service placement] 10.222.0.26 "PUT /placement/allocations/b38b4f8b-144a-4b83-b379-1d754b61d99b" status: 204 len: 0 microversion: 1.28
Aug 18 05:04:09.305416 n-d-826525-5 devstack@placement-api.service[114733]: [pid: 114733|app: 0|req: 349/699] 10.222.0.26 () {64 vars in 1433 bytes} [Thu Aug 18 05:04:08 2022] PUT /placement/allocations/b38b4f8b-144a-4b83-b379-1d754b61d99b => generated 0 bytes in 396 msecs (HTTP/1.1 204) 5 headers in 199 bytes (1 switches on core 0)
Aug 18 05:04:09.610549 n-d-826525-5 devstack@placement-api.service[114732]: DEBUG placement.requestlog [req-da1b3c03-432f-459f-ac6b-bc7926b8a366 req-468298c9-3241-4b11-ad98-f4b0d41a887d None None] Starting request: 10.222.0.43 "GET /placement/allocations/b38b4f8b-144a-4b83-b379-1d754b61d99b" {{(pid=114732) __call__ /opt/stack/placement/placement/requestlog.py:55}}
Aug 18 05:04:09.647825 n-d-826525-5 devstack@placement-api.service[114732]: INFO placement.requestlog [req-da1b3c03-432f-459f-ac6b-bc7926b8a366 req-468298c9-3241-4b11-ad98-f4b0d41a887d service placement] 10.222.0.43 "GET /placement/allocations/b38b4f8b-144a-4b83-b379-1d754b61d99b" status: 200 len: 259 microversion: 1.28
Aug 18 05:04:09.648217 n-d-826525-5 devstack@placement-api.service[114732]: [pid: 114732|app: 0|req: 351/700] 10.222.0.43 () {60 vars in 1377 bytes} [Thu Aug 18 05:04:09 2022] GET /placement/allocations/b38b4f8b-144a-4b83-b379-1d754b61d99b => generated 259 bytes in 38 msecs (HTTP/1.1 200) 8 headers in 296 bytes (2 switches on core 0)
Aug 18 05:04:19.638612 n-d-826525-5 devstack@placement-api.service[114732]: DEBUG dbcounter [-] [114732] Writing DB stats placement:SELECT=49,placement:DELETE=6 {{(pid=114732) stat_writer /usr/local/lib/python3.8/dist-packages/dbcounter.py:114}}
Aug 18 05:04:22.548352 n-d-826525-5 devstack@placement-api.service[114733]: DEBUG placement.requestlog [req-c8c9c14c-c241-4512-b67e-0d4962af18f6 req-37c59861-936a-45d8-937e-0cc5744fdbdb None None] Starting request: 10.222.0.26 "GET /placement/allocation_candidates?resources=DISK_GB%3A1%2CMEMORY_MB%3A1024%2CVCPU%3A1&root_required=%21COMPUTE_STATUS_DISABLED" {{(pid=114733) __call__ /opt/stack/placement/placement/requestlog.py:55}}
Aug 18 05:04:22.849245 n-d-826525-5 devstack@placement-api.service[114733]: DEBUG placement.objects.research_context [req-c8c9c14c-c241-4512-b67e-0d4962af18f6 req-37c59861-936a-45d8-937e-0cc5744fdbdb service placement] getting providers with 1 DISK_GB {{(pid=114733) __init__ /opt/stack/placement/placement/objects/research_context.py:136}}
Aug 18 05:04:22.857074 n-d-826525-5 devstack@placement-api.service[114733]: DEBUG placement.objects.research_context [req-c8c9c14c-c241-4512-b67e-0d4962af18f6 req-37c59861-936a-45d8-937e-0cc5744fdbdb service placement] getting providers with 1024 MEMORY_MB {{(pid=114733) __init__ /opt/stack/placement/placement/objects/research_context.py:136}}
Aug 18 05:04:22.866398 n-d-826525-5 devstack@placement-api.service[114733]: DEBUG placement.objects.research_context [req-c8c9c14c-c241-4512-b67e-0d4962af18f6 req-37c59861-936a-45d8-937e-0cc5744fdbdb service placement] getting providers with 1 VCPU {{(pid=114733) __init__ /opt/stack/placement/placement/objects/research_context.py:136}}
Aug 18 05:04:22.876092 n-d-826525-5 devstack@placement-api.service[114733]: DEBUG placement.objects.research_context [req-c8c9c14c-c241-4512-b67e-0d4962af18f6 req-37c59861-936a-45d8-937e-0cc5744fdbdb service placement] found 2 providers with available 1 DISK_GB {{(pid=114733) get_provider_ids_matching /opt/stack/placement/placement/objects/research_context.py:563}}
Aug 18 05:04:22.876745 n-d-826525-5 devstack@placement-api.service[114733]: DEBUG placement.objects.research_context [req-c8c9c14c-c241-4512-b67e-0d4962af18f6 req-37c59861-936a-45d8-937e-0cc5744fdbdb service placement] found 2 providers with available 1024 MEMORY_MB {{(pid=114733) get_provider_ids_matching /opt/stack/placement/placement/objects/research_context.py:563}}
Aug 18 05:04:22.877669 n-d-826525-5 devstack@placement-api.service[114733]: DEBUG placement.objects.research_context [req-c8c9c14c-c241-4512-b67e-0d4962af18f6 req-37c59861-936a-45d8-937e-0cc5744fdbdb service placement] found 2 providers after filtering by previous result {{(pid=114733) get_provider_ids_matching /opt/stack/placement/placement/objects/research_context.py:594}}
Aug 18 05:04:22.878163 n-d-826525-5 devstack@placement-api.service[114733]: DEBUG placement.objects.research_context [req-c8c9c14c-c241-4512-b67e-0d4962af18f6 req-37c59861-936a-45d8-937e-0cc5744fdbdb service placement] found 2 providers with available 1 VCPU {{(pid=114733) get_provider_ids_matching /opt/stack/placement/placement/objects/research_context.py:563}}
Aug 18 05:04:22.878650 n-d-826525-5 devstack@placement-api.service[114733]: DEBUG placement.objects.research_context [req-c8c9c14c-c241-4512-b67e-0d4962af18f6 req-37c59861-936a-45d8-937e-0cc5744fdbdb service placement] found 2 providers after filtering by previous result {{(pid=114733) get_provider_ids_matching /opt/stack/placement/placement/objects/research_context.py:594}}
Aug 18 05:04:22.897906 n-d-826525-5 devstack@placement-api.service[114733]: DEBUG placement.objects.allocation_candidate [req-c8c9c14c-c241-4512-b67e-0d4962af18f6 req-37c59861-936a-45d8-937e-0cc5744fdbdb service placement] RequestGroup(use_same_provider=False, resources={DISK_GB:1, MEMORY_MB:1024, VCPU:1}, traits=(), aggregates=[]) (suffix '') returned 2 matches {{(pid=114733) _get_by_requests /opt/stack/placement/placement/objects/allocation_candidate.py:156}}
Aug 18 05:04:22.898851 n-d-826525-5 devstack@placement-api.service[114733]: DEBUG placement.objects.allocation_candidate [req-c8c9c14c-c241-4512-b67e-0d4962af18f6 req-37c59861-936a-45d8-937e-0cc5744fdbdb service placement] Merging candidates yields 2 allocation requests and 2 provider summaries {{(pid=114733) _merge_candidates /opt/stack/placement/placement/objects/allocation_candidate.py:809}}
Aug 18 05:04:22.900985 n-d-826525-5 devstack@placement-api.service[114733]: INFO placement.requestlog [req-c8c9c14c-c241-4512-b67e-0d4962af18f6 req-37c59861-936a-45d8-937e-0cc5744fdbdb service placement] 10.222.0.26 "GET /placement/allocation_candidates?resources=DISK_GB%3A1%2CMEMORY_MB%3A1024%2CVCPU%3A1&root_required=%21COMPUTE_STATUS_DISABLED" status: 200 len: 1309 microversion: 1.36
Aug 18 05:04:22.902511 n-d-826525-5 devstack@placement-api.service[114733]: [pid: 114733|app: 0|req: 350/701] 10.222.0.26 () {60 vars in 1484 bytes} [Thu Aug 18 05:04:22 2022] GET /placement/allocation_candidates?resources=DISK_GB%3A1%2CMEMORY_MB%3A1024%2CVCPU%3A1&root_required=%21COMPUTE_STATUS_DISABLED => generated 1309 bytes in 354 msecs (HTTP/1.1 200) 8 headers in 297 bytes (1 switches on core 0)
Aug 18 05:04:22.989521 n-d-826525-5 devstack@placement-api.service[114732]: DEBUG placement.requestlog [req-c8c9c14c-c241-4512-b67e-0d4962af18f6 req-9049e213-8f11-446c-985a-c92a6a7b297b None None] Starting request: 10.222.0.26 "GET /placement/allocations/7b1e77df-331b-442a-a124-2a0dd37ce527" {{(pid=114732) __call__ /opt/stack/placement/placement/requestlog.py:55}}
