Jan 27 18:58:07.830482 n-d-826525-2 neutron-server[103226]: DEBUG neutron.notifiers.nova [None req-6b56c724-a3d5-4ce6-ba37-bc710ce51057 None None] Ignoring state change previous_port_status: DOWN current_port_status: BUILD port_id c98805bf-56c2-43c7-8c68-3851ba147d21 {{(pid=103226) record_port_status_changed /opt/stack/neutron/neutron/notifiers/nova.py:228}}
Jan 27 18:58:07.830974 n-d-826525-2 neutron-server[103225]: DEBUG neutron.wsgi [-] (103225) accepted ('10.222.0.45', 42472) {{(pid=103225) server /usr/local/lib/python3.8/dist-packages/eventlet/wsgi.py:1004}}
Jan 27 18:58:07.852772 n-d-826525-2 neutron-server[103226]: DEBUG neutron.plugins.ml2.db [None req-6b56c724-a3d5-4ce6-ba37-bc710ce51057 None None] For port c98805bf-56c2-43c7-8c68-3851ba147d21, host n-h1-826525-2, got binding levels [PortBindingLevel(driver='hyperv',host='n-h1-826525-2',level=0,port_id=c98805bf-56c2-43c7-8c68-3851ba147d21,segment=NetworkSegment(08e45a51-c1db-46b2-b076-f7828fb3b703),segment_id=08e45a51-c1db-46b2-b076-f7828fb3b703)] {{(pid=103226) get_binding_level_objs /opt/stack/neutron/neutron/plugins/ml2/db.py:74}}
Jan 27 18:58:07.858171 n-d-826525-2 neutron-server[103226]: DEBUG neutron_lib.callbacks.manager [None req-6b56c724-a3d5-4ce6-ba37-bc710ce51057 None None] Publish callbacks ['neutron.plugins.ml2.plugin.SecurityGroupServerNotifierRpcMixin._notify_sg_on_port_change-3662936', 'neutron.plugins.ml2.ovo_rpc._ObjectChangeHandler.handle_event-178539', 'neutron.api.rpc.agentnotifiers.dhcp_rpc_agent_api.DhcpAgentNotifyAPI._native_event_send_dhcp_notification-3605721', 'neutron.db.l3_db.L3RpcNotifierMixin._notify_gateway_port_ip_changed-8790466347996', 'neutron.db.l3_dvrscheduler_db._notify_l3_agent_port_update-8790465854513', 'neutron.db.l3_hascheduler_db._notify_l3_agent_ha_port_update-8790465854531'] for port (c98805bf-56c2-43c7-8c68-3851ba147d21), after_update {{(pid=103226) _notify_loop /usr/local/lib/python3.8/dist-packages/neutron_lib/callbacks/manager.py:176}}
Jan 27 18:58:07.860290 n-d-826525-2 neutron-server[103226]: DEBUG neutron.plugins.ml2.rpc [None req-6b56c724-a3d5-4ce6-ba37-bc710ce51057 None None] Device 6538257b-c8de-453c-b8e7-b575393a12f5 details requested by agent hyperv_n-h1-826525-2 with host n-h1-826525-2 {{(pid=103226) get_device_details /opt/stack/neutron/neutron/plugins/ml2/rpc.py:102}}
Jan 27 18:58:07.867394 n-d-826525-2 neutron-server[103225]: DEBUG neutron_lib.callbacks.manager [None req-408050c9-c4f8-4513-8a22-d0a7684003af admin admin] Publish callbacks [] for security_group (e27438b5-b80e-4270-a4eb-138a4e8e592b), precommit_create {{(pid=103225) _notify_loop /usr/local/lib/python3.8/dist-packages/neutron_lib/callbacks/manager.py:176}}
Jan 27 18:58:07.889159 n-d-826525-2 neutron-server[103224]: DEBUG neutron_lib.callbacks.manager [None req-21d29b34-d4dd-4935-8ba4-c23e6c9336ca tempest-ServersWithSpecificFlavorTestJSON-607338915 tempest-ServersWithSpecificFlavorTestJSON-607338915-project] Publish callbacks [] for floatingip (5ed22e29-d60a-48a1-a46a-75117aaed7fc), precommit_create {{(pid=103224) _notify_loop /usr/local/lib/python3.8/dist-packages/neutron_lib/callbacks/manager.py:176}}
Jan 27 18:58:07.907346 n-d-826525-2 neutron-server[103225]: DEBUG neutron_lib.callbacks.manager [None req-408050c9-c4f8-4513-8a22-d0a7684003af admin admin] Publish callbacks ['neutron.plugins.ml2.ovo_rpc._ObjectChangeHandler.handle_event-707213'] for security_group (e27438b5-b80e-4270-a4eb-138a4e8e592b), after_create {{(pid=103225) _notify_loop /usr/local/lib/python3.8/dist-packages/neutron_lib/callbacks/manager.py:176}}
Jan 27 18:58:07.920656 n-d-826525-2 neutron-server[103226]: DEBUG neutron.plugins.ml2.db [None req-6b56c724-a3d5-4ce6-ba37-bc710ce51057 None None] For port 6538257b-c8de-453c-b8e7-b575393a12f5, host n-h1-826525-2, got binding levels [PortBindingLevel(driver='hyperv',host='n-h1-826525-2',level=0,port_id=6538257b-c8de-453c-b8e7-b575393a12f5,segment=NetworkSegment(08e45a51-c1db-46b2-b076-f7828fb3b703),segment_id=08e45a51-c1db-46b2-b076-f7828fb3b703)] {{(pid=103226) get_binding_level_objs /opt/stack/neutron/neutron/plugins/ml2/db.py:74}}
Jan 27 18:58:07.934725 n-d-826525-2 neutron-server[103226]: DEBUG neutron.plugins.ml2.rpc [None req-6b56c724-a3d5-4ce6-ba37-bc710ce51057 None None] Returning: {'device': '6538257b-c8de-453c-b8e7-b575393a12f5', 'network_id': '2e655c71-cd94-4ae9-ab69-fcf518775a5c', 'port_id': '6538257b-c8de-453c-b8e7-b575393a12f5', 'mac_address': 'fa:16:3e:74:15:4f', 'admin_state_up': True, 'network_type': 'vlan', 'segmentation_id': 302, 'physical_network': 'physnet1', 'mtu': 1500, 'fixed_ips': [{'subnet_id': '85c54fb9-ee4c-496a-baa8-24b9be018b8f', 'ip_address': '192.168.233.35'}], 'device_owner': 'compute:nova', 'allowed_address_pairs': [], 'port_security_enabled': True, 'qos_policy_id': None, 'network_qos_policy_id': None, 'profile': {}, 'propagate_uplink_status': False} {{(pid=103226) _get_device_details /opt/stack/neutron/neutron/plugins/ml2/rpc.py:184}}
Jan 27 18:58:07.971019 n-d-826525-2 neutron-server[103224]: DEBUG neutron_lib.callbacks.manager [None req-21d29b34-d4dd-4935-8ba4-c23e6c9336ca tempest-ServersWithSpecificFlavorTestJSON-607338915 tempest-ServersWithSpecificFlavorTestJSON-607338915-project] Publish callbacks ['neutron.plugins.ml2.plugin.SecurityGroupDbMixin._ensure_default_security_group_handler-3663477'] for port (9fb0aabf-95cc-489d-868d-e0c9a8cca40a), before_update {{(pid=103224) _notify_loop /usr/local/lib/python3.8/dist-packages/neutron_lib/callbacks/manager.py:176}}
Jan 27 18:58:07.980935 n-d-826525-2 neutron-server[103225]: DEBUG neutron.pecan_wsgi.hooks.policy_enforcement [req-2bd6913e-ec9f-4c35-bd7e-67f150cc80b0 req-ca22698a-065c-4015-866c-ebe37eff115d tempest-LiveMigrationNegativeTest-494723636 tempest-LiveMigrationNegativeTest-494723636-project] Attributes excluded by policy engine: ['standard_attr_id', 'binding:profile', 'binding:host_id', 'binding:vif_type', 'binding:vif_details'] {{(pid=103225) _exclude_attributes_by_policy /opt/stack/neutron/neutron/pecan_wsgi/hooks/policy_enforcement.py:255}}
Jan 27 18:58:07.989592 n-d-826525-2 neutron-server[103225]: INFO neutron.wsgi [req-2bd6913e-ec9f-4c35-bd7e-67f150cc80b0 req-ca22698a-065c-4015-866c-ebe37eff115d tempest-LiveMigrationNegativeTest-494723636 tempest-LiveMigrationNegativeTest-494723636-project] 10.222.0.45 "GET /v2.0/ports?device_id=3ac71b11-086d-4aaa-9cd3-c2036e263929 HTTP/1.1" status: 200 len: 947 time: 0.1206791
Jan 27 18:58:08.014002 n-d-826525-2 neutron-server[103225]: DEBUG neutron.api.rpc.handlers.resources_rpc [None req-408050c9-c4f8-4513-8a22-d0a7684003af admin admin] Pushing event updated for resources: {'SecurityGroup': ['ID=e27438b5-b80e-4270-a4eb-138a4e8e592b,revision_number=1']} {{(pid=103225) push /opt/stack/neutron/neutron/api/rpc/handlers/resources_rpc.py:237}}
Jan 27 18:58:08.022617 n-d-826525-2 neutron-server[103225]: INFO neutron.wsgi [None req-408050c9-c4f8-4513-8a22-d0a7684003af admin admin] 10.222.0.45 "GET /v2.0/security-groups?tenant_id=ad31280c7b474ac2bfcb7ee951e95961&name=default HTTP/1.1" status: 200 len: 2996 time: 0.5704162
Jan 27 18:58:08.028629 n-d-826525-2 neutron-server[103224]: DEBUG neutron.wsgi [-] (103224) accepted ('10.222.0.45', 42478) {{(pid=103224) server /usr/local/lib/python3.8/dist-packages/eventlet/wsgi.py:1004}}
Jan 27 18:58:08.057163 n-d-826525-2 neutron-server[103226]: DEBUG neutron.api.rpc.handlers.resources_rpc [None req-6b56c724-a3d5-4ce6-ba37-bc710ce51057 None None] Pushing event updated for resources: {'Port': ['ID=c98805bf-56c2-43c7-8c68-3851ba147d21,revision_number=4']} {{(pid=103226) push /opt/stack/neutron/neutron/api/rpc/handlers/resources_rpc.py:237}}
Jan 27 18:58:08.075862 n-d-826525-2 neutron-server[103225]: INFO neutron.wsgi [req-2bd6913e-ec9f-4c35-bd7e-67f150cc80b0 req-04f86bb7-278e-4fb4-b0e3-73716d9ecc66 tempest-LiveMigrationNegativeTest-494723636 tempest-LiveMigrationNegativeTest-494723636-project] 10.222.0.45 "GET /v2.0/security-groups?id=42965cda-254f-47be-a6bd-c806b999bd4f&fields=id&fields=name HTTP/1.1" status: 200 len: 286 time: 0.0853112
Jan 27 18:58:08.085702 n-d-826525-2 neutron-server[103226]: DEBUG neutron.plugins.ml2.plugin [None req-6b56c724-a3d5-4ce6-ba37-bc710ce51057 None None] Current status of the port 6538257b-c8de-453c-b8e7-b575393a12f5 is: DOWN; New status is: BUILD {{(pid=103226) _update_individual_port_db_status /opt/stack/neutron/neutron/plugins/ml2/plugin.py:2225}}
Jan 27 18:58:08.086400 n-d-826525-2 neutron-server[103226]: DEBUG neutron_lib.callbacks.manager [None req-6b56c724-a3d5-4ce6-ba37-bc710ce51057 None None] Publish callbacks ['neutron.plugins.ml2.plugin.SecurityGroupDbMixin._ensure_default_security_group_handler-3663477'] for port (6538257b-c8de-453c-b8e7-b575393a12f5), before_update {{(pid=103226) _notify_loop /usr/local/lib/python3.8/dist-packages/neutron_lib/callbacks/manager.py:176}}
Jan 27 18:58:08.104702 n-d-826525-2 neutron-server[103226]: DEBUG neutron.notifiers.nova [None req-6b56c724-a3d5-4ce6-ba37-bc710ce51057 None None] Ignoring state change previous_port_status: DOWN current_port_status: BUILD port_id 6538257b-c8de-453c-b8e7-b575393a12f5 {{(pid=103226) record_port_status_changed /opt/stack/neutron/neutron/notifiers/nova.py:228}}
Jan 27 18:58:08.163908 n-d-826525-2 neutron-server[103226]: DEBUG neutron.plugins.ml2.db [None req-6b56c724-a3d5-4ce6-ba37-bc710ce51057 None None] For port 6538257b-c8de-453c-b8e7-b575393a12f5, host n-h1-826525-2, got binding levels [PortBindingLevel(driver='hyperv',host='n-h1-826525-2',level=0,port_id=6538257b-c8de-453c-b8e7-b575393a12f5,segment=NetworkSegment(08e45a51-c1db-46b2-b076-f7828fb3b703),segment_id=08e45a51-c1db-46b2-b076-f7828fb3b703)] {{(pid=103226) get_binding_level_objs /opt/stack/neutron/neutron/plugins/ml2/db.py:74}}
Jan 27 18:58:08.174437 n-d-826525-2 neutron-server[103226]: DEBUG neutron_lib.callbacks.manager [None req-6b56c724-a3d5-4ce6-ba37-bc710ce51057 None None] Publish callbacks ['neutron.plugins.ml2.plugin.SecurityGroupServerNotifierRpcMixin._notify_sg_on_port_change-3662936', 'neutron.plugins.ml2.ovo_rpc._ObjectChangeHandler.handle_event-178539', 'neutron.api.rpc.agentnotifiers.dhcp_rpc_agent_api.DhcpAgentNotifyAPI._native_event_send_dhcp_notification-3605721', 'neutron.db.l3_db.L3RpcNotifierMixin._notify_gateway_port_ip_changed-8790466347996', 'neutron.db.l3_dvrscheduler_db._notify_l3_agent_port_update-8790465854513', 'neutron.db.l3_hascheduler_db._notify_l3_agent_ha_port_update-8790465854531'] for port (6538257b-c8de-453c-b8e7-b575393a12f5), after_update {{(pid=103226) _notify_loop /usr/local/lib/python3.8/dist-packages/neutron_lib/callbacks/manager.py:176}}
Jan 27 18:58:08.257534 n-d-826525-2 neutron-server[103225]: DEBUG neutron_lib.callbacks.manager [None req-88352257-ee8d-4c0a-8ddd-0dc3525b0179 admin admin] Publish callbacks [] for security_group (None), before_create {{(pid=103225) _notify_loop /usr/local/lib/python3.8/dist-packages/neutron_lib/callbacks/manager.py:176}}
Jan 27 18:58:08.295380 n-d-826525-2 neutron-server[103226]: DEBUG neutron.api.rpc.handlers.resources_rpc [None req-6b56c724-a3d5-4ce6-ba37-bc710ce51057 None None] Pushing event updated for resources: {'Port': ['ID=6538257b-c8de-453c-b8e7-b575393a12f5,revision_number=4']} {{(pid=103226) push /opt/stack/neutron/neutron/api/rpc/handlers/resources_rpc.py:237}}
Jan 27 18:58:08.317433 n-d-826525-2 neutron-server[103224]: DEBUG neutron_lib.callbacks.manager [None req-2439f8de-2ddf-40c0-8fdb-660da58409c9 admin admin] Publish callbacks [] for security_group (e27438b5-b80e-4270-a4eb-138a4e8e592b), before_delete {{(pid=103224) _notify_loop /usr/local/lib/python3.8/dist-packages/neutron_lib/callbacks/manager.py:176}}
Jan 27 18:58:08.336257 n-d-826525-2 neutron-server[103226]: DEBUG neutron.plugins.ml2.rpc [None req-715a7ece-3de7-436f-b217-338ac5608c51 None None] Device 93f18fac-4cf7-4a98-8e8f-badf63493267 up at agent ovs-agent-n-d-826525-2 {{(pid=103226) update_device_up /opt/stack/neutron/neutron/plugins/ml2/rpc.py:296}}
Jan 27 18:58:08.372282 n-d-826525-2 neutron-server[103224]: DEBUG neutron_lib.callbacks.manager [None req-2439f8de-2ddf-40c0-8fdb-660da58409c9 admin admin] Publish callbacks [] for security_group (e27438b5-b80e-4270-a4eb-138a4e8e592b), precommit_delete {{(pid=103224) _notify_loop /usr/local/lib/python3.8/dist-packages/neutron_lib/callbacks/manager.py:176}}
Jan 27 18:58:08.388136 n-d-826525-2 neutron-server[103225]: DEBUG neutron_lib.callbacks.manager [None req-88352257-ee8d-4c0a-8ddd-0dc3525b0179 admin admin] Publish callbacks [] for security_group (e355d2fb-b1c3-49ad-8170-e8c6ac68a149), precommit_create {{(pid=103225) _notify_loop /usr/local/lib/python3.8/dist-packages/neutron_lib/callbacks/manager.py:176}}
Jan 27 18:58:08.393229 n-d-826525-2 neutron-server[103225]: DEBUG neutron_lib.callbacks.manager [None req-88352257-ee8d-4c0a-8ddd-0dc3525b0179 admin admin] Publish callbacks ['neutron.plugins.ml2.ovo_rpc._ObjectChangeHandler.handle_event-707213'] for security_group (e355d2fb-b1c3-49ad-8170-e8c6ac68a149), after_create {{(pid=103225) _notify_loop /usr/local/lib/python3.8/dist-packages/neutron_lib/callbacks/manager.py:176}}
Jan 27 18:58:08.441372 n-d-826525-2 neutron-server[103225]: INFO neutron.wsgi [None req-88352257-ee8d-4c0a-8ddd-0dc3525b0179 admin admin] 10.222.0.45 "GET /v2.0/security-groups?tenant_id=5816aaf29e7547a5bcc42214d94679c6&name=default HTTP/1.1" status: 200 len: 2996 time: 0.6086447
Jan 27 18:58:08.442429 n-d-826525-2 neutron-server[103225]: DEBUG neutron.api.rpc.handlers.resources_rpc [None req-88352257-ee8d-4c0a-8ddd-0dc3525b0179 admin admin] Pushing event updated for resources: {'SecurityGroup': ['ID=e355d2fb-b1c3-49ad-8170-e8c6ac68a149,revision_number=1']} {{(pid=103225) push /opt/stack/neutron/neutron/api/rpc/handlers/resources_rpc.py:237}}
Jan 27 18:58:08.444745 n-d-826525-2 neutron-server[103225]: DEBUG neutron.wsgi [-] (103225) accepted ('10.222.0.45', 42484) {{(pid=103225) server /usr/local/lib/python3.8/dist-packages/eventlet/wsgi.py:1004}}
Jan 27 18:58:08.462659 n-d-826525-2 neutron-server[103226]: DEBUG neutron.db.provisioning_blocks [None req-715a7ece-3de7-436f-b217-338ac5608c51 None None] Provisioning complete for port 93f18fac-4cf7-4a98-8e8f-badf63493267 triggered by entity L2. {{(pid=103226) provisioning_complete /opt/stack/neutron/neutron/db/provisioning_blocks.py:139}}
Jan 27 18:58:08.463058 n-d-826525-2 neutron-server[103226]: DEBUG neutron_lib.callbacks.manager [None req-715a7ece-3de7-436f-b217-338ac5608c51 None None] Publish callbacks ['neutron.plugins.ml2.plugin.Ml2Plugin._port_provisioned-3633065'] for port (93f18fac-4cf7-4a98-8e8f-badf63493267), provisioning_complete {{(pid=103226) _notify_loop /usr/local/lib/python3.8/dist-packages/neutron_lib/callbacks/manager.py:176}}
Jan 27 18:58:08.490054 n-d-826525-2 neutron-server[103224]: DEBUG neutron_lib.callbacks.manager [None req-21d29b34-d4dd-4935-8ba4-c23e6c9336ca tempest-ServersWithSpecificFlavorTestJSON-607338915 tempest-ServersWithSpecificFlavorTestJSON-607338915-project] Publish callbacks [] for port (9fb0aabf-95cc-489d-868d-e0c9a8cca40a), precommit_update {{(pid=103224) _notify_loop /usr/local/lib/python3.8/dist-packages/neutron_lib/callbacks/manager.py:176}}
Jan 27 18:58:08.503301 n-d-826525-2 neutron-server[103224]: DEBUG neutron_lib.callbacks.manager [None req-21d29b34-d4dd-4935-8ba4-c23e6c9336ca tempest-ServersWithSpecificFlavorTestJSON-607338915 tempest-ServersWithSpecificFlavorTestJSON-607338915-project] Publish callbacks ['neutron.plugins.ml2.plugin.SecurityGroupServerNotifierRpcMixin._notify_sg_on_port_change-3662936', 'neutron.plugins.ml2.ovo_rpc._ObjectChangeHandler.handle_event-178539', 'neutron.api.rpc.agentnotifiers.dhcp_rpc_agent_api.DhcpAgentNotifyAPI._native_event_send_dhcp_notification-3605721', 'neutron.db.l3_db.L3RpcNotifierMixin._notify_gateway_port_ip_changed-8790466347996', 'neutron.db.l3_dvrscheduler_db._notify_l3_agent_port_update-8790465854513', 'neutron.db.l3_hascheduler_db._notify_l3_agent_ha_port_update-8790465854531'] for port (9fb0aabf-95cc-489d-868d-e0c9a8cca40a), after_update {{(pid=103224) _notify_loop /usr/local/lib/python3.8/dist-packages/neutron_lib/callbacks/manager.py:176}}
Jan 27 18:58:08.504721 n-d-826525-2 neutron-server[103225]: DEBUG neutron_lib.callbacks.manager [None req-8cb92d5f-8af8-4b8a-8d56-496b80b60fb6 admin admin] Publish callbacks [] for security_group (e355d2fb-b1c3-49ad-8170-e8c6ac68a149), before_delete {{(pid=103225) _notify_loop /usr/local/lib/python3.8/dist-packages/neutron_lib/callbacks/manager.py:176}}
Jan 27 18:58:08.508766 n-d-826525-2 neutron-server[103226]: DEBUG neutron.plugins.ml2.db [None req-6b56c724-a3d5-4ce6-ba37-bc710ce51057 None None] get_ports_and_sgs() called for port_ids ['c98805bf-56c2-43c7-8c68-3851ba147d21'] {{(pid=103226) get_ports_and_sgs /opt/stack/neutron/neutron/plugins/ml2/db.py:156}}
Jan 27 18:58:08.537464 n-d-826525-2 neutron-server[103225]: DEBUG neutron_lib.callbacks.manager [None req-8cb92d5f-8af8-4b8a-8d56-496b80b60fb6 admin admin] Publish callbacks [] for security_group (e355d2fb-b1c3-49ad-8170-e8c6ac68a149), precommit_delete {{(pid=103225) _notify_loop /usr/local/lib/python3.8/dist-packages/neutron_lib/callbacks/manager.py:176}}
Jan 27 18:58:08.545654 n-d-826525-2 neutron-server[103224]: DEBUG neutron_lib.callbacks.manager [None req-21d29b34-d4dd-4935-8ba4-c23e6c9336ca tempest-ServersWithSpecificFlavorTestJSON-607338915 tempest-ServersWithSpecificFlavorTestJSON-607338915-project] Publish callbacks ['neutron.services.l3_router.l3_router_plugin.DVRResourceOperationHandler._create_dvr_floating_gw_port-535387'] for floatingip (5ed22e29-d60a-48a1-a46a-75117aaed7fc), after_create {{(pid=103224) _notify_loop /usr/local/lib/python3.8/dist-packages/neutron_lib/callbacks/manager.py:176}}
Jan 27 18:58:08.549589 n-d-826525-2 neutron-server[103224]: DEBUG neutron_lib.callbacks.manager [None req-2439f8de-2ddf-40c0-8fdb-660da58409c9 admin admin] Publish callbacks ['neutron.plugins.ml2.ovo_rpc._ObjectChangeHandler.handle_event-707213'] for security_group (e27438b5-b80e-4270-a4eb-138a4e8e592b), after_delete {{(pid=103224) _notify_loop /usr/local/lib/python3.8/dist-packages/neutron_lib/callbacks/manager.py:176}}
Jan 27 18:58:08.552148 n-d-826525-2 neutron-server[103224]: DEBUG neutron_lib.callbacks.manager [None req-2439f8de-2ddf-40c0-8fdb-660da58409c9 admin admin] Publish callbacks [] for security_group (None), before_response {{(pid=103224) _notify_loop /usr/local/lib/python3.8/dist-packages/neutron_lib/callbacks/manager.py:176}}
Jan 27 18:58:08.556196 n-d-826525-2 neutron-server[103224]: INFO neutron.wsgi [None req-2439f8de-2ddf-40c0-8fdb-660da58409c9 admin admin] 10.222.0.45 "DELETE /v2.0/security-groups/e27438b5-b80e-4270-a4eb-138a4e8e592b HTTP/1.1" status: 204 len: 168 time: 0.5239842
Jan 27 18:58:08.564186 n-d-826525-2 neutron-server[103226]: DEBUG neutron.plugins.ml2.db [None req-6b56c724-a3d5-4ce6-ba37-bc710ce51057 None None] get_ports_and_sgs() called for port_ids ['6538257b-c8de-453c-b8e7-b575393a12f5'] {{(pid=103226) get_ports_and_sgs /opt/stack/neutron/neutron/plugins/ml2/db.py:156}}
Jan 27 18:58:08.581738 n-d-826525-2 neutron-server[103224]: DEBUG neutron.api.rpc.handlers.resources_rpc [None req-2439f8de-2ddf-40c0-8fdb-660da58409c9 admin admin] Pushing event deleted for resources: {'SecurityGroup': ['ID=e27438b5-b80e-4270-a4eb-138a4e8e592b,revision_number=None']} {{(pid=103224) push /opt/stack/neutron/neutron/api/rpc/handlers/resources_rpc.py:237}}
Jan 27 18:58:08.607228 n-d-826525-2 neutron-server[103224]: DEBUG neutron_lib.callbacks.manager [None req-21d29b34-d4dd-4935-8ba4-c23e6c9336ca tempest-ServersWithSpecificFlavorTestJSON-607338915 tempest-ServersWithSpecificFlavorTestJSON-607338915-project] Publish callbacks ['neutron.notifiers.nova.Notifier._send_nova_notification-4171048'] for floatingip (None), before_response {{(pid=103224) _notify_loop /usr/local/lib/python3.8/dist-packages/neutron_lib/callbacks/manager.py:176}}
Jan 27 18:58:08.618598 n-d-826525-2 neutron-server[103225]: DEBUG neutron_lib.callbacks.manager [None req-8cb92d5f-8af8-4b8a-8d56-496b80b60fb6 admin admin] Publish callbacks ['neutron.plugins.ml2.ovo_rpc._ObjectChangeHandler.handle_event-707213'] for security_group (e355d2fb-b1c3-49ad-8170-e8c6ac68a149), after_delete {{(pid=103225) _notify_loop /usr/local/lib/python3.8/dist-packages/neutron_lib/callbacks/manager.py:176}}
Jan 27 18:58:08.618598 n-d-826525-2 neutron-server[103225]: DEBUG neutron_lib.callbacks.manager [None req-8cb92d5f-8af8-4b8a-8d56-496b80b60fb6 admin admin] Publish callbacks [] for security_group (None), before_response {{(pid=103225) _notify_loop /usr/local/lib/python3.8/dist-packages/neutron_lib/callbacks/manager.py:176}}
Jan 27 18:58:08.618598 n-d-826525-2 neutron-server[103225]: INFO neutron.wsgi [None req-8cb92d5f-8af8-4b8a-8d56-496b80b60fb6 admin admin] 10.222.0.45 "DELETE /v2.0/security-groups/e355d2fb-b1c3-49ad-8170-e8c6ac68a149 HTTP/1.1" status: 204 len: 168 time: 0.1715093
Jan 27 18:58:08.621676 n-d-826525-2 neutron-server[103224]: INFO neutron.wsgi [None req-21d29b34-d4dd-4935-8ba4-c23e6c9336ca tempest-ServersWithSpecificFlavorTestJSON-607338915 tempest-ServersWithSpecificFlavorTestJSON-607338915-project] 10.222.0.45 "POST /v2.0/floatingips HTTP/1.1" status: 201 len: 692 time: 1.7693980
Jan 27 18:58:08.631970 n-d-826525-2 neutron-server[103224]: DEBUG neutron.api.rpc.handlers.resources_rpc [None req-21d29b34-d4dd-4935-8ba4-c23e6c9336ca tempest-ServersWithSpecificFlavorTestJSON-607338915 tempest-ServersWithSpecificFlavorTestJSON-607338915-project] Pushing event updated for resources: {'Port': ['ID=9fb0aabf-95cc-489d-868d-e0c9a8cca40a,revision_number=2']} {{(pid=103224) push /opt/stack/neutron/neutron/api/rpc/handlers/resources_rpc.py:237}}
Jan 27 18:58:08.637388 n-d-826525-2 neutron-server[103225]: DEBUG neutron.api.rpc.handlers.resources_rpc [None req-8cb92d5f-8af8-4b8a-8d56-496b80b60fb6 admin admin] Pushing event deleted for resources: {'SecurityGroup': ['ID=e355d2fb-b1c3-49ad-8170-e8c6ac68a149,revision_number=None']} {{(pid=103225) push /opt/stack/neutron/neutron/api/rpc/handlers/resources_rpc.py:237}}
Jan 27 18:58:08.803471 n-d-826525-2 neutron-server[103226]: DEBUG neutron.plugins.ml2.plugin [None req-715a7ece-3de7-436f-b217-338ac5608c51 None None] Current status of the port 93f18fac-4cf7-4a98-8e8f-badf63493267 is: ACTIVE; New status is: ACTIVE {{(pid=103226) _update_individual_port_db_status /opt/stack/neutron/neutron/plugins/ml2/plugin.py:2225}}
Jan 27 18:58:08.938340 n-d-826525-2 neutron-server[103225]: DEBUG neutron.pecan_wsgi.hooks.policy_enforcement [req-c13a5e38-e741-4e3c-938a-abd3fb9aad80 req-9367f003-13ad-4d2f-b91e-8c123c63c8c4 tempest-AggregatesAdminTestJSON-505401066 tempest-AggregatesAdminTestJSON-505401066-project] Attributes excluded by policy engine: ['standard_attr_id', 'binding:profile', 'binding:host_id', 'binding:vif_type', 'binding:vif_details'] {{(pid=103225) _exclude_attributes_by_policy /opt/stack/neutron/neutron/pecan_wsgi/hooks/policy_enforcement.py:255}}
Jan 27 18:58:08.940238 n-d-826525-2 neutron-server[103225]: INFO neutron.wsgi [req-c13a5e38-e741-4e3c-938a-abd3fb9aad80 req-9367f003-13ad-4d2f-b91e-8c123c63c8c4 tempest-AggregatesAdminTestJSON-505401066 tempest-AggregatesAdminTestJSON-505401066-project] 10.222.0.45 "GET /v2.0/ports?device_id=139dfb49-cd12-4b22-a64b-e422e8ef3baf HTTP/1.1" status: 200 len: 970 time: 0.0626397
Jan 27 18:58:08.991881 n-d-826525-2 neutron-server[103224]: INFO neutron.wsgi [req-cf47de59-c4fb-4034-bed8-84d62973f52f req-e5412766-5a8a-4bde-8215-e3d30002d851 tempest-ServersWithSpecificFlavorTestJSON-607338915 tempest-ServersWithSpecificFlavorTestJSON-607338915-project] 10.222.0.45 "GET /v2.0/security-groups?name=tempest-securitygroup--1892791232&fields=id&tenant_id=36cde4642b5543ac85d204edbfafc432 HTTP/1.1" status: 200 len: 267 time: 0.0885701
Jan 27 18:58:09.018610 n-d-826525-2 neutron-server[103225]: INFO neutron.wsgi [req-c13a5e38-e741-4e3c-938a-abd3fb9aad80 req-709ccb7f-a1c2-48d4-8134-1bbadedc4f9f tempest-AggregatesAdminTestJSON-505401066 tempest-AggregatesAdminTestJSON-505401066-project] 10.222.0.45 "GET /v2.0/security-groups?id=eb5dbd76-23b0-4dc6-b073-56f5e14439ad&fields=id&fields=name HTTP/1.1" status: 200 len: 286 time: 0.0697968
Jan 27 18:58:09.088676 n-d-826525-2 neutron-server[103224]: DEBUG neutron.wsgi [-] (103224) accepted ('10.222.0.45', 42520) {{(pid=103224) server /usr/local/lib/python3.8/dist-packages/eventlet/wsgi.py:1004}}
Jan 27 18:58:09.125422 n-d-826525-2 neutron-server[103224]: DEBUG neutron_lib.callbacks.manager [None req-a6b46bd9-5604-40f8-b9c7-52d1ae1d64c9 admin admin] Publish callbacks [] for security_group (None), before_create {{(pid=103224) _notify_loop /usr/local/lib/python3.8/dist-packages/neutron_lib/callbacks/manager.py:176}}
Jan 27 18:58:09.231585 n-d-826525-2 neutron-server[103225]: DEBUG neutron.pecan_wsgi.hooks.policy_enforcement [req-eb30284f-7d47-473b-99de-1c942fce592f req-e03e4be9-a39a-4fe9-9e62-ab758e15359d tempest-LiveMigrationNegativeTest-494723636 tempest-LiveMigrationNegativeTest-494723636-project] Attributes excluded by policy engine: ['standard_attr_id', 'binding:profile', 'binding:host_id', 'binding:vif_type', 'binding:vif_details'] {{(pid=103225) _exclude_attributes_by_policy /opt/stack/neutron/neutron/pecan_wsgi/hooks/policy_enforcement.py:255}}
Jan 27 18:58:09.233520 n-d-826525-2 neutron-server[103225]: INFO neutron.wsgi [req-eb30284f-7d47-473b-99de-1c942fce592f req-e03e4be9-a39a-4fe9-9e62-ab758e15359d tempest-LiveMigrationNegativeTest-494723636 tempest-LiveMigrationNegativeTest-494723636-project] 10.222.0.45 "GET /v2.0/ports?device_id=3ac71b11-086d-4aaa-9cd3-c2036e263929 HTTP/1.1" status: 200 len: 948 time: 0.0594363
Jan 27 18:58:09.241788 n-d-826525-2 neutron-server[103224]: DEBUG neutron.pecan_wsgi.hooks.policy_enforcement [req-cf47de59-c4fb-4034-bed8-84d62973f52f req-1b4f395e-3b6e-4dd8-a71a-79b7029e3a9c tempest-ServersWithSpecificFlavorTestJSON-607338915 tempest-ServersWithSpecificFlavorTestJSON-607338915-project] Attributes excluded by policy engine: ['standard_attr_id', 'vlan_transparent', 'provider:network_type', 'provider:physical_network', 'provider:segmentation_id'] {{(pid=103224) _exclude_attributes_by_policy /opt/stack/neutron/neutron/pecan_wsgi/hooks/policy_enforcement.py:255}}
Jan 27 18:58:09.249130 n-d-826525-2 neutron-server[103224]: INFO neutron.wsgi [req-cf47de59-c4fb-4034-bed8-84d62973f52f req-1b4f395e-3b6e-4dd8-a71a-79b7029e3a9c tempest-ServersWithSpecificFlavorTestJSON-607338915 tempest-ServersWithSpecificFlavorTestJSON-607338915-project] 10.222.0.45 "GET /v2.0/networks?id=555c9d6d-bc28-4da7-8b0e-a8d3479a81ec HTTP/1.1" status: 200 len: 824 time: 0.2473605
Jan 27 18:58:09.276736 n-d-826525-2 neutron-server[103224]: INFO neutron.wsgi [req-cf47de59-c4fb-4034-bed8-84d62973f52f req-61406f11-cabe-4288-bcad-4f448db6876d tempest-ServersWithSpecificFlavorTestJSON-607338915 tempest-ServersWithSpecificFlavorTestJSON-607338915-project] 10.222.0.45 "GET /v2.0/quotas/36cde4642b5543ac85d204edbfafc432 HTTP/1.1" status: 200 len: 375 time: 0.0266325
Jan 27 18:58:09.311861 n-d-826525-2 neutron-server[103225]: INFO neutron.wsgi [req-eb30284f-7d47-473b-99de-1c942fce592f req-b5ce8293-13fa-4b66-9310-35d98390e672 tempest-LiveMigrationNegativeTest-494723636 tempest-LiveMigrationNegativeTest-494723636-project] 10.222.0.45 "GET /v2.0/security-groups?id=42965cda-254f-47be-a6bd-c806b999bd4f&fields=id&fields=name HTTP/1.1" status: 200 len: 286 time: 0.0655603
Jan 27 18:58:09.312595 n-d-826525-2 neutron-server[103225]: DEBUG neutron.wsgi [-] (103225) accepted ('10.222.0.45', 42526) {{(pid=103225) server /usr/local/lib/python3.8/dist-packages/eventlet/wsgi.py:1004}}
Jan 27 18:58:09.335681 n-d-826525-2 neutron-server[103225]: DEBUG neutron_lib.callbacks.manager [None req-405d80ca-c041-4170-a26b-88c5be50d9a5 admin admin] Publish callbacks [] for security_group (None), before_create {{(pid=103225) _notify_loop /usr/local/lib/python3.8/dist-packages/neutron_lib/callbacks/manager.py:176}}
Jan 27 18:58:09.378851 n-d-826525-2 neutron-server[103224]: DEBUG neutron_lib.callbacks.manager [None req-a6b46bd9-5604-40f8-b9c7-52d1ae1d64c9 admin admin] Publish callbacks [] for security_group (fb4297ec-daf0-4df8-958c-7ba4daaf3d05), precommit_create {{(pid=103224) _notify_loop /usr/local/lib/python3.8/dist-packages/neutron_lib/callbacks/manager.py:176}}
Jan 27 18:58:09.385297 n-d-826525-2 neutron-server[103224]: INFO neutron.wsgi [req-cf47de59-c4fb-4034-bed8-84d62973f52f req-3f21f2a1-4ae4-45de-ac91-4b459958c317 tempest-ServersWithSpecificFlavorTestJSON-607338915 tempest-ServersWithSpecificFlavorTestJSON-607338915-project] 10.222.0.45 "GET /v2.0/ports?tenant_id=36cde4642b5543ac85d204edbfafc432&fields=id HTTP/1.1" status: 200 len: 302 time: 0.1077447
Jan 27 18:58:09.386362 n-d-826525-2 neutron-server[103224]: DEBUG neutron_lib.callbacks.manager [None req-a6b46bd9-5604-40f8-b9c7-52d1ae1d64c9 admin admin] Publish callbacks ['neutron.plugins.ml2.ovo_rpc._ObjectChangeHandler.handle_event-707213'] for security_group (fb4297ec-daf0-4df8-958c-7ba4daaf3d05), after_create {{(pid=103224) _notify_loop /usr/local/lib/python3.8/dist-packages/neutron_lib/callbacks/manager.py:176}}
Jan 27 18:58:09.443234 n-d-826525-2 neutron-server[103224]: INFO neutron.wsgi [None req-a6b46bd9-5604-40f8-b9c7-52d1ae1d64c9 admin admin] 10.222.0.45 "GET /v2.0/security-groups?tenant_id=23bde22ec010498cb431540acd11c9ea&name=default HTTP/1.1" status: 200 len: 2996 time: 0.3535471
Jan 27 18:58:09.444306 n-d-826525-2 neutron-server[103224]: DEBUG neutron.api.rpc.handlers.resources_rpc [None req-a6b46bd9-5604-40f8-b9c7-52d1ae1d64c9 admin admin] Pushing event updated for resources: {'SecurityGroup': ['ID=fb4297ec-daf0-4df8-958c-7ba4daaf3d05,revision_number=1']} {{(pid=103224) push /opt/stack/neutron/neutron/api/rpc/handlers/resources_rpc.py:237}}
Jan 27 18:58:09.446074 n-d-826525-2 neutron-server[103225]: DEBUG neutron.wsgi [-] (103225) accepted ('10.222.0.45', 42534) {{(pid=103225) server /usr/local/lib/python3.8/dist-packages/eventlet/wsgi.py:1004}}
Jan 27 18:58:09.449819 n-d-826525-2 neutron-server[103225]: DEBUG neutron_lib.callbacks.manager [None req-405d80ca-c041-4170-a26b-88c5be50d9a5 admin admin] Publish callbacks [] for security_group (878f7d8f-f8cc-447d-b1af-2c64b5dbb7c5), precommit_create {{(pid=103225) _notify_loop /usr/local/lib/python3.8/dist-packages/neutron_lib/callbacks/manager.py:176}}
Jan 27 18:58:09.468358 n-d-826525-2 neutron-server[103225]: DEBUG neutron_lib.callbacks.manager [None req-405d80ca-c041-4170-a26b-88c5be50d9a5 admin admin] Publish callbacks ['neutron.plugins.ml2.ovo_rpc._ObjectChangeHandler.handle_event-707213'] for security_group (878f7d8f-f8cc-447d-b1af-2c64b5dbb7c5), after_create {{(pid=103225) _notify_loop /usr/local/lib/python3.8/dist-packages/neutron_lib/callbacks/manager.py:176}}
Jan 27 18:58:09.520994 n-d-826525-2 neutron-server[103226]: DEBUG neutron.plugins.ml2.rpc [None req-6b56c724-a3d5-4ce6-ba37-bc710ce51057 None None] Device c98805bf-56c2-43c7-8c68-3851ba147d21 up at agent hyperv_n-h1-826525-2 {{(pid=103226) update_device_up /opt/stack/neutron/neutron/plugins/ml2/rpc.py:296}}
Jan 27 18:58:09.527121 n-d-826525-2 neutron-server[103225]: INFO neutron.wsgi [None req-405d80ca-c041-4170-a26b-88c5be50d9a5 admin admin] 10.222.0.45 "GET /v2.0/security-groups?tenant_id=8bc6ab6ca33d4de3b53d94ac39ff2561&name=default HTTP/1.1" status: 200 len: 2996 time: 0.2130640
Jan 27 18:58:09.530392 n-d-826525-2 neutron-server[103224]: DEBUG neutron.wsgi [-] (103224) accepted ('10.222.0.45', 42538) {{(pid=103224) server /usr/local/lib/python3.8/dist-packages/eventlet/wsgi.py:1004}}
Jan 27 18:58:09.532751 n-d-826525-2 neutron-server[103225]: DEBUG neutron.api.rpc.handlers.resources_rpc [None req-405d80ca-c041-4170-a26b-88c5be50d9a5 admin admin] Pushing event updated for resources: {'SecurityGroup': ['ID=878f7d8f-f8cc-447d-b1af-2c64b5dbb7c5,revision_number=1']} {{(pid=103225) push /opt/stack/neutron/neutron/api/rpc/handlers/resources_rpc.py:237}}
Jan 27 18:58:09.553287 n-d-826525-2 neutron-server[103225]: DEBUG neutron_lib.callbacks.manager [None req-0f208a41-4490-4683-83f1-e6c4eb7bfee4 admin admin] Publish callbacks [] for security_group (fb4297ec-daf0-4df8-958c-7ba4daaf3d05), before_delete {{(pid=103225) _notify_loop /usr/local/lib/python3.8/dist-packages/neutron_lib/callbacks/manager.py:176}}
Jan 27 18:58:09.587704 n-d-826525-2 neutron-server[103225]: DEBUG neutron_lib.callbacks.manager [None req-0f208a41-4490-4683-83f1-e6c4eb7bfee4 admin admin] Publish callbacks [] for security_group (fb4297ec-daf0-4df8-958c-7ba4daaf3d05), precommit_delete {{(pid=103225) _notify_loop /usr/local/lib/python3.8/dist-packages/neutron_lib/callbacks/manager.py:176}}
Jan 27 18:58:09.600176 n-d-826525-2 neutron-server[103226]: DEBUG neutron.db.provisioning_blocks [None req-6b56c724-a3d5-4ce6-ba37-bc710ce51057 None None] Provisioning for port c98805bf-56c2-43c7-8c68-3851ba147d21 completed by entity L2. {{(pid=103226) provisioning_complete /opt/stack/neutron/neutron/db/provisioning_blocks.py:133}}
Jan 27 18:58:09.602158 n-d-826525-2 neutron-server[103224]: DEBUG neutron.wsgi [req-cf47de59-c4fb-4034-bed8-84d62973f52f req-db602fea-4fcc-44b5-a01b-9fa11b21d755 service neutron] http://10.222.0.45:9696/v2.0/extensions returned with HTTP 200 {{(pid=103224) __call__ /opt/stack/neutron/neutron/wsgi.py:730}}
Jan 27 18:58:09.605185 n-d-826525-2 neutron-server[103226]: DEBUG neutron.db.provisioning_blocks [None req-6b56c724-a3d5-4ce6-ba37-bc710ce51057 None None] Provisioning complete for port c98805bf-56c2-43c7-8c68-3851ba147d21 triggered by entity L2. {{(pid=103226) provisioning_complete /opt/stack/neutron/neutron/db/provisioning_blocks.py:139}}
Jan 27 18:58:09.605578 n-d-826525-2 neutron-server[103226]: DEBUG neutron_lib.callbacks.manager [None req-6b56c724-a3d5-4ce6-ba37-bc710ce51057 None None] Publish callbacks ['neutron.plugins.ml2.plugin.Ml2Plugin._port_provisioned-3633065'] for port (c98805bf-56c2-43c7-8c68-3851ba147d21), provisioning_complete {{(pid=103226) _notify_loop /usr/local/lib/python3.8/dist-packages/neutron_lib/callbacks/manager.py:176}}
Jan 27 18:58:09.610007 n-d-826525-2 neutron-server[103224]: INFO neutron.wsgi [req-cf47de59-c4fb-4034-bed8-84d62973f52f req-db602fea-4fcc-44b5-a01b-9fa11b21d755 service neutron] 10.222.0.45 "GET /v2.0/extensions HTTP/1.1" status: 200 len: 14082 time: 0.1024079
Jan 27 18:58:09.651984 n-d-826525-2 neutron-server[103225]: DEBUG neutron_lib.callbacks.manager [None req-0f208a41-4490-4683-83f1-e6c4eb7bfee4 admin admin] Publish callbacks ['neutron.plugins.ml2.ovo_rpc._ObjectChangeHandler.handle_event-707213'] for security_group (fb4297ec-daf0-4df8-958c-7ba4daaf3d05), after_delete {{(pid=103225) _notify_loop /usr/local/lib/python3.8/dist-packages/neutron_lib/callbacks/manager.py:176}}
Jan 27 18:58:09.654907 n-d-826525-2 neutron-server[103225]: DEBUG neutron_lib.callbacks.manager [None req-0f208a41-4490-4683-83f1-e6c4eb7bfee4 admin admin] Publish callbacks [] for security_group (None), before_response {{(pid=103225) _notify_loop /usr/local/lib/python3.8/dist-packages/neutron_lib/callbacks/manager.py:176}}
Jan 27 18:58:09.659317 n-d-826525-2 neutron-server[103225]: INFO neutron.wsgi [None req-0f208a41-4490-4683-83f1-e6c4eb7bfee4 admin admin] 10.222.0.45 "DELETE /v2.0/security-groups/fb4297ec-daf0-4df8-958c-7ba4daaf3d05 HTTP/1.1" status: 204 len: 168 time: 0.2093465
Jan 27 18:58:09.667471 n-d-826525-2 neutron-server[103225]: DEBUG neutron.api.rpc.handlers.resources_rpc [None req-0f208a41-4490-4683-83f1-e6c4eb7bfee4 admin admin] Pushing event deleted for resources: {'SecurityGroup': ['ID=fb4297ec-daf0-4df8-958c-7ba4daaf3d05,revision_number=None']} {{(pid=103225) push /opt/stack/neutron/neutron/api/rpc/handlers/resources_rpc.py:237}}
Jan 27 18:58:09.671193 n-d-826525-2 neutron-server[103224]: DEBUG neutron_lib.callbacks.manager [None req-6288bea4-194d-4645-98de-6889b76e6b05 admin admin] Publish callbacks [] for security_group (878f7d8f-f8cc-447d-b1af-2c64b5dbb7c5), before_delete {{(pid=103224) _notify_loop /usr/local/lib/python3.8/dist-packages/neutron_lib/callbacks/manager.py:176}}
Jan 27 18:58:09.712478 n-d-826525-2 neutron-server[103224]: DEBUG neutron_lib.callbacks.manager [None req-6288bea4-194d-4645-98de-6889b76e6b05 admin admin] Publish callbacks [] for security_group (878f7d8f-f8cc-447d-b1af-2c64b5dbb7c5), precommit_delete {{(pid=103224) _notify_loop /usr/local/lib/python3.8/dist-packages/neutron_lib/callbacks/manager.py:176}}
Jan 27 18:58:09.726590 n-d-826525-2 neutron-server[103226]: DEBUG neutron.plugins.ml2.plugin [None req-6b56c724-a3d5-4ce6-ba37-bc710ce51057 None None] Current status of the port c98805bf-56c2-43c7-8c68-3851ba147d21 is: BUILD; New status is: ACTIVE {{(pid=103226) _update_individual_port_db_status /opt/stack/neutron/neutron/plugins/ml2/plugin.py:2225}}
Jan 27 18:58:09.727290 n-d-826525-2 neutron-server[103226]: DEBUG neutron_lib.callbacks.manager [None req-6b56c724-a3d5-4ce6-ba37-bc710ce51057 None None] Publish callbacks ['neutron.plugins.ml2.plugin.SecurityGroupDbMixin._ensure_default_security_group_handler-3663477'] for port (c98805bf-56c2-43c7-8c68-3851ba147d21), before_update {{(pid=103226) _notify_loop /usr/local/lib/python3.8/dist-packages/neutron_lib/callbacks/manager.py:176}}
Jan 27 18:58:09.741252 n-d-826525-2 neutron-server[103224]: INFO neutron.wsgi [req-cf47de59-c4fb-4034-bed8-84d62973f52f req-df4268ee-0805-4544-99fd-d05607e0d363 service neutron] 10.222.0.45 "GET /v2.0/networks/555c9d6d-bc28-4da7-8b0e-a8d3479a81ec?fields=segments HTTP/1.1" status: 200 len: 212 time: 0.1303382
Jan 27 18:58:09.760494 n-d-826525-2 neutron-server[103226]: DEBUG neutron.notifiers.nova [-] Sending events: [{'server_uuid': '139dfb49-cd12-4b22-a64b-e422e8ef3baf', 'name': 'network-vif-plugged', 'status': 'completed', 'tag': 'c98805bf-56c2-43c7-8c68-3851ba147d21'}] {{(pid=103226) send_events /opt/stack/neutron/neutron/notifiers/nova.py:266}}
Jan 27 18:58:09.847602 n-d-826525-2 neutron-server[103224]: DEBUG neutron_lib.callbacks.manager [None req-6288bea4-194d-4645-98de-6889b76e6b05 admin admin] Publish callbacks ['neutron.plugins.ml2.ovo_rpc._ObjectChangeHandler.handle_event-707213'] for security_group (878f7d8f-f8cc-447d-b1af-2c64b5dbb7c5), after_delete {{(pid=103224) _notify_loop /usr/local/lib/python3.8/dist-packages/neutron_lib/callbacks/manager.py:176}}
Jan 27 18:58:09.847968 n-d-826525-2 neutron-server[103226]: DEBUG neutron.plugins.ml2.db [None req-6b56c724-a3d5-4ce6-ba37-bc710ce51057 None None] For port c98805bf-56c2-43c7-8c68-3851ba147d21, host n-h1-826525-2, got binding levels [PortBindingLevel(driver='hyperv',host='n-h1-826525-2',level=0,port_id=c98805bf-56c2-43c7-8c68-3851ba147d21,segment=NetworkSegment(08e45a51-c1db-46b2-b076-f7828fb3b703),segment_id=08e45a51-c1db-46b2-b076-f7828fb3b703)] {{(pid=103226) get_binding_level_objs /opt/stack/neutron/neutron/plugins/ml2/db.py:74}}
Jan 27 18:58:09.850459 n-d-826525-2 neutron-server[103224]: DEBUG neutron_lib.callbacks.manager [None req-6288bea4-194d-4645-98de-6889b76e6b05 admin admin] Publish callbacks [] for security_group (None), before_response {{(pid=103224) _notify_loop /usr/local/lib/python3.8/dist-packages/neutron_lib/callbacks/manager.py:176}}
Jan 27 18:58:09.852488 n-d-826525-2 neutron-server[103226]: DEBUG neutron_lib.callbacks.manager [None req-6b56c724-a3d5-4ce6-ba37-bc710ce51057 None None] Publish callbacks ['neutron.plugins.ml2.plugin.SecurityGroupServerNotifierRpcMixin._notify_sg_on_port_change-3662936', 'neutron.plugins.ml2.ovo_rpc._ObjectChangeHandler.handle_event-178539', 'neutron.api.rpc.agentnotifiers.dhcp_rpc_agent_api.DhcpAgentNotifyAPI._native_event_send_dhcp_notification-3605721', 'neutron.db.l3_db.L3RpcNotifierMixin._notify_gateway_port_ip_changed-8790466347996', 'neutron.db.l3_dvrscheduler_db._notify_l3_agent_port_update-8790465854513', 'neutron.db.l3_hascheduler_db._notify_l3_agent_ha_port_update-8790465854531'] for port (c98805bf-56c2-43c7-8c68-3851ba147d21), after_update {{(pid=103226) _notify_loop /usr/local/lib/python3.8/dist-packages/neutron_lib/callbacks/manager.py:176}}
Jan 27 18:58:09.853723 n-d-826525-2 neutron-server[103226]: DEBUG neutron.plugins.ml2.rpc [None req-6b56c724-a3d5-4ce6-ba37-bc710ce51057 None None] Device 6538257b-c8de-453c-b8e7-b575393a12f5 up at agent hyperv_n-h1-826525-2 {{(pid=103226) update_device_up /opt/stack/neutron/neutron/plugins/ml2/rpc.py:296}}
Jan 27 18:58:09.854817 n-d-826525-2 neutron-server[103224]: INFO neutron.wsgi [None req-6288bea4-194d-4645-98de-6889b76e6b05 admin admin] 10.222.0.45 "DELETE /v2.0/security-groups/878f7d8f-f8cc-447d-b1af-2c64b5dbb7c5 HTTP/1.1" status: 204 len: 168 time: 0.3227468
Jan 27 18:58:09.872405 n-d-826525-2 neutron-server[103224]: INFO neutron.wsgi [req-cf47de59-c4fb-4034-bed8-84d62973f52f req-b340773b-e213-41a9-9076-415c714f86b2 service neutron] 10.222.0.45 "GET /v2.0/networks/555c9d6d-bc28-4da7-8b0e-a8d3479a81ec?fields=provider%3Aphysical_network&fields=provider%3Anetwork_type HTTP/1.1" status: 200 len: 281 time: 0.1300952
Jan 27 18:58:09.880234 n-d-826525-2 neutron-server[103224]: DEBUG neutron.api.rpc.handlers.resources_rpc [None req-6288bea4-194d-4645-98de-6889b76e6b05 admin admin] Pushing event deleted for resources: {'SecurityGroup': ['ID=878f7d8f-f8cc-447d-b1af-2c64b5dbb7c5,revision_number=None']} {{(pid=103224) push /opt/stack/neutron/neutron/api/rpc/handlers/resources_rpc.py:237}}
Jan 27 18:58:09.970221 n-d-826525-2 neutron-server[103226]: DEBUG neutron.db.provisioning_blocks [None req-6b56c724-a3d5-4ce6-ba37-bc710ce51057 None None] Provisioning for port 6538257b-c8de-453c-b8e7-b575393a12f5 completed by entity L2. {{(pid=103226) provisioning_complete /opt/stack/neutron/neutron/db/provisioning_blocks.py:133}}
Jan 27 18:58:09.985963 n-d-826525-2 neutron-server[103226]: DEBUG neutron.db.provisioning_blocks [None req-6b56c724-a3d5-4ce6-ba37-bc710ce51057 None None] Provisioning complete for port 6538257b-c8de-453c-b8e7-b575393a12f5 triggered by entity L2. {{(pid=103226) provisioning_complete /opt/stack/neutron/neutron/db/provisioning_blocks.py:139}}
Jan 27 18:58:09.986537 n-d-826525-2 neutron-server[103226]: DEBUG neutron_lib.callbacks.manager [None req-6b56c724-a3d5-4ce6-ba37-bc710ce51057 None None] Publish callbacks ['neutron.plugins.ml2.plugin.Ml2Plugin._port_provisioned-3633065'] for port (6538257b-c8de-453c-b8e7-b575393a12f5), provisioning_complete {{(pid=103226) _notify_loop /usr/local/lib/python3.8/dist-packages/neutron_lib/callbacks/manager.py:176}}
Jan 27 18:58:09.994219 n-d-826525-2 neutron-server[103226]: DEBUG neutron.api.rpc.handlers.resources_rpc [None req-6b56c724-a3d5-4ce6-ba37-bc710ce51057 None None] Pushing event updated for resources: {'Port': ['ID=c98805bf-56c2-43c7-8c68-3851ba147d21,revision_number=5']} {{(pid=103226) push /opt/stack/neutron/neutron/api/rpc/handlers/resources_rpc.py:237}}
Jan 27 18:58:10.106669 n-d-826525-2 neutron-server[103224]: INFO neutron.wsgi [req-d6d68b08-6390-4e06-b9b5-2a39afe8c6f1 req-fce70212-36e8-4608-b291-8e1efc157697 tempest-ServersWithSpecificFlavorTestJSON-607338915 tempest-ServersWithSpecificFlavorTestJSON-607338915-project] 10.222.0.45 "GET /v2.0/ports?device_id=76286d6f-3587-4871-8f7e-1de1485fe02a HTTP/1.1" status: 200 len: 210 time: 0.0387435
Jan 27 18:58:10.189893 n-d-826525-2 neutron-server[103226]: DEBUG neutron.plugins.ml2.plugin [None req-6b56c724-a3d5-4ce6-ba37-bc710ce51057 None None] Current status of the port 6538257b-c8de-453c-b8e7-b575393a12f5 is: BUILD; New status is: ACTIVE {{(pid=103226) _update_individual_port_db_status /opt/stack/neutron/neutron/plugins/ml2/plugin.py:2225}}
Jan 27 18:58:10.190294 n-d-826525-2 neutron-server[103226]: DEBUG neutron_lib.callbacks.manager [None req-6b56c724-a3d5-4ce6-ba37-bc710ce51057 None None] Publish callbacks ['neutron.plugins.ml2.plugin.SecurityGroupDbMixin._ensure_default_security_group_handler-3663477'] for port (6538257b-c8de-453c-b8e7-b575393a12f5), before_update {{(pid=103226) _notify_loop /usr/local/lib/python3.8/dist-packages/neutron_lib/callbacks/manager.py:176}}
Jan 27 18:58:10.227114 n-d-826525-2 neutron-server[103226]: DEBUG novaclient.v2.client [-] REQ: curl -g -i --cacert "/opt/stack/data/ca-bundle.pem" -X POST http://10.222.0.45/compute/v2.1/os-server-external-events -H "Accept: application/json" -H "Content-Type: application/json" -H "User-Agent: python-novaclient" -H "X-Auth-Token: {SHA256}521f2a4364013d993b68762fc13cb9b6c3c1d2162dae4d04c19135390d238b77" -H "X-OpenStack-Nova-API-Version: 2.1" -H "X-OpenStack-Request-ID: req-16df5c75-9a9a-488f-a70d-54f06786d8ed" -d '{"events": [{"server_uuid": "139dfb49-cd12-4b22-a64b-e422e8ef3baf", "name": "network-vif-plugged", "status": "completed", "tag": "c98805bf-56c2-43c7-8c68-3851ba147d21"}]}' {{(pid=103226) _http_log_request /usr/local/lib/python3.8/dist-packages/keystoneauth1/session.py:519}}
Jan 27 18:58:10.268290 n-d-826525-2 neutron-server[103226]: DEBUG neutron.plugins.ml2.db [None req-6b56c724-a3d5-4ce6-ba37-bc710ce51057 None None] For port 6538257b-c8de-453c-b8e7-b575393a12f5, host n-h1-826525-2, got binding levels [PortBindingLevel(driver='hyperv',host='n-h1-826525-2',level=0,port_id=6538257b-c8de-453c-b8e7-b575393a12f5,segment=NetworkSegment(08e45a51-c1db-46b2-b076-f7828fb3b703),segment_id=08e45a51-c1db-46b2-b076-f7828fb3b703)] {{(pid=103226) get_binding_level_objs /opt/stack/neutron/neutron/plugins/ml2/db.py:74}}
Jan 27 18:58:10.273967 n-d-826525-2 neutron-server[103225]: DEBUG neutron.pecan_wsgi.hooks.policy_enforcement [req-6080978a-d53c-4bd9-bd61-f2c95078306e req-8f2648be-7486-4112-a2b5-ac953e4dbc5b tempest-AggregatesAdminTestJSON-505401066 tempest-AggregatesAdminTestJSON-505401066-project] Attributes excluded by policy engine: ['standard_attr_id', 'binding:profile', 'binding:host_id', 'binding:vif_type', 'binding:vif_details'] {{(pid=103225) _exclude_attributes_by_policy /opt/stack/neutron/neutron/pecan_wsgi/hooks/policy_enforcement.py:255}}
Jan 27 18:58:10.274231 n-d-826525-2 neutron-server[103226]: DEBUG neutron_lib.callbacks.manager [None req-6b56c724-a3d5-4ce6-ba37-bc710ce51057 None None] Publish callbacks ['neutron.plugins.ml2.plugin.SecurityGroupServerNotifierRpcMixin._notify_sg_on_port_change-3662936', 'neutron.plugins.ml2.ovo_rpc._ObjectChangeHandler.handle_event-178539', 'neutron.api.rpc.agentnotifiers.dhcp_rpc_agent_api.DhcpAgentNotifyAPI._native_event_send_dhcp_notification-3605721', 'neutron.db.l3_db.L3RpcNotifierMixin._notify_gateway_port_ip_changed-8790466347996', 'neutron.db.l3_dvrscheduler_db._notify_l3_agent_port_update-8790465854513', 'neutron.db.l3_hascheduler_db._notify_l3_agent_ha_port_update-8790465854531'] for port (6538257b-c8de-453c-b8e7-b575393a12f5), after_update {{(pid=103226) _notify_loop /usr/local/lib/python3.8/dist-packages/neutron_lib/callbacks/manager.py:176}}
Jan 27 18:58:10.282425 n-d-826525-2 neutron-server[103225]: INFO neutron.wsgi [req-6080978a-d53c-4bd9-bd61-f2c95078306e req-8f2648be-7486-4112-a2b5-ac953e4dbc5b tempest-AggregatesAdminTestJSON-505401066 tempest-AggregatesAdminTestJSON-505401066-project] 10.222.0.45 "GET /v2.0/ports?device_id=139dfb49-cd12-4b22-a64b-e422e8ef3baf HTTP/1.1" status: 200 len: 971 time: 0.0966516
Jan 27 18:58:10.349626 n-d-826525-2 neutron-server[103225]: INFO neutron.wsgi [req-6080978a-d53c-4bd9-bd61-f2c95078306e req-05c13815-dceb-485e-8334-752c8c64c8df tempest-AggregatesAdminTestJSON-505401066 tempest-AggregatesAdminTestJSON-505401066-project] 10.222.0.45 "GET /v2.0/security-groups?id=eb5dbd76-23b0-4dc6-b073-56f5e14439ad&fields=id&fields=name HTTP/1.1" status: 200 len: 286 time: 0.0661223
Jan 27 18:58:10.375240 n-d-826525-2 neutron-server[103226]: DEBUG neutron.api.rpc.handlers.resources_rpc [None req-6b56c724-a3d5-4ce6-ba37-bc710ce51057 None None] Pushing event updated for resources: {'Port': ['ID=6538257b-c8de-453c-b8e7-b575393a12f5,revision_number=5']} {{(pid=103226) push /opt/stack/neutron/neutron/api/rpc/handlers/resources_rpc.py:237}}
Jan 27 18:58:10.504366 n-d-826525-2 neutron-server[103225]: DEBUG neutron.pecan_wsgi.hooks.policy_enforcement [req-6e7460f5-806e-438a-a17c-598c91bcec37 req-4de496ef-3352-4166-a949-895eb565f26a tempest-LiveMigrationNegativeTest-494723636 tempest-LiveMigrationNegativeTest-494723636-project] Attributes excluded by policy engine: ['standard_attr_id', 'binding:profile', 'binding:host_id', 'binding:vif_type', 'binding:vif_details'] {{(pid=103225) _exclude_attributes_by_policy /opt/stack/neutron/neutron/pecan_wsgi/hooks/policy_enforcement.py:255}}
Jan 27 18:58:10.506812 n-d-826525-2 neutron-server[103225]: INFO neutron.wsgi [req-6e7460f5-806e-438a-a17c-598c91bcec37 req-4de496ef-3352-4166-a949-895eb565f26a tempest-LiveMigrationNegativeTest-494723636 tempest-LiveMigrationNegativeTest-494723636-project] 10.222.0.45 "GET /v2.0/ports?device_id=3ac71b11-086d-4aaa-9cd3-c2036e263929 HTTP/1.1" status: 200 len: 949 time: 0.0684004
Jan 27 18:58:10.539014 n-d-826525-2 neutron-server[103226]: DEBUG novaclient.v2.client [-] RESP: [200] Connection: close Content-Length: 183 Content-Type: application/json Date: Thu, 27 Jan 2022 18:58:10 GMT OpenStack-API-Version: compute 2.1 Server: Apache/2.4.41 (Ubuntu) Vary: OpenStack-API-Version,X-OpenStack-Nova-API-Version X-OpenStack-Nova-API-Version: 2.1 x-compute-request-id: req-6996b0a0-d96a-4578-9828-64b05bb845e3 x-openstack-request-id: req-6996b0a0-d96a-4578-9828-64b05bb845e3 {{(pid=103226) _http_log_response /usr/local/lib/python3.8/dist-packages/keystoneauth1/session.py:550}}
Jan 27 18:58:10.539539 n-d-826525-2 neutron-server[103226]: DEBUG novaclient.v2.client [-] RESP BODY: {"events": [{"server_uuid": "139dfb49-cd12-4b22-a64b-e422e8ef3baf", "name": "network-vif-plugged", "status": "completed", "tag": "c98805bf-56c2-43c7-8c68-3851ba147d21", "code": 200}]} {{(pid=103226) _http_log_response /usr/local/lib/python3.8/dist-packages/keystoneauth1/session.py:582}}
