Aug 17 23:50:06.460006 n-d-826523-5 devstack@placement-api.service[111693]: INFO placement.requestlog [req-71d0080d-f921-4646-a8b8-05bdbdf45633 req-b628d528-21e0-484d-b922-a99edaade68d service placement] 10.222.0.46 "GET /placement/allocations/b0e3a3b8-25d0-490d-b213-3dcb01982cd9" status: 200 len: 19 microversion: 1.28
Aug 17 23:50:06.460774 n-d-826523-5 devstack@placement-api.service[111693]: [pid: 111693|app: 0|req: 440/880] 10.222.0.46 () {60 vars in 1380 bytes} [Wed Aug 17 23:50:06 2022] GET /placement/allocations/b0e3a3b8-25d0-490d-b213-3dcb01982cd9 => generated 19 bytes in 18 msecs (HTTP/1.1 200) 8 headers in 295 bytes (1 switches on core 0)
Aug 17 23:50:06.466984 n-d-826523-5 devstack@placement-api.service[111694]: DEBUG placement.requestlog [req-71d0080d-f921-4646-a8b8-05bdbdf45633 req-8ee6d808-1a49-4e52-bfe4-7312d34823c7 None None] Starting request: 10.222.0.46 "PUT /placement/allocations/b0e3a3b8-25d0-490d-b213-3dcb01982cd9" {{(pid=111694) __call__ /opt/stack/placement/placement/requestlog.py:55}}
Aug 17 23:50:06.548325 n-d-826523-5 devstack@placement-api.service[111694]: DEBUG placement.handlers.allocation [req-71d0080d-f921-4646-a8b8-05bdbdf45633 req-8ee6d808-1a49-4e52-bfe4-7312d34823c7 service placement] Successfully wrote allocations [, , ] {{(pid=111694) _update_consumers_and_create_allocations /opt/stack/placement/placement/handlers/allocation.py:462}}
Aug 17 23:50:06.553646 n-d-826523-5 devstack@placement-api.service[111694]: INFO placement.requestlog [req-71d0080d-f921-4646-a8b8-05bdbdf45633 req-8ee6d808-1a49-4e52-bfe4-7312d34823c7 service placement] 10.222.0.46 "PUT /placement/allocations/b0e3a3b8-25d0-490d-b213-3dcb01982cd9" status: 204 len: 0 microversion: 1.36
Aug 17 23:50:06.581658 n-d-826523-5 devstack@placement-api.service[111694]: [pid: 111694|app: 0|req: 441/881] 10.222.0.46 () {64 vars in 1433 bytes} [Wed Aug 17 23:50:06 2022] PUT /placement/allocations/b0e3a3b8-25d0-490d-b213-3dcb01982cd9 => generated 0 bytes in 88 msecs (HTTP/1.1 204) 5 headers in 199 bytes (2 switches on core 0)
Aug 17 23:50:06.933535 n-d-826523-5 devstack@placement-api.service[111693]: DEBUG placement.requestlog [req-71d0080d-f921-4646-a8b8-05bdbdf45633 req-dc02608b-be98-40e4-b327-a0b998a981d2 None None] Starting request: 10.222.0.47 "GET /placement/allocations/b0e3a3b8-25d0-490d-b213-3dcb01982cd9" {{(pid=111693) __call__ /opt/stack/placement/placement/requestlog.py:55}}
Aug 17 23:50:06.988057 n-d-826523-5 devstack@placement-api.service[111693]: INFO placement.requestlog [req-71d0080d-f921-4646-a8b8-05bdbdf45633 req-dc02608b-be98-40e4-b327-a0b998a981d2 service placement] 10.222.0.47 "GET /placement/allocations/b0e3a3b8-25d0-490d-b213-3dcb01982cd9" status: 200 len: 259 microversion: 1.28
Aug 17 23:50:06.988972 n-d-826523-5 devstack@placement-api.service[111693]: [pid: 111693|app: 0|req: 441/882] 10.222.0.47 () {60 vars in 1377 bytes} [Wed Aug 17 23:50:06 2022] GET /placement/allocations/b0e3a3b8-25d0-490d-b213-3dcb01982cd9 => generated 259 bytes in 56 msecs (HTTP/1.1 200) 8 headers in 296 bytes (1 switches on core 0)
Aug 17 23:50:13.963793 n-d-826523-5 devstack@placement-api.service[111694]: DEBUG placement.requestlog [None req-ba0bb60c-17fe-4c13-8066-f611ce6c5d0c None None] Starting request: 10.222.0.46 "GET /placement/resource_providers/98bb32e5-c51e-4c4a-9769-c8ef985cbae3/aggregates" {{(pid=111694) __call__ /opt/stack/placement/placement/requestlog.py:55}}
Aug 17 23:50:14.082330 n-d-826523-5 devstack@placement-api.service[111693]: DEBUG placement.requestlog [None req-3d1ae642-0043-437e-82c7-80b53425ddf6 None None] Starting request: 10.222.0.46 "GET /placement/resource_providers/9e9d3eda-82f7-4492-ae38-122b4239bd86/aggregates" {{(pid=111693) __call__ /opt/stack/placement/placement/requestlog.py:55}}
Aug 17 23:50:14.311516 n-d-826523-5 devstack@placement-api.service[111693]: INFO placement.requestlog [None req-3d1ae642-0043-437e-82c7-80b53425ddf6 service placement] 10.222.0.46 "GET /placement/resource_providers/9e9d3eda-82f7-4492-ae38-122b4239bd86/aggregates" status: 404 len: 235 microversion: 1.1
Aug 17 23:50:14.312597 n-d-826523-5 devstack@placement-api.service[111693]: [pid: 111693|app: 0|req: 442/883] 10.222.0.46 () {58 vars in 1362 bytes} [Wed Aug 17 23:50:14 2022] GET /placement/resource_providers/9e9d3eda-82f7-4492-ae38-122b4239bd86/aggregates => generated 235 bytes in 231 msecs (HTTP/1.1 404) 5 headers in 202 bytes (1 switches on core 0)
Aug 17 23:50:14.313591 n-d-826523-5 devstack@placement-api.service[111693]: DEBUG placement.requestlog [req-b44844fb-9c76-47b8-95b5-c0a2d13b5acd req-897f31b0-0194-4a7b-be7d-5e2a7cac1356 None None] Starting request: 10.222.0.40 "DELETE /placement/allocations/a104a096-d081-4650-b1e5-35f72e78ccb5" {{(pid=111693) __call__ /opt/stack/placement/placement/requestlog.py:55}}
Aug 17 23:50:14.330454 n-d-826523-5 devstack@placement-api.service[111694]: INFO placement.requestlog [None req-ba0bb60c-17fe-4c13-8066-f611ce6c5d0c service placement] 10.222.0.46 "GET /placement/resource_providers/98bb32e5-c51e-4c4a-9769-c8ef985cbae3/aggregates" status: 404 len: 235 microversion: 1.1
Aug 17 23:50:14.330791 n-d-826523-5 devstack@placement-api.service[111694]: [pid: 111694|app: 0|req: 442/884] 10.222.0.46 () {58 vars in 1362 bytes} [Wed Aug 17 23:50:13 2022] GET /placement/resource_providers/98bb32e5-c51e-4c4a-9769-c8ef985cbae3/aggregates => generated 235 bytes in 367 msecs (HTTP/1.1 404) 5 headers in 202 bytes (1 switches on core 0)
Aug 17 23:50:14.332922 n-d-826523-5 devstack@placement-api.service[111694]: DEBUG placement.requestlog [None req-6f41fa1d-9d36-4a1d-b72d-79ea6158755b None None] Starting request: 10.222.0.46 "DELETE /placement/resource_providers/9e9d3eda-82f7-4492-ae38-122b4239bd86" {{(pid=111694) __call__ /opt/stack/placement/placement/requestlog.py:55}}
Aug 17 23:50:14.347169 n-d-826523-5 devstack@placement-api.service[111694]: DEBUG placement.wsgi_wrapper [None req-6f41fa1d-9d36-4a1d-b72d-79ea6158755b service placement] Placement API returning an error response: No resource provider with uuid 9e9d3eda-82f7-4492-ae38-122b4239bd86 found for delete {{(pid=111694) call_func /opt/stack/placement/placement/wsgi_wrapper.py:31}}
Aug 17 23:50:14.349147 n-d-826523-5 devstack@placement-api.service[111694]: INFO placement.requestlog [None req-6f41fa1d-9d36-4a1d-b72d-79ea6158755b service placement] 10.222.0.46 "DELETE /placement/resource_providers/9e9d3eda-82f7-4492-ae38-122b4239bd86" status: 404 len: 246 microversion: 1.1
Aug 17 23:50:14.359711 n-d-826523-5 devstack@placement-api.service[111694]: [pid: 111694|app: 0|req: 443/885] 10.222.0.46 () {60 vars in 1351 bytes} [Wed Aug 17 23:50:14 2022] DELETE /placement/resource_providers/9e9d3eda-82f7-4492-ae38-122b4239bd86 => generated 246 bytes in 27 msecs (HTTP/1.1 404) 6 headers in 231 bytes (1 switches on core 0)
Aug 17 23:50:14.364208 n-d-826523-5 devstack@placement-api.service[111693]: DEBUG placement.handlers.allocation [req-b44844fb-9c76-47b8-95b5-c0a2d13b5acd req-897f31b0-0194-4a7b-be7d-5e2a7cac1356 service placement] Successfully deleted allocations [, , ] {{(pid=111693) delete_allocations /opt/stack/placement/placement/handlers/allocation.py:627}}
Aug 17 23:50:14.364997 n-d-826523-5 devstack@placement-api.service[111693]: INFO placement.requestlog [req-b44844fb-9c76-47b8-95b5-c0a2d13b5acd req-897f31b0-0194-4a7b-be7d-5e2a7cac1356 service placement] 10.222.0.40 "DELETE /placement/allocations/a104a096-d081-4650-b1e5-35f72e78ccb5" status: 204 len: 0 microversion: 1.0
Aug 17 23:50:14.365549 n-d-826523-5 devstack@placement-api.service[111693]: [pid: 111693|app: 0|req: 443/886] 10.222.0.40 () {60 vars in 1355 bytes} [Wed Aug 17 23:50:14 2022] DELETE /placement/allocations/a104a096-d081-4650-b1e5-35f72e78ccb5 => generated 0 bytes in 52 msecs (HTTP/1.1 204) 5 headers in 198 bytes (1 switches on core 0)
Aug 17 23:50:14.468623 n-d-826523-5 devstack@placement-api.service[111694]: DEBUG placement.requestlog [None req-3632c6c2-0a5a-4372-ae96-a1182b5f825e None None] Starting request: 10.222.0.46 "DELETE /placement/resource_providers/98bb32e5-c51e-4c4a-9769-c8ef985cbae3" {{(pid=111694) __call__ /opt/stack/placement/placement/requestlog.py:55}}
Aug 17 23:50:14.483467 n-d-826523-5 devstack@placement-api.service[111694]: DEBUG placement.wsgi_wrapper [None req-3632c6c2-0a5a-4372-ae96-a1182b5f825e service placement] Placement API returning an error response: No resource provider with uuid 98bb32e5-c51e-4c4a-9769-c8ef985cbae3 found for delete {{(pid=111694) call_func /opt/stack/placement/placement/wsgi_wrapper.py:31}}
Aug 17 23:50:14.484288 n-d-826523-5 devstack@placement-api.service[111694]: INFO placement.requestlog [None req-3632c6c2-0a5a-4372-ae96-a1182b5f825e service placement] 10.222.0.46 "DELETE /placement/resource_providers/98bb32e5-c51e-4c4a-9769-c8ef985cbae3" status: 404 len: 246 microversion: 1.1
Aug 17 23:50:14.484890 n-d-826523-5 devstack@placement-api.service[111694]: [pid: 111694|app: 0|req: 444/887] 10.222.0.46 () {60 vars in 1351 bytes} [Wed Aug 17 23:50:14 2022] DELETE /placement/resource_providers/98bb32e5-c51e-4c4a-9769-c8ef985cbae3 => generated 246 bytes in 17 msecs (HTTP/1.1 404) 6 headers in 231 bytes (1 switches on core 0)
Aug 17 23:50:20.723454 n-d-826523-5 devstack@placement-api.service[111693]: DEBUG placement.requestlog [req-cf453a34-dff2-4fcf-a7bc-93e19fceab0b req-85f0305b-11eb-462d-803c-63d7a3dcb675 None None] Starting request: 10.222.0.47 "DELETE /placement/allocations/1700117f-48aa-4227-a08f-3991c057c046" {{(pid=111693) __call__ /opt/stack/placement/placement/requestlog.py:55}}
Aug 17 23:50:20.774161 n-d-826523-5 devstack@placement-api.service[111693]: DEBUG placement.handlers.allocation [req-cf453a34-dff2-4fcf-a7bc-93e19fceab0b req-85f0305b-11eb-462d-803c-63d7a3dcb675 service placement] Successfully deleted allocations [, , ] {{(pid=111693) delete_allocations /opt/stack/placement/placement/handlers/allocation.py:627}}
Aug 17 23:50:20.775065 n-d-826523-5 devstack@placement-api.service[111693]: INFO placement.requestlog [req-cf453a34-dff2-4fcf-a7bc-93e19fceab0b req-85f0305b-11eb-462d-803c-63d7a3dcb675 service placement] 10.222.0.47 "DELETE /placement/allocations/1700117f-48aa-4227-a08f-3991c057c046" status: 204 len: 0 microversion: 1.0
Aug 17 23:50:20.775851 n-d-826523-5 devstack@placement-api.service[111693]: [pid: 111693|app: 0|req: 444/888] 10.222.0.47 () {60 vars in 1355 bytes} [Wed Aug 17 23:50:20 2022] DELETE /placement/allocations/1700117f-48aa-4227-a08f-3991c057c046 => generated 0 bytes in 53 msecs (HTTP/1.1 204) 5 headers in 198 bytes (1 switches on core 0)
Aug 17 23:50:24.478832 n-d-826523-5 devstack@placement-api.service[111694]: DEBUG dbcounter [-] [111694] Writing DB stats placement:SELECT=40,placement:INSERT=4,placement:DELETE=2,placement:UPDATE=2 {{(pid=111694) stat_writer /usr/local/lib/python3.8/dist-packages/dbcounter.py:114}}
Aug 17 23:50:27.541581 n-d-826523-5 devstack@placement-api.service[111694]: DEBUG placement.requestlog [req-40317f38-ece8-4b3a-a2a9-2718b4d91248 req-9b3d7836-6e6c-4d55-8fd6-e57450fcc872 None None] Starting request: 10.222.0.46 "GET /placement/allocation_candidates?limit=1000&resources=DISK_GB%3A1%2CMEMORY_MB%3A1024%2CVCPU%3A1&root_required=%21COMPUTE_STATUS_DISABLED" {{(pid=111694) __call__ /opt/stack/placement/placement/requestlog.py:55}}
Aug 17 23:50:27.663521 n-d-826523-5 devstack@placement-api.service[111694]: DEBUG placement.objects.research_context [req-40317f38-ece8-4b3a-a2a9-2718b4d91248 req-9b3d7836-6e6c-4d55-8fd6-e57450fcc872 service placement] getting providers with 1 DISK_GB {{(pid=111694) __init__ /opt/stack/placement/placement/objects/research_context.py:136}}
Aug 17 23:50:27.673759 n-d-826523-5 devstack@placement-api.service[111694]: DEBUG placement.objects.research_context [req-40317f38-ece8-4b3a-a2a9-2718b4d91248 req-9b3d7836-6e6c-4d55-8fd6-e57450fcc872 service placement] getting providers with 1024 MEMORY_MB {{(pid=111694) __init__ /opt/stack/placement/placement/objects/research_context.py:136}}
Aug 17 23:50:27.700373 n-d-826523-5 devstack@placement-api.service[111694]: DEBUG placement.objects.research_context [req-40317f38-ece8-4b3a-a2a9-2718b4d91248 req-9b3d7836-6e6c-4d55-8fd6-e57450fcc872 service placement] getting providers with 1 VCPU {{(pid=111694) __init__ /opt/stack/placement/placement/objects/research_context.py:136}}
Aug 17 23:50:27.726839 n-d-826523-5 devstack@placement-api.service[111694]: DEBUG placement.objects.research_context [req-40317f38-ece8-4b3a-a2a9-2718b4d91248 req-9b3d7836-6e6c-4d55-8fd6-e57450fcc872 service placement] found 2 providers with available 1 DISK_GB {{(pid=111694) get_provider_ids_matching /opt/stack/placement/placement/objects/research_context.py:563}}
Aug 17 23:50:27.727427 n-d-826523-5 devstack@placement-api.service[111694]: DEBUG placement.objects.research_context [req-40317f38-ece8-4b3a-a2a9-2718b4d91248 req-9b3d7836-6e6c-4d55-8fd6-e57450fcc872 service placement] found 2 providers with available 1024 MEMORY_MB {{(pid=111694) get_provider_ids_matching /opt/stack/placement/placement/objects/research_context.py:563}}
Aug 17 23:50:27.729104 n-d-826523-5 devstack@placement-api.service[111694]: DEBUG placement.objects.research_context [req-40317f38-ece8-4b3a-a2a9-2718b4d91248 req-9b3d7836-6e6c-4d55-8fd6-e57450fcc872 service placement] found 2 providers after filtering by previous result {{(pid=111694) get_provider_ids_matching /opt/stack/placement/placement/objects/research_context.py:594}}
Aug 17 23:50:27.729732 n-d-826523-5 devstack@placement-api.service[111694]: DEBUG placement.objects.research_context [req-40317f38-ece8-4b3a-a2a9-2718b4d91248 req-9b3d7836-6e6c-4d55-8fd6-e57450fcc872 service placement] found 2 providers with available 1 VCPU {{(pid=111694) get_provider_ids_matching /opt/stack/placement/placement/objects/research_context.py:563}}
Aug 17 23:50:27.730231 n-d-826523-5 devstack@placement-api.service[111694]: DEBUG placement.objects.research_context [req-40317f38-ece8-4b3a-a2a9-2718b4d91248 req-9b3d7836-6e6c-4d55-8fd6-e57450fcc872 service placement] found 2 providers after filtering by previous result {{(pid=111694) get_provider_ids_matching /opt/stack/placement/placement/objects/research_context.py:594}}
Aug 17 23:50:27.770294 n-d-826523-5 devstack@placement-api.service[111694]: DEBUG placement.objects.allocation_candidate [req-40317f38-ece8-4b3a-a2a9-2718b4d91248 req-9b3d7836-6e6c-4d55-8fd6-e57450fcc872 service placement] RequestGroup(use_same_provider=False, resources={DISK_GB:1, MEMORY_MB:1024, VCPU:1}, traits=(), aggregates=[]) (suffix '') returned 2 matches {{(pid=111694) _get_by_requests /opt/stack/placement/placement/objects/allocation_candidate.py:156}}
Aug 17 23:50:27.770981 n-d-826523-5 devstack@placement-api.service[111694]: DEBUG placement.objects.allocation_candidate [req-40317f38-ece8-4b3a-a2a9-2718b4d91248 req-9b3d7836-6e6c-4d55-8fd6-e57450fcc872 service placement] Merging candidates yields 2 allocation requests and 2 provider summaries {{(pid=111694) _merge_candidates /opt/stack/placement/placement/objects/allocation_candidate.py:809}}
Aug 17 23:50:27.773076 n-d-826523-5 devstack@placement-api.service[111694]: INFO placement.requestlog [req-40317f38-ece8-4b3a-a2a9-2718b4d91248 req-9b3d7836-6e6c-4d55-8fd6-e57450fcc872 service placement] 10.222.0.46 "GET /placement/allocation_candidates?limit=1000&resources=DISK_GB%3A1%2CMEMORY_MB%3A1024%2CVCPU%3A1&root_required=%21COMPUTE_STATUS_DISABLED" status: 200 len: 1309 microversion: 1.36
Aug 17 23:50:27.774342 n-d-826523-5 devstack@placement-api.service[111694]: [pid: 111694|app: 0|req: 445/889] 10.222.0.46 () {60 vars in 1506 bytes} [Wed Aug 17 23:50:27 2022] GET /placement/allocation_candidates?limit=1000&resources=DISK_GB%3A1%2CMEMORY_MB%3A1024%2CVCPU%3A1&root_required=%21COMPUTE_STATUS_DISABLED => generated 1309 bytes in 233 msecs (HTTP/1.1 200) 8 headers in 297 bytes (1 switches on core 0)
Aug 17 23:50:27.939996 n-d-826523-5 devstack@placement-api.service[111693]: DEBUG placement.requestlog [req-40317f38-ece8-4b3a-a2a9-2718b4d91248 req-f0a96591-92f7-43c9-9cb7-f962be316a6f None None] Starting request: 10.222.0.46 "GET /placement/allocations/e1d93e28-84f9-4bd0-abdb-9f1e3842bad7" {{(pid=111693) __call__ /opt/stack/placement/placement/requestlog.py:55}}
Aug 17 23:50:27.952966 n-d-826523-5 devstack@placement-api.service[111693]: INFO placement.requestlog [req-40317f38-ece8-4b3a-a2a9-2718b4d91248 req-f0a96591-92f7-43c9-9cb7-f962be316a6f service placement] 10.222.0.46 "GET /placement/allocations/e1d93e28-84f9-4bd0-abdb-9f1e3842bad7" status: 200 len: 19 microversion: 1.28
Aug 17 23:50:27.957802 n-d-826523-5 devstack@placement-api.service[111693]: [pid: 111693|app: 0|req: 445/890] 10.222.0.46 () {60 vars in 1380 bytes} [Wed Aug 17 23:50:27 2022] GET /placement/allocations/e1d93e28-84f9-4bd0-abdb-9f1e3842bad7 => generated 19 bytes in 18 msecs (HTTP/1.1 200) 8 headers in 295 bytes (1 switches on core 0)
Aug 17 23:50:27.963582 n-d-826523-5 devstack@placement-api.service[111694]: DEBUG placement.requestlog [req-40317f38-ece8-4b3a-a2a9-2718b4d91248 req-38e8f976-359f-44fc-b947-3a53e0196ca8 None None] Starting request: 10.222.0.46 "PUT /placement/allocations/e1d93e28-84f9-4bd0-abdb-9f1e3842bad7" {{(pid=111694) __call__ /opt/stack/placement/placement/requestlog.py:55}}
Aug 17 23:50:28.118993 n-d-826523-5 devstack@placement-api.service[111694]: DEBUG placement.handlers.allocation [req-40317f38-ece8-4b3a-a2a9-2718b4d91248 req-38e8f976-359f-44fc-b947-3a53e0196ca8 service placement] Successfully wrote allocations [, , ] {{(pid=111694) _update_consumers_and_create_allocations /opt/stack/placement/placement/handlers/allocation.py:462}}
Aug 17 23:50:28.130511 n-d-826523-5 devstack@placement-api.service[111694]: INFO placement.requestlog [req-40317f38-ece8-4b3a-a2a9-2718b4d91248 req-38e8f976-359f-44fc-b947-3a53e0196ca8 service placement] 10.222.0.46 "PUT /placement/allocations/e1d93e28-84f9-4bd0-abdb-9f1e3842bad7" status: 204 len: 0 microversion: 1.36
Aug 17 23:50:28.130918 n-d-826523-5 devstack@placement-api.service[111694]: [pid: 111694|app: 0|req: 446/891] 10.222.0.46 () {64 vars in 1433 bytes} [Wed Aug 17 23:50:27 2022] PUT /placement/allocations/e1d93e28-84f9-4bd0-abdb-9f1e3842bad7 => generated 0 bytes in 168 msecs (HTTP/1.1 204) 5 headers in 199 bytes (1 switches on core 0)
Aug 17 23:50:28.764266 n-d-826523-5 devstack@placement-api.service[111693]: DEBUG placement.requestlog [req-40317f38-ece8-4b3a-a2a9-2718b4d91248 req-ebab72f9-a045-469e-906b-c4f3e3a7183c None None] Starting request: 10.222.0.40 "GET /placement/allocations/e1d93e28-84f9-4bd0-abdb-9f1e3842bad7" {{(pid=111693) __call__ /opt/stack/placement/placement/requestlog.py:55}}
Aug 17 23:50:28.810517 n-d-826523-5 devstack@placement-api.service[111693]: INFO placement.requestlog [req-40317f38-ece8-4b3a-a2a9-2718b4d91248 req-ebab72f9-a045-469e-906b-c4f3e3a7183c service placement] 10.222.0.40 "GET /placement/allocations/e1d93e28-84f9-4bd0-abdb-9f1e3842bad7" status: 200 len: 259 microversion: 1.28
Aug 17 23:50:28.810517 n-d-826523-5 devstack@placement-api.service[111693]: [pid: 111693|app: 0|req: 446/892] 10.222.0.40 () {60 vars in 1377 bytes} [Wed Aug 17 23:50:28 2022] GET /placement/allocations/e1d93e28-84f9-4bd0-abdb-9f1e3842bad7 => generated 259 bytes in 44 msecs (HTTP/1.1 200) 8 headers in 296 bytes (1 switches on core 0)
Aug 17 23:50:35.614156 n-d-826523-5 devstack@placement-api.service[111694]: DEBUG placement.requestlog [req-2d710b59-40d9-4928-b44c-83b778125f1d req-e0705fa6-d9a5-49ec-aef9-01733d8598b5 None None] Starting request: 10.222.0.47 "DELETE /placement/allocations/b0e3a3b8-25d0-490d-b213-3dcb01982cd9" {{(pid=111694) __call__ /opt/stack/placement/placement/requestlog.py:55}}
Aug 17 23:50:35.671006 n-d-826523-5 devstack@placement-api.service[111694]: DEBUG placement.handlers.allocation [req-2d710b59-40d9-4928-b44c-83b778125f1d req-e0705fa6-d9a5-49ec-aef9-01733d8598b5 service placement] Successfully deleted allocations [, , ] {{(pid=111694) delete_allocations /opt/stack/placement/placement/handlers/allocation.py:627}}
Aug 17 23:50:35.671932 n-d-826523-5 devstack@placement-api.service[111694]: INFO placement.requestlog [req-2d710b59-40d9-4928-b44c-83b778125f1d req-e0705fa6-d9a5-49ec-aef9-01733d8598b5 service placement] 10.222.0.47 "DELETE /placement/allocations/b0e3a3b8-25d0-490d-b213-3dcb01982cd9" status: 204 len: 0 microversion: 1.0
Aug 17 23:50:35.673187 n-d-826523-5 devstack@placement-api.service[111694]: [pid: 111694|app: 0|req: 447/893] 10.222.0.47 () {60 vars in 1355 bytes} [Wed Aug 17 23:50:35 2022] DELETE /placement/allocations/b0e3a3b8-25d0-490d-b213-3dcb01982cd9 => generated 0 bytes in 60 msecs (HTTP/1.1 204) 5 headers in 198 bytes (1 switches on core 0)
Aug 17 23:50:38.795882 n-d-826523-5 devstack@placement-api.service[111693]: DEBUG dbcounter [-] [111693] Writing DB stats placement:SELECT=30,placement:DELETE=4 {{(pid=111693) stat_writer /usr/local/lib/python3.8/dist-packages/dbcounter.py:114}}
Aug 17 23:50:43.443600 n-d-826523-5 devstack@placement-api.service[111693]: DEBUG placement.requestlog [req-5c638a68-10e1-4528-8b2c-901b922dda37 req-b1930776-0e33-48bc-bdfc-34cb793c0162 None None] Starting request: 10.222.0.40 "GET /placement/resource_providers/6b5983e3-8431-4a7d-a87b-27227f09a78e/allocations" {{(pid=111693) __call__ /opt/stack/placement/placement/requestlog.py:55}}
Aug 17 23:50:43.475789 n-d-826523-5 devstack@placement-api.service[111693]: INFO placement.requestlog [req-5c638a68-10e1-4528-8b2c-901b922dda37 req-b1930776-0e33-48bc-bdfc-34cb793c0162 service placement] 10.222.0.40 "GET /placement/resource_providers/6b5983e3-8431-4a7d-a87b-27227f09a78e/allocations" status: 200 len: 457 microversion: 1.0
Aug 17 23:50:43.476745 n-d-826523-5 devstack@placement-api.service[111693]: [pid: 111693|app: 0|req: 447/894] 10.222.0.40 () {58 vars in 1390 bytes} [Wed Aug 17 23:50:43 2022] GET /placement/resource_providers/6b5983e3-8431-4a7d-a87b-27227f09a78e/allocations => generated 457 bytes in 34 msecs (HTTP/1.1 200) 6 headers in 224 bytes (1 switches on core 0)
Aug 17 23:50:45.168798 n-d-826523-5 devstack@placement-api.service[111694]: DEBUG placement.requestlog [req-610344f9-1468-4d9c-accf-d8d0b0e36beb req-dded5f03-f958-485e-917f-67406c279306 None None] Starting request: 10.222.0.46 "GET /placement/allocation_candidates?limit=1000&resources=DISK_GB%3A1%2CMEMORY_MB%3A1024%2CVCPU%3A1&root_required=%21COMPUTE_STATUS_DISABLED" {{(pid=111694) __call__ /opt/stack/placement/placement/requestlog.py:55}}
Aug 17 23:50:45.265116 n-d-826523-5 devstack@placement-api.service[111694]: DEBUG placement.objects.research_context [req-610344f9-1468-4d9c-accf-d8d0b0e36beb req-dded5f03-f958-485e-917f-67406c279306 service placement] getting providers with 1 DISK_GB {{(pid=111694) __init__ /opt/stack/placement/placement/objects/research_context.py:136}}
Aug 17 23:50:45.276513 n-d-826523-5 devstack@placement-api.service[111694]: DEBUG placement.objects.research_context [req-610344f9-1468-4d9c-accf-d8d0b0e36beb req-dded5f03-f958-485e-917f-67406c279306 service placement] getting providers with 1024 MEMORY_MB {{(pid=111694) __init__ /opt/stack/placement/placement/objects/research_context.py:136}}
Aug 17 23:50:45.283935 n-d-826523-5 devstack@placement-api.service[111694]: DEBUG placement.objects.research_context [req-610344f9-1468-4d9c-accf-d8d0b0e36beb req-dded5f03-f958-485e-917f-67406c279306 service placement] getting providers with 1 VCPU {{(pid=111694) __init__ /opt/stack/placement/placement/objects/research_context.py:136}}
Aug 17 23:50:45.292324 n-d-826523-5 devstack@placement-api.service[111694]: DEBUG placement.objects.research_context [req-610344f9-1468-4d9c-accf-d8d0b0e36beb req-dded5f03-f958-485e-917f-67406c279306 service placement] found 2 providers with available 1 DISK_GB {{(pid=111694) get_provider_ids_matching /opt/stack/placement/placement/objects/research_context.py:563}}
Aug 17 23:50:45.292910 n-d-826523-5 devstack@placement-api.service[111694]: DEBUG placement.objects.research_context [req-610344f9-1468-4d9c-accf-d8d0b0e36beb req-dded5f03-f958-485e-917f-67406c279306 service placement] found 2 providers with available 1024 MEMORY_MB {{(pid=111694) get_provider_ids_matching /opt/stack/placement/placement/objects/research_context.py:563}}
Aug 17 23:50:45.293340 n-d-826523-5 devstack@placement-api.service[111694]: DEBUG placement.objects.research_context [req-610344f9-1468-4d9c-accf-d8d0b0e36beb req-dded5f03-f958-485e-917f-67406c279306 service placement] found 2 providers after filtering by previous result {{(pid=111694) get_provider_ids_matching /opt/stack/placement/placement/objects/research_context.py:594}}
Aug 17 23:50:45.293757 n-d-826523-5 devstack@placement-api.service[111694]: DEBUG placement.objects.research_context [req-610344f9-1468-4d9c-accf-d8d0b0e36beb req-dded5f03-f958-485e-917f-67406c279306 service placement] found 2 providers with available 1 VCPU {{(pid=111694) get_provider_ids_matching /opt/stack/placement/placement/objects/research_context.py:563}}
Aug 17 23:50:45.294204 n-d-826523-5 devstack@placement-api.service[111694]: DEBUG placement.objects.research_context [req-610344f9-1468-4d9c-accf-d8d0b0e36beb req-dded5f03-f958-485e-917f-67406c279306 service placement] found 2 providers after filtering by previous result {{(pid=111694) get_provider_ids_matching /opt/stack/placement/placement/objects/research_context.py:594}}
Aug 17 23:50:45.312280 n-d-826523-5 devstack@placement-api.service[111694]: DEBUG placement.objects.allocation_candidate [req-610344f9-1468-4d9c-accf-d8d0b0e36beb req-dded5f03-f958-485e-917f-67406c279306 service placement] RequestGroup(use_same_provider=False, resources={DISK_GB:1, MEMORY_MB:1024, VCPU:1}, traits=(), aggregates=[]) (suffix '') returned 2 matches {{(pid=111694) _get_by_requests /opt/stack/placement/placement/objects/allocation_candidate.py:156}}
Aug 17 23:50:45.313623 n-d-826523-5 devstack@placement-api.service[111694]: DEBUG placement.objects.allocation_candidate [req-610344f9-1468-4d9c-accf-d8d0b0e36beb req-dded5f03-f958-485e-917f-67406c279306 service placement] Merging candidates yields 2 allocation requests and 2 provider summaries {{(pid=111694) _merge_candidates /opt/stack/placement/placement/objects/allocation_candidate.py:809}}
Aug 17 23:50:45.316109 n-d-826523-5 devstack@placement-api.service[111694]: INFO placement.requestlog [req-610344f9-1468-4d9c-accf-d8d0b0e36beb req-dded5f03-f958-485e-917f-67406c279306 service placement] 10.222.0.46 "GET /placement/allocation_candidates?limit=1000&resources=DISK_GB%3A1%2CMEMORY_MB%3A1024%2CVCPU%3A1&root_required=%21COMPUTE_STATUS_DISABLED" status: 200 len: 1309 microversion: 1.36
Aug 17 23:50:45.317165 n-d-826523-5 devstack@placement-api.service[111694]: [pid: 111694|app: 0|req: 448/895] 10.222.0.46 () {60 vars in 1506 bytes} [Wed Aug 17 23:50:45 2022] GET /placement/allocation_candidates?limit=1000&resources=DISK_GB%3A1%2CMEMORY_MB%3A1024%2CVCPU%3A1&root_required=%21COMPUTE_STATUS_DISABLED => generated 1309 bytes in 149 msecs (HTTP/1.1 200) 8 headers in 297 bytes (1 switches on core 0)
Aug 17 23:50:45.490380 n-d-826523-5 devstack@placement-api.service[111693]: DEBUG placement.requestlog [req-610344f9-1468-4d9c-accf-d8d0b0e36beb req-afec31a1-d1e0-43fe-8391-326d158e05ae None None] Starting request: 10.222.0.46 "GET /placement/allocations/2aa75bd5-ac5e-4746-bc50-8ed974c9b5d7" {{(pid=111693) __call__ /opt/stack/placement/placement/requestlog.py:55}}
Aug 17 23:50:45.516864 n-d-826523-5 devstack@placement-api.service[111693]: INFO placement.requestlog [req-610344f9-1468-4d9c-accf-d8d0b0e36beb req-afec31a1-d1e0-43fe-8391-326d158e05ae service placement] 10.222.0.46 "GET /placement/allocations/2aa75bd5-ac5e-4746-bc50-8ed974c9b5d7" status: 200 len: 19 microversion: 1.28
Aug 17 23:50:45.522287 n-d-826523-5 devstack@placement-api.service[111693]: [pid: 111693|app: 0|req: 448/896] 10.222.0.46 () {60 vars in 1380 bytes} [Wed Aug 17 23:50:45 2022] GET /placement/allocations/2aa75bd5-ac5e-4746-bc50-8ed974c9b5d7 => generated 19 bytes in 36 msecs (HTTP/1.1 200) 8 headers in 295 bytes (1 switches on core 0)
Aug 17 23:50:45.529856 n-d-826523-5 devstack@placement-api.service[111694]: DEBUG placement.requestlog [req-610344f9-1468-4d9c-accf-d8d0b0e36beb req-c453d74f-33c5-4201-bab7-aae39762d436 None None] Starting request: 10.222.0.46 "PUT /placement/allocations/2aa75bd5-ac5e-4746-bc50-8ed974c9b5d7" {{(pid=111694) __call__ /opt/stack/placement/placement/requestlog.py:55}}
Aug 17 23:50:45.747531 n-d-826523-5 devstack@placement-api.service[111694]: DEBUG placement.handlers.allocation [req-610344f9-1468-4d9c-accf-d8d0b0e36beb req-c453d74f-33c5-4201-bab7-aae39762d436 service placement] Successfully wrote allocations [, , ] {{(pid=111694) _update_consumers_and_create_allocations /opt/stack/placement/placement/handlers/allocation.py:462}}
Aug 17 23:50:45.760472 n-d-826523-5 devstack@placement-api.service[111694]: INFO placement.requestlog [req-610344f9-1468-4d9c-accf-d8d0b0e36beb req-c453d74f-33c5-4201-bab7-aae39762d436 service placement] 10.222.0.46 "PUT /placement/allocations/2aa75bd5-ac5e-4746-bc50-8ed974c9b5d7" status: 204 len: 0 microversion: 1.36
Aug 17 23:50:45.762146 n-d-826523-5 devstack@placement-api.service[111694]: [pid: 111694|app: 0|req: 449/897] 10.222.0.46 () {64 vars in 1433 bytes} [Wed Aug 17 23:50:45 2022] PUT /placement/allocations/2aa75bd5-ac5e-4746-bc50-8ed974c9b5d7 => generated 0 bytes in 232 msecs (HTTP/1.1 204) 5 headers in 199 bytes (1 switches on core 0)
Aug 17 23:50:46.710566 n-d-826523-5 devstack@placement-api.service[111693]: DEBUG placement.requestlog [req-b9a36114-718a-4766-a4bd-5998d6cd5a78 req-838d1640-866c-4fa3-a4f0-292518570d84 None None] Starting request: 10.222.0.40 "DELETE /placement/allocations/04cabbde-33d0-45d2-a29f-822f859cbd5e" {{(pid=111693) __call__ /opt/stack/placement/placement/requestlog.py:55}}
Aug 17 23:50:46.720054 n-d-826523-5 devstack@placement-api.service[111694]: DEBUG placement.requestlog [req-610344f9-1468-4d9c-accf-d8d0b0e36beb req-4d4bc756-be19-4471-8c6e-6b2c3f12c35f None None] Starting request: 10.222.0.47 "GET /placement/allocations/2aa75bd5-ac5e-4746-bc50-8ed974c9b5d7" {{(pid=111694) __call__ /opt/stack/placement/placement/requestlog.py:55}}
Aug 17 23:50:46.756165 n-d-826523-5 devstack@placement-api.service[111694]: INFO placement.requestlog [req-610344f9-1468-4d9c-accf-d8d0b0e36beb req-4d4bc756-be19-4471-8c6e-6b2c3f12c35f service placement] 10.222.0.47 "GET /placement/allocations/2aa75bd5-ac5e-4746-bc50-8ed974c9b5d7" status: 200 len: 259 microversion: 1.28
Aug 17 23:50:46.758364 n-d-826523-5 devstack@placement-api.service[111694]: [pid: 111694|app: 0|req: 450/898] 10.222.0.47 () {60 vars in 1377 bytes} [Wed Aug 17 23:50:46 2022] GET /placement/allocations/2aa75bd5-ac5e-4746-bc50-8ed974c9b5d7 => generated 259 bytes in 39 msecs (HTTP/1.1 200) 8 headers in 296 bytes (1 switches on core 0)
Aug 17 23:50:46.797983 n-d-826523-5 devstack@placement-api.service[111693]: DEBUG placement.handlers.allocation [req-b9a36114-718a-4766-a4bd-5998d6cd5a78 req-838d1640-866c-4fa3-a4f0-292518570d84 service placement] Successfully deleted allocations [, , ] {{(pid=111693) delete_allocations /opt/stack/placement/placement/handlers/allocation.py:627}}
Aug 17 23:50:46.798447 n-d-826523-5 devstack@placement-api.service[111693]: INFO placement.requestlog [req-b9a36114-718a-4766-a4bd-5998d6cd5a78 req-838d1640-866c-4fa3-a4f0-292518570d84 service placement] 10.222.0.40 "DELETE /placement/allocations/04cabbde-33d0-45d2-a29f-822f859cbd5e" status: 204 len: 0 microversion: 1.0
Aug 17 23:50:46.800835 n-d-826523-5 devstack@placement-api.service[111693]: [pid: 111693|app: 0|req: 449/899] 10.222.0.40 () {60 vars in 1355 bytes} [Wed Aug 17 23:50:46 2022] DELETE /placement/allocations/04cabbde-33d0-45d2-a29f-822f859cbd5e => generated 0 bytes in 90 msecs (HTTP/1.1 204) 5 headers in 198 bytes (1 switches on core 0)
Aug 17 23:50:49.321093 n-d-826523-5 devstack@placement-api.service[111694]: DEBUG placement.requestlog [req-ed5c4a2a-3380-498a-b5c6-0d0f1ef94b3e req-6cb17c54-d25c-4a47-9e1b-133b6ef9134f None None] Starting request: 10.222.0.47 "GET /placement/resource_providers/070de9e3-70c4-447e-a2f5-28835ebf7489/allocations" {{(pid=111694) __call__ /opt/stack/placement/placement/requestlog.py:55}}
Aug 17 23:50:49.366999 n-d-826523-5 devstack@placement-api.service[111694]: INFO placement.requestlog [req-ed5c4a2a-3380-498a-b5c6-0d0f1ef94b3e req-6cb17c54-d25c-4a47-9e1b-133b6ef9134f service placement] 10.222.0.47 "GET /placement/resource_providers/070de9e3-70c4-447e-a2f5-28835ebf7489/allocations" status: 200 len: 457 microversion: 1.0
Aug 17 23:50:49.367825 n-d-826523-5 devstack@placement-api.service[111694]: [pid: 111694|app: 0|req: 451/900] 10.222.0.47 () {58 vars in 1390 bytes} [Wed Aug 17 23:50:49 2022] GET /placement/resource_providers/070de9e3-70c4-447e-a2f5-28835ebf7489/allocations => generated 457 bytes in 47 msecs (HTTP/1.1 200) 6 headers in 224 bytes (1 switches on core 0)
Aug 17 23:50:56.754848 n-d-826523-5 devstack@placement-api.service[111693]: DEBUG placement.requestlog [None req-3c9e757a-e5ae-483e-8e10-e998c55ee77f None None] Starting request: 10.222.0.46 "GET /placement/resource_providers/eff56d67-bb01-44f9-93b3-a0f44133e751/aggregates" {{(pid=111693) __call__ /opt/stack/placement/placement/requestlog.py:55}}
Aug 17 23:50:56.778399 n-d-826523-5 devstack@placement-api.service[111693]: INFO placement.requestlog [None req-3c9e757a-e5ae-483e-8e10-e998c55ee77f service placement] 10.222.0.46 "GET /placement/resource_providers/eff56d67-bb01-44f9-93b3-a0f44133e751/aggregates" status: 404 len: 235 microversion: 1.1
Aug 17 23:50:56.779053 n-d-826523-5 devstack@placement-api.service[111693]: [pid: 111693|app: 0|req: 450/901] 10.222.0.46 () {58 vars in 1362 bytes} [Wed Aug 17 23:50:56 2022] GET /placement/resource_providers/eff56d67-bb01-44f9-93b3-a0f44133e751/aggregates => generated 235 bytes in 24 msecs (HTTP/1.1 404) 5 headers in 202 bytes (1 switches on core 0)
Aug 17 23:50:56.808761 n-d-826523-5 devstack@placement-api.service[111694]: DEBUG placement.requestlog [None req-54bb7c9c-de78-4be9-a567-830288f1a11c None None] Starting request: 10.222.0.46 "DELETE /placement/resource_providers/eff56d67-bb01-44f9-93b3-a0f44133e751" {{(pid=111694) __call__ /opt/stack/placement/placement/requestlog.py:55}}
Aug 17 23:50:56.817469 n-d-826523-5 devstack@placement-api.service[111694]: DEBUG dbcounter [-] [111694] Writing DB stats placement:SELECT=70,placement:INSERT=10,placement:DELETE=6,placement:UPDATE=4 {{(pid=111694) stat_writer /usr/local/lib/python3.8/dist-packages/dbcounter.py:114}}
Aug 17 23:50:56.821123 n-d-826523-5 devstack@placement-api.service[111694]: DEBUG placement.wsgi_wrapper [None req-54bb7c9c-de78-4be9-a567-830288f1a11c service placement] Placement API returning an error response: No resource provider with uuid eff56d67-bb01-44f9-93b3-a0f44133e751 found for delete {{(pid=111694) call_func /opt/stack/placement/placement/wsgi_wrapper.py:31}}
Aug 17 23:50:56.822086 n-d-826523-5 devstack@placement-api.service[111694]: INFO placement.requestlog [None req-54bb7c9c-de78-4be9-a567-830288f1a11c service placement] 10.222.0.46 "DELETE /placement/resource_providers/eff56d67-bb01-44f9-93b3-a0f44133e751" status: 404 len: 246 microversion: 1.1
Aug 17 23:50:56.822896 n-d-826523-5 devstack@placement-api.service[111694]: [pid: 111694|app: 0|req: 452/902] 10.222.0.46 () {60 vars in 1351 bytes} [Wed Aug 17 23:50:56 2022] DELETE /placement/resource_providers/eff56d67-bb01-44f9-93b3-a0f44133e751 => generated 246 bytes in 14 msecs (HTTP/1.1 404) 6 headers in 231 bytes (1 switches on core 0)
Aug 17 23:51:01.343853 n-d-826523-5 devstack@placement-api.service[111693]: DEBUG placement.requestlog [None req-04447e8c-d511-44ea-bc49-a6febb0c8830 None None] Starting request: 10.222.0.46 "GET /placement/resource_providers/bc8c678c-00be-43bd-8e3b-64b87ecf5d38/aggregates" {{(pid=111693) __call__ /opt/stack/placement/placement/requestlog.py:55}}
Aug 17 23:51:01.366789 n-d-826523-5 devstack@placement-api.service[111693]: INFO placement.requestlog [None req-04447e8c-d511-44ea-bc49-a6febb0c8830 service placement] 10.222.0.46 "GET /placement/resource_providers/bc8c678c-00be-43bd-8e3b-64b87ecf5d38/aggregates" status: 404 len: 235 microversion: 1.1
Aug 17 23:51:01.369823 n-d-826523-5 devstack@placement-api.service[111693]: [pid: 111693|app: 0|req: 451/903] 10.222.0.46 () {58 vars in 1362 bytes} [Wed Aug 17 23:51:01 2022] GET /placement/resource_providers/bc8c678c-00be-43bd-8e3b-64b87ecf5d38/aggregates => generated 235 bytes in 25 msecs (HTTP/1.1 404) 5 headers in 202 bytes (1 switches on core 0)
Aug 17 23:51:01.405430 n-d-826523-5 devstack@placement-api.service[111694]: DEBUG placement.requestlog [None req-5148ef31-ea0e-4f6f-b7dd-fa11f34baa00 None None] Starting request: 10.222.0.46 "DELETE /placement/resource_providers/bc8c678c-00be-43bd-8e3b-64b87ecf5d38" {{(pid=111694) __call__ /opt/stack/placement/placement/requestlog.py:55}}
Aug 17 23:51:01.419475 n-d-826523-5 devstack@placement-api.service[111694]: DEBUG placement.wsgi_wrapper [None req-5148ef31-ea0e-4f6f-b7dd-fa11f34baa00 service placement] Placement API returning an error response: No resource provider with uuid bc8c678c-00be-43bd-8e3b-64b87ecf5d38 found for delete {{(pid=111694) call_func /opt/stack/placement/placement/wsgi_wrapper.py:31}}
Aug 17 23:51:01.420640 n-d-826523-5 devstack@placement-api.service[111694]: INFO placement.requestlog [None req-5148ef31-ea0e-4f6f-b7dd-fa11f34baa00 service placement] 10.222.0.46 "DELETE /placement/resource_providers/bc8c678c-00be-43bd-8e3b-64b87ecf5d38" status: 404 len: 246 microversion: 1.1
Aug 17 23:51:01.421845 n-d-826523-5 devstack@placement-api.service[111694]: [pid: 111694|app: 0|req: 453/904] 10.222.0.46 () {60 vars in 1351 bytes} [Wed Aug 17 23:51:01 2022] DELETE /placement/resource_providers/bc8c678c-00be-43bd-8e3b-64b87ecf5d38 => generated 246 bytes in 16 msecs (HTTP/1.1 404) 6 headers in 231 bytes (1 switches on core 0)
Aug 17 23:51:03.999677 n-d-826523-5 devstack@placement-api.service[111693]: DEBUG placement.requestlog [req-d166b59b-4592-4f0b-98dc-ede5de9f1f93 req-787f26cf-69b1-4da4-87da-9fffdb427bcc None None] Starting request: 10.222.0.47 "DELETE /placement/allocations/2aa75bd5-ac5e-4746-bc50-8ed974c9b5d7" {{(pid=111693) __call__ /opt/stack/placement/placement/requestlog.py:55}}
Aug 17 23:51:04.057207 n-d-826523-5 devstack@placement-api.service[111693]: DEBUG placement.handlers.allocation [req-d166b59b-4592-4f0b-98dc-ede5de9f1f93 req-787f26cf-69b1-4da4-87da-9fffdb427bcc service placement] Successfully deleted allocations [, , ] {{(pid=111693) delete_allocations /opt/stack/placement/placement/handlers/allocation.py:627}}
Aug 17 23:51:04.059009 n-d-826523-5 devstack@placement-api.service[111693]: INFO placement.requestlog [req-d166b59b-4592-4f0b-98dc-ede5de9f1f93 req-787f26cf-69b1-4da4-87da-9fffdb427bcc service placement] 10.222.0.47 "DELETE /placement/allocations/2aa75bd5-ac5e-4746-bc50-8ed974c9b5d7" status: 204 len: 0 microversion: 1.0
Aug 17 23:51:04.062095 n-d-826523-5 devstack@placement-api.service[111693]: [pid: 111693|app: 0|req: 452/905] 10.222.0.47 () {60 vars in 1355 bytes} [Wed Aug 17 23:51:03 2022] DELETE /placement/allocations/2aa75bd5-ac5e-4746-bc50-8ed974c9b5d7 => generated 0 bytes in 63 msecs (HTTP/1.1 204) 5 headers in 198 bytes (1 switches on core 0)
Aug 17 23:51:11.419138 n-d-826523-5 devstack@placement-api.service[111694]: DEBUG dbcounter [-] [111694] Writing DB stats placement:SELECT=3 {{(pid=111694) stat_writer /usr/local/lib/python3.8/dist-packages/dbcounter.py:114}}
Aug 17 23:51:14.050965 n-d-826523-5 devstack@placement-api.service[111693]: DEBUG dbcounter [-] [111693] Writing DB stats placement:SELECT=26,placement:DELETE=4 {{(pid=111693) stat_writer /usr/local/lib/python3.8/dist-packages/dbcounter.py:114}}
Aug 17 23:51:20.998988 n-d-826523-5 devstack@placement-api.service[111694]: DEBUG placement.requestlog [req-8d1e13b3-a7af-4a44-b804-864cc90a1552 req-685f1f33-2afa-4d74-a328-fb65c927ffbb None None] Starting request: 10.222.0.46 "GET /placement/allocation_candidates?limit=1000&resources=DISK_GB%3A1%2CMEMORY_MB%3A1024%2CVCPU%3A1&root_required=%21COMPUTE_STATUS_DISABLED" {{(pid=111694) __call__ /opt/stack/placement/placement/requestlog.py:55}}
Aug 17 23:51:21.456865 n-d-826523-5 devstack@placement-api.service[111694]: DEBUG placement.objects.research_context [req-8d1e13b3-a7af-4a44-b804-864cc90a1552 req-685f1f33-2afa-4d74-a328-fb65c927ffbb service placement] getting providers with 1 DISK_GB {{(pid=111694) __init__ /opt/stack/placement/placement/objects/research_context.py:136}}
Aug 17 23:51:21.475689 n-d-826523-5 devstack@placement-api.service[111694]: DEBUG placement.objects.research_context [req-8d1e13b3-a7af-4a44-b804-864cc90a1552 req-685f1f33-2afa-4d74-a328-fb65c927ffbb service placement] getting providers with 1024 MEMORY_MB {{(pid=111694) __init__ /opt/stack/placement/placement/objects/research_context.py:136}}
Aug 17 23:51:21.504423 n-d-826523-5 devstack@placement-api.service[111694]: DEBUG placement.objects.research_context [req-8d1e13b3-a7af-4a44-b804-864cc90a1552 req-685f1f33-2afa-4d74-a328-fb65c927ffbb service placement] getting providers with 1 VCPU {{(pid=111694) __init__ /opt/stack/placement/placement/objects/research_context.py:136}}
Aug 17 23:51:21.515443 n-d-826523-5 devstack@placement-api.service[111694]: DEBUG placement.objects.research_context [req-8d1e13b3-a7af-4a44-b804-864cc90a1552 req-685f1f33-2afa-4d74-a328-fb65c927ffbb service placement] found 2 providers with available 1 DISK_GB {{(pid=111694) get_provider_ids_matching /opt/stack/placement/placement/objects/research_context.py:563}}
Aug 17 23:51:21.515806 n-d-826523-5 devstack@placement-api.service[111694]: DEBUG placement.objects.research_context [req-8d1e13b3-a7af-4a44-b804-864cc90a1552 req-685f1f33-2afa-4d74-a328-fb65c927ffbb service placement] found 2 providers with available 1024 MEMORY_MB {{(pid=111694) get_provider_ids_matching /opt/stack/placement/placement/objects/research_context.py:563}}
Aug 17 23:51:21.516081 n-d-826523-5 devstack@placement-api.service[111694]: DEBUG placement.objects.research_context [req-8d1e13b3-a7af-4a44-b804-864cc90a1552 req-685f1f33-2afa-4d74-a328-fb65c927ffbb service placement] found 2 providers after filtering by previous result {{(pid=111694) get_provider_ids_matching /opt/stack/placement/placement/objects/research_context.py:594}}
Aug 17 23:51:21.516458 n-d-826523-5 devstack@placement-api.service[111694]: DEBUG placement.objects.research_context [req-8d1e13b3-a7af-4a44-b804-864cc90a1552 req-685f1f33-2afa-4d74-a328-fb65c927ffbb service placement] found 2 providers with available 1 VCPU {{(pid=111694) get_provider_ids_matching /opt/stack/placement/placement/objects/research_context.py:563}}
Aug 17 23:51:21.516590 n-d-826523-5 devstack@placement-api.service[111694]: DEBUG placement.objects.research_context [req-8d1e13b3-a7af-4a44-b804-864cc90a1552 req-685f1f33-2afa-4d74-a328-fb65c927ffbb service placement] found 2 providers after filtering by previous result {{(pid=111694) get_provider_ids_matching /opt/stack/placement/placement/objects/research_context.py:594}}
Aug 17 23:51:21.556607 n-d-826523-5 devstack@placement-api.service[111694]: DEBUG placement.objects.allocation_candidate [req-8d1e13b3-a7af-4a44-b804-864cc90a1552 req-685f1f33-2afa-4d74-a328-fb65c927ffbb service placement] RequestGroup(use_same_provider=False, resources={DISK_GB:1, MEMORY_MB:1024, VCPU:1}, traits=(), aggregates=[]) (suffix '') returned 2 matches {{(pid=111694) _get_by_requests /opt/stack/placement/placement/objects/allocation_candidate.py:156}}
Aug 17 23:51:21.559981 n-d-826523-5 devstack@placement-api.service[111694]: DEBUG placement.objects.allocation_candidate [req-8d1e13b3-a7af-4a44-b804-864cc90a1552 req-685f1f33-2afa-4d74-a328-fb65c927ffbb service placement] Merging candidates yields 2 allocation requests and 2 provider summaries {{(pid=111694) _merge_candidates /opt/stack/placement/placement/objects/allocation_candidate.py:809}}
Aug 17 23:51:21.568623 n-d-826523-5 devstack@placement-api.service[111694]: INFO placement.requestlog [req-8d1e13b3-a7af-4a44-b804-864cc90a1552 req-685f1f33-2afa-4d74-a328-fb65c927ffbb service placement] 10.222.0.46 "GET /placement/allocation_candidates?limit=1000&resources=DISK_GB%3A1%2CMEMORY_MB%3A1024%2CVCPU%3A1&root_required=%21COMPUTE_STATUS_DISABLED" status: 200 len: 1309 microversion: 1.36
Aug 17 23:51:21.569843 n-d-826523-5 devstack@placement-api.service[111694]: [pid: 111694|app: 0|req: 454/906] 10.222.0.46 () {60 vars in 1506 bytes} [Wed Aug 17 23:51:20 2022] GET /placement/allocation_candidates?limit=1000&resources=DISK_GB%3A1%2CMEMORY_MB%3A1024%2CVCPU%3A1&root_required=%21COMPUTE_STATUS_DISABLED => generated 1309 bytes in 571 msecs (HTTP/1.1 200) 8 headers in 297 bytes (1 switches on core 0)
Aug 17 23:51:21.826611 n-d-826523-5 devstack@placement-api.service[111693]: DEBUG placement.requestlog [req-8d1e13b3-a7af-4a44-b804-864cc90a1552 req-61c8b3f7-4f9b-4ee7-971e-dd2673e32e1c None None] Starting request: 10.222.0.46 "GET /placement/allocations/6eb7daec-ef0f-4d5b-9914-9141a613bf91" {{(pid=111693) __call__ /opt/stack/placement/placement/requestlog.py:55}}
Aug 17 23:51:21.859615 n-d-826523-5 devstack@placement-api.service[111693]: INFO placement.requestlog [req-8d1e13b3-a7af-4a44-b804-864cc90a1552 req-61c8b3f7-4f9b-4ee7-971e-dd2673e32e1c service placement] 10.222.0.46 "GET /placement/allocations/6eb7daec-ef0f-4d5b-9914-9141a613bf91" status: 200 len: 19 microversion: 1.28
Aug 17 23:51:21.863812 n-d-826523-5 devstack@placement-api.service[111693]: [pid: 111693|app: 0|req: 453/907] 10.222.0.46 () {60 vars in 1380 bytes} [Wed Aug 17 23:51:21 2022] GET /placement/allocations/6eb7daec-ef0f-4d5b-9914-9141a613bf91 => generated 19 bytes in 37 msecs (HTTP/1.1 200) 8 headers in 295 bytes (1 switches on core 0)
Aug 17 23:51:21.871101 n-d-826523-5 devstack@placement-api.service[111694]: DEBUG placement.requestlog [req-8d1e13b3-a7af-4a44-b804-864cc90a1552 req-92ae9588-3ccf-48e5-99f7-ea8d8b9fadf7 None None] Starting request: 10.222.0.46 "PUT /placement/allocations/6eb7daec-ef0f-4d5b-9914-9141a613bf91" {{(pid=111694) __call__ /opt/stack/placement/placement/requestlog.py:55}}
Aug 17 23:51:22.083342 n-d-826523-5 devstack@placement-api.service[111694]: DEBUG placement.handlers.allocation [req-8d1e13b3-a7af-4a44-b804-864cc90a1552 req-92ae9588-3ccf-48e5-99f7-ea8d8b9fadf7 service placement] Successfully wrote allocations [, , ] {{(pid=111694) _update_consumers_and_create_allocations /opt/stack/placement/placement/handlers/allocation.py:462}}
Aug 17 23:51:22.089923 n-d-826523-5 devstack@placement-api.service[111694]: INFO placement.requestlog [req-8d1e13b3-a7af-4a44-b804-864cc90a1552 req-92ae9588-3ccf-48e5-99f7-ea8d8b9fadf7 service placement] 10.222.0.46 "PUT /placement/allocations/6eb7daec-ef0f-4d5b-9914-9141a613bf91" status: 204 len: 0 microversion: 1.36
Aug 17 23:51:22.091166 n-d-826523-5 devstack@placement-api.service[111694]: [pid: 111694|app: 0|req: 455/908] 10.222.0.46 () {64 vars in 1433 bytes} [Wed Aug 17 23:51:21 2022] PUT /placement/allocations/6eb7daec-ef0f-4d5b-9914-9141a613bf91 => generated 0 bytes in 220 msecs (HTTP/1.1 204) 5 headers in 199 bytes (1 switches on core 0)
Aug 17 23:51:22.134665 n-d-826523-5 devstack@placement-api.service[111693]: DEBUG placement.requestlog [req-8d1e13b3-a7af-4a44-b804-864cc90a1552 req-1f47725f-b208-4dff-89a0-4a4206d3a06a None None] Starting request: 10.222.0.46 "GET /placement/allocations/81bfda3c-2941-4679-964a-e015aab4f93d" {{(pid=111693) __call__ /opt/stack/placement/placement/requestlog.py:55}}
Aug 17 23:51:22.152245 n-d-826523-5 devstack@placement-api.service[111693]: INFO placement.requestlog [req-8d1e13b3-a7af-4a44-b804-864cc90a1552 req-1f47725f-b208-4dff-89a0-4a4206d3a06a service placement] 10.222.0.46 "GET /placement/allocations/81bfda3c-2941-4679-964a-e015aab4f93d" status: 200 len: 19 microversion: 1.28
Aug 17 23:51:22.153429 n-d-826523-5 devstack@placement-api.service[111693]: [pid: 111693|app: 0|req: 454/909] 10.222.0.46 () {60 vars in 1380 bytes} [Wed Aug 17 23:51:22 2022] GET /placement/allocations/81bfda3c-2941-4679-964a-e015aab4f93d => generated 19 bytes in 19 msecs (HTTP/1.1 200) 8 headers in 295 bytes (2 switches on core 0)
Aug 17 23:51:22.161281 n-d-826523-5 devstack@placement-api.service[111694]: DEBUG placement.requestlog [req-8d1e13b3-a7af-4a44-b804-864cc90a1552 req-9a7aa8eb-10e0-4cd2-9e0b-9f3b4a71e591 None None] Starting request: 10.222.0.46 "PUT /placement/allocations/81bfda3c-2941-4679-964a-e015aab4f93d" {{(pid=111694) __call__ /opt/stack/placement/placement/requestlog.py:55}}
Aug 17 23:51:22.282055 n-d-826523-5 devstack@placement-api.service[111694]: DEBUG placement.handlers.allocation [req-8d1e13b3-a7af-4a44-b804-864cc90a1552 req-9a7aa8eb-10e0-4cd2-9e0b-9f3b4a71e591 service placement] Successfully wrote allocations [, , ] {{(pid=111694) _update_consumers_and_create_allocations /opt/stack/placement/placement/handlers/allocation.py:462}}
Aug 17 23:51:22.315774 n-d-826523-5 devstack@placement-api.service[111694]: INFO placement.requestlog [req-8d1e13b3-a7af-4a44-b804-864cc90a1552 req-9a7aa8eb-10e0-4cd2-9e0b-9f3b4a71e591 service placement] 10.222.0.46 "PUT /placement/allocations/81bfda3c-2941-4679-964a-e015aab4f93d" status: 204 len: 0 microversion: 1.36
Aug 17 23:51:22.316473 n-d-826523-5 devstack@placement-api.service[111694]: [pid: 111694|app: 0|req: 456/910] 10.222.0.46 () {64 vars in 1433 bytes} [Wed Aug 17 23:51:22 2022] PUT /placement/allocations/81bfda3c-2941-4679-964a-e015aab4f93d => generated 0 bytes in 155 msecs (HTTP/1.1 204) 5 headers in 199 bytes (1 switches on core 0)
Aug 17 23:51:23.197850 n-d-826523-5 devstack@placement-api.service[111693]: DEBUG placement.requestlog [req-8d1e13b3-a7af-4a44-b804-864cc90a1552 req-b2f77776-2d69-460c-8bb3-47b59a5c8519 None None] Starting request: 10.222.0.40 "GET /placement/allocations/6eb7daec-ef0f-4d5b-9914-9141a613bf91" {{(pid=111693) __call__ /opt/stack/placement/placement/requestlog.py:55}}
