Feb 03 12:23:37.882589 n-d-825914-3 devstack@placement-api.service[115429]: DEBUG placement.objects.allocation_candidate [req-ae48f4d1-3bf4-4964-8ac0-ea8ba1aed907 req-0963d14c-3810-4243-a3c6-070159e99a13 service placement] RequestGroup(use_same_provider=False, resources={DISK_GB:1, MEMORY_MB:1024, VCPU:1}, traits=[], aggregates=[]) (suffix '') returned 2 matches {{(pid=115429) _get_by_requests /opt/stack/placement/placement/objects/allocation_candidate.py:145}}
Feb 03 12:23:37.884466 n-d-825914-3 devstack@placement-api.service[115429]: DEBUG placement.objects.allocation_candidate [req-ae48f4d1-3bf4-4964-8ac0-ea8ba1aed907 req-0963d14c-3810-4243-a3c6-070159e99a13 service placement] Merging candidates yields 2 allocation requests and 2 provider summaries {{(pid=115429) _merge_candidates /opt/stack/placement/placement/objects/allocation_candidate.py:783}}
Feb 03 12:23:37.889151 n-d-825914-3 devstack@placement-api.service[115429]: INFO placement.requestlog [req-ae48f4d1-3bf4-4964-8ac0-ea8ba1aed907 req-0963d14c-3810-4243-a3c6-070159e99a13 service placement] 10.222.0.26 "GET /placement/allocation_candidates?limit=1000&resources=DISK_GB%3A1%2CMEMORY_MB%3A1024%2CVCPU%3A1&root_required=%21COMPUTE_STATUS_DISABLED" status: 200 len: 1306 microversion: 1.36
Feb 03 12:23:37.894976 n-d-825914-3 devstack@placement-api.service[115429]: [pid: 115429|app: 0|req: 520/1043] 10.222.0.26 () {60 vars in 1506 bytes} [Thu Feb 3 12:23:37 2022] GET /placement/allocation_candidates?limit=1000&resources=DISK_GB%3A1%2CMEMORY_MB%3A1024%2CVCPU%3A1&root_required=%21COMPUTE_STATUS_DISABLED => generated 1306 bytes in 130 msecs (HTTP/1.1 200) 8 headers in 297 bytes (1 switches on core 0)
Feb 03 12:23:38.005876 n-d-825914-3 devstack@placement-api.service[115430]: DEBUG placement.requestlog [req-ae48f4d1-3bf4-4964-8ac0-ea8ba1aed907 req-cc49556a-7b78-45b5-8e03-56322c6f6ade None None] Starting request: 10.222.0.26 "GET /placement/allocations/83b511d2-fac8-4921-8f17-7bb3431f5ff7" {{(pid=115430) __call__ /opt/stack/placement/placement/requestlog.py:55}}
Feb 03 12:23:38.018063 n-d-825914-3 devstack@placement-api.service[115430]: INFO placement.requestlog [req-ae48f4d1-3bf4-4964-8ac0-ea8ba1aed907 req-cc49556a-7b78-45b5-8e03-56322c6f6ade service placement] 10.222.0.26 "GET /placement/allocations/83b511d2-fac8-4921-8f17-7bb3431f5ff7" status: 200 len: 19 microversion: 1.28
Feb 03 12:23:38.024322 n-d-825914-3 devstack@placement-api.service[115430]: [pid: 115430|app: 0|req: 524/1044] 10.222.0.26 () {60 vars in 1380 bytes} [Thu Feb 3 12:23:38 2022] GET /placement/allocations/83b511d2-fac8-4921-8f17-7bb3431f5ff7 => generated 19 bytes in 19 msecs (HTTP/1.1 200) 8 headers in 295 bytes (1 switches on core 0)
Feb 03 12:23:38.027131 n-d-825914-3 devstack@placement-api.service[115429]: DEBUG placement.requestlog [req-ae48f4d1-3bf4-4964-8ac0-ea8ba1aed907 req-85e2f0dd-bc62-4942-9688-b2f3e5cb9561 None None] Starting request: 10.222.0.26 "PUT /placement/allocations/83b511d2-fac8-4921-8f17-7bb3431f5ff7" {{(pid=115429) __call__ /opt/stack/placement/placement/requestlog.py:55}}
Feb 03 12:23:38.174086 n-d-825914-3 devstack@placement-api.service[115429]: DEBUG placement.handlers.allocation [req-ae48f4d1-3bf4-4964-8ac0-ea8ba1aed907 req-85e2f0dd-bc62-4942-9688-b2f3e5cb9561 service placement] Successfully wrote allocations [, , ] {{(pid=115429) _update_consumers_and_create_allocations /opt/stack/placement/placement/handlers/allocation.py:462}}
Feb 03 12:23:38.186067 n-d-825914-3 devstack@placement-api.service[115429]: INFO placement.requestlog [req-ae48f4d1-3bf4-4964-8ac0-ea8ba1aed907 req-85e2f0dd-bc62-4942-9688-b2f3e5cb9561 service placement] 10.222.0.26 "PUT /placement/allocations/83b511d2-fac8-4921-8f17-7bb3431f5ff7" status: 204 len: 0 microversion: 1.36
Feb 03 12:23:38.203463 n-d-825914-3 devstack@placement-api.service[115429]: [pid: 115429|app: 0|req: 521/1045] 10.222.0.26 () {64 vars in 1433 bytes} [Thu Feb 3 12:23:38 2022] PUT /placement/allocations/83b511d2-fac8-4921-8f17-7bb3431f5ff7 => generated 0 bytes in 160 msecs (HTTP/1.1 204) 5 headers in 199 bytes (1 switches on core 0)
Feb 03 12:23:38.622988 n-d-825914-3 devstack@placement-api.service[115430]: DEBUG placement.requestlog [req-ae48f4d1-3bf4-4964-8ac0-ea8ba1aed907 req-f7ecad75-5ade-4e26-824e-10e5e2a47546 None None] Starting request: 10.222.0.42 "GET /placement/allocations/83b511d2-fac8-4921-8f17-7bb3431f5ff7" {{(pid=115430) __call__ /opt/stack/placement/placement/requestlog.py:55}}
Feb 03 12:23:38.656356 n-d-825914-3 devstack@placement-api.service[115430]: INFO placement.requestlog [req-ae48f4d1-3bf4-4964-8ac0-ea8ba1aed907 req-f7ecad75-5ade-4e26-824e-10e5e2a47546 service placement] 10.222.0.42 "GET /placement/allocations/83b511d2-fac8-4921-8f17-7bb3431f5ff7" status: 200 len: 260 microversion: 1.28
Feb 03 12:23:38.657382 n-d-825914-3 devstack@placement-api.service[115430]: [pid: 115430|app: 0|req: 525/1046] 10.222.0.42 () {60 vars in 1377 bytes} [Thu Feb 3 12:23:38 2022] GET /placement/allocations/83b511d2-fac8-4921-8f17-7bb3431f5ff7 => generated 260 bytes in 35 msecs (HTTP/1.1 200) 8 headers in 296 bytes (1 switches on core 0)
Feb 03 12:24:16.967060 n-d-825914-3 devstack@placement-api.service[115429]: DEBUG placement.requestlog [req-36752a35-383a-4fab-9398-863e5a6a33a2 req-1e6545c6-6385-4ef3-8186-25a79fb1512c None None] Starting request: 10.222.0.42 "GET /placement/resource_providers/f6360a71-e89e-4e48-8809-d297a746ef41/allocations" {{(pid=115429) __call__ /opt/stack/placement/placement/requestlog.py:55}}
Feb 03 12:24:16.987487 n-d-825914-3 devstack@placement-api.service[115429]: INFO placement.requestlog [req-36752a35-383a-4fab-9398-863e5a6a33a2 req-1e6545c6-6385-4ef3-8186-25a79fb1512c service placement] 10.222.0.42 "GET /placement/resource_providers/f6360a71-e89e-4e48-8809-d297a746ef41/allocations" status: 200 len: 155 microversion: 1.0
Feb 03 12:24:16.988174 n-d-825914-3 devstack@placement-api.service[115429]: [pid: 115429|app: 0|req: 522/1047] 10.222.0.42 () {58 vars in 1390 bytes} [Thu Feb 3 12:24:16 2022] GET /placement/resource_providers/f6360a71-e89e-4e48-8809-d297a746ef41/allocations => generated 155 bytes in 21 msecs (HTTP/1.1 200) 6 headers in 224 bytes (1 switches on core 0)
Feb 03 12:24:21.072172 n-d-825914-3 devstack@placement-api.service[115430]: DEBUG placement.requestlog [req-0ec09859-b9e9-4338-832b-c863ec914aa4 req-fb80988b-513e-4cdf-900a-300235fe66e7 None None] Starting request: 10.222.0.43 "GET /placement/resource_providers/14623e09-1045-4aae-a3ca-4d0223c82331/allocations" {{(pid=115430) __call__ /opt/stack/placement/placement/requestlog.py:55}}
Feb 03 12:24:21.091563 n-d-825914-3 devstack@placement-api.service[115430]: INFO placement.requestlog [req-0ec09859-b9e9-4338-832b-c863ec914aa4 req-fb80988b-513e-4cdf-900a-300235fe66e7 service placement] 10.222.0.43 "GET /placement/resource_providers/14623e09-1045-4aae-a3ca-4d0223c82331/allocations" status: 200 len: 255 microversion: 1.0
Feb 03 12:24:21.092526 n-d-825914-3 devstack@placement-api.service[115430]: [pid: 115430|app: 0|req: 526/1048] 10.222.0.43 () {58 vars in 1390 bytes} [Thu Feb 3 12:24:21 2022] GET /placement/resource_providers/14623e09-1045-4aae-a3ca-4d0223c82331/allocations => generated 255 bytes in 21 msecs (HTTP/1.1 200) 6 headers in 224 bytes (1 switches on core 0)
Feb 03 12:24:32.548542 n-d-825914-3 devstack@placement-api.service[115429]: DEBUG placement.requestlog [req-f770c4c6-b22e-4fdf-b909-b6afa08df148 req-2e2241ae-00d5-4ece-acc8-997fbaccf66b None None] Starting request: 10.222.0.42 "DELETE /placement/allocations/83b511d2-fac8-4921-8f17-7bb3431f5ff7" {{(pid=115429) __call__ /opt/stack/placement/placement/requestlog.py:55}}
Feb 03 12:24:32.624206 n-d-825914-3 devstack@placement-api.service[115429]: DEBUG placement.handlers.allocation [req-f770c4c6-b22e-4fdf-b909-b6afa08df148 req-2e2241ae-00d5-4ece-acc8-997fbaccf66b service placement] Successfully deleted allocations [, , ] {{(pid=115429) delete_allocations /opt/stack/placement/placement/handlers/allocation.py:627}}
Feb 03 12:24:32.624696 n-d-825914-3 devstack@placement-api.service[115429]: INFO placement.requestlog [req-f770c4c6-b22e-4fdf-b909-b6afa08df148 req-2e2241ae-00d5-4ece-acc8-997fbaccf66b service placement] 10.222.0.42 "DELETE /placement/allocations/83b511d2-fac8-4921-8f17-7bb3431f5ff7" status: 204 len: 0 microversion: 1.0
Feb 03 12:24:32.625473 n-d-825914-3 devstack@placement-api.service[115429]: [pid: 115429|app: 0|req: 523/1049] 10.222.0.42 () {60 vars in 1355 bytes} [Thu Feb 3 12:24:32 2022] DELETE /placement/allocations/83b511d2-fac8-4921-8f17-7bb3431f5ff7 => generated 0 bytes in 77 msecs (HTTP/1.1 204) 5 headers in 198 bytes (1 switches on core 0)
Feb 03 12:24:38.000594 n-d-825914-3 devstack@placement-api.service[115430]: DEBUG placement.requestlog [req-aae217e1-1d75-4d23-8cd4-60f9eb70055f req-8ab2cf39-d882-4d09-9ef2-09a911c910bc None None] Starting request: 10.222.0.43 "DELETE /placement/allocations/200cb051-5e92-4733-8e51-afb4c2281cd6" {{(pid=115430) __call__ /opt/stack/placement/placement/requestlog.py:55}}
Feb 03 12:24:38.120738 n-d-825914-3 devstack@placement-api.service[115430]: DEBUG placement.handlers.allocation [req-aae217e1-1d75-4d23-8cd4-60f9eb70055f req-8ab2cf39-d882-4d09-9ef2-09a911c910bc service placement] Successfully deleted allocations [, , ] {{(pid=115430) delete_allocations /opt/stack/placement/placement/handlers/allocation.py:627}}
Feb 03 12:24:38.125181 n-d-825914-3 devstack@placement-api.service[115430]: INFO placement.requestlog [req-aae217e1-1d75-4d23-8cd4-60f9eb70055f req-8ab2cf39-d882-4d09-9ef2-09a911c910bc service placement] 10.222.0.43 "DELETE /placement/allocations/200cb051-5e92-4733-8e51-afb4c2281cd6" status: 204 len: 0 microversion: 1.0
Feb 03 12:24:38.129309 n-d-825914-3 devstack@placement-api.service[115430]: [pid: 115430|app: 0|req: 527/1050] 10.222.0.43 () {60 vars in 1355 bytes} [Thu Feb 3 12:24:37 2022] DELETE /placement/allocations/200cb051-5e92-4733-8e51-afb4c2281cd6 => generated 0 bytes in 128 msecs (HTTP/1.1 204) 5 headers in 198 bytes (1 switches on core 0)
Feb 03 12:24:46.408605 n-d-825914-3 devstack@placement-api.service[115429]: DEBUG placement.requestlog [req-abcd48b2-3cb1-4c94-b192-af9fc5fec655 req-2a1a7f24-19af-404c-b686-29197d7fd80c None None] Starting request: 10.222.0.26 "GET /placement/allocation_candidates?limit=1000&resources=DISK_GB%3A1%2CMEMORY_MB%3A1024%2CVCPU%3A1&root_required=%21COMPUTE_STATUS_DISABLED" {{(pid=115429) __call__ /opt/stack/placement/placement/requestlog.py:55}}
Feb 03 12:24:46.710880 n-d-825914-3 devstack@placement-api.service[115429]: DEBUG placement.objects.research_context [req-abcd48b2-3cb1-4c94-b192-af9fc5fec655 req-2a1a7f24-19af-404c-b686-29197d7fd80c service placement] getting providers with 1 DISK_GB {{(pid=115429) __init__ /opt/stack/placement/placement/objects/research_context.py:126}}
Feb 03 12:24:46.721495 n-d-825914-3 devstack@placement-api.service[115429]: DEBUG placement.objects.research_context [req-abcd48b2-3cb1-4c94-b192-af9fc5fec655 req-2a1a7f24-19af-404c-b686-29197d7fd80c service placement] getting providers with 1024 MEMORY_MB {{(pid=115429) __init__ /opt/stack/placement/placement/objects/research_context.py:126}}
Feb 03 12:24:46.730347 n-d-825914-3 devstack@placement-api.service[115429]: DEBUG placement.objects.research_context [req-abcd48b2-3cb1-4c94-b192-af9fc5fec655 req-2a1a7f24-19af-404c-b686-29197d7fd80c service placement] getting providers with 1 VCPU {{(pid=115429) __init__ /opt/stack/placement/placement/objects/research_context.py:126}}
Feb 03 12:24:46.739195 n-d-825914-3 devstack@placement-api.service[115429]: DEBUG placement.objects.research_context [req-abcd48b2-3cb1-4c94-b192-af9fc5fec655 req-2a1a7f24-19af-404c-b686-29197d7fd80c service placement] found 2 providers with available 1 DISK_GB {{(pid=115429) get_provider_ids_matching /opt/stack/placement/placement/objects/research_context.py:549}}
Feb 03 12:24:46.739647 n-d-825914-3 devstack@placement-api.service[115429]: DEBUG placement.objects.research_context [req-abcd48b2-3cb1-4c94-b192-af9fc5fec655 req-2a1a7f24-19af-404c-b686-29197d7fd80c service placement] found 2 providers with available 1024 MEMORY_MB {{(pid=115429) get_provider_ids_matching /opt/stack/placement/placement/objects/research_context.py:549}}
Feb 03 12:24:46.740017 n-d-825914-3 devstack@placement-api.service[115429]: DEBUG placement.objects.research_context [req-abcd48b2-3cb1-4c94-b192-af9fc5fec655 req-2a1a7f24-19af-404c-b686-29197d7fd80c service placement] found 2 providers after filtering by previous result {{(pid=115429) get_provider_ids_matching /opt/stack/placement/placement/objects/research_context.py:580}}
Feb 03 12:24:46.740450 n-d-825914-3 devstack@placement-api.service[115429]: DEBUG placement.objects.research_context [req-abcd48b2-3cb1-4c94-b192-af9fc5fec655 req-2a1a7f24-19af-404c-b686-29197d7fd80c service placement] found 2 providers with available 1 VCPU {{(pid=115429) get_provider_ids_matching /opt/stack/placement/placement/objects/research_context.py:549}}
Feb 03 12:24:46.740932 n-d-825914-3 devstack@placement-api.service[115429]: DEBUG placement.objects.research_context [req-abcd48b2-3cb1-4c94-b192-af9fc5fec655 req-2a1a7f24-19af-404c-b686-29197d7fd80c service placement] found 2 providers after filtering by previous result {{(pid=115429) get_provider_ids_matching /opt/stack/placement/placement/objects/research_context.py:580}}
Feb 03 12:24:46.755361 n-d-825914-3 devstack@placement-api.service[115429]: DEBUG placement.objects.allocation_candidate [req-abcd48b2-3cb1-4c94-b192-af9fc5fec655 req-2a1a7f24-19af-404c-b686-29197d7fd80c service placement] RequestGroup(use_same_provider=False, resources={DISK_GB:1, MEMORY_MB:1024, VCPU:1}, traits=[], aggregates=[]) (suffix '') returned 2 matches {{(pid=115429) _get_by_requests /opt/stack/placement/placement/objects/allocation_candidate.py:145}}
Feb 03 12:24:46.756078 n-d-825914-3 devstack@placement-api.service[115429]: DEBUG placement.objects.allocation_candidate [req-abcd48b2-3cb1-4c94-b192-af9fc5fec655 req-2a1a7f24-19af-404c-b686-29197d7fd80c service placement] Merging candidates yields 2 allocation requests and 2 provider summaries {{(pid=115429) _merge_candidates /opt/stack/placement/placement/objects/allocation_candidate.py:783}}
Feb 03 12:24:46.757510 n-d-825914-3 devstack@placement-api.service[115429]: INFO placement.requestlog [req-abcd48b2-3cb1-4c94-b192-af9fc5fec655 req-2a1a7f24-19af-404c-b686-29197d7fd80c service placement] 10.222.0.26 "GET /placement/allocation_candidates?limit=1000&resources=DISK_GB%3A1%2CMEMORY_MB%3A1024%2CVCPU%3A1&root_required=%21COMPUTE_STATUS_DISABLED" status: 200 len: 1306 microversion: 1.36
Feb 03 12:24:46.759454 n-d-825914-3 devstack@placement-api.service[115429]: [pid: 115429|app: 0|req: 524/1051] 10.222.0.26 () {60 vars in 1506 bytes} [Thu Feb 3 12:24:46 2022] GET /placement/allocation_candidates?limit=1000&resources=DISK_GB%3A1%2CMEMORY_MB%3A1024%2CVCPU%3A1&root_required=%21COMPUTE_STATUS_DISABLED => generated 1306 bytes in 350 msecs (HTTP/1.1 200) 8 headers in 297 bytes (1 switches on core 0)
Feb 03 12:24:46.841698 n-d-825914-3 devstack@placement-api.service[115430]: DEBUG placement.requestlog [req-abcd48b2-3cb1-4c94-b192-af9fc5fec655 req-edcfeeac-ca8d-49e6-a6a2-0bb8280c2067 None None] Starting request: 10.222.0.26 "GET /placement/allocations/a1ca0132-67ad-43af-93d2-c0f3044e47e7" {{(pid=115430) __call__ /opt/stack/placement/placement/requestlog.py:55}}
Feb 03 12:24:46.853319 n-d-825914-3 devstack@placement-api.service[115430]: INFO placement.requestlog [req-abcd48b2-3cb1-4c94-b192-af9fc5fec655 req-edcfeeac-ca8d-49e6-a6a2-0bb8280c2067 service placement] 10.222.0.26 "GET /placement/allocations/a1ca0132-67ad-43af-93d2-c0f3044e47e7" status: 200 len: 19 microversion: 1.28
Feb 03 12:24:46.854132 n-d-825914-3 devstack@placement-api.service[115430]: [pid: 115430|app: 0|req: 528/1052] 10.222.0.26 () {60 vars in 1380 bytes} [Thu Feb 3 12:24:46 2022] GET /placement/allocations/a1ca0132-67ad-43af-93d2-c0f3044e47e7 => generated 19 bytes in 13 msecs (HTTP/1.1 200) 8 headers in 295 bytes (1 switches on core 0)
Feb 03 12:24:46.864361 n-d-825914-3 devstack@placement-api.service[115429]: DEBUG placement.requestlog [req-abcd48b2-3cb1-4c94-b192-af9fc5fec655 req-3be7820e-c7c8-46cc-99e1-fe1f8ee4a629 None None] Starting request: 10.222.0.26 "PUT /placement/allocations/a1ca0132-67ad-43af-93d2-c0f3044e47e7" {{(pid=115429) __call__ /opt/stack/placement/placement/requestlog.py:55}}
Feb 03 12:24:46.940190 n-d-825914-3 devstack@placement-api.service[115429]: DEBUG placement.handlers.allocation [req-abcd48b2-3cb1-4c94-b192-af9fc5fec655 req-3be7820e-c7c8-46cc-99e1-fe1f8ee4a629 service placement] Successfully wrote allocations [, , ] {{(pid=115429) _update_consumers_and_create_allocations /opt/stack/placement/placement/handlers/allocation.py:462}}
Feb 03 12:24:46.944004 n-d-825914-3 devstack@placement-api.service[115429]: INFO placement.requestlog [req-abcd48b2-3cb1-4c94-b192-af9fc5fec655 req-3be7820e-c7c8-46cc-99e1-fe1f8ee4a629 service placement] 10.222.0.26 "PUT /placement/allocations/a1ca0132-67ad-43af-93d2-c0f3044e47e7" status: 204 len: 0 microversion: 1.36
Feb 03 12:24:46.944486 n-d-825914-3 devstack@placement-api.service[115429]: [pid: 115429|app: 0|req: 525/1053] 10.222.0.26 () {64 vars in 1433 bytes} [Thu Feb 3 12:24:46 2022] PUT /placement/allocations/a1ca0132-67ad-43af-93d2-c0f3044e47e7 => generated 0 bytes in 81 msecs (HTTP/1.1 204) 5 headers in 199 bytes (1 switches on core 0)
Feb 03 12:24:47.260891 n-d-825914-3 devstack@placement-api.service[115430]: DEBUG placement.requestlog [req-abcd48b2-3cb1-4c94-b192-af9fc5fec655 req-25cd55dc-b679-4e2a-b45f-019dab981ac5 None None] Starting request: 10.222.0.42 "GET /placement/allocations/a1ca0132-67ad-43af-93d2-c0f3044e47e7" {{(pid=115430) __call__ /opt/stack/placement/placement/requestlog.py:55}}
Feb 03 12:24:47.276587 n-d-825914-3 devstack@placement-api.service[115430]: INFO placement.requestlog [req-abcd48b2-3cb1-4c94-b192-af9fc5fec655 req-25cd55dc-b679-4e2a-b45f-019dab981ac5 service placement] 10.222.0.42 "GET /placement/allocations/a1ca0132-67ad-43af-93d2-c0f3044e47e7" status: 200 len: 260 microversion: 1.28
Feb 03 12:24:47.276970 n-d-825914-3 devstack@placement-api.service[115430]: [pid: 115430|app: 0|req: 529/1054] 10.222.0.42 () {60 vars in 1377 bytes} [Thu Feb 3 12:24:47 2022] GET /placement/allocations/a1ca0132-67ad-43af-93d2-c0f3044e47e7 => generated 260 bytes in 17 msecs (HTTP/1.1 200) 8 headers in 296 bytes (2 switches on core 0)
Feb 03 12:24:48.256276 n-d-825914-3 devstack@placement-api.service[115429]: DEBUG placement.requestlog [req-2b349d95-f6e8-46ed-941d-954bbeadfc9a req-b70a4dd8-093c-4fcf-84ea-7fe15d6a725b None None] Starting request: 10.222.0.26 "GET /placement/allocation_candidates?limit=1000&resources=DISK_GB%3A1%2CMEMORY_MB%3A1024%2CVCPU%3A1&root_required=%21COMPUTE_STATUS_DISABLED" {{(pid=115429) __call__ /opt/stack/placement/placement/requestlog.py:55}}
Feb 03 12:24:48.297263 n-d-825914-3 devstack@placement-api.service[115429]: DEBUG placement.objects.research_context [req-2b349d95-f6e8-46ed-941d-954bbeadfc9a req-b70a4dd8-093c-4fcf-84ea-7fe15d6a725b service placement] getting providers with 1 DISK_GB {{(pid=115429) __init__ /opt/stack/placement/placement/objects/research_context.py:126}}
Feb 03 12:24:48.303207 n-d-825914-3 devstack@placement-api.service[115429]: DEBUG placement.objects.research_context [req-2b349d95-f6e8-46ed-941d-954bbeadfc9a req-b70a4dd8-093c-4fcf-84ea-7fe15d6a725b service placement] getting providers with 1024 MEMORY_MB {{(pid=115429) __init__ /opt/stack/placement/placement/objects/research_context.py:126}}
Feb 03 12:24:48.313905 n-d-825914-3 devstack@placement-api.service[115429]: DEBUG placement.objects.research_context [req-2b349d95-f6e8-46ed-941d-954bbeadfc9a req-b70a4dd8-093c-4fcf-84ea-7fe15d6a725b service placement] getting providers with 1 VCPU {{(pid=115429) __init__ /opt/stack/placement/placement/objects/research_context.py:126}}
Feb 03 12:24:48.328423 n-d-825914-3 devstack@placement-api.service[115429]: DEBUG placement.objects.research_context [req-2b349d95-f6e8-46ed-941d-954bbeadfc9a req-b70a4dd8-093c-4fcf-84ea-7fe15d6a725b service placement] found 2 providers with available 1 DISK_GB {{(pid=115429) get_provider_ids_matching /opt/stack/placement/placement/objects/research_context.py:549}}
Feb 03 12:24:48.329356 n-d-825914-3 devstack@placement-api.service[115429]: DEBUG placement.objects.research_context [req-2b349d95-f6e8-46ed-941d-954bbeadfc9a req-b70a4dd8-093c-4fcf-84ea-7fe15d6a725b service placement] found 2 providers with available 1024 MEMORY_MB {{(pid=115429) get_provider_ids_matching /opt/stack/placement/placement/objects/research_context.py:549}}
Feb 03 12:24:48.329786 n-d-825914-3 devstack@placement-api.service[115429]: DEBUG placement.objects.research_context [req-2b349d95-f6e8-46ed-941d-954bbeadfc9a req-b70a4dd8-093c-4fcf-84ea-7fe15d6a725b service placement] found 2 providers after filtering by previous result {{(pid=115429) get_provider_ids_matching /opt/stack/placement/placement/objects/research_context.py:580}}
Feb 03 12:24:48.330246 n-d-825914-3 devstack@placement-api.service[115429]: DEBUG placement.objects.research_context [req-2b349d95-f6e8-46ed-941d-954bbeadfc9a req-b70a4dd8-093c-4fcf-84ea-7fe15d6a725b service placement] found 2 providers with available 1 VCPU {{(pid=115429) get_provider_ids_matching /opt/stack/placement/placement/objects/research_context.py:549}}
Feb 03 12:24:48.330804 n-d-825914-3 devstack@placement-api.service[115429]: DEBUG placement.objects.research_context [req-2b349d95-f6e8-46ed-941d-954bbeadfc9a req-b70a4dd8-093c-4fcf-84ea-7fe15d6a725b service placement] found 2 providers after filtering by previous result {{(pid=115429) get_provider_ids_matching /opt/stack/placement/placement/objects/research_context.py:580}}
Feb 03 12:24:48.351591 n-d-825914-3 devstack@placement-api.service[115429]: DEBUG placement.objects.allocation_candidate [req-2b349d95-f6e8-46ed-941d-954bbeadfc9a req-b70a4dd8-093c-4fcf-84ea-7fe15d6a725b service placement] RequestGroup(use_same_provider=False, resources={DISK_GB:1, MEMORY_MB:1024, VCPU:1}, traits=[], aggregates=[]) (suffix '') returned 2 matches {{(pid=115429) _get_by_requests /opt/stack/placement/placement/objects/allocation_candidate.py:145}}
Feb 03 12:24:48.352069 n-d-825914-3 devstack@placement-api.service[115429]: DEBUG placement.objects.allocation_candidate [req-2b349d95-f6e8-46ed-941d-954bbeadfc9a req-b70a4dd8-093c-4fcf-84ea-7fe15d6a725b service placement] Merging candidates yields 2 allocation requests and 2 provider summaries {{(pid=115429) _merge_candidates /opt/stack/placement/placement/objects/allocation_candidate.py:783}}
Feb 03 12:24:48.354485 n-d-825914-3 devstack@placement-api.service[115429]: INFO placement.requestlog [req-2b349d95-f6e8-46ed-941d-954bbeadfc9a req-b70a4dd8-093c-4fcf-84ea-7fe15d6a725b service placement] 10.222.0.26 "GET /placement/allocation_candidates?limit=1000&resources=DISK_GB%3A1%2CMEMORY_MB%3A1024%2CVCPU%3A1&root_required=%21COMPUTE_STATUS_DISABLED" status: 200 len: 1309 microversion: 1.36
Feb 03 12:24:48.355005 n-d-825914-3 devstack@placement-api.service[115429]: [pid: 115429|app: 0|req: 526/1055] 10.222.0.26 () {60 vars in 1506 bytes} [Thu Feb 3 12:24:48 2022] GET /placement/allocation_candidates?limit=1000&resources=DISK_GB%3A1%2CMEMORY_MB%3A1024%2CVCPU%3A1&root_required=%21COMPUTE_STATUS_DISABLED => generated 1309 bytes in 100 msecs (HTTP/1.1 200) 8 headers in 297 bytes (2 switches on core 0)
Feb 03 12:24:48.405122 n-d-825914-3 devstack@placement-api.service[115430]: DEBUG placement.requestlog [req-2b349d95-f6e8-46ed-941d-954bbeadfc9a req-c56230b1-cafa-4eed-bb80-9975c962eb7f None None] Starting request: 10.222.0.26 "GET /placement/allocations/1b362340-5f0a-4a87-9f4f-9b3d7768dac0" {{(pid=115430) __call__ /opt/stack/placement/placement/requestlog.py:55}}
Feb 03 12:24:48.417218 n-d-825914-3 devstack@placement-api.service[115430]: INFO placement.requestlog [req-2b349d95-f6e8-46ed-941d-954bbeadfc9a req-c56230b1-cafa-4eed-bb80-9975c962eb7f service placement] 10.222.0.26 "GET /placement/allocations/1b362340-5f0a-4a87-9f4f-9b3d7768dac0" status: 200 len: 19 microversion: 1.28
Feb 03 12:24:48.417970 n-d-825914-3 devstack@placement-api.service[115430]: [pid: 115430|app: 0|req: 530/1056] 10.222.0.26 () {60 vars in 1380 bytes} [Thu Feb 3 12:24:48 2022] GET /placement/allocations/1b362340-5f0a-4a87-9f4f-9b3d7768dac0 => generated 19 bytes in 13 msecs (HTTP/1.1 200) 8 headers in 295 bytes (1 switches on core 0)
Feb 03 12:24:48.424143 n-d-825914-3 devstack@placement-api.service[115429]: DEBUG placement.requestlog [req-2b349d95-f6e8-46ed-941d-954bbeadfc9a req-a60e1dcd-59db-407a-b74b-0f5713463775 None None] Starting request: 10.222.0.26 "PUT /placement/allocations/1b362340-5f0a-4a87-9f4f-9b3d7768dac0" {{(pid=115429) __call__ /opt/stack/placement/placement/requestlog.py:55}}
Feb 03 12:24:48.512584 n-d-825914-3 devstack@placement-api.service[115429]: DEBUG placement.handlers.allocation [req-2b349d95-f6e8-46ed-941d-954bbeadfc9a req-a60e1dcd-59db-407a-b74b-0f5713463775 service placement] Successfully wrote allocations [, , ] {{(pid=115429) _update_consumers_and_create_allocations /opt/stack/placement/placement/handlers/allocation.py:462}}
Feb 03 12:24:48.516946 n-d-825914-3 devstack@placement-api.service[115429]: INFO placement.requestlog [req-2b349d95-f6e8-46ed-941d-954bbeadfc9a req-a60e1dcd-59db-407a-b74b-0f5713463775 service placement] 10.222.0.26 "PUT /placement/allocations/1b362340-5f0a-4a87-9f4f-9b3d7768dac0" status: 204 len: 0 microversion: 1.36
Feb 03 12:24:48.517748 n-d-825914-3 devstack@placement-api.service[115429]: [pid: 115429|app: 0|req: 527/1057] 10.222.0.26 () {64 vars in 1433 bytes} [Thu Feb 3 12:24:48 2022] PUT /placement/allocations/1b362340-5f0a-4a87-9f4f-9b3d7768dac0 => generated 0 bytes in 94 msecs (HTTP/1.1 204) 5 headers in 199 bytes (1 switches on core 0)
Feb 03 12:24:48.903517 n-d-825914-3 devstack@placement-api.service[115430]: DEBUG placement.requestlog [req-2b349d95-f6e8-46ed-941d-954bbeadfc9a req-267a2174-73b9-421e-9c34-b13b6880b549 None None] Starting request: 10.222.0.43 "GET /placement/allocations/1b362340-5f0a-4a87-9f4f-9b3d7768dac0" {{(pid=115430) __call__ /opt/stack/placement/placement/requestlog.py:55}}
Feb 03 12:24:48.930328 n-d-825914-3 devstack@placement-api.service[115430]: INFO placement.requestlog [req-2b349d95-f6e8-46ed-941d-954bbeadfc9a req-267a2174-73b9-421e-9c34-b13b6880b549 service placement] 10.222.0.43 "GET /placement/allocations/1b362340-5f0a-4a87-9f4f-9b3d7768dac0" status: 200 len: 259 microversion: 1.28
Feb 03 12:24:48.931032 n-d-825914-3 devstack@placement-api.service[115430]: [pid: 115430|app: 0|req: 531/1058] 10.222.0.43 () {60 vars in 1377 bytes} [Thu Feb 3 12:24:48 2022] GET /placement/allocations/1b362340-5f0a-4a87-9f4f-9b3d7768dac0 => generated 259 bytes in 28 msecs (HTTP/1.1 200) 8 headers in 296 bytes (1 switches on core 0)
Feb 03 12:25:04.467422 n-d-825914-3 devstack@placement-api.service[115429]: DEBUG placement.requestlog [req-aff42625-5ad4-4e56-ad7b-e09990659dae req-df1b26ff-ddd4-4248-bb2e-5d20ee56e4b6 None None] Starting request: 10.222.0.43 "DELETE /placement/allocations/1b362340-5f0a-4a87-9f4f-9b3d7768dac0" {{(pid=115429) __call__ /opt/stack/placement/placement/requestlog.py:55}}
Feb 03 12:25:04.500846 n-d-825914-3 devstack@placement-api.service[115429]: DEBUG placement.handlers.allocation [req-aff42625-5ad4-4e56-ad7b-e09990659dae req-df1b26ff-ddd4-4248-bb2e-5d20ee56e4b6 service placement] Successfully deleted allocations [, , ] {{(pid=115429) delete_allocations /opt/stack/placement/placement/handlers/allocation.py:627}}
Feb 03 12:25:04.501833 n-d-825914-3 devstack@placement-api.service[115429]: INFO placement.requestlog [req-aff42625-5ad4-4e56-ad7b-e09990659dae req-df1b26ff-ddd4-4248-bb2e-5d20ee56e4b6 service placement] 10.222.0.43 "DELETE /placement/allocations/1b362340-5f0a-4a87-9f4f-9b3d7768dac0" status: 204 len: 0 microversion: 1.0
Feb 03 12:25:04.502542 n-d-825914-3 devstack@placement-api.service[115429]: [pid: 115429|app: 0|req: 528/1059] 10.222.0.43 () {60 vars in 1355 bytes} [Thu Feb 3 12:25:04 2022] DELETE /placement/allocations/1b362340-5f0a-4a87-9f4f-9b3d7768dac0 => generated 0 bytes in 36 msecs (HTTP/1.1 204) 5 headers in 198 bytes (1 switches on core 0)
Feb 03 12:25:05.650706 n-d-825914-3 devstack@placement-api.service[115430]: DEBUG placement.requestlog [req-360f66ba-558f-49b0-9e07-997f3280c675 req-db0bcb37-4dec-4e44-a5de-b8d85bc62e8a None None] Starting request: 10.222.0.26 "GET /placement/allocation_candidates?limit=1000&resources=DISK_GB%3A1%2CMEMORY_MB%3A1024%2CVCPU%3A1&root_required=%21COMPUTE_STATUS_DISABLED" {{(pid=115430) __call__ /opt/stack/placement/placement/requestlog.py:55}}
Feb 03 12:25:05.684654 n-d-825914-3 devstack@placement-api.service[115430]: DEBUG placement.objects.research_context [req-360f66ba-558f-49b0-9e07-997f3280c675 req-db0bcb37-4dec-4e44-a5de-b8d85bc62e8a service placement] getting providers with 1 DISK_GB {{(pid=115430) __init__ /opt/stack/placement/placement/objects/research_context.py:126}}
Feb 03 12:25:05.692507 n-d-825914-3 devstack@placement-api.service[115430]: DEBUG placement.objects.research_context [req-360f66ba-558f-49b0-9e07-997f3280c675 req-db0bcb37-4dec-4e44-a5de-b8d85bc62e8a service placement] getting providers with 1024 MEMORY_MB {{(pid=115430) __init__ /opt/stack/placement/placement/objects/research_context.py:126}}
Feb 03 12:25:05.700322 n-d-825914-3 devstack@placement-api.service[115430]: DEBUG placement.objects.research_context [req-360f66ba-558f-49b0-9e07-997f3280c675 req-db0bcb37-4dec-4e44-a5de-b8d85bc62e8a service placement] getting providers with 1 VCPU {{(pid=115430) __init__ /opt/stack/placement/placement/objects/research_context.py:126}}
Feb 03 12:25:05.707165 n-d-825914-3 devstack@placement-api.service[115430]: DEBUG placement.objects.research_context [req-360f66ba-558f-49b0-9e07-997f3280c675 req-db0bcb37-4dec-4e44-a5de-b8d85bc62e8a service placement] found 2 providers with available 1 DISK_GB {{(pid=115430) get_provider_ids_matching /opt/stack/placement/placement/objects/research_context.py:549}}
Feb 03 12:25:05.707539 n-d-825914-3 devstack@placement-api.service[115430]: DEBUG placement.objects.research_context [req-360f66ba-558f-49b0-9e07-997f3280c675 req-db0bcb37-4dec-4e44-a5de-b8d85bc62e8a service placement] found 2 providers with available 1024 MEMORY_MB {{(pid=115430) get_provider_ids_matching /opt/stack/placement/placement/objects/research_context.py:549}}
Feb 03 12:25:05.707803 n-d-825914-3 devstack@placement-api.service[115430]: DEBUG placement.objects.research_context [req-360f66ba-558f-49b0-9e07-997f3280c675 req-db0bcb37-4dec-4e44-a5de-b8d85bc62e8a service placement] found 2 providers after filtering by previous result {{(pid=115430) get_provider_ids_matching /opt/stack/placement/placement/objects/research_context.py:580}}
Feb 03 12:25:05.708053 n-d-825914-3 devstack@placement-api.service[115430]: DEBUG placement.objects.research_context [req-360f66ba-558f-49b0-9e07-997f3280c675 req-db0bcb37-4dec-4e44-a5de-b8d85bc62e8a service placement] found 2 providers with available 1 VCPU {{(pid=115430) get_provider_ids_matching /opt/stack/placement/placement/objects/research_context.py:549}}
Feb 03 12:25:05.708342 n-d-825914-3 devstack@placement-api.service[115430]: DEBUG placement.objects.research_context [req-360f66ba-558f-49b0-9e07-997f3280c675 req-db0bcb37-4dec-4e44-a5de-b8d85bc62e8a service placement] found 2 providers after filtering by previous result {{(pid=115430) get_provider_ids_matching /opt/stack/placement/placement/objects/research_context.py:580}}
Feb 03 12:25:05.723403 n-d-825914-3 devstack@placement-api.service[115430]: DEBUG placement.objects.allocation_candidate [req-360f66ba-558f-49b0-9e07-997f3280c675 req-db0bcb37-4dec-4e44-a5de-b8d85bc62e8a service placement] RequestGroup(use_same_provider=False, resources={DISK_GB:1, MEMORY_MB:1024, VCPU:1}, traits=[], aggregates=[]) (suffix '') returned 2 matches {{(pid=115430) _get_by_requests /opt/stack/placement/placement/objects/allocation_candidate.py:145}}
Feb 03 12:25:05.724045 n-d-825914-3 devstack@placement-api.service[115430]: DEBUG placement.objects.allocation_candidate [req-360f66ba-558f-49b0-9e07-997f3280c675 req-db0bcb37-4dec-4e44-a5de-b8d85bc62e8a service placement] Merging candidates yields 2 allocation requests and 2 provider summaries {{(pid=115430) _merge_candidates /opt/stack/placement/placement/objects/allocation_candidate.py:783}}
Feb 03 12:25:05.726257 n-d-825914-3 devstack@placement-api.service[115430]: INFO placement.requestlog [req-360f66ba-558f-49b0-9e07-997f3280c675 req-db0bcb37-4dec-4e44-a5de-b8d85bc62e8a service placement] 10.222.0.26 "GET /placement/allocation_candidates?limit=1000&resources=DISK_GB%3A1%2CMEMORY_MB%3A1024%2CVCPU%3A1&root_required=%21COMPUTE_STATUS_DISABLED" status: 200 len: 1309 microversion: 1.36
Feb 03 12:25:05.726640 n-d-825914-3 devstack@placement-api.service[115430]: [pid: 115430|app: 0|req: 532/1060] 10.222.0.26 () {60 vars in 1506 bytes} [Thu Feb 3 12:25:05 2022] GET /placement/allocation_candidates?limit=1000&resources=DISK_GB%3A1%2CMEMORY_MB%3A1024%2CVCPU%3A1&root_required=%21COMPUTE_STATUS_DISABLED => generated 1309 bytes in 77 msecs (HTTP/1.1 200) 8 headers in 297 bytes (1 switches on core 0)
Feb 03 12:25:05.774102 n-d-825914-3 devstack@placement-api.service[115429]: DEBUG placement.requestlog [req-360f66ba-558f-49b0-9e07-997f3280c675 req-dec09d4a-ff00-48cf-9fa1-6c800373f573 None None] Starting request: 10.222.0.26 "GET /placement/allocations/fd062555-87f2-4245-b9df-e24f2f639991" {{(pid=115429) __call__ /opt/stack/placement/placement/requestlog.py:55}}
Feb 03 12:25:05.785671 n-d-825914-3 devstack@placement-api.service[115429]: INFO placement.requestlog [req-360f66ba-558f-49b0-9e07-997f3280c675 req-dec09d4a-ff00-48cf-9fa1-6c800373f573 service placement] 10.222.0.26 "GET /placement/allocations/fd062555-87f2-4245-b9df-e24f2f639991" status: 200 len: 19 microversion: 1.28
Feb 03 12:25:05.786052 n-d-825914-3 devstack@placement-api.service[115429]: [pid: 115429|app: 0|req: 529/1061] 10.222.0.26 () {60 vars in 1380 bytes} [Thu Feb 3 12:25:05 2022] GET /placement/allocations/fd062555-87f2-4245-b9df-e24f2f639991 => generated 19 bytes in 13 msecs (HTTP/1.1 200) 8 headers in 295 bytes (2 switches on core 0)
Feb 03 12:25:05.792291 n-d-825914-3 devstack@placement-api.service[115430]: DEBUG placement.requestlog [req-360f66ba-558f-49b0-9e07-997f3280c675 req-39ca4662-c082-41dd-894e-e2cf1fd146b9 None None] Starting request: 10.222.0.26 "PUT /placement/allocations/fd062555-87f2-4245-b9df-e24f2f639991" {{(pid=115430) __call__ /opt/stack/placement/placement/requestlog.py:55}}
Feb 03 12:25:05.858037 n-d-825914-3 devstack@placement-api.service[115430]: DEBUG placement.handlers.allocation [req-360f66ba-558f-49b0-9e07-997f3280c675 req-39ca4662-c082-41dd-894e-e2cf1fd146b9 service placement] Successfully wrote allocations [, , ] {{(pid=115430) _update_consumers_and_create_allocations /opt/stack/placement/placement/handlers/allocation.py:462}}
Feb 03 12:25:05.861697 n-d-825914-3 devstack@placement-api.service[115430]: INFO placement.requestlog [req-360f66ba-558f-49b0-9e07-997f3280c675 req-39ca4662-c082-41dd-894e-e2cf1fd146b9 service placement] 10.222.0.26 "PUT /placement/allocations/fd062555-87f2-4245-b9df-e24f2f639991" status: 204 len: 0 microversion: 1.36
Feb 03 12:25:05.862166 n-d-825914-3 devstack@placement-api.service[115430]: [pid: 115430|app: 0|req: 533/1062] 10.222.0.26 () {64 vars in 1433 bytes} [Thu Feb 3 12:25:05 2022] PUT /placement/allocations/fd062555-87f2-4245-b9df-e24f2f639991 => generated 0 bytes in 70 msecs (HTTP/1.1 204) 5 headers in 199 bytes (1 switches on core 0)
Feb 03 12:25:06.174741 n-d-825914-3 devstack@placement-api.service[115429]: DEBUG placement.requestlog [req-360f66ba-558f-49b0-9e07-997f3280c675 req-3266717d-2e25-4b0e-a497-cb1147bd604a None None] Starting request: 10.222.0.43 "GET /placement/allocations/fd062555-87f2-4245-b9df-e24f2f639991" {{(pid=115429) __call__ /opt/stack/placement/placement/requestlog.py:55}}
Feb 03 12:25:06.195931 n-d-825914-3 devstack@placement-api.service[115429]: INFO placement.requestlog [req-360f66ba-558f-49b0-9e07-997f3280c675 req-3266717d-2e25-4b0e-a497-cb1147bd604a service placement] 10.222.0.43 "GET /placement/allocations/fd062555-87f2-4245-b9df-e24f2f639991" status: 200 len: 259 microversion: 1.28
Feb 03 12:25:06.196316 n-d-825914-3 devstack@placement-api.service[115429]: [pid: 115429|app: 0|req: 530/1063] 10.222.0.43 () {60 vars in 1377 bytes} [Thu Feb 3 12:25:06 2022] GET /placement/allocations/fd062555-87f2-4245-b9df-e24f2f639991 => generated 259 bytes in 22 msecs (HTTP/1.1 200) 8 headers in 296 bytes (1 switches on core 0)
Feb 03 12:25:18.928134 n-d-825914-3 devstack@placement-api.service[115430]: DEBUG placement.requestlog [req-1dbecf93-148d-492a-ad0b-9c22f2ff6816 req-41d73786-0958-4979-a23b-e1e34cd299ae None None] Starting request: 10.222.0.43 "GET /placement/resource_providers?in_tree=14623e09-1045-4aae-a3ca-4d0223c82331" {{(pid=115430) __call__ /opt/stack/placement/placement/requestlog.py:55}}
Feb 03 12:25:18.973705 n-d-825914-3 devstack@placement-api.service[115429]: DEBUG placement.requestlog [req-60c1d787-ec9e-46e3-a89e-006ea6648c48 req-9a9d02e9-2d85-4f52-b135-46b73e0360bf None None] Starting request: 10.222.0.42 "GET /placement/resource_providers/f6360a71-e89e-4e48-8809-d297a746ef41/allocations" {{(pid=115429) __call__ /opt/stack/placement/placement/requestlog.py:55}}
Feb 03 12:25:19.109937 n-d-825914-3 devstack@placement-api.service[115430]: INFO placement.requestlog [req-1dbecf93-148d-492a-ad0b-9c22f2ff6816 req-41d73786-0958-4979-a23b-e1e34cd299ae service placement] 10.222.0.43 "GET /placement/resource_providers?in_tree=14623e09-1045-4aae-a3ca-4d0223c82331" status: 200 len: 863 microversion: 1.14
Feb 03 12:25:19.110625 n-d-825914-3 devstack@placement-api.service[115430]: [pid: 115430|app: 0|req: 534/1064] 10.222.0.43 () {60 vars in 1376 bytes} [Thu Feb 3 12:25:18 2022] GET /placement/resource_providers?in_tree=14623e09-1045-4aae-a3ca-4d0223c82331 => generated 863 bytes in 183 msecs (HTTP/1.1 200) 6 headers in 225 bytes (1 switches on core 0)
Feb 03 12:25:19.118019 n-d-825914-3 devstack@placement-api.service[115430]: DEBUG placement.requestlog [req-1dbecf93-148d-492a-ad0b-9c22f2ff6816 req-fca40ea2-bb84-4904-9604-2037856db31c None None] Starting request: 10.222.0.43 "GET /placement/resource_providers/14623e09-1045-4aae-a3ca-4d0223c82331/inventories" {{(pid=115430) __call__ /opt/stack/placement/placement/requestlog.py:55}}
Feb 03 12:25:19.145120 n-d-825914-3 devstack@placement-api.service[115430]: INFO placement.requestlog [req-1dbecf93-148d-492a-ad0b-9c22f2ff6816 req-fca40ea2-bb84-4904-9604-2037856db31c service placement] 10.222.0.43 "GET /placement/resource_providers/14623e09-1045-4aae-a3ca-4d0223c82331/inventories" status: 200 len: 398 microversion: 1.0
Feb 03 12:25:19.145502 n-d-825914-3 devstack@placement-api.service[115430]: [pid: 115430|app: 0|req: 535/1065] 10.222.0.43 () {58 vars in 1390 bytes} [Thu Feb 3 12:25:19 2022] GET /placement/resource_providers/14623e09-1045-4aae-a3ca-4d0223c82331/inventories => generated 398 bytes in 28 msecs (HTTP/1.1 200) 6 headers in 224 bytes (2 switches on core 0)
Feb 03 12:25:19.152547 n-d-825914-3 devstack@placement-api.service[115429]: INFO placement.requestlog [req-60c1d787-ec9e-46e3-a89e-006ea6648c48 req-9a9d02e9-2d85-4f52-b135-46b73e0360bf service placement] 10.222.0.42 "GET /placement/resource_providers/f6360a71-e89e-4e48-8809-d297a746ef41/allocations" status: 200 len: 155 microversion: 1.0
Feb 03 12:25:19.153100 n-d-825914-3 devstack@placement-api.service[115429]: [pid: 115429|app: 0|req: 531/1066] 10.222.0.42 () {58 vars in 1390 bytes} [Thu Feb 3 12:25:18 2022] GET /placement/resource_providers/f6360a71-e89e-4e48-8809-d297a746ef41/allocations => generated 155 bytes in 180 msecs (HTTP/1.1 200) 6 headers in 224 bytes (1 switches on core 0)
Feb 03 12:25:19.154758 n-d-825914-3 devstack@placement-api.service[115430]: DEBUG placement.requestlog [req-1dbecf93-148d-492a-ad0b-9c22f2ff6816 req-c0b22628-9c2b-4602-831c-9ebda3c4d26b None None] Starting request: 10.222.0.43 "GET /placement/resource_providers/14623e09-1045-4aae-a3ca-4d0223c82331/aggregates" {{(pid=115430) __call__ /opt/stack/placement/placement/requestlog.py:55}}
Feb 03 12:25:19.177733 n-d-825914-3 devstack@placement-api.service[115430]: INFO placement.requestlog [req-1dbecf93-148d-492a-ad0b-9c22f2ff6816 req-c0b22628-9c2b-4602-831c-9ebda3c4d26b service placement] 10.222.0.43 "GET /placement/resource_providers/14623e09-1045-4aae-a3ca-4d0223c82331/aggregates" status: 200 len: 54 microversion: 1.19
Feb 03 12:25:19.178498 n-d-825914-3 devstack@placement-api.service[115430]: [pid: 115430|app: 0|req: 536/1067] 10.222.0.43 () {60 vars in 1431 bytes} [Thu Feb 3 12:25:19 2022] GET /placement/resource_providers/14623e09-1045-4aae-a3ca-4d0223c82331/aggregates => generated 54 bytes in 24 msecs (HTTP/1.1 200) 8 headers in 295 bytes (1 switches on core 0)
Feb 03 12:25:19.185762 n-d-825914-3 devstack@placement-api.service[115429]: DEBUG placement.requestlog [req-1dbecf93-148d-492a-ad0b-9c22f2ff6816 req-8563280d-a20d-4802-843c-cdd5cf6409e1 None None] Starting request: 10.222.0.43 "GET /placement/resource_providers/14623e09-1045-4aae-a3ca-4d0223c82331/traits" {{(pid=115429) __call__ /opt/stack/placement/placement/requestlog.py:55}}
Feb 03 12:25:19.192697 n-d-825914-3 devstack@placement-api.service[115430]: DEBUG placement.requestlog [req-60c1d787-ec9e-46e3-a89e-006ea6648c48 req-856c37dc-b0cf-4970-87f7-eb3c09c39708 None None] Starting request: 10.222.0.42 "GET /placement/resource_providers?in_tree=f6360a71-e89e-4e48-8809-d297a746ef41" {{(pid=115430) __call__ /opt/stack/placement/placement/requestlog.py:55}}
Feb 03 12:25:19.207997 n-d-825914-3 devstack@placement-api.service[115430]: INFO placement.requestlog [req-60c1d787-ec9e-46e3-a89e-006ea6648c48 req-856c37dc-b0cf-4970-87f7-eb3c09c39708 service placement] 10.222.0.42 "GET /placement/resource_providers?in_tree=f6360a71-e89e-4e48-8809-d297a746ef41" status: 200 len: 864 microversion: 1.14
Feb 03 12:25:19.208601 n-d-825914-3 devstack@placement-api.service[115430]: [pid: 115430|app: 0|req: 537/1068] 10.222.0.42 () {60 vars in 1376 bytes} [Thu Feb 3 12:25:19 2022] GET /placement/resource_providers?in_tree=f6360a71-e89e-4e48-8809-d297a746ef41 => generated 864 bytes in 16 msecs (HTTP/1.1 200) 6 headers in 225 bytes (2 switches on core 0)
Feb 03 12:25:19.215675 n-d-825914-3 devstack@placement-api.service[115429]: INFO placement.requestlog [req-1dbecf93-148d-492a-ad0b-9c22f2ff6816 req-8563280d-a20d-4802-843c-cdd5cf6409e1 service placement] 10.222.0.43 "GET /placement/resource_providers/14623e09-1045-4aae-a3ca-4d0223c82331/traits" status: 200 len: 212 microversion: 1.6
Feb 03 12:25:19.216049 n-d-825914-3 devstack@placement-api.service[115429]: [pid: 115429|app: 0|req: 532/1069] 10.222.0.43 () {60 vars in 1418 bytes} [Thu Feb 3 12:25:19 2022] GET /placement/resource_providers/14623e09-1045-4aae-a3ca-4d0223c82331/traits => generated 212 bytes in 31 msecs (HTTP/1.1 200) 6 headers in 224 bytes (1 switches on core 0)
Feb 03 12:25:19.217565 n-d-825914-3 devstack@placement-api.service[115430]: DEBUG placement.requestlog [req-60c1d787-ec9e-46e3-a89e-006ea6648c48 req-f5e79fde-2a69-4fde-b157-d66e4e008dd1 None None] Starting request: 10.222.0.42 "GET /placement/resource_providers/f6360a71-e89e-4e48-8809-d297a746ef41/inventories" {{(pid=115430) __call__ /opt/stack/placement/placement/requestlog.py:55}}
Feb 03 12:25:19.235456 n-d-825914-3 devstack@placement-api.service[115430]: INFO placement.requestlog [req-60c1d787-ec9e-46e3-a89e-006ea6648c48 req-f5e79fde-2a69-4fde-b157-d66e4e008dd1 service placement] 10.222.0.42 "GET /placement/resource_providers/f6360a71-e89e-4e48-8809-d297a746ef41/inventories" status: 200 len: 399 microversion: 1.0
Feb 03 12:25:19.236207 n-d-825914-3 devstack@placement-api.service[115430]: [pid: 115430|app: 0|req: 538/1070] 10.222.0.42 () {58 vars in 1390 bytes} [Thu Feb 3 12:25:19 2022] GET /placement/resource_providers/f6360a71-e89e-4e48-8809-d297a746ef41/inventories => generated 399 bytes in 19 msecs (HTTP/1.1 200) 6 headers in 224 bytes (1 switches on core 0)
Feb 03 12:25:19.247051 n-d-825914-3 devstack@placement-api.service[115429]: DEBUG placement.requestlog [req-60c1d787-ec9e-46e3-a89e-006ea6648c48 req-5f265983-eb99-4293-8a85-851294677f35 None None] Starting request: 10.222.0.42 "GET /placement/resource_providers/f6360a71-e89e-4e48-8809-d297a746ef41/aggregates" {{(pid=115429) __call__ /opt/stack/placement/placement/requestlog.py:55}}
Feb 03 12:25:19.267666 n-d-825914-3 devstack@placement-api.service[115429]: INFO placement.requestlog [req-60c1d787-ec9e-46e3-a89e-006ea6648c48 req-5f265983-eb99-4293-8a85-851294677f35 service placement] 10.222.0.42 "GET /placement/resource_providers/f6360a71-e89e-4e48-8809-d297a746ef41/aggregates" status: 200 len: 55 microversion: 1.19
Feb 03 12:25:19.268490 n-d-825914-3 devstack@placement-api.service[115429]: [pid: 115429|app: 0|req: 533/1071] 10.222.0.42 () {60 vars in 1431 bytes} [Thu Feb 3 12:25:19 2022] GET /placement/resource_providers/f6360a71-e89e-4e48-8809-d297a746ef41/aggregates => generated 55 bytes in 22 msecs (HTTP/1.1 200) 8 headers in 295 bytes (1 switches on core 0)
Feb 03 12:25:19.285953 n-d-825914-3 devstack@placement-api.service[115430]: DEBUG placement.requestlog [req-60c1d787-ec9e-46e3-a89e-006ea6648c48 req-60f34ba3-eb75-4a46-82cb-65315f674eb8 None None] Starting request: 10.222.0.42 "GET /placement/resource_providers/f6360a71-e89e-4e48-8809-d297a746ef41/traits" {{(pid=115430) __call__ /opt/stack/placement/placement/requestlog.py:55}}
Feb 03 12:25:19.318435 n-d-825914-3 devstack@placement-api.service[115430]: INFO placement.requestlog [req-60c1d787-ec9e-46e3-a89e-006ea6648c48 req-60f34ba3-eb75-4a46-82cb-65315f674eb8 service placement] 10.222.0.42 "GET /placement/resource_providers/f6360a71-e89e-4e48-8809-d297a746ef41/traits" status: 200 len: 213 microversion: 1.6
Feb 03 12:25:19.318813 n-d-825914-3 devstack@placement-api.service[115430]: [pid: 115430|app: 0|req: 539/1072] 10.222.0.42 () {60 vars in 1418 bytes} [Thu Feb 3 12:25:19 2022] GET /placement/resource_providers/f6360a71-e89e-4e48-8809-d297a746ef41/traits => generated 213 bytes in 34 msecs (HTTP/1.1 200) 6 headers in 224 bytes (1 switches on core 0)
Feb 03 12:25:19.434170 n-d-825914-3 devstack@placement-api.service[115429]: DEBUG placement.requestlog [req-1dbecf93-148d-492a-ad0b-9c22f2ff6816 req-ecc076f8-619b-4196-946f-70f4c0d638ab None None] Starting request: 10.222.0.43 "DELETE /placement/allocations/fd062555-87f2-4245-b9df-e24f2f639991" {{(pid=115429) __call__ /opt/stack/placement/placement/requestlog.py:55}}
Feb 03 12:25:19.468122 n-d-825914-3 devstack@placement-api.service[115429]: DEBUG placement.handlers.allocation [req-1dbecf93-148d-492a-ad0b-9c22f2ff6816 req-ecc076f8-619b-4196-946f-70f4c0d638ab service placement] Successfully deleted allocations [, , ] {{(pid=115429) delete_allocations /opt/stack/placement/placement/handlers/allocation.py:627}}
Feb 03 12:25:19.471813 n-d-825914-3 devstack@placement-api.service[115429]: INFO placement.requestlog [req-1dbecf93-148d-492a-ad0b-9c22f2ff6816 req-ecc076f8-619b-4196-946f-70f4c0d638ab service placement] 10.222.0.43 "DELETE /placement/allocations/fd062555-87f2-4245-b9df-e24f2f639991" status: 204 len: 0 microversion: 1.0
Feb 03 12:25:19.472688 n-d-825914-3 devstack@placement-api.service[115429]: [pid: 115429|app: 0|req: 534/1073] 10.222.0.43 () {60 vars in 1355 bytes} [Thu Feb 3 12:25:19 2022] DELETE /placement/allocations/fd062555-87f2-4245-b9df-e24f2f639991 => generated 0 bytes in 39 msecs (HTTP/1.1 204) 5 headers in 198 bytes (2 switches on core 0)
Feb 03 12:25:21.013972 n-d-825914-3 devstack@placement-api.service[115430]: DEBUG placement.requestlog [req-2b16beb6-9fa0-4cf3-8050-d40892a1de6f req-1663eef8-3341-4aad-8b30-21d960374120 None None] Starting request: 10.222.0.43 "GET /placement/resource_providers/14623e09-1045-4aae-a3ca-4d0223c82331/allocations" {{(pid=115430) __call__ /opt/stack/placement/placement/requestlog.py:55}}
Feb 03 12:25:21.046032 n-d-825914-3 devstack@placement-api.service[115430]: INFO placement.requestlog [req-2b16beb6-9fa0-4cf3-8050-d40892a1de6f req-1663eef8-3341-4aad-8b30-21d960374120 service placement] 10.222.0.43 "GET /placement/resource_providers/14623e09-1045-4aae-a3ca-4d0223c82331/allocations" status: 200 len: 154 microversion: 1.0
Feb 03 12:25:21.046720 n-d-825914-3 devstack@placement-api.service[115430]: [pid: 115430|app: 0|req: 540/1074] 10.222.0.43 () {58 vars in 1390 bytes} [Thu Feb 3 12:25:21 2022] GET /placement/resource_providers/14623e09-1045-4aae-a3ca-4d0223c82331/allocations => generated 154 bytes in 33 msecs (HTTP/1.1 200) 6 headers in 224 bytes (1 switches on core 0)
Feb 03 12:26:05.586219 n-d-825914-3 devstack@placement-api.service[115429]: DEBUG placement.requestlog [req-9d0a15d1-05ad-4bcc-9224-b000bebcbd5e req-1e70f1ce-a9a8-4356-be9c-63cc01601dbb None None] Starting request: 10.222.0.42 "DELETE /placement/allocations/a1ca0132-67ad-43af-93d2-c0f3044e47e7" {{(pid=115429) __call__ /opt/stack/placement/placement/requestlog.py:55}}
Feb 03 12:26:05.641832 n-d-825914-3 devstack@placement-api.service[115429]: DEBUG placement.handlers.allocation [req-9d0a15d1-05ad-4bcc-9224-b000bebcbd5e req-1e70f1ce-a9a8-4356-be9c-63cc01601dbb service placement] Successfully deleted allocations [, , ] {{(pid=115429) delete_allocations /opt/stack/placement/placement/handlers/allocation.py:627}}
Feb 03 12:26:05.642808 n-d-825914-3 devstack@placement-api.service[115429]: INFO placement.requestlog [req-9d0a15d1-05ad-4bcc-9224-b000bebcbd5e req-1e70f1ce-a9a8-4356-be9c-63cc01601dbb service placement] 10.222.0.42 "DELETE /placement/allocations/a1ca0132-67ad-43af-93d2-c0f3044e47e7" status: 204 len: 0 microversion: 1.0
