Feb 03 11:49:51.787944 n-d-825914-3 devstack@placement-api.service[115429]: DEBUG placement.requestlog [None req-e7bd0d63-8973-4202-9259-e10b1eabf5f8 None None] Starting request: 10.222.0.26 "GET /placement/" {{(pid=115429) __call__ /opt/stack/placement/placement/requestlog.py:55}}
Feb 03 11:49:51.788928 n-d-825914-3 devstack@placement-api.service[115429]: INFO placement.requestlog [None req-e7bd0d63-8973-4202-9259-e10b1eabf5f8 None None] 10.222.0.26 "GET /placement/" status: 200 len: 136 microversion: 1.0
Feb 03 11:49:51.789247 n-d-825914-3 devstack@placement-api.service[115429]: [pid: 115429|app: 0|req: 125/254] 10.222.0.26 () {54 vars in 916 bytes} [Thu Feb 3 11:49:51 2022] GET /placement => generated 136 bytes in 2 msecs (HTTP/1.1 200) 6 headers in 224 bytes (1 switches on core 0)
Feb 03 11:49:51.798525 n-d-825914-3 devstack@placement-api.service[115430]: DEBUG placement.requestlog [req-4dca4e7f-5971-4f09-b318-b987e39cd6e9 req-2d7bb906-b16a-482b-b573-cc5a9ee234e3 None None] Starting request: 10.222.0.26 "GET /placement/allocations/8d46e8d2-4378-49e7-9017-3cfe3d1d4222" {{(pid=115430) __call__ /opt/stack/placement/placement/requestlog.py:55}}
Feb 03 11:49:51.918428 n-d-825914-3 devstack@placement-api.service[115430]: INFO placement.requestlog [req-4dca4e7f-5971-4f09-b318-b987e39cd6e9 req-2d7bb906-b16a-482b-b573-cc5a9ee234e3 service placement] 10.222.0.26 "GET /placement/allocations/8d46e8d2-4378-49e7-9017-3cfe3d1d4222" status: 200 len: 259 microversion: 1.28
Feb 03 11:49:51.921960 n-d-825914-3 devstack@placement-api.service[115430]: [pid: 115430|app: 0|req: 130/255] 10.222.0.26 () {60 vars in 1380 bytes} [Thu Feb 3 11:49:51 2022] GET /placement/allocations/8d46e8d2-4378-49e7-9017-3cfe3d1d4222 => generated 259 bytes in 123 msecs (HTTP/1.1 200) 8 headers in 296 bytes (1 switches on core 0)
Feb 03 11:49:51.925059 n-d-825914-3 devstack@placement-api.service[115429]: DEBUG placement.requestlog [req-4dca4e7f-5971-4f09-b318-b987e39cd6e9 req-6abbac7c-0a6d-464d-a75e-379f6e488587 None None] Starting request: 10.222.0.26 "GET /placement/allocations/8d46e8d2-4378-49e7-9017-3cfe3d1d4222" {{(pid=115429) __call__ /opt/stack/placement/placement/requestlog.py:55}}
Feb 03 11:49:51.955298 n-d-825914-3 devstack@placement-api.service[115429]: INFO placement.requestlog [req-4dca4e7f-5971-4f09-b318-b987e39cd6e9 req-6abbac7c-0a6d-464d-a75e-379f6e488587 service placement] 10.222.0.26 "GET /placement/allocations/8d46e8d2-4378-49e7-9017-3cfe3d1d4222" status: 200 len: 259 microversion: 1.28
Feb 03 11:49:51.956347 n-d-825914-3 devstack@placement-api.service[115429]: [pid: 115429|app: 0|req: 126/256] 10.222.0.26 () {60 vars in 1380 bytes} [Thu Feb 3 11:49:51 2022] GET /placement/allocations/8d46e8d2-4378-49e7-9017-3cfe3d1d4222 => generated 259 bytes in 31 msecs (HTTP/1.1 200) 8 headers in 296 bytes (1 switches on core 0)
Feb 03 11:49:51.965903 n-d-825914-3 devstack@placement-api.service[115430]: DEBUG placement.requestlog [req-4dca4e7f-5971-4f09-b318-b987e39cd6e9 req-b0a6b941-cc70-4382-8e3d-0373470ca818 None None] Starting request: 10.222.0.26 "GET /placement/allocations/aa354225-11b9-487a-915a-f8b07a5fcf1c" {{(pid=115430) __call__ /opt/stack/placement/placement/requestlog.py:55}}
Feb 03 11:49:51.990207 n-d-825914-3 devstack@placement-api.service[115430]: INFO placement.requestlog [req-4dca4e7f-5971-4f09-b318-b987e39cd6e9 req-b0a6b941-cc70-4382-8e3d-0373470ca818 service placement] 10.222.0.26 "GET /placement/allocations/aa354225-11b9-487a-915a-f8b07a5fcf1c" status: 200 len: 19 microversion: 1.28
Feb 03 11:49:51.994044 n-d-825914-3 devstack@placement-api.service[115430]: [pid: 115430|app: 0|req: 131/257] 10.222.0.26 () {60 vars in 1380 bytes} [Thu Feb 3 11:49:51 2022] GET /placement/allocations/aa354225-11b9-487a-915a-f8b07a5fcf1c => generated 19 bytes in 28 msecs (HTTP/1.1 200) 8 headers in 295 bytes (1 switches on core 0)
Feb 03 11:49:51.997487 n-d-825914-3 devstack@placement-api.service[115429]: DEBUG placement.requestlog [req-4dca4e7f-5971-4f09-b318-b987e39cd6e9 req-dd07ea39-fa70-47da-9db2-c02e0c9f5dd4 None None] Starting request: 10.222.0.26 "POST /placement/allocations" {{(pid=115429) __call__ /opt/stack/placement/placement/requestlog.py:55}}
Feb 03 11:49:52.219516 n-d-825914-3 devstack@placement-api.service[115429]: DEBUG placement.handlers.allocation [req-4dca4e7f-5971-4f09-b318-b987e39cd6e9 req-dd07ea39-fa70-47da-9db2-c02e0c9f5dd4 service placement] Successfully wrote allocations [, , , , , ] {{(pid=115429) _update_consumers_and_create_allocations /opt/stack/placement/placement/handlers/allocation.py:572}}
Feb 03 11:49:52.226361 n-d-825914-3 devstack@placement-api.service[115429]: INFO placement.requestlog [req-4dca4e7f-5971-4f09-b318-b987e39cd6e9 req-dd07ea39-fa70-47da-9db2-c02e0c9f5dd4 service placement] 10.222.0.26 "POST /placement/allocations" status: 204 len: 0 microversion: 1.28
Feb 03 11:49:52.228216 n-d-825914-3 devstack@placement-api.service[115429]: [pid: 115429|app: 0|req: 127/258] 10.222.0.26 () {64 vars in 1323 bytes} [Thu Feb 3 11:49:51 2022] POST /placement/allocations => generated 0 bytes in 230 msecs (HTTP/1.1 204) 5 headers in 199 bytes (1 switches on core 0)
Feb 03 11:49:52.254712 n-d-825914-3 devstack@placement-api.service[115430]: DEBUG placement.requestlog [req-4dca4e7f-5971-4f09-b318-b987e39cd6e9 req-784ce8c6-720f-4598-a5d7-f925d9bc2937 None None] Starting request: 10.222.0.26 "GET /placement/allocation_candidates?limit=1000&resources=DISK_GB%3A1%2CMEMORY_MB%3A512%2CVCPU%3A1&root_required=%21COMPUTE_STATUS_DISABLED" {{(pid=115430) __call__ /opt/stack/placement/placement/requestlog.py:55}}
Feb 03 11:49:52.345876 n-d-825914-3 devstack@placement-api.service[115430]: DEBUG placement.objects.research_context [req-4dca4e7f-5971-4f09-b318-b987e39cd6e9 req-784ce8c6-720f-4598-a5d7-f925d9bc2937 service placement] getting providers with 1 DISK_GB {{(pid=115430) __init__ /opt/stack/placement/placement/objects/research_context.py:126}}
Feb 03 11:49:52.370274 n-d-825914-3 devstack@placement-api.service[115430]: DEBUG placement.objects.research_context [req-4dca4e7f-5971-4f09-b318-b987e39cd6e9 req-784ce8c6-720f-4598-a5d7-f925d9bc2937 service placement] getting providers with 512 MEMORY_MB {{(pid=115430) __init__ /opt/stack/placement/placement/objects/research_context.py:126}}
Feb 03 11:49:52.393864 n-d-825914-3 devstack@placement-api.service[115430]: DEBUG placement.objects.research_context [req-4dca4e7f-5971-4f09-b318-b987e39cd6e9 req-784ce8c6-720f-4598-a5d7-f925d9bc2937 service placement] getting providers with 1 VCPU {{(pid=115430) __init__ /opt/stack/placement/placement/objects/research_context.py:126}}
Feb 03 11:49:52.415239 n-d-825914-3 devstack@placement-api.service[115430]: DEBUG placement.objects.research_context [req-4dca4e7f-5971-4f09-b318-b987e39cd6e9 req-784ce8c6-720f-4598-a5d7-f925d9bc2937 service placement] found 2 providers with available 1 DISK_GB {{(pid=115430) get_provider_ids_matching /opt/stack/placement/placement/objects/research_context.py:549}}
Feb 03 11:49:52.419688 n-d-825914-3 devstack@placement-api.service[115430]: DEBUG placement.objects.research_context [req-4dca4e7f-5971-4f09-b318-b987e39cd6e9 req-784ce8c6-720f-4598-a5d7-f925d9bc2937 service placement] found 2 providers with available 512 MEMORY_MB {{(pid=115430) get_provider_ids_matching /opt/stack/placement/placement/objects/research_context.py:549}}
Feb 03 11:49:52.420646 n-d-825914-3 devstack@placement-api.service[115430]: DEBUG placement.objects.research_context [req-4dca4e7f-5971-4f09-b318-b987e39cd6e9 req-784ce8c6-720f-4598-a5d7-f925d9bc2937 service placement] found 2 providers after filtering by previous result {{(pid=115430) get_provider_ids_matching /opt/stack/placement/placement/objects/research_context.py:580}}
Feb 03 11:49:52.421485 n-d-825914-3 devstack@placement-api.service[115430]: DEBUG placement.objects.research_context [req-4dca4e7f-5971-4f09-b318-b987e39cd6e9 req-784ce8c6-720f-4598-a5d7-f925d9bc2937 service placement] found 2 providers with available 1 VCPU {{(pid=115430) get_provider_ids_matching /opt/stack/placement/placement/objects/research_context.py:549}}
Feb 03 11:49:52.423985 n-d-825914-3 devstack@placement-api.service[115430]: DEBUG placement.objects.research_context [req-4dca4e7f-5971-4f09-b318-b987e39cd6e9 req-784ce8c6-720f-4598-a5d7-f925d9bc2937 service placement] found 2 providers after filtering by previous result {{(pid=115430) get_provider_ids_matching /opt/stack/placement/placement/objects/research_context.py:580}}
Feb 03 11:49:52.475290 n-d-825914-3 devstack@placement-api.service[115430]: DEBUG placement.objects.allocation_candidate [req-4dca4e7f-5971-4f09-b318-b987e39cd6e9 req-784ce8c6-720f-4598-a5d7-f925d9bc2937 service placement] RequestGroup(use_same_provider=False, resources={DISK_GB:1, MEMORY_MB:512, VCPU:1}, traits=[], aggregates=[]) (suffix '') returned 2 matches {{(pid=115430) _get_by_requests /opt/stack/placement/placement/objects/allocation_candidate.py:145}}
Feb 03 11:49:52.479782 n-d-825914-3 devstack@placement-api.service[115430]: DEBUG placement.objects.allocation_candidate [req-4dca4e7f-5971-4f09-b318-b987e39cd6e9 req-784ce8c6-720f-4598-a5d7-f925d9bc2937 service placement] Merging candidates yields 2 allocation requests and 2 provider summaries {{(pid=115430) _merge_candidates /opt/stack/placement/placement/objects/allocation_candidate.py:783}}
Feb 03 11:49:52.483783 n-d-825914-3 devstack@placement-api.service[115430]: INFO placement.requestlog [req-4dca4e7f-5971-4f09-b318-b987e39cd6e9 req-784ce8c6-720f-4598-a5d7-f925d9bc2937 service placement] 10.222.0.26 "GET /placement/allocation_candidates?limit=1000&resources=DISK_GB%3A1%2CMEMORY_MB%3A512%2CVCPU%3A1&root_required=%21COMPUTE_STATUS_DISABLED" status: 200 len: 1307 microversion: 1.36
Feb 03 11:49:52.484171 n-d-825914-3 devstack@placement-api.service[115430]: [pid: 115430|app: 0|req: 132/259] 10.222.0.26 () {60 vars in 1504 bytes} [Thu Feb 3 11:49:52 2022] GET /placement/allocation_candidates?limit=1000&resources=DISK_GB%3A1%2CMEMORY_MB%3A512%2CVCPU%3A1&root_required=%21COMPUTE_STATUS_DISABLED => generated 1307 bytes in 230 msecs (HTTP/1.1 200) 8 headers in 297 bytes (1 switches on core 0)
Feb 03 11:49:52.586359 n-d-825914-3 devstack@placement-api.service[115429]: DEBUG placement.requestlog [req-4dca4e7f-5971-4f09-b318-b987e39cd6e9 req-fdc3da53-673e-4970-8e53-0c792a7412d4 None None] Starting request: 10.222.0.26 "GET /placement/allocations/8d46e8d2-4378-49e7-9017-3cfe3d1d4222" {{(pid=115429) __call__ /opt/stack/placement/placement/requestlog.py:55}}
Feb 03 11:49:52.602794 n-d-825914-3 devstack@placement-api.service[115429]: INFO placement.requestlog [req-4dca4e7f-5971-4f09-b318-b987e39cd6e9 req-fdc3da53-673e-4970-8e53-0c792a7412d4 service placement] 10.222.0.26 "GET /placement/allocations/8d46e8d2-4378-49e7-9017-3cfe3d1d4222" status: 200 len: 19 microversion: 1.28
Feb 03 11:49:52.608099 n-d-825914-3 devstack@placement-api.service[115429]: [pid: 115429|app: 0|req: 128/260] 10.222.0.26 () {60 vars in 1380 bytes} [Thu Feb 3 11:49:52 2022] GET /placement/allocations/8d46e8d2-4378-49e7-9017-3cfe3d1d4222 => generated 19 bytes in 22 msecs (HTTP/1.1 200) 8 headers in 295 bytes (1 switches on core 0)
Feb 03 11:49:52.613248 n-d-825914-3 devstack@placement-api.service[115430]: DEBUG placement.requestlog [req-4dca4e7f-5971-4f09-b318-b987e39cd6e9 req-0fe9e0a9-dcaa-4e39-90ca-7bb80d670e85 None None] Starting request: 10.222.0.26 "PUT /placement/allocations/8d46e8d2-4378-49e7-9017-3cfe3d1d4222" {{(pid=115430) __call__ /opt/stack/placement/placement/requestlog.py:55}}
Feb 03 11:49:52.721867 n-d-825914-3 devstack@placement-api.service[115430]: DEBUG placement.handlers.allocation [req-4dca4e7f-5971-4f09-b318-b987e39cd6e9 req-0fe9e0a9-dcaa-4e39-90ca-7bb80d670e85 service placement] Successfully wrote allocations [, , ] {{(pid=115430) _update_consumers_and_create_allocations /opt/stack/placement/placement/handlers/allocation.py:462}}
Feb 03 11:49:52.732152 n-d-825914-3 devstack@placement-api.service[115430]: INFO placement.requestlog [req-4dca4e7f-5971-4f09-b318-b987e39cd6e9 req-0fe9e0a9-dcaa-4e39-90ca-7bb80d670e85 service placement] 10.222.0.26 "PUT /placement/allocations/8d46e8d2-4378-49e7-9017-3cfe3d1d4222" status: 204 len: 0 microversion: 1.36
Feb 03 11:49:52.739206 n-d-825914-3 devstack@placement-api.service[115430]: [pid: 115430|app: 0|req: 133/261] 10.222.0.26 () {64 vars in 1433 bytes} [Thu Feb 3 11:49:52 2022] PUT /placement/allocations/8d46e8d2-4378-49e7-9017-3cfe3d1d4222 => generated 0 bytes in 120 msecs (HTTP/1.1 204) 5 headers in 199 bytes (2 switches on core 0)
Feb 03 11:49:53.090797 n-d-825914-3 devstack@placement-api.service[115429]: DEBUG placement.requestlog [req-4dca4e7f-5971-4f09-b318-b987e39cd6e9 req-1abc9d37-5be5-4457-b4f0-b645b0493615 None None] Starting request: 10.222.0.43 "GET /placement/allocations/8d46e8d2-4378-49e7-9017-3cfe3d1d4222" {{(pid=115429) __call__ /opt/stack/placement/placement/requestlog.py:55}}
Feb 03 11:49:53.100466 n-d-825914-3 devstack@placement-api.service[115430]: DEBUG placement.requestlog [req-8e356216-2338-4743-96b8-d6e63d48778e req-cb3a5bb6-3042-4e39-bbc0-03b882ce4891 None None] Starting request: 10.222.0.42 "DELETE /placement/allocations/e55e73f6-f5cf-4bdf-aa22-62c5221bd110" {{(pid=115430) __call__ /opt/stack/placement/placement/requestlog.py:55}}
Feb 03 11:49:53.164652 n-d-825914-3 devstack@placement-api.service[115429]: INFO placement.requestlog [req-4dca4e7f-5971-4f09-b318-b987e39cd6e9 req-1abc9d37-5be5-4457-b4f0-b645b0493615 service placement] 10.222.0.43 "GET /placement/allocations/8d46e8d2-4378-49e7-9017-3cfe3d1d4222" status: 200 len: 258 microversion: 1.28
Feb 03 11:49:53.165828 n-d-825914-3 devstack@placement-api.service[115429]: [pid: 115429|app: 0|req: 129/262] 10.222.0.43 () {60 vars in 1377 bytes} [Thu Feb 3 11:49:53 2022] GET /placement/allocations/8d46e8d2-4378-49e7-9017-3cfe3d1d4222 => generated 258 bytes in 75 msecs (HTTP/1.1 200) 8 headers in 296 bytes (1 switches on core 0)
Feb 03 11:49:53.194243 n-d-825914-3 devstack@placement-api.service[115430]: DEBUG placement.handlers.allocation [req-8e356216-2338-4743-96b8-d6e63d48778e req-cb3a5bb6-3042-4e39-bbc0-03b882ce4891 service placement] Successfully deleted allocations [, , ] {{(pid=115430) delete_allocations /opt/stack/placement/placement/handlers/allocation.py:627}}
Feb 03 11:49:53.195093 n-d-825914-3 devstack@placement-api.service[115430]: INFO placement.requestlog [req-8e356216-2338-4743-96b8-d6e63d48778e req-cb3a5bb6-3042-4e39-bbc0-03b882ce4891 service placement] 10.222.0.42 "DELETE /placement/allocations/e55e73f6-f5cf-4bdf-aa22-62c5221bd110" status: 204 len: 0 microversion: 1.0
Feb 03 11:49:53.196117 n-d-825914-3 devstack@placement-api.service[115430]: [pid: 115430|app: 0|req: 134/263] 10.222.0.42 () {60 vars in 1355 bytes} [Thu Feb 3 11:49:53 2022] DELETE /placement/allocations/e55e73f6-f5cf-4bdf-aa22-62c5221bd110 => generated 0 bytes in 96 msecs (HTTP/1.1 204) 5 headers in 198 bytes (2 switches on core 0)
Feb 03 11:49:56.654936 n-d-825914-3 devstack@placement-api.service[115429]: DEBUG placement.requestlog [req-4c41fe8c-420b-4314-aded-7f5406f41741 req-23703f0e-3ab4-41ab-b32c-33df2c21233c None None] Starting request: 10.222.0.43 "GET /placement/allocations/62100cad-c6d3-4e7c-b001-f6df0e0d49d2" {{(pid=115429) __call__ /opt/stack/placement/placement/requestlog.py:55}}
Feb 03 11:49:56.696169 n-d-825914-3 devstack@placement-api.service[115429]: INFO placement.requestlog [req-4c41fe8c-420b-4314-aded-7f5406f41741 req-23703f0e-3ab4-41ab-b32c-33df2c21233c service placement] 10.222.0.43 "GET /placement/allocations/62100cad-c6d3-4e7c-b001-f6df0e0d49d2" status: 200 len: 259 microversion: 1.28
Feb 03 11:49:56.697216 n-d-825914-3 devstack@placement-api.service[115429]: [pid: 115429|app: 0|req: 130/264] 10.222.0.43 () {60 vars in 1377 bytes} [Thu Feb 3 11:49:56 2022] GET /placement/allocations/62100cad-c6d3-4e7c-b001-f6df0e0d49d2 => generated 259 bytes in 43 msecs (HTTP/1.1 200) 8 headers in 296 bytes (1 switches on core 0)
Feb 03 11:50:04.984936 n-d-825914-3 devstack@placement-api.service[115430]: DEBUG placement.requestlog [req-95c88fdf-723f-48ac-9b8d-aec7f45823a1 req-479e9ff0-547c-41ed-a565-ef75bf62462a None None] Starting request: 10.222.0.42 "DELETE /placement/allocations/7df8bbe4-52c0-4c7a-b626-6c296b96b397" {{(pid=115430) __call__ /opt/stack/placement/placement/requestlog.py:55}}
Feb 03 11:50:05.031885 n-d-825914-3 devstack@placement-api.service[115430]: DEBUG placement.handlers.allocation [req-95c88fdf-723f-48ac-9b8d-aec7f45823a1 req-479e9ff0-547c-41ed-a565-ef75bf62462a service placement] Successfully deleted allocations [, , ] {{(pid=115430) delete_allocations /opt/stack/placement/placement/handlers/allocation.py:627}}
Feb 03 11:50:05.032730 n-d-825914-3 devstack@placement-api.service[115430]: INFO placement.requestlog [req-95c88fdf-723f-48ac-9b8d-aec7f45823a1 req-479e9ff0-547c-41ed-a565-ef75bf62462a service placement] 10.222.0.42 "DELETE /placement/allocations/7df8bbe4-52c0-4c7a-b626-6c296b96b397" status: 204 len: 0 microversion: 1.0
Feb 03 11:50:05.033139 n-d-825914-3 devstack@placement-api.service[115430]: [pid: 115430|app: 0|req: 135/265] 10.222.0.42 () {60 vars in 1355 bytes} [Thu Feb 3 11:50:04 2022] DELETE /placement/allocations/7df8bbe4-52c0-4c7a-b626-6c296b96b397 => generated 0 bytes in 49 msecs (HTTP/1.1 204) 5 headers in 198 bytes (1 switches on core 0)
Feb 03 11:50:09.819232 n-d-825914-3 devstack@placement-api.service[115429]: DEBUG placement.requestlog [req-5518c50f-3d81-43be-8561-8f7246bbf377 req-ff982d28-b3c8-4ace-85af-49da6d6228c8 None None] Starting request: 10.222.0.26 "GET /placement/allocation_candidates?limit=1000&resources=DISK_GB%3A1%2CMEMORY_MB%3A1024%2CVCPU%3A1&root_required=%21COMPUTE_STATUS_DISABLED" {{(pid=115429) __call__ /opt/stack/placement/placement/requestlog.py:55}}
Feb 03 11:50:09.852659 n-d-825914-3 devstack@placement-api.service[115429]: DEBUG placement.objects.research_context [req-5518c50f-3d81-43be-8561-8f7246bbf377 req-ff982d28-b3c8-4ace-85af-49da6d6228c8 service placement] getting providers with 1 DISK_GB {{(pid=115429) __init__ /opt/stack/placement/placement/objects/research_context.py:126}}
Feb 03 11:50:09.858998 n-d-825914-3 devstack@placement-api.service[115429]: DEBUG placement.objects.research_context [req-5518c50f-3d81-43be-8561-8f7246bbf377 req-ff982d28-b3c8-4ace-85af-49da6d6228c8 service placement] getting providers with 1024 MEMORY_MB {{(pid=115429) __init__ /opt/stack/placement/placement/objects/research_context.py:126}}
Feb 03 11:50:09.865804 n-d-825914-3 devstack@placement-api.service[115429]: DEBUG placement.objects.research_context [req-5518c50f-3d81-43be-8561-8f7246bbf377 req-ff982d28-b3c8-4ace-85af-49da6d6228c8 service placement] getting providers with 1 VCPU {{(pid=115429) __init__ /opt/stack/placement/placement/objects/research_context.py:126}}
Feb 03 11:50:09.871346 n-d-825914-3 devstack@placement-api.service[115429]: DEBUG placement.objects.research_context [req-5518c50f-3d81-43be-8561-8f7246bbf377 req-ff982d28-b3c8-4ace-85af-49da6d6228c8 service placement] found 2 providers with available 1 DISK_GB {{(pid=115429) get_provider_ids_matching /opt/stack/placement/placement/objects/research_context.py:549}}
Feb 03 11:50:09.871627 n-d-825914-3 devstack@placement-api.service[115429]: DEBUG placement.objects.research_context [req-5518c50f-3d81-43be-8561-8f7246bbf377 req-ff982d28-b3c8-4ace-85af-49da6d6228c8 service placement] found 2 providers with available 1024 MEMORY_MB {{(pid=115429) get_provider_ids_matching /opt/stack/placement/placement/objects/research_context.py:549}}
Feb 03 11:50:09.871895 n-d-825914-3 devstack@placement-api.service[115429]: DEBUG placement.objects.research_context [req-5518c50f-3d81-43be-8561-8f7246bbf377 req-ff982d28-b3c8-4ace-85af-49da6d6228c8 service placement] found 2 providers after filtering by previous result {{(pid=115429) get_provider_ids_matching /opt/stack/placement/placement/objects/research_context.py:580}}
Feb 03 11:50:09.872147 n-d-825914-3 devstack@placement-api.service[115429]: DEBUG placement.objects.research_context [req-5518c50f-3d81-43be-8561-8f7246bbf377 req-ff982d28-b3c8-4ace-85af-49da6d6228c8 service placement] found 2 providers with available 1 VCPU {{(pid=115429) get_provider_ids_matching /opt/stack/placement/placement/objects/research_context.py:549}}
Feb 03 11:50:09.872425 n-d-825914-3 devstack@placement-api.service[115429]: DEBUG placement.objects.research_context [req-5518c50f-3d81-43be-8561-8f7246bbf377 req-ff982d28-b3c8-4ace-85af-49da6d6228c8 service placement] found 2 providers after filtering by previous result {{(pid=115429) get_provider_ids_matching /opt/stack/placement/placement/objects/research_context.py:580}}
Feb 03 11:50:09.882969 n-d-825914-3 devstack@placement-api.service[115429]: DEBUG placement.objects.allocation_candidate [req-5518c50f-3d81-43be-8561-8f7246bbf377 req-ff982d28-b3c8-4ace-85af-49da6d6228c8 service placement] RequestGroup(use_same_provider=False, resources={DISK_GB:1, MEMORY_MB:1024, VCPU:1}, traits=[], aggregates=[]) (suffix '') returned 2 matches {{(pid=115429) _get_by_requests /opt/stack/placement/placement/objects/allocation_candidate.py:145}}
Feb 03 11:50:09.883472 n-d-825914-3 devstack@placement-api.service[115429]: DEBUG placement.objects.allocation_candidate [req-5518c50f-3d81-43be-8561-8f7246bbf377 req-ff982d28-b3c8-4ace-85af-49da6d6228c8 service placement] Merging candidates yields 2 allocation requests and 2 provider summaries {{(pid=115429) _merge_candidates /opt/stack/placement/placement/objects/allocation_candidate.py:783}}
Feb 03 11:50:09.885072 n-d-825914-3 devstack@placement-api.service[115429]: INFO placement.requestlog [req-5518c50f-3d81-43be-8561-8f7246bbf377 req-ff982d28-b3c8-4ace-85af-49da6d6228c8 service placement] 10.222.0.26 "GET /placement/allocation_candidates?limit=1000&resources=DISK_GB%3A1%2CMEMORY_MB%3A1024%2CVCPU%3A1&root_required=%21COMPUTE_STATUS_DISABLED" status: 200 len: 1311 microversion: 1.36
Feb 03 11:50:09.885969 n-d-825914-3 devstack@placement-api.service[115429]: [pid: 115429|app: 0|req: 131/266] 10.222.0.26 () {60 vars in 1506 bytes} [Thu Feb 3 11:50:09 2022] GET /placement/allocation_candidates?limit=1000&resources=DISK_GB%3A1%2CMEMORY_MB%3A1024%2CVCPU%3A1&root_required=%21COMPUTE_STATUS_DISABLED => generated 1311 bytes in 67 msecs (HTTP/1.1 200) 8 headers in 297 bytes (1 switches on core 0)
Feb 03 11:50:09.954832 n-d-825914-3 devstack@placement-api.service[115430]: DEBUG placement.requestlog [req-5518c50f-3d81-43be-8561-8f7246bbf377 req-159ddc5b-9137-473e-b71d-c68003d22b85 None None] Starting request: 10.222.0.26 "GET /placement/allocations/74c72088-bf36-480a-8928-ffae09b3fe09" {{(pid=115430) __call__ /opt/stack/placement/placement/requestlog.py:55}}
Feb 03 11:50:09.970442 n-d-825914-3 devstack@placement-api.service[115430]: INFO placement.requestlog [req-5518c50f-3d81-43be-8561-8f7246bbf377 req-159ddc5b-9137-473e-b71d-c68003d22b85 service placement] 10.222.0.26 "GET /placement/allocations/74c72088-bf36-480a-8928-ffae09b3fe09" status: 200 len: 19 microversion: 1.28
Feb 03 11:50:09.970964 n-d-825914-3 devstack@placement-api.service[115430]: [pid: 115430|app: 0|req: 136/267] 10.222.0.26 () {60 vars in 1380 bytes} [Thu Feb 3 11:50:09 2022] GET /placement/allocations/74c72088-bf36-480a-8928-ffae09b3fe09 => generated 19 bytes in 17 msecs (HTTP/1.1 200) 8 headers in 295 bytes (1 switches on core 0)
Feb 03 11:50:09.980179 n-d-825914-3 devstack@placement-api.service[115429]: DEBUG placement.requestlog [req-5518c50f-3d81-43be-8561-8f7246bbf377 req-25426e62-a77b-43f8-ba7e-5a884c72a44e None None] Starting request: 10.222.0.26 "PUT /placement/allocations/74c72088-bf36-480a-8928-ffae09b3fe09" {{(pid=115429) __call__ /opt/stack/placement/placement/requestlog.py:55}}
Feb 03 11:50:10.046170 n-d-825914-3 devstack@placement-api.service[115429]: DEBUG placement.handlers.allocation [req-5518c50f-3d81-43be-8561-8f7246bbf377 req-25426e62-a77b-43f8-ba7e-5a884c72a44e service placement] Successfully wrote allocations [, , ] {{(pid=115429) _update_consumers_and_create_allocations /opt/stack/placement/placement/handlers/allocation.py:462}}
Feb 03 11:50:10.056100 n-d-825914-3 devstack@placement-api.service[115429]: INFO placement.requestlog [req-5518c50f-3d81-43be-8561-8f7246bbf377 req-25426e62-a77b-43f8-ba7e-5a884c72a44e service placement] 10.222.0.26 "PUT /placement/allocations/74c72088-bf36-480a-8928-ffae09b3fe09" status: 204 len: 0 microversion: 1.36
Feb 03 11:50:10.056741 n-d-825914-3 devstack@placement-api.service[115429]: [pid: 115429|app: 0|req: 132/268] 10.222.0.26 () {64 vars in 1433 bytes} [Thu Feb 3 11:50:09 2022] PUT /placement/allocations/74c72088-bf36-480a-8928-ffae09b3fe09 => generated 0 bytes in 77 msecs (HTTP/1.1 204) 5 headers in 199 bytes (1 switches on core 0)
Feb 03 11:50:10.383888 n-d-825914-3 devstack@placement-api.service[115430]: DEBUG placement.requestlog [req-5518c50f-3d81-43be-8561-8f7246bbf377 req-7b18186f-67f5-4b03-829f-b4f21a40b6f0 None None] Starting request: 10.222.0.43 "GET /placement/allocations/74c72088-bf36-480a-8928-ffae09b3fe09" {{(pid=115430) __call__ /opt/stack/placement/placement/requestlog.py:55}}
Feb 03 11:50:10.400230 n-d-825914-3 devstack@placement-api.service[115430]: INFO placement.requestlog [req-5518c50f-3d81-43be-8561-8f7246bbf377 req-7b18186f-67f5-4b03-829f-b4f21a40b6f0 service placement] 10.222.0.43 "GET /placement/allocations/74c72088-bf36-480a-8928-ffae09b3fe09" status: 200 len: 259 microversion: 1.28
Feb 03 11:50:10.400595 n-d-825914-3 devstack@placement-api.service[115430]: [pid: 115430|app: 0|req: 137/269] 10.222.0.43 () {60 vars in 1377 bytes} [Thu Feb 3 11:50:10 2022] GET /placement/allocations/74c72088-bf36-480a-8928-ffae09b3fe09 => generated 259 bytes in 17 msecs (HTTP/1.1 200) 8 headers in 296 bytes (1 switches on core 0)
Feb 03 11:50:11.080838 n-d-825914-3 devstack@placement-api.service[115429]: DEBUG placement.requestlog [req-c637ae97-0158-4c74-a523-1e39e2fd02b1 req-fcaa0e7c-4db9-4b7f-9697-b1d0ea6168fa None None] Starting request: 10.222.0.26 "GET /placement/allocation_candidates?limit=1000&resources=DISK_GB%3A1%2CMEMORY_MB%3A1024%2CVCPU%3A1&root_required=%21COMPUTE_STATUS_DISABLED" {{(pid=115429) __call__ /opt/stack/placement/placement/requestlog.py:55}}
Feb 03 11:50:11.111385 n-d-825914-3 devstack@placement-api.service[115429]: DEBUG placement.objects.research_context [req-c637ae97-0158-4c74-a523-1e39e2fd02b1 req-fcaa0e7c-4db9-4b7f-9697-b1d0ea6168fa service placement] getting providers with 1 DISK_GB {{(pid=115429) __init__ /opt/stack/placement/placement/objects/research_context.py:126}}
Feb 03 11:50:11.118045 n-d-825914-3 devstack@placement-api.service[115429]: DEBUG placement.objects.research_context [req-c637ae97-0158-4c74-a523-1e39e2fd02b1 req-fcaa0e7c-4db9-4b7f-9697-b1d0ea6168fa service placement] getting providers with 1024 MEMORY_MB {{(pid=115429) __init__ /opt/stack/placement/placement/objects/research_context.py:126}}
Feb 03 11:50:11.123749 n-d-825914-3 devstack@placement-api.service[115429]: DEBUG placement.objects.research_context [req-c637ae97-0158-4c74-a523-1e39e2fd02b1 req-fcaa0e7c-4db9-4b7f-9697-b1d0ea6168fa service placement] getting providers with 1 VCPU {{(pid=115429) __init__ /opt/stack/placement/placement/objects/research_context.py:126}}
Feb 03 11:50:11.129804 n-d-825914-3 devstack@placement-api.service[115429]: DEBUG placement.objects.research_context [req-c637ae97-0158-4c74-a523-1e39e2fd02b1 req-fcaa0e7c-4db9-4b7f-9697-b1d0ea6168fa service placement] found 2 providers with available 1 DISK_GB {{(pid=115429) get_provider_ids_matching /opt/stack/placement/placement/objects/research_context.py:549}}
Feb 03 11:50:11.130091 n-d-825914-3 devstack@placement-api.service[115429]: DEBUG placement.objects.research_context [req-c637ae97-0158-4c74-a523-1e39e2fd02b1 req-fcaa0e7c-4db9-4b7f-9697-b1d0ea6168fa service placement] found 2 providers with available 1024 MEMORY_MB {{(pid=115429) get_provider_ids_matching /opt/stack/placement/placement/objects/research_context.py:549}}
Feb 03 11:50:11.130453 n-d-825914-3 devstack@placement-api.service[115429]: DEBUG placement.objects.research_context [req-c637ae97-0158-4c74-a523-1e39e2fd02b1 req-fcaa0e7c-4db9-4b7f-9697-b1d0ea6168fa service placement] found 2 providers after filtering by previous result {{(pid=115429) get_provider_ids_matching /opt/stack/placement/placement/objects/research_context.py:580}}
Feb 03 11:50:11.130796 n-d-825914-3 devstack@placement-api.service[115429]: DEBUG placement.objects.research_context [req-c637ae97-0158-4c74-a523-1e39e2fd02b1 req-fcaa0e7c-4db9-4b7f-9697-b1d0ea6168fa service placement] found 2 providers with available 1 VCPU {{(pid=115429) get_provider_ids_matching /opt/stack/placement/placement/objects/research_context.py:549}}
Feb 03 11:50:11.131153 n-d-825914-3 devstack@placement-api.service[115429]: DEBUG placement.objects.research_context [req-c637ae97-0158-4c74-a523-1e39e2fd02b1 req-fcaa0e7c-4db9-4b7f-9697-b1d0ea6168fa service placement] found 2 providers after filtering by previous result {{(pid=115429) get_provider_ids_matching /opt/stack/placement/placement/objects/research_context.py:580}}
Feb 03 11:50:11.142652 n-d-825914-3 devstack@placement-api.service[115429]: DEBUG placement.objects.allocation_candidate [req-c637ae97-0158-4c74-a523-1e39e2fd02b1 req-fcaa0e7c-4db9-4b7f-9697-b1d0ea6168fa service placement] RequestGroup(use_same_provider=False, resources={DISK_GB:1, MEMORY_MB:1024, VCPU:1}, traits=[], aggregates=[]) (suffix '') returned 2 matches {{(pid=115429) _get_by_requests /opt/stack/placement/placement/objects/allocation_candidate.py:145}}
Feb 03 11:50:11.143196 n-d-825914-3 devstack@placement-api.service[115429]: DEBUG placement.objects.allocation_candidate [req-c637ae97-0158-4c74-a523-1e39e2fd02b1 req-fcaa0e7c-4db9-4b7f-9697-b1d0ea6168fa service placement] Merging candidates yields 2 allocation requests and 2 provider summaries {{(pid=115429) _merge_candidates /opt/stack/placement/placement/objects/allocation_candidate.py:783}}
Feb 03 11:50:11.145012 n-d-825914-3 devstack@placement-api.service[115429]: INFO placement.requestlog [req-c637ae97-0158-4c74-a523-1e39e2fd02b1 req-fcaa0e7c-4db9-4b7f-9697-b1d0ea6168fa service placement] 10.222.0.26 "GET /placement/allocation_candidates?limit=1000&resources=DISK_GB%3A1%2CMEMORY_MB%3A1024%2CVCPU%3A1&root_required=%21COMPUTE_STATUS_DISABLED" status: 200 len: 1312 microversion: 1.36
Feb 03 11:50:11.145435 n-d-825914-3 devstack@placement-api.service[115429]: [pid: 115429|app: 0|req: 133/270] 10.222.0.26 () {60 vars in 1506 bytes} [Thu Feb 3 11:50:11 2022] GET /placement/allocation_candidates?limit=1000&resources=DISK_GB%3A1%2CMEMORY_MB%3A1024%2CVCPU%3A1&root_required=%21COMPUTE_STATUS_DISABLED => generated 1312 bytes in 65 msecs (HTTP/1.1 200) 8 headers in 297 bytes (1 switches on core 0)
Feb 03 11:50:11.195857 n-d-825914-3 devstack@placement-api.service[115430]: DEBUG placement.requestlog [req-c637ae97-0158-4c74-a523-1e39e2fd02b1 req-9c259b3b-4e3e-4a9d-a390-651a11e3f4e2 None None] Starting request: 10.222.0.26 "GET /placement/allocations/6669b582-35ef-4607-9b45-4a090e794c94" {{(pid=115430) __call__ /opt/stack/placement/placement/requestlog.py:55}}
Feb 03 11:50:11.209386 n-d-825914-3 devstack@placement-api.service[115430]: INFO placement.requestlog [req-c637ae97-0158-4c74-a523-1e39e2fd02b1 req-9c259b3b-4e3e-4a9d-a390-651a11e3f4e2 service placement] 10.222.0.26 "GET /placement/allocations/6669b582-35ef-4607-9b45-4a090e794c94" status: 200 len: 19 microversion: 1.28
Feb 03 11:50:11.209926 n-d-825914-3 devstack@placement-api.service[115430]: [pid: 115430|app: 0|req: 138/271] 10.222.0.26 () {60 vars in 1380 bytes} [Thu Feb 3 11:50:11 2022] GET /placement/allocations/6669b582-35ef-4607-9b45-4a090e794c94 => generated 19 bytes in 15 msecs (HTTP/1.1 200) 8 headers in 295 bytes (1 switches on core 0)
Feb 03 11:50:11.216419 n-d-825914-3 devstack@placement-api.service[115429]: DEBUG placement.requestlog [req-c637ae97-0158-4c74-a523-1e39e2fd02b1 req-3e013d4d-8522-4837-8f3c-8ea359530a05 None None] Starting request: 10.222.0.26 "PUT /placement/allocations/6669b582-35ef-4607-9b45-4a090e794c94" {{(pid=115429) __call__ /opt/stack/placement/placement/requestlog.py:55}}
Feb 03 11:50:11.289653 n-d-825914-3 devstack@placement-api.service[115429]: DEBUG placement.handlers.allocation [req-c637ae97-0158-4c74-a523-1e39e2fd02b1 req-3e013d4d-8522-4837-8f3c-8ea359530a05 service placement] Successfully wrote allocations [, , ] {{(pid=115429) _update_consumers_and_create_allocations /opt/stack/placement/placement/handlers/allocation.py:462}}
Feb 03 11:50:11.294004 n-d-825914-3 devstack@placement-api.service[115429]: INFO placement.requestlog [req-c637ae97-0158-4c74-a523-1e39e2fd02b1 req-3e013d4d-8522-4837-8f3c-8ea359530a05 service placement] 10.222.0.26 "PUT /placement/allocations/6669b582-35ef-4607-9b45-4a090e794c94" status: 204 len: 0 microversion: 1.36
Feb 03 11:50:11.294874 n-d-825914-3 devstack@placement-api.service[115429]: [pid: 115429|app: 0|req: 134/272] 10.222.0.26 () {64 vars in 1433 bytes} [Thu Feb 3 11:50:11 2022] PUT /placement/allocations/6669b582-35ef-4607-9b45-4a090e794c94 => generated 0 bytes in 79 msecs (HTTP/1.1 204) 5 headers in 199 bytes (2 switches on core 0)
Feb 03 11:50:11.599083 n-d-825914-3 devstack@placement-api.service[115430]: DEBUG placement.requestlog [req-c637ae97-0158-4c74-a523-1e39e2fd02b1 req-020ee154-a7b8-46f9-941b-a2bf828d0b22 None None] Starting request: 10.222.0.43 "GET /placement/allocations/6669b582-35ef-4607-9b45-4a090e794c94" {{(pid=115430) __call__ /opt/stack/placement/placement/requestlog.py:55}}
Feb 03 11:50:11.615352 n-d-825914-3 devstack@placement-api.service[115430]: INFO placement.requestlog [req-c637ae97-0158-4c74-a523-1e39e2fd02b1 req-020ee154-a7b8-46f9-941b-a2bf828d0b22 service placement] 10.222.0.43 "GET /placement/allocations/6669b582-35ef-4607-9b45-4a090e794c94" status: 200 len: 259 microversion: 1.28
Feb 03 11:50:11.615834 n-d-825914-3 devstack@placement-api.service[115430]: [pid: 115430|app: 0|req: 139/273] 10.222.0.43 () {60 vars in 1377 bytes} [Thu Feb 3 11:50:11 2022] GET /placement/allocations/6669b582-35ef-4607-9b45-4a090e794c94 => generated 259 bytes in 17 msecs (HTTP/1.1 200) 8 headers in 296 bytes (1 switches on core 0)
Feb 03 11:50:19.258703 n-d-825914-3 devstack@placement-api.service[115429]: DEBUG placement.requestlog [req-49e81f0f-8c8b-4664-be63-8ae7d764cd17 req-d5f198cc-22ff-4aa8-91f9-25f18f305f16 None None] Starting request: 10.222.0.43 "GET /placement/resource_providers/14623e09-1045-4aae-a3ca-4d0223c82331/allocations" {{(pid=115429) __call__ /opt/stack/placement/placement/requestlog.py:55}}
Feb 03 11:50:19.293019 n-d-825914-3 devstack@placement-api.service[115429]: INFO placement.requestlog [req-49e81f0f-8c8b-4664-be63-8ae7d764cd17 req-d5f198cc-22ff-4aa8-91f9-25f18f305f16 service placement] 10.222.0.43 "GET /placement/resource_providers/14623e09-1045-4aae-a3ca-4d0223c82331/allocations" status: 200 len: 1264 microversion: 1.0
Feb 03 11:50:19.294541 n-d-825914-3 devstack@placement-api.service[115429]: [pid: 115429|app: 0|req: 135/274] 10.222.0.43 () {58 vars in 1390 bytes} [Thu Feb 3 11:50:19 2022] GET /placement/resource_providers/14623e09-1045-4aae-a3ca-4d0223c82331/allocations => generated 1264 bytes in 36 msecs (HTTP/1.1 200) 6 headers in 225 bytes (1 switches on core 0)
Feb 03 11:50:19.719205 n-d-825914-3 devstack@placement-api.service[115430]: DEBUG placement.requestlog [req-49e81f0f-8c8b-4664-be63-8ae7d764cd17 req-ceedf9a8-abda-4c1e-b42c-bc2921eb5c8b None None] Starting request: 10.222.0.43 "GET /placement/allocations/0887a023-2064-4dd0-990b-d639b1890b18" {{(pid=115430) __call__ /opt/stack/placement/placement/requestlog.py:55}}
Feb 03 11:50:19.748026 n-d-825914-3 devstack@placement-api.service[115430]: INFO placement.requestlog [req-49e81f0f-8c8b-4664-be63-8ae7d764cd17 req-ceedf9a8-abda-4c1e-b42c-bc2921eb5c8b service placement] 10.222.0.43 "GET /placement/allocations/0887a023-2064-4dd0-990b-d639b1890b18" status: 200 len: 259 microversion: 1.28
Feb 03 11:50:19.749933 n-d-825914-3 devstack@placement-api.service[115430]: [pid: 115430|app: 0|req: 140/275] 10.222.0.43 () {60 vars in 1377 bytes} [Thu Feb 3 11:50:19 2022] GET /placement/allocations/0887a023-2064-4dd0-990b-d639b1890b18 => generated 259 bytes in 31 msecs (HTTP/1.1 200) 8 headers in 296 bytes (1 switches on core 0)
Feb 03 11:50:19.948709 n-d-825914-3 devstack@placement-api.service[115429]: DEBUG placement.requestlog [req-49e81f0f-8c8b-4664-be63-8ae7d764cd17 req-5f7eebee-1aee-40d1-8ed0-e5577f90229c None None] Starting request: 10.222.0.43 "PUT /placement/allocations/0887a023-2064-4dd0-990b-d639b1890b18" {{(pid=115429) __call__ /opt/stack/placement/placement/requestlog.py:55}}
Feb 03 11:50:19.996218 n-d-825914-3 devstack@placement-api.service[115429]: DEBUG placement.handlers.allocation [req-49e81f0f-8c8b-4664-be63-8ae7d764cd17 req-5f7eebee-1aee-40d1-8ed0-e5577f90229c service placement] Successfully wrote allocations [, , ] {{(pid=115429) _update_consumers_and_create_allocations /opt/stack/placement/placement/handlers/allocation.py:462}}
Feb 03 11:50:20.000485 n-d-825914-3 devstack@placement-api.service[115429]: INFO placement.requestlog [req-49e81f0f-8c8b-4664-be63-8ae7d764cd17 req-5f7eebee-1aee-40d1-8ed0-e5577f90229c service placement] 10.222.0.43 "PUT /placement/allocations/0887a023-2064-4dd0-990b-d639b1890b18" status: 204 len: 0 microversion: 1.28
Feb 03 11:50:20.000948 n-d-825914-3 devstack@placement-api.service[115429]: [pid: 115429|app: 0|req: 136/276] 10.222.0.43 () {64 vars in 1430 bytes} [Thu Feb 3 11:50:19 2022] PUT /placement/allocations/0887a023-2064-4dd0-990b-d639b1890b18 => generated 0 bytes in 53 msecs (HTTP/1.1 204) 5 headers in 199 bytes (1 switches on core 0)
Feb 03 11:50:21.382675 n-d-825914-3 devstack@placement-api.service[115430]: DEBUG placement.requestlog [req-4a4081cd-11cb-4107-ad00-fec448ed0a47 req-5b5abcd7-c7e7-4e5f-a0c9-db0b2c2ed3d6 None None] Starting request: 10.222.0.26 "GET /placement/allocation_candidates?limit=1000&resources=DISK_GB%3A1%2CMEMORY_MB%3A1024%2CVCPU%3A1&root_required=%21COMPUTE_STATUS_DISABLED" {{(pid=115430) __call__ /opt/stack/placement/placement/requestlog.py:55}}
Feb 03 11:50:21.430494 n-d-825914-3 devstack@placement-api.service[115430]: DEBUG placement.objects.research_context [req-4a4081cd-11cb-4107-ad00-fec448ed0a47 req-5b5abcd7-c7e7-4e5f-a0c9-db0b2c2ed3d6 service placement] getting providers with 1 DISK_GB {{(pid=115430) __init__ /opt/stack/placement/placement/objects/research_context.py:126}}
Feb 03 11:50:21.438232 n-d-825914-3 devstack@placement-api.service[115430]: DEBUG placement.objects.research_context [req-4a4081cd-11cb-4107-ad00-fec448ed0a47 req-5b5abcd7-c7e7-4e5f-a0c9-db0b2c2ed3d6 service placement] getting providers with 1024 MEMORY_MB {{(pid=115430) __init__ /opt/stack/placement/placement/objects/research_context.py:126}}
Feb 03 11:50:21.447089 n-d-825914-3 devstack@placement-api.service[115430]: DEBUG placement.objects.research_context [req-4a4081cd-11cb-4107-ad00-fec448ed0a47 req-5b5abcd7-c7e7-4e5f-a0c9-db0b2c2ed3d6 service placement] getting providers with 1 VCPU {{(pid=115430) __init__ /opt/stack/placement/placement/objects/research_context.py:126}}
Feb 03 11:50:21.453543 n-d-825914-3 devstack@placement-api.service[115430]: DEBUG placement.objects.research_context [req-4a4081cd-11cb-4107-ad00-fec448ed0a47 req-5b5abcd7-c7e7-4e5f-a0c9-db0b2c2ed3d6 service placement] found 2 providers with available 1 DISK_GB {{(pid=115430) get_provider_ids_matching /opt/stack/placement/placement/objects/research_context.py:549}}
Feb 03 11:50:21.453937 n-d-825914-3 devstack@placement-api.service[115430]: DEBUG placement.objects.research_context [req-4a4081cd-11cb-4107-ad00-fec448ed0a47 req-5b5abcd7-c7e7-4e5f-a0c9-db0b2c2ed3d6 service placement] found 2 providers with available 1024 MEMORY_MB {{(pid=115430) get_provider_ids_matching /opt/stack/placement/placement/objects/research_context.py:549}}
Feb 03 11:50:21.454291 n-d-825914-3 devstack@placement-api.service[115430]: DEBUG placement.objects.research_context [req-4a4081cd-11cb-4107-ad00-fec448ed0a47 req-5b5abcd7-c7e7-4e5f-a0c9-db0b2c2ed3d6 service placement] found 2 providers after filtering by previous result {{(pid=115430) get_provider_ids_matching /opt/stack/placement/placement/objects/research_context.py:580}}
Feb 03 11:50:21.454619 n-d-825914-3 devstack@placement-api.service[115430]: DEBUG placement.objects.research_context [req-4a4081cd-11cb-4107-ad00-fec448ed0a47 req-5b5abcd7-c7e7-4e5f-a0c9-db0b2c2ed3d6 service placement] found 2 providers with available 1 VCPU {{(pid=115430) get_provider_ids_matching /opt/stack/placement/placement/objects/research_context.py:549}}
Feb 03 11:50:21.454949 n-d-825914-3 devstack@placement-api.service[115430]: DEBUG placement.objects.research_context [req-4a4081cd-11cb-4107-ad00-fec448ed0a47 req-5b5abcd7-c7e7-4e5f-a0c9-db0b2c2ed3d6 service placement] found 2 providers after filtering by previous result {{(pid=115430) get_provider_ids_matching /opt/stack/placement/placement/objects/research_context.py:580}}
Feb 03 11:50:21.466687 n-d-825914-3 devstack@placement-api.service[115430]: DEBUG placement.objects.allocation_candidate [req-4a4081cd-11cb-4107-ad00-fec448ed0a47 req-5b5abcd7-c7e7-4e5f-a0c9-db0b2c2ed3d6 service placement] RequestGroup(use_same_provider=False, resources={DISK_GB:1, MEMORY_MB:1024, VCPU:1}, traits=[], aggregates=[]) (suffix '') returned 2 matches {{(pid=115430) _get_by_requests /opt/stack/placement/placement/objects/allocation_candidate.py:145}}
Feb 03 11:50:21.467138 n-d-825914-3 devstack@placement-api.service[115430]: DEBUG placement.objects.allocation_candidate [req-4a4081cd-11cb-4107-ad00-fec448ed0a47 req-5b5abcd7-c7e7-4e5f-a0c9-db0b2c2ed3d6 service placement] Merging candidates yields 2 allocation requests and 2 provider summaries {{(pid=115430) _merge_candidates /opt/stack/placement/placement/objects/allocation_candidate.py:783}}
Feb 03 11:50:21.468823 n-d-825914-3 devstack@placement-api.service[115430]: INFO placement.requestlog [req-4a4081cd-11cb-4107-ad00-fec448ed0a47 req-5b5abcd7-c7e7-4e5f-a0c9-db0b2c2ed3d6 service placement] 10.222.0.26 "GET /placement/allocation_candidates?limit=1000&resources=DISK_GB%3A1%2CMEMORY_MB%3A1024%2CVCPU%3A1&root_required=%21COMPUTE_STATUS_DISABLED" status: 200 len: 1312 microversion: 1.36
Feb 03 11:50:21.469620 n-d-825914-3 devstack@placement-api.service[115430]: [pid: 115430|app: 0|req: 141/277] 10.222.0.26 () {60 vars in 1506 bytes} [Thu Feb 3 11:50:21 2022] GET /placement/allocation_candidates?limit=1000&resources=DISK_GB%3A1%2CMEMORY_MB%3A1024%2CVCPU%3A1&root_required=%21COMPUTE_STATUS_DISABLED => generated 1312 bytes in 87 msecs (HTTP/1.1 200) 8 headers in 297 bytes (1 switches on core 0)
Feb 03 11:50:21.517194 n-d-825914-3 devstack@placement-api.service[115429]: DEBUG placement.requestlog [req-4a4081cd-11cb-4107-ad00-fec448ed0a47 req-04a433eb-76c8-4464-8461-04df0c81f3c4 None None] Starting request: 10.222.0.26 "GET /placement/allocations/f54d9af1-2c3c-4d9d-9278-78489b9dbbd9" {{(pid=115429) __call__ /opt/stack/placement/placement/requestlog.py:55}}
Feb 03 11:50:21.530573 n-d-825914-3 devstack@placement-api.service[115429]: INFO placement.requestlog [req-4a4081cd-11cb-4107-ad00-fec448ed0a47 req-04a433eb-76c8-4464-8461-04df0c81f3c4 service placement] 10.222.0.26 "GET /placement/allocations/f54d9af1-2c3c-4d9d-9278-78489b9dbbd9" status: 200 len: 19 microversion: 1.28
Feb 03 11:50:21.535654 n-d-825914-3 devstack@placement-api.service[115429]: [pid: 115429|app: 0|req: 137/278] 10.222.0.26 () {60 vars in 1380 bytes} [Thu Feb 3 11:50:21 2022] GET /placement/allocations/f54d9af1-2c3c-4d9d-9278-78489b9dbbd9 => generated 19 bytes in 19 msecs (HTTP/1.1 200) 8 headers in 295 bytes (1 switches on core 0)
Feb 03 11:50:21.537071 n-d-825914-3 devstack@placement-api.service[115430]: DEBUG placement.requestlog [req-4a4081cd-11cb-4107-ad00-fec448ed0a47 req-fd21cb4e-5c45-48d4-8594-84ed1ba8913c None None] Starting request: 10.222.0.26 "PUT /placement/allocations/f54d9af1-2c3c-4d9d-9278-78489b9dbbd9" {{(pid=115430) __call__ /opt/stack/placement/placement/requestlog.py:55}}
Feb 03 11:50:21.593176 n-d-825914-3 devstack@placement-api.service[115430]: DEBUG placement.handlers.allocation [req-4a4081cd-11cb-4107-ad00-fec448ed0a47 req-fd21cb4e-5c45-48d4-8594-84ed1ba8913c service placement] Successfully wrote allocations [, , ] {{(pid=115430) _update_consumers_and_create_allocations /opt/stack/placement/placement/handlers/allocation.py:462}}
Feb 03 11:50:21.597976 n-d-825914-3 devstack@placement-api.service[115430]: INFO placement.requestlog [req-4a4081cd-11cb-4107-ad00-fec448ed0a47 req-fd21cb4e-5c45-48d4-8594-84ed1ba8913c service placement] 10.222.0.26 "PUT /placement/allocations/f54d9af1-2c3c-4d9d-9278-78489b9dbbd9" status: 204 len: 0 microversion: 1.36
Feb 03 11:50:21.599243 n-d-825914-3 devstack@placement-api.service[115430]: [pid: 115430|app: 0|req: 142/279] 10.222.0.26 () {64 vars in 1433 bytes} [Thu Feb 3 11:50:21 2022] PUT /placement/allocations/f54d9af1-2c3c-4d9d-9278-78489b9dbbd9 => generated 0 bytes in 62 msecs (HTTP/1.1 204) 5 headers in 199 bytes (1 switches on core 0)
Feb 03 11:50:21.922795 n-d-825914-3 devstack@placement-api.service[115429]: DEBUG placement.requestlog [req-4a4081cd-11cb-4107-ad00-fec448ed0a47 req-b7156083-7b83-4046-a506-2cfef07c3185 None None] Starting request: 10.222.0.42 "GET /placement/allocations/f54d9af1-2c3c-4d9d-9278-78489b9dbbd9" {{(pid=115429) __call__ /opt/stack/placement/placement/requestlog.py:55}}
Feb 03 11:50:21.941153 n-d-825914-3 devstack@placement-api.service[115429]: INFO placement.requestlog [req-4a4081cd-11cb-4107-ad00-fec448ed0a47 req-b7156083-7b83-4046-a506-2cfef07c3185 service placement] 10.222.0.42 "GET /placement/allocations/f54d9af1-2c3c-4d9d-9278-78489b9dbbd9" status: 200 len: 259 microversion: 1.28
Feb 03 11:50:21.941989 n-d-825914-3 devstack@placement-api.service[115429]: [pid: 115429|app: 0|req: 138/280] 10.222.0.42 () {60 vars in 1377 bytes} [Thu Feb 3 11:50:21 2022] GET /placement/allocations/f54d9af1-2c3c-4d9d-9278-78489b9dbbd9 => generated 259 bytes in 20 msecs (HTTP/1.1 200) 8 headers in 296 bytes (1 switches on core 0)
Feb 03 11:50:22.220572 n-d-825914-3 devstack@placement-api.service[115430]: DEBUG placement.requestlog [req-64bdc2b9-82ee-40c7-a8f0-784e465be74a req-4b10e346-b78a-4340-9f42-126f923497d2 None None] Starting request: 10.222.0.43 "GET /placement/allocations/62100cad-c6d3-4e7c-b001-f6df0e0d49d2" {{(pid=115430) __call__ /opt/stack/placement/placement/requestlog.py:55}}
Feb 03 11:50:22.240653 n-d-825914-3 devstack@placement-api.service[115430]: INFO placement.requestlog [req-64bdc2b9-82ee-40c7-a8f0-784e465be74a req-4b10e346-b78a-4340-9f42-126f923497d2 service placement] 10.222.0.43 "GET /placement/allocations/62100cad-c6d3-4e7c-b001-f6df0e0d49d2" status: 200 len: 259 microversion: 1.28
Feb 03 11:50:22.241984 n-d-825914-3 devstack@placement-api.service[115430]: [pid: 115430|app: 0|req: 143/281] 10.222.0.43 () {60 vars in 1377 bytes} [Thu Feb 3 11:50:22 2022] GET /placement/allocations/62100cad-c6d3-4e7c-b001-f6df0e0d49d2 => generated 259 bytes in 22 msecs (HTTP/1.1 200) 8 headers in 296 bytes (1 switches on core 0)
Feb 03 11:50:30.881829 n-d-825914-3 devstack@placement-api.service[115429]: DEBUG placement.requestlog [req-2942a375-047c-497f-a24e-742e1bb4245b req-e0ce465b-0adb-4ebc-82dd-76f3532bd036 None None] Starting request: 10.222.0.43 "DELETE /placement/allocations/74c72088-bf36-480a-8928-ffae09b3fe09" {{(pid=115429) __call__ /opt/stack/placement/placement/requestlog.py:55}}
Feb 03 11:50:30.930349 n-d-825914-3 devstack@placement-api.service[115429]: DEBUG placement.handlers.allocation [req-2942a375-047c-497f-a24e-742e1bb4245b req-e0ce465b-0adb-4ebc-82dd-76f3532bd036 service placement] Successfully deleted allocations [, , ] {{(pid=115429) delete_allocations /opt/stack/placement/placement/handlers/allocation.py:627}}
Feb 03 11:50:30.931045 n-d-825914-3 devstack@placement-api.service[115429]: INFO placement.requestlog [req-2942a375-047c-497f-a24e-742e1bb4245b req-e0ce465b-0adb-4ebc-82dd-76f3532bd036 service placement] 10.222.0.43 "DELETE /placement/allocations/74c72088-bf36-480a-8928-ffae09b3fe09" status: 204 len: 0 microversion: 1.0
Feb 03 11:50:30.931636 n-d-825914-3 devstack@placement-api.service[115429]: [pid: 115429|app: 0|req: 139/282] 10.222.0.43 () {60 vars in 1355 bytes} [Thu Feb 3 11:50:30 2022] DELETE /placement/allocations/74c72088-bf36-480a-8928-ffae09b3fe09 => generated 0 bytes in 50 msecs (HTTP/1.1 204) 5 headers in 198 bytes (1 switches on core 0)
Feb 03 11:50:32.189584 n-d-825914-3 devstack@placement-api.service[115430]: DEBUG placement.requestlog [req-4dca4e7f-5971-4f09-b318-b987e39cd6e9 req-0eaf7e61-fc14-4b73-9111-796533f0472e None None] Starting request: 10.222.0.43 "GET /placement/allocations/8d46e8d2-4378-49e7-9017-3cfe3d1d4222" {{(pid=115430) __call__ /opt/stack/placement/placement/requestlog.py:55}}
Feb 03 11:50:32.218463 n-d-825914-3 devstack@placement-api.service[115430]: INFO placement.requestlog [req-4dca4e7f-5971-4f09-b318-b987e39cd6e9 req-0eaf7e61-fc14-4b73-9111-796533f0472e service placement] 10.222.0.43 "GET /placement/allocations/8d46e8d2-4378-49e7-9017-3cfe3d1d4222" status: 200 len: 258 microversion: 1.28
Feb 03 11:50:32.219440 n-d-825914-3 devstack@placement-api.service[115430]: [pid: 115430|app: 0|req: 144/283] 10.222.0.43 () {60 vars in 1377 bytes} [Thu Feb 3 11:50:32 2022] GET /placement/allocations/8d46e8d2-4378-49e7-9017-3cfe3d1d4222 => generated 258 bytes in 30 msecs (HTTP/1.1 200) 8 headers in 296 bytes (1 switches on core 0)
Feb 03 11:50:34.506610 n-d-825914-3 devstack@placement-api.service[115429]: DEBUG placement.requestlog [req-d02ce850-e235-4058-b979-91ff980fe60e req-4773cb4d-7576-477d-b2ff-b97625037b0c None None] Starting request: 10.222.0.42 "DELETE /placement/allocations/f5883331-4a76-4e3a-87ef-405508ff07d9" {{(pid=115429) __call__ /opt/stack/placement/placement/requestlog.py:55}}
