Jan 21 13:37:29.348414 n-d-825729-3 neutron-server[103361]: DEBUG neutron.plugins.ml2.plugin [None req-eab846a2-1112-4795-b465-9c9de6e9bd50 None None] Port c6bbd179-bfe6-4767-8825-716f92d40434 cannot update to ACTIVE because it is not bound. {{(pid=103361) _port_provisioned /opt/stack/neutron/neutron/plugins/ml2/plugin.py:342}}
Jan 21 13:37:29.354142 n-d-825729-3 neutron-server[103360]: DEBUG neutron.plugins.ml2.drivers.mech_agent [req-efb58ebd-397d-412e-b182-271f67b6e9e9 req-bf9b42c1-5b48-4dc5-9504-3a45fcc00af8 service neutron] Checking agent: {'id': '9f403071-dba5-4bfe-9512-97d87a723333', 'agent_type': 'HyperV agent', 'binary': 'neutron-hyperv-agent', 'topic': 'N/A', 'host': 'n-h2-825729-3', 'admin_state_up': True, 'created_at': datetime.datetime(2022, 1, 21, 13, 34, 20), 'started_at': datetime.datetime(2022, 1, 21, 13, 34, 20), 'heartbeat_timestamp': datetime.datetime(2022, 1, 21, 13, 37, 20), 'description': None, 'resources_synced': None, 'availability_zone': None, 'alive': True, 'configurations': {'vswitch_mappings': {'physnet1$': 'br-data'}}, 'resource_versions': {}} {{(pid=103360) bind_port /opt/stack/neutron/neutron/plugins/ml2/drivers/mech_agent.py:110}}
Jan 21 13:37:29.354383 n-d-825729-3 neutron-server[103360]: DEBUG neutron.plugins.ml2.drivers.mech_agent [req-efb58ebd-397d-412e-b182-271f67b6e9e9 req-bf9b42c1-5b48-4dc5-9504-3a45fcc00af8 service neutron] Checking segment: {'id': '713bdc3a-0e93-47da-bb00-83a17c42be9a', 'network_type': 'vlan', 'physical_network': 'physnet1', 'segmentation_id': 59, 'network_id': '229975a3-c71c-4a16-82cd-43ca2d99d8e4'} for mappings: {'physnet1$': 'br-data'} with network types: ['local', 'flat', 'vlan'] {{(pid=103360) check_segment_for_agent /opt/stack/neutron/neutron/plugins/ml2/drivers/mech_agent.py:371}}
Jan 21 13:37:29.354764 n-d-825729-3 neutron-server[103360]: DEBUG neutron.plugins.ml2.drivers.mech_agent [req-efb58ebd-397d-412e-b182-271f67b6e9e9 req-bf9b42c1-5b48-4dc5-9504-3a45fcc00af8 service neutron] Bound using segment: {'id': '713bdc3a-0e93-47da-bb00-83a17c42be9a', 'network_type': 'vlan', 'physical_network': 'physnet1', 'segmentation_id': 59, 'network_id': '229975a3-c71c-4a16-82cd-43ca2d99d8e4'} {{(pid=103360) bind_port /opt/stack/neutron/neutron/plugins/ml2/drivers/mech_agent.py:120}}
Jan 21 13:37:29.355230 n-d-825729-3 neutron-server[103360]: DEBUG neutron.plugins.ml2.managers [req-efb58ebd-397d-412e-b182-271f67b6e9e9 req-bf9b42c1-5b48-4dc5-9504-3a45fcc00af8 service neutron] Bound port: 4044a6a6-965a-41d0-8d52-03816dd99142, host: n-h2-825729-3, vif_type: hyperv, vif_details: {"connectivity": "legacy", "port_filter": false}, binding_levels: [{'bound_driver': 'hyperv', 'bound_segment': {'id': '713bdc3a-0e93-47da-bb00-83a17c42be9a', 'network_type': 'vlan', 'physical_network': 'physnet1', 'segmentation_id': 59, 'network_id': '229975a3-c71c-4a16-82cd-43ca2d99d8e4'}}] {{(pid=103360) _bind_port_level /opt/stack/neutron/neutron/plugins/ml2/managers.py:932}}
Jan 21 13:37:29.364827 n-d-825729-3 neutron-server[103359]: DEBUG neutron.db.provisioning_blocks [req-76120ba6-0142-4624-a1df-73608cf5055c req-7fedfcbc-5464-4c47-9dcd-ea14f9a034ac service neutron] Transition to ACTIVE for port object 95dc4429-3586-40fe-bf46-984570434245 will not be triggered until provisioned by entity L2. {{(pid=103359) add_provisioning_component /opt/stack/neutron/neutron/db/provisioning_blocks.py:73}}
Jan 21 13:37:29.381696 n-d-825729-3 neutron-server[103359]: DEBUG neutron_lib.callbacks.manager [None req-8e7cfae8-0672-4548-9c56-56a4557a801d admin admin] Publish callbacks [] for security_group (None), before_create {{(pid=103359) _notify_loop /usr/local/lib/python3.8/dist-packages/neutron_lib/callbacks/manager.py:176}}
Jan 21 13:37:29.392986 n-d-825729-3 neutron-server[103359]: DEBUG neutron_lib.callbacks.manager [req-76120ba6-0142-4624-a1df-73608cf5055c req-7fedfcbc-5464-4c47-9dcd-ea14f9a034ac service neutron] Publish callbacks ['neutron.plugins.ml2.plugin.SecurityGroupServerNotifierRpcMixin._notify_sg_on_port_change-697382', 'neutron.plugins.ml2.ovo_rpc._ObjectChangeHandler.handle_event-77417', 'neutron.api.rpc.agentnotifiers.dhcp_rpc_agent_api.DhcpAgentNotifyAPI._native_event_send_dhcp_notification-3889518', 'neutron.db.l3_db.L3RpcNotifierMixin._notify_gateway_port_ip_changed-8735818895773', 'neutron.db.l3_dvrscheduler_db._notify_l3_agent_port_update-8735818315951', 'neutron.db.l3_hascheduler_db._notify_l3_agent_ha_port_update-8735818315969'] for port (95dc4429-3586-40fe-bf46-984570434245), after_update {{(pid=103359) _notify_loop /usr/local/lib/python3.8/dist-packages/neutron_lib/callbacks/manager.py:176}}
Jan 21 13:37:29.449160 n-d-825729-3 neutron-server[103361]: DEBUG neutron.api.rpc.handlers.resources_rpc [None req-f148912f-04f9-4df9-858c-420cfd19fb82 None None] Pushing event updated for resources: {'Port': ['ID=0ab0bdf3-39b0-47ec-a826-2e8360e5e78c,revision_number=2']} {{(pid=103361) push /opt/stack/neutron/neutron/api/rpc/handlers/resources_rpc.py:237}}
Jan 21 13:37:29.462553 n-d-825729-3 neutron-server[103362]: DEBUG neutron.db.l3_hamode_db [None req-596187b1-9c83-48aa-94f6-919650e0b01f None None] neutron.services.l3_router.l3_router_plugin.L3RouterPlugin method _process_sync_ha_data called with arguments (, [{'id': 'ca4afd47-a9ed-4a89-990a-6e715e1ac18f', 'name': 'tempest-FloatingIPDetailsTestJSON-1581195582-router', 'tenant_id': '3c88450fb50a4635bee37fd852977ca5', 'admin_state_up': True, 'status': 'ACTIVE', 'external_gateway_info': {'network_id': '07e5884e-a42e-48e8-973a-e790998132b5', 'external_fixed_ips': [{'subnet_id': '366b5291-24a4-4ac7-9b42-8ad728f125b5', 'ip_address': '172.25.6.52'}], 'enable_snat': True}, 'gw_port_id': '80629d57-a164-4f7f-8387-ce9519e433f9', 'description': '', 'availability_zones': ['nova'], 'distributed': False, 'ha': False, 'ha_vr_id': 0, 'availability_zone_hints': [], 'routes': [], 'flavor_id': None, 'tags': [], 'created_at': '2022-01-21T13:37:23Z', 'updated_at': '2022-01-21T13:37:26Z', 'revision_number': 3, 'project_id': '3c88450fb50a4635bee37fd852977ca5', 'gw_port': {'id': '80629d57-a164-4f7f-8387-ce9519e433f9', 'name': '', 'network_id': '07e5884e-a42e-48e8-973a-e790998132b5', 'tenant_id': '', 'mac_address': 'fa:16:3e:23:82:03', 'admin_state_up': True, 'status': 'DOWN', 'device_id': 'ca4afd47-a9ed-4a89-990a-6e715e1ac18f', 'device_owner': 'network:router_gateway', 'standard_attr_id': 298, 'fixed_ips': [{'subnet_id': '366b5291-24a4-4ac7-9b42-8ad728f125b5', 'ip_address': '172.25.6.52', 'prefixlen': 24}], 'allowed_address_pairs': [], 'extra_dhcp_opts': [], 'security_groups': [], 'description': '', 'binding:vnic_type': 'normal', 'binding:profile': {}, 'binding:host_id': '', 'binding:vif_type': 'unbound', 'binding:vif_details': {}, 'port_security_enabled': False, 'tags': [], 'created_at': '2022-01-21T13:37:24Z', 'updated_at': '2022-01-21T13:37:25Z', 'revision_number': 1, 'project_id': '', 'subnets': [{'id': '366b5291-24a4-4ac7-9b42-8ad728f125b5', 'cidr': '172.25.6.0/24', 'gateway_ip': '172.25.6.1', 'dns_nameservers': [], 'ipv6_ra_mode': None, 'subnetpool_id': None}], 'extra_subnets': [], 'address_scopes': {4: None, 6: None}, 'mtu': 1500}, 'enable_snat': True, 'gw_port_host': 'n-d-825729-3'}], 'n-d-825729-3', False) {} {{(pid=103362) wrapper /usr/local/lib/python3.8/dist-packages/oslo_log/helpers.py:65}}
Jan 21 13:37:29.476174 n-d-825729-3 neutron-server[103359]: DEBUG neutron.api.rpc.handlers.resources_rpc [None req-7fedfcbc-5464-4c47-9dcd-ea14f9a034ac service neutron] Pushing event updated for resources: {'Port': ['ID=95dc4429-3586-40fe-bf46-984570434245,revision_number=2']} {{(pid=103359) push /opt/stack/neutron/neutron/api/rpc/handlers/resources_rpc.py:237}}
Jan 21 13:37:29.510628 n-d-825729-3 neutron-server[103362]: DEBUG neutron.api.rpc.handlers.l3_rpc [None req-596187b1-9c83-48aa-94f6-919650e0b01f None None] Checking router: ca4afd47-a9ed-4a89-990a-6e715e1ac18f for host: n-d-825729-3 {{(pid=103362) _ensure_host_set_on_ports /opt/stack/neutron/neutron/api/rpc/handlers/l3_rpc.py:155}}
Jan 21 13:37:29.511220 n-d-825729-3 neutron-server[103362]: DEBUG neutron.api.rpc.handlers.l3_rpc [None req-596187b1-9c83-48aa-94f6-919650e0b01f None None] Updating router ca4afd47-a9ed-4a89-990a-6e715e1ac18f port 80629d57-a164-4f7f-8387-ce9519e433f9 binding host n-d-825729-3 {{(pid=103362) _ensure_host_set_on_port /opt/stack/neutron/neutron/api/rpc/handlers/l3_rpc.py:205}}
Jan 21 13:37:29.532121 n-d-825729-3 neutron-server[103360]: DEBUG neutron.pecan_wsgi.hooks.policy_enforcement [req-e1ea4e10-c00b-40e4-b6e5-04708f6c6c8f req-fbc970da-4ae4-44c9-9a4a-31f16a433eeb tempest-ServersAdminTestJSON-1160357387 tempest-ServersAdminTestJSON-1160357387-project] Attributes excluded by policy engine: ['standard_attr_id', 'binding:profile', 'binding:host_id', 'binding:vif_type', 'binding:vif_details'] {{(pid=103360) _exclude_attributes_by_policy /opt/stack/neutron/neutron/pecan_wsgi/hooks/policy_enforcement.py:255}}
Jan 21 13:37:29.536329 n-d-825729-3 neutron-server[103360]: INFO neutron.wsgi [req-e1ea4e10-c00b-40e4-b6e5-04708f6c6c8f req-fbc970da-4ae4-44c9-9a4a-31f16a433eeb tempest-ServersAdminTestJSON-1160357387 tempest-ServersAdminTestJSON-1160357387-project] 10.222.0.104 "GET /v2.0/ports?device_id=fc6c0f06-8054-4236-9b46-2bac9e9794fd HTTP/1.1" status: 200 len: 936 time: 0.2842641
Jan 21 13:37:29.567467 n-d-825729-3 neutron-server[103362]: DEBUG neutron_lib.callbacks.manager [None req-596187b1-9c83-48aa-94f6-919650e0b01f None None] Publish callbacks ['neutron.plugins.ml2.plugin.SecurityGroupDbMixin._ensure_default_security_group_handler-697685'] for port (80629d57-a164-4f7f-8387-ce9519e433f9), before_update {{(pid=103362) _notify_loop /usr/local/lib/python3.8/dist-packages/neutron_lib/callbacks/manager.py:176}}
Jan 21 13:37:29.582083 n-d-825729-3 neutron-server[103361]: DEBUG neutron_lib.callbacks.manager [None req-a1306052-8dc4-4b8e-ba48-9577dcd59f2a None None] Publish callbacks ['neutron.services.segments.db._update_segment_host_mapping_for_agent-8735818818829', 'neutron.plugins.ml2.plugin.Ml2Plugin._retry_binding_revived_agents-3520650'] for agent (a193ac09-e473-4d4d-a2b9-b5b2e5b9bcb4), after_update {{(pid=103361) _notify_loop /usr/local/lib/python3.8/dist-packages/neutron_lib/callbacks/manager.py:176}}
Jan 21 13:37:29.593487 n-d-825729-3 neutron-server[103359]: DEBUG neutron_lib.callbacks.manager [None req-a0eb254f-27ce-4445-a916-ac08e679c4c4 admin admin] Publish callbacks [] for router_gateway (fb1e13df-6491-454e-a245-0fd3ce15b91e), before_create {{(pid=103359) _notify_loop /usr/local/lib/python3.8/dist-packages/neutron_lib/callbacks/manager.py:176}}
Jan 21 13:37:29.633235 n-d-825729-3 neutron-server[103359]: DEBUG neutron_lib.callbacks.manager [None req-a0eb254f-27ce-4445-a916-ac08e679c4c4 admin admin] Publish callbacks ['neutron.plugins.ml2.plugin.SecurityGroupDbMixin._ensure_default_security_group_handler-697685'] for port (None), before_create {{(pid=103359) _notify_loop /usr/local/lib/python3.8/dist-packages/neutron_lib/callbacks/manager.py:176}}
Jan 21 13:37:29.709186 n-d-825729-3 neutron-server[103360]: DEBUG neutron.pecan_wsgi.hooks.policy_enforcement [req-8b7e96f8-fa5f-42e0-bc89-d4b50d71bc78 req-f4a5a75a-c29a-48f8-8cc7-7b7dcb59628c tempest-DeleteServersAdminTestJSON-950438994 tempest-DeleteServersAdminTestJSON-950438994-project] Attributes excluded by policy engine: ['standard_attr_id', 'binding:profile', 'binding:host_id', 'binding:vif_type', 'binding:vif_details'] {{(pid=103360) _exclude_attributes_by_policy /opt/stack/neutron/neutron/pecan_wsgi/hooks/policy_enforcement.py:255}}
Jan 21 13:37:29.710766 n-d-825729-3 neutron-server[103360]: INFO neutron.wsgi [req-8b7e96f8-fa5f-42e0-bc89-d4b50d71bc78 req-f4a5a75a-c29a-48f8-8cc7-7b7dcb59628c tempest-DeleteServersAdminTestJSON-950438994 tempest-DeleteServersAdminTestJSON-950438994-project] 10.222.0.81 "GET /v2.0/ports?device_id=b647e622-fad7-4c9b-9d09-ff818073df40 HTTP/1.1" status: 200 len: 949 time: 0.4063873
Jan 21 13:37:29.738338 n-d-825729-3 neutron-server[103360]: DEBUG neutron.plugins.ml2.db [req-efb58ebd-397d-412e-b182-271f67b6e9e9 req-bf9b42c1-5b48-4dc5-9504-3a45fcc00af8 service neutron] For port 4044a6a6-965a-41d0-8d52-03816dd99142, host n-h2-825729-3, set binding levels [PortBindingLevel(driver='hyperv',host='n-h2-825729-3',level=0,port_id=4044a6a6-965a-41d0-8d52-03816dd99142,segment=NetworkSegment(713bdc3a-0e93-47da-bb00-83a17c42be9a),segment_id=713bdc3a-0e93-47da-bb00-83a17c42be9a)] {{(pid=103360) set_binding_levels /opt/stack/neutron/neutron/plugins/ml2/db.py:59}}
Jan 21 13:37:29.785400 n-d-825729-3 neutron-server[103360]: DEBUG neutron_lib.callbacks.manager [req-efb58ebd-397d-412e-b182-271f67b6e9e9 req-bf9b42c1-5b48-4dc5-9504-3a45fcc00af8 service neutron] Publish callbacks [] for binding (None), before_response {{(pid=103360) _notify_loop /usr/local/lib/python3.8/dist-packages/neutron_lib/callbacks/manager.py:176}}
Jan 21 13:37:29.786585 n-d-825729-3 neutron-server[103360]: INFO neutron.wsgi [req-efb58ebd-397d-412e-b182-271f67b6e9e9 req-bf9b42c1-5b48-4dc5-9504-3a45fcc00af8 service neutron] 10.222.0.104 "POST /v2.0/ports/4044a6a6-965a-41d0-8d52-03816dd99142/bindings HTTP/1.1" status: 201 len: 389 time: 1.0032945
Jan 21 13:37:29.810316 n-d-825729-3 neutron-server[103359]: DEBUG neutron.plugins.ml2.managers [req-76120ba6-0142-4624-a1df-73608cf5055c req-7fedfcbc-5464-4c47-9dcd-ea14f9a034ac service neutron] Attempting to bind port 95dc4429-3586-40fe-bf46-984570434245 on host n-h2-825729-3 for vnic_type normal with profile {{(pid=103359) bind_port /opt/stack/neutron/neutron/plugins/ml2/managers.py:795}}
Jan 21 13:37:29.810715 n-d-825729-3 neutron-server[103359]: DEBUG neutron.plugins.ml2.managers [req-76120ba6-0142-4624-a1df-73608cf5055c req-7fedfcbc-5464-4c47-9dcd-ea14f9a034ac service neutron] Attempting to bind port 95dc4429-3586-40fe-bf46-984570434245 by drivers openvswitch,hyperv on host n-h2-825729-3 at level 0 using segments [{'id': '9955bdd6-048e-4303-895b-9647bc778b06', 'network_type': 'vlan', 'physical_network': 'physnet1', 'segmentation_id': 84, 'network_id': 'd0e0c7d5-2d29-48d2-beed-6c0a3f292f8b'}] {{(pid=103359) _bind_port_level /opt/stack/neutron/neutron/plugins/ml2/managers.py:820}}
Jan 21 13:37:29.811180 n-d-825729-3 neutron-server[103359]: DEBUG neutron.plugins.ml2.drivers.mech_agent [req-76120ba6-0142-4624-a1df-73608cf5055c req-7fedfcbc-5464-4c47-9dcd-ea14f9a034ac service neutron] Attempting to bind port 95dc4429-3586-40fe-bf46-984570434245 on network d0e0c7d5-2d29-48d2-beed-6c0a3f292f8b {{(pid=103359) bind_port /opt/stack/neutron/neutron/plugins/ml2/drivers/mech_agent.py:91}}
Jan 21 13:37:29.872857 n-d-825729-3 neutron-server[103359]: DEBUG neutron.pecan_wsgi.hooks.policy_enforcement [req-f0f1a6ae-7dfc-4361-9e23-d062694c75aa req-7a8080ba-f53d-473d-857b-be463e6b21f8 service neutron] Attributes excluded by policy engine: ['standard_attr_id'] {{(pid=103359) _exclude_attributes_by_policy /opt/stack/neutron/neutron/pecan_wsgi/hooks/policy_enforcement.py:255}}
Jan 21 13:37:29.874770 n-d-825729-3 neutron-server[103359]: INFO neutron.wsgi [req-f0f1a6ae-7dfc-4361-9e23-d062694c75aa req-7a8080ba-f53d-473d-857b-be463e6b21f8 service neutron] 10.222.0.81 "GET /v2.0/ports?network_id=d0e0c7d5-2d29-48d2-beed-6c0a3f292f8b&device_owner=network%3Adhcp HTTP/1.1" status: 200 len: 1166 time: 0.5117226
Jan 21 13:37:29.893273 n-d-825729-3 neutron-server[103359]: DEBUG neutron.plugins.ml2.drivers.mech_agent [req-76120ba6-0142-4624-a1df-73608cf5055c req-7fedfcbc-5464-4c47-9dcd-ea14f9a034ac service neutron] Port 95dc4429-3586-40fe-bf46-984570434245 on network d0e0c7d5-2d29-48d2-beed-6c0a3f292f8b not bound, no agent of type Open vSwitch agent registered on host n-h2-825729-3 {{(pid=103359) bind_port /opt/stack/neutron/neutron/plugins/ml2/drivers/mech_agent.py:103}}
Jan 21 13:37:29.893640 n-d-825729-3 neutron-server[103359]: DEBUG neutron.plugins.ml2.drivers.mech_agent [req-76120ba6-0142-4624-a1df-73608cf5055c req-7fedfcbc-5464-4c47-9dcd-ea14f9a034ac service neutron] Attempting to bind port 95dc4429-3586-40fe-bf46-984570434245 on network d0e0c7d5-2d29-48d2-beed-6c0a3f292f8b {{(pid=103359) bind_port /opt/stack/neutron/neutron/plugins/ml2/drivers/mech_agent.py:91}}
Jan 21 13:37:29.930505 n-d-825729-3 neutron-server[103359]: DEBUG neutron.plugins.ml2.drivers.mech_agent [req-76120ba6-0142-4624-a1df-73608cf5055c req-7fedfcbc-5464-4c47-9dcd-ea14f9a034ac service neutron] Checking agent: {'id': '9f403071-dba5-4bfe-9512-97d87a723333', 'agent_type': 'HyperV agent', 'binary': 'neutron-hyperv-agent', 'topic': 'N/A', 'host': 'n-h2-825729-3', 'admin_state_up': True, 'created_at': datetime.datetime(2022, 1, 21, 13, 34, 20), 'started_at': datetime.datetime(2022, 1, 21, 13, 34, 20), 'heartbeat_timestamp': datetime.datetime(2022, 1, 21, 13, 37, 20), 'description': None, 'resources_synced': None, 'availability_zone': None, 'alive': True, 'configurations': {'vswitch_mappings': {'physnet1$': 'br-data'}}, 'resource_versions': {}} {{(pid=103359) bind_port /opt/stack/neutron/neutron/plugins/ml2/drivers/mech_agent.py:110}}
Jan 21 13:37:29.930717 n-d-825729-3 neutron-server[103359]: DEBUG neutron.plugins.ml2.drivers.mech_agent [req-76120ba6-0142-4624-a1df-73608cf5055c req-7fedfcbc-5464-4c47-9dcd-ea14f9a034ac service neutron] Checking segment: {'id': '9955bdd6-048e-4303-895b-9647bc778b06', 'network_type': 'vlan', 'physical_network': 'physnet1', 'segmentation_id': 84, 'network_id': 'd0e0c7d5-2d29-48d2-beed-6c0a3f292f8b'} for mappings: {'physnet1$': 'br-data'} with network types: ['local', 'flat', 'vlan'] {{(pid=103359) check_segment_for_agent /opt/stack/neutron/neutron/plugins/ml2/drivers/mech_agent.py:371}}
Jan 21 13:37:29.931120 n-d-825729-3 neutron-server[103359]: DEBUG neutron.plugins.ml2.drivers.mech_agent [req-76120ba6-0142-4624-a1df-73608cf5055c req-7fedfcbc-5464-4c47-9dcd-ea14f9a034ac service neutron] Bound using segment: {'id': '9955bdd6-048e-4303-895b-9647bc778b06', 'network_type': 'vlan', 'physical_network': 'physnet1', 'segmentation_id': 84, 'network_id': 'd0e0c7d5-2d29-48d2-beed-6c0a3f292f8b'} {{(pid=103359) bind_port /opt/stack/neutron/neutron/plugins/ml2/drivers/mech_agent.py:120}}
Jan 21 13:37:29.931588 n-d-825729-3 neutron-server[103359]: DEBUG neutron.plugins.ml2.managers [req-76120ba6-0142-4624-a1df-73608cf5055c req-7fedfcbc-5464-4c47-9dcd-ea14f9a034ac service neutron] Bound port: 95dc4429-3586-40fe-bf46-984570434245, host: n-h2-825729-3, vif_type: hyperv, vif_details: {"connectivity": "legacy", "port_filter": false}, binding_levels: [{'bound_driver': 'hyperv', 'bound_segment': {'id': '9955bdd6-048e-4303-895b-9647bc778b06', 'network_type': 'vlan', 'physical_network': 'physnet1', 'segmentation_id': 84, 'network_id': 'd0e0c7d5-2d29-48d2-beed-6c0a3f292f8b'}}] {{(pid=103359) _bind_port_level /opt/stack/neutron/neutron/plugins/ml2/managers.py:932}}
Jan 21 13:37:29.931962 n-d-825729-3 neutron-server[103359]: DEBUG neutron_lib.callbacks.manager [req-76120ba6-0142-4624-a1df-73608cf5055c req-7fedfcbc-5464-4c47-9dcd-ea14f9a034ac service neutron] Publish callbacks ['neutron.plugins.ml2.plugin.SecurityGroupDbMixin._ensure_default_security_group_handler-697685'] for port (95dc4429-3586-40fe-bf46-984570434245), before_update {{(pid=103359) _notify_loop /usr/local/lib/python3.8/dist-packages/neutron_lib/callbacks/manager.py:176}}
Jan 21 13:37:29.934591 n-d-825729-3 neutron-server[103360]: DEBUG neutron.notifiers.nova [req-c03abb9d-600a-408d-b4a1-ac7550ef7542 req-3ddd312a-65a4-48d2-a80d-ab52a409ee62 service neutron] Ignoring state change previous_port_status: DOWN current_port_status: DOWN port_id c6bbd179-bfe6-4767-8825-716f92d40434 {{(pid=103360) record_port_status_changed /opt/stack/neutron/neutron/notifiers/nova.py:224}}
Jan 21 13:37:29.965337 n-d-825729-3 neutron-server[103360]: DEBUG neutron_lib.callbacks.manager [req-c03abb9d-600a-408d-b4a1-ac7550ef7542 req-3ddd312a-65a4-48d2-a80d-ab52a409ee62 service neutron] Publish callbacks [] for port (c6bbd179-bfe6-4767-8825-716f92d40434), precommit_update {{(pid=103360) _notify_loop /usr/local/lib/python3.8/dist-packages/neutron_lib/callbacks/manager.py:176}}
Jan 21 13:37:29.998710 n-d-825729-3 neutron-server[103360]: INFO neutron.wsgi [req-e1ea4e10-c00b-40e4-b6e5-04708f6c6c8f req-9e6c7f6b-bba7-4c4c-bb80-fdccc38da191 tempest-ServersAdminTestJSON-1160357387 tempest-ServersAdminTestJSON-1160357387-project] 10.222.0.104 "GET /v2.0/security-groups?id=d2984b35-8756-4c18-9cc0-dd04ed7b64f5&fields=id&fields=name HTTP/1.1" status: 200 len: 286 time: 0.3510187
Jan 21 13:37:30.003485 n-d-825729-3 neutron-server[103362]: DEBUG neutron_lib.callbacks.manager [None req-596187b1-9c83-48aa-94f6-919650e0b01f None None] Publish callbacks [] for port (80629d57-a164-4f7f-8387-ce9519e433f9), precommit_update {{(pid=103362) _notify_loop /usr/local/lib/python3.8/dist-packages/neutron_lib/callbacks/manager.py:176}}
Jan 21 13:37:30.010776 n-d-825729-3 neutron-server[103362]: DEBUG neutron_lib.callbacks.manager [None req-596187b1-9c83-48aa-94f6-919650e0b01f None None] Publish callbacks ['neutron.plugins.ml2.plugin.SecurityGroupServerNotifierRpcMixin._notify_sg_on_port_change-697382', 'neutron.plugins.ml2.ovo_rpc._ObjectChangeHandler.handle_event-77417', 'neutron.api.rpc.agentnotifiers.dhcp_rpc_agent_api.DhcpAgentNotifyAPI._native_event_send_dhcp_notification-3889518', 'neutron.db.l3_db.L3RpcNotifierMixin._notify_gateway_port_ip_changed-8735818895773', 'neutron.db.l3_dvrscheduler_db._notify_l3_agent_port_update-8735818315951', 'neutron.db.l3_hascheduler_db._notify_l3_agent_ha_port_update-8735818315969'] for port (80629d57-a164-4f7f-8387-ce9519e433f9), after_update {{(pid=103362) _notify_loop /usr/local/lib/python3.8/dist-packages/neutron_lib/callbacks/manager.py:176}}
Jan 21 13:37:30.056725 n-d-825729-3 neutron-server[103360]: DEBUG neutron.db.provisioning_blocks [req-c03abb9d-600a-408d-b4a1-ac7550ef7542 req-3ddd312a-65a4-48d2-a80d-ab52a409ee62 service neutron] Transition to ACTIVE for port object c6bbd179-bfe6-4767-8825-716f92d40434 will not be triggered until provisioned by entity L2. {{(pid=103360) add_provisioning_component /opt/stack/neutron/neutron/db/provisioning_blocks.py:73}}
Jan 21 13:37:30.076690 n-d-825729-3 neutron-server[103362]: DEBUG neutron.api.rpc.handlers.resources_rpc [None req-1bd673d4-4b95-42be-bb8f-adc81979b8ec None None] Pushing event updated for resources: {'Port': ['ID=80629d57-a164-4f7f-8387-ce9519e433f9,revision_number=2']} {{(pid=103362) push /opt/stack/neutron/neutron/api/rpc/handlers/resources_rpc.py:237}}
Jan 21 13:37:30.090077 n-d-825729-3 neutron-server[103360]: DEBUG neutron.plugins.ml2.plugin [req-8b7e96f8-fa5f-42e0-bc89-d4b50d71bc78 req-bcc0908a-d92c-425b-96ba-56854b19fd87 tempest-DeleteServersAdminTestJSON-950438994 tempest-DeleteServersAdminTestJSON-950438994-project] Deleting port 079de47e-e8c5-435c-840e-816c9ff46068 {{(pid=103360) _pre_delete_port /opt/stack/neutron/neutron/plugins/ml2/plugin.py:1959}}
Jan 21 13:37:30.090308 n-d-825729-3 neutron-server[103362]: DEBUG neutron.api.rpc.callbacks.version_manager [None req-1bd673d4-4b95-42be-bb8f-adc81979b8ec None None] Version for resource type AddressGroup changed None to 1.2 on consumer Open vSwitch agent@n-d-825729-3 {{(pid=103362) _set_version /opt/stack/neutron/neutron/api/rpc/callbacks/version_manager.py:113}}
Jan 21 13:37:30.090420 n-d-825729-3 neutron-server[103360]: DEBUG neutron_lib.callbacks.manager [req-8b7e96f8-fa5f-42e0-bc89-d4b50d71bc78 req-bcc0908a-d92c-425b-96ba-56854b19fd87 tempest-DeleteServersAdminTestJSON-950438994 tempest-DeleteServersAdminTestJSON-950438994-project] Publish callbacks ['neutron.db.l3_db.L3_NAT_dbonly_mixin._prevent_l3_port_delete_callback-8735818890792'] for port (079de47e-e8c5-435c-840e-816c9ff46068), before_delete {{(pid=103360) _notify_loop /usr/local/lib/python3.8/dist-packages/neutron_lib/callbacks/manager.py:176}}
Jan 21 13:37:30.090826 n-d-825729-3 neutron-server[103362]: DEBUG neutron.api.rpc.callbacks.version_manager [None req-1bd673d4-4b95-42be-bb8f-adc81979b8ec None None] Version for resource type ConntrackHelper changed None to 1.0 on consumer Open vSwitch agent@n-d-825729-3 {{(pid=103362) _set_version /opt/stack/neutron/neutron/api/rpc/callbacks/version_manager.py:113}}
Jan 21 13:37:30.091422 n-d-825729-3 neutron-server[103362]: DEBUG neutron.api.rpc.callbacks.version_manager [None req-1bd673d4-4b95-42be-bb8f-adc81979b8ec None None] Version for resource type LocalIPAssociation changed None to 1.0 on consumer Open vSwitch agent@n-d-825729-3 {{(pid=103362) _set_version /opt/stack/neutron/neutron/api/rpc/callbacks/version_manager.py:113}}
Jan 21 13:37:30.091960 n-d-825729-3 neutron-server[103362]: DEBUG neutron.api.rpc.callbacks.version_manager [None req-1bd673d4-4b95-42be-bb8f-adc81979b8ec None None] Version for resource type Log changed None to 1.0 on consumer Open vSwitch agent@n-d-825729-3 {{(pid=103362) _set_version /opt/stack/neutron/neutron/api/rpc/callbacks/version_manager.py:113}}
Jan 21 13:37:30.092415 n-d-825729-3 neutron-server[103362]: DEBUG neutron.api.rpc.callbacks.version_manager [None req-1bd673d4-4b95-42be-bb8f-adc81979b8ec None None] Version for resource type Network changed None to 1.1 on consumer Open vSwitch agent@n-d-825729-3 {{(pid=103362) _set_version /opt/stack/neutron/neutron/api/rpc/callbacks/version_manager.py:113}}
Jan 21 13:37:30.092868 n-d-825729-3 neutron-server[103362]: DEBUG neutron.api.rpc.callbacks.version_manager [None req-1bd673d4-4b95-42be-bb8f-adc81979b8ec None None] Version for resource type Port changed None to 1.7 on consumer Open vSwitch agent@n-d-825729-3 {{(pid=103362) _set_version /opt/stack/neutron/neutron/api/rpc/callbacks/version_manager.py:113}}
Jan 21 13:37:30.093291 n-d-825729-3 neutron-server[103362]: DEBUG neutron.api.rpc.callbacks.version_manager [None req-1bd673d4-4b95-42be-bb8f-adc81979b8ec None None] Version for resource type PortForwarding changed None to 1.2 on consumer Open vSwitch agent@n-d-825729-3 {{(pid=103362) _set_version /opt/stack/neutron/neutron/api/rpc/callbacks/version_manager.py:113}}
Jan 21 13:37:30.093788 n-d-825729-3 neutron-server[103362]: DEBUG neutron.api.rpc.callbacks.version_manager [None req-1bd673d4-4b95-42be-bb8f-adc81979b8ec None None] Version for resource type QosPolicy changed None to 1.10 on consumer Open vSwitch agent@n-d-825729-3 {{(pid=103362) _set_version /opt/stack/neutron/neutron/api/rpc/callbacks/version_manager.py:113}}
Jan 21 13:37:30.094201 n-d-825729-3 neutron-server[103362]: DEBUG neutron.api.rpc.callbacks.version_manager [None req-1bd673d4-4b95-42be-bb8f-adc81979b8ec None None] Version for resource type SecurityGroup changed None to 1.5 on consumer Open vSwitch agent@n-d-825729-3 {{(pid=103362) _set_version /opt/stack/neutron/neutron/api/rpc/callbacks/version_manager.py:113}}
Jan 21 13:37:30.094614 n-d-825729-3 neutron-server[103362]: DEBUG neutron.api.rpc.callbacks.version_manager [None req-1bd673d4-4b95-42be-bb8f-adc81979b8ec None None] Version for resource type SecurityGroupRule changed None to 1.2 on consumer Open vSwitch agent@n-d-825729-3 {{(pid=103362) _set_version /opt/stack/neutron/neutron/api/rpc/callbacks/version_manager.py:113}}
Jan 21 13:37:30.095032 n-d-825729-3 neutron-server[103362]: DEBUG neutron.api.rpc.callbacks.version_manager [None req-1bd673d4-4b95-42be-bb8f-adc81979b8ec None None] Version for resource type SubPort changed None to 1.0 on consumer Open vSwitch agent@n-d-825729-3 {{(pid=103362) _set_version /opt/stack/neutron/neutron/api/rpc/callbacks/version_manager.py:113}}
Jan 21 13:37:30.095540 n-d-825729-3 neutron-server[103362]: DEBUG neutron.api.rpc.callbacks.version_manager [None req-1bd673d4-4b95-42be-bb8f-adc81979b8ec None None] Version for resource type Subnet changed None to 1.1 on consumer Open vSwitch agent@n-d-825729-3 {{(pid=103362) _set_version /opt/stack/neutron/neutron/api/rpc/callbacks/version_manager.py:113}}
Jan 21 13:37:30.095900 n-d-825729-3 neutron-server[103362]: DEBUG neutron.api.rpc.callbacks.version_manager [None req-1bd673d4-4b95-42be-bb8f-adc81979b8ec None None] Version for resource type Trunk changed None to 1.1 on consumer Open vSwitch agent@n-d-825729-3 {{(pid=103362) _set_version /opt/stack/neutron/neutron/api/rpc/callbacks/version_manager.py:113}}
Jan 21 13:37:30.097400 n-d-825729-3 neutron-server[103362]: DEBUG neutron.api.rpc.callbacks.version_manager [None req-1bd673d4-4b95-42be-bb8f-adc81979b8ec None None] Tracked resource versions report:
Jan 21 13:37:30.097400 n-d-825729-3 neutron-server[103362]: pushed versions:
Jan 21 13:37:30.097400 n-d-825729-3 neutron-server[103362]: { 'AddressGroup': {'1.2'},
Jan 21 13:37:30.097400 n-d-825729-3 neutron-server[103362]: 'ConntrackHelper': {'1.0'},
Jan 21 13:37:30.097400 n-d-825729-3 neutron-server[103362]: 'LocalIPAssociation': {'1.0'},
Jan 21 13:37:30.097400 n-d-825729-3 neutron-server[103362]: 'Log': {'1.0'},
Jan 21 13:37:30.097400 n-d-825729-3 neutron-server[103362]: 'Network': {'1.1'},
Jan 21 13:37:30.097400 n-d-825729-3 neutron-server[103362]: 'Port': {'1.7'},
Jan 21 13:37:30.097400 n-d-825729-3 neutron-server[103362]: 'PortForwarding': {'1.2'},
Jan 21 13:37:30.097400 n-d-825729-3 neutron-server[103362]: 'QosPolicy': {'1.10'},
Jan 21 13:37:30.097400 n-d-825729-3 neutron-server[103362]: 'SecurityGroup': {'1.5'},
Jan 21 13:37:30.097400 n-d-825729-3 neutron-server[103362]: 'SecurityGroupRule': {'1.2'},
Jan 21 13:37:30.097400 n-d-825729-3 neutron-server[103362]: 'SubPort': {'1.0'},
Jan 21 13:37:30.097400 n-d-825729-3 neutron-server[103362]: 'Subnet': {'1.1'},
Jan 21 13:37:30.097400 n-d-825729-3 neutron-server[103362]: 'Trunk': {'1.1'}}
Jan 21 13:37:30.097400 n-d-825729-3 neutron-server[103362]: consumer versions:
Jan 21 13:37:30.097400 n-d-825729-3 neutron-server[103362]: { DHCP agent@n-d-825729-3: {},
Jan 21 13:37:30.097400 n-d-825729-3 neutron-server[103362]: HyperV agent@n-h1-825729-3: {},
Jan 21 13:37:30.097400 n-d-825729-3 neutron-server[103362]: HyperV agent@n-h2-825729-3: {},
Jan 21 13:37:30.097400 n-d-825729-3 neutron-server[103362]: L3 agent@n-d-825729-3: {},
Jan 21 13:37:30.097400 n-d-825729-3 neutron-server[103362]: Metadata agent@n-d-825729-3: {},
Jan 21 13:37:30.097400 n-d-825729-3 neutron-server[103362]: Metering agent@n-d-825729-3: {},
Jan 21 13:37:30.097400 n-d-825729-3 neutron-server[103362]: Open vSwitch agent@n-d-825729-3: { 'AddressGroup': '1.2',
Jan 21 13:37:30.097400 n-d-825729-3 neutron-server[103362]: 'ConntrackHelper': '1.0',
Jan 21 13:37:30.097400 n-d-825729-3 neutron-server[103362]: 'LocalIPAssociation': '1.0',
Jan 21 13:37:30.097400 n-d-825729-3 neutron-server[103362]: 'Log': '1.0',
Jan 21 13:37:30.097400 n-d-825729-3 neutron-server[103362]: 'Network': '1.1',
Jan 21 13:37:30.097400 n-d-825729-3 neutron-server[103362]: 'Port': '1.7',
Jan 21 13:37:30.097400 n-d-825729-3 neutron-server[103362]: 'PortForwarding': '1.2',
Jan 21 13:37:30.097400 n-d-825729-3 neutron-server[103362]: 'QosPolicy': '1.10',
Jan 21 13:37:30.097400 n-d-825729-3 neutron-server[103362]: 'SecurityGroup': '1.5',
Jan 21 13:37:30.097400 n-d-825729-3 neutron-server[103362]: 'SecurityGroupRule': '1.2',
Jan 21 13:37:30.097400 n-d-825729-3 neutron-server[103362]: 'SubPort': '1.0',
Jan 21 13:37:30.097400 n-d-825729-3 neutron-server[103362]: 'Subnet': '1.1',
Jan 21 13:37:30.097400 n-d-825729-3 neutron-server[103362]: 'Trunk': '1.1'}}
Jan 21 13:37:30.097400 n-d-825729-3 neutron-server[103362]: {{(pid=103362) report /opt/stack/neutron/neutron/api/rpc/callbacks/version_manager.py:175}}
Jan 21 13:37:30.127740 n-d-825729-3 neutron-server[103362]: DEBUG neutron.plugins.ml2.managers [None req-596187b1-9c83-48aa-94f6-919650e0b01f None None] Attempting to bind port 80629d57-a164-4f7f-8387-ce9519e433f9 on host n-d-825729-3 for vnic_type normal with profile {{(pid=103362) bind_port /opt/stack/neutron/neutron/plugins/ml2/managers.py:795}}
Jan 21 13:37:30.127929 n-d-825729-3 neutron-server[103362]: DEBUG neutron.plugins.ml2.managers [None req-596187b1-9c83-48aa-94f6-919650e0b01f None None] Attempting to bind port 80629d57-a164-4f7f-8387-ce9519e433f9 by drivers openvswitch,hyperv on host n-d-825729-3 at level 0 using segments [{'id': 'ef4f482a-9378-4560-962d-f503e25a65ac', 'network_type': 'flat', 'physical_network': 'physnet1', 'segmentation_id': None, 'network_id': '07e5884e-a42e-48e8-973a-e790998132b5'}] {{(pid=103362) _bind_port_level /opt/stack/neutron/neutron/plugins/ml2/managers.py:820}}
Jan 21 13:37:30.128366 n-d-825729-3 neutron-server[103362]: DEBUG neutron.plugins.ml2.drivers.mech_agent [None req-596187b1-9c83-48aa-94f6-919650e0b01f None None] Attempting to bind port 80629d57-a164-4f7f-8387-ce9519e433f9 on network 07e5884e-a42e-48e8-973a-e790998132b5 {{(pid=103362) bind_port /opt/stack/neutron/neutron/plugins/ml2/drivers/mech_agent.py:91}}
Jan 21 13:37:30.135104 n-d-825729-3 neutron-server[103362]: DEBUG neutron.plugins.ml2.drivers.mech_agent [None req-596187b1-9c83-48aa-94f6-919650e0b01f None None] Checking agent: {'id': 'd47fa084-6a26-43c4-bf89-4d626533f116', 'agent_type': 'Open vSwitch agent', 'binary': 'neutron-openvswitch-agent', 'topic': 'N/A', 'host': 'n-d-825729-3', 'admin_state_up': True, 'created_at': datetime.datetime(2022, 1, 21, 13, 26, 31), 'started_at': datetime.datetime(2022, 1, 21, 13, 27, 1), 'heartbeat_timestamp': datetime.datetime(2022, 1, 21, 13, 37, 1), 'description': None, 'resources_synced': None, 'availability_zone': None, 'alive': True, 'configurations': {'arp_responder_enabled': False, 'baremetal_smartnic': False, 'bridge_mappings': {'physnet1': 'br-data'}, 'datapath_type': 'system', 'devices': 0, 'enable_distributed_routing': False, 'extensions': [], 'in_distributed_mode': False, 'integration_bridge': 'br-int', 'l2_population': False, 'log_agent_heartbeats': False, 'ovs_capabilities': {'datapath_types': ['netdev', 'system'], 'iface_types': ['erspan', 'geneve', 'gre', 'internal', 'ip6erspan', 'ip6gre', 'lisp', 'patch', 'stt', 'system', 'tap', 'vxlan']}, 'ovs_hybrid_plug': False, 'resource_provider_bandwidths': {}, 'resource_provider_hypervisors': {'br-data': 'n-d-825729-3'}, 'resource_provider_inventory_defaults': {'allocation_ratio': 1.0, 'min_unit': 1, 'step_size': 1, 'reserved': 0}, 'resource_provider_packet_processing_inventory_defaults': {'allocation_ratio': 1.0, 'min_unit': 1, 'step_size': 1, 'reserved': 0}, 'resource_provider_packet_processing_with_direction': {}, 'resource_provider_packet_processing_without_direction': {}, 'tunnel_types': [], 'tunneling_ip': None, 'vhostuser_socket_dir': '/var/run/openvswitch'}, 'resource_versions': {'AddressGroup': '1.2', 'ConntrackHelper': '1.0', 'LocalIPAssociation': '1.0', 'Log': '1.0', 'Network': '1.1', 'Port': '1.7', 'PortForwarding': '1.2', 'QosPolicy': '1.10', 'SecurityGroup': '1.5', 'SecurityGroupRule': '1.2', 'SubPort': '1.0', 'Subnet': '1.1', 'Trunk': '1.1'}} {{(pid=103362) bind_port /opt/stack/neutron/neutron/plugins/ml2/drivers/mech_agent.py:110}}
Jan 21 13:37:30.135616 n-d-825729-3 neutron-server[103362]: DEBUG neutron.plugins.ml2.drivers.mech_agent [None req-596187b1-9c83-48aa-94f6-919650e0b01f None None] Checking segment: {'id': 'ef4f482a-9378-4560-962d-f503e25a65ac', 'network_type': 'flat', 'physical_network': 'physnet1', 'segmentation_id': None, 'network_id': '07e5884e-a42e-48e8-973a-e790998132b5'} for mappings: {'physnet1': 'br-data'} with network types: ['local', 'flat', 'vlan'] {{(pid=103362) check_segment_for_agent /opt/stack/neutron/neutron/plugins/ml2/drivers/mech_agent.py:371}}
Jan 21 13:37:30.136238 n-d-825729-3 neutron-server[103362]: DEBUG neutron_lib.callbacks.manager [None req-596187b1-9c83-48aa-94f6-919650e0b01f None None] Publish callbacks [] for ovs_bridge_name (None), before_read {{(pid=103362) _notify_loop /usr/local/lib/python3.8/dist-packages/neutron_lib/callbacks/manager.py:176}}
Jan 21 13:37:30.136763 n-d-825729-3 neutron-server[103362]: DEBUG neutron.plugins.ml2.drivers.mech_agent [None req-596187b1-9c83-48aa-94f6-919650e0b01f None None] Bound using segment: {'id': 'ef4f482a-9378-4560-962d-f503e25a65ac', 'network_type': 'flat', 'physical_network': 'physnet1', 'segmentation_id': None, 'network_id': '07e5884e-a42e-48e8-973a-e790998132b5'} {{(pid=103362) bind_port /opt/stack/neutron/neutron/plugins/ml2/drivers/mech_agent.py:120}}
Jan 21 13:37:30.137520 n-d-825729-3 neutron-server[103362]: DEBUG neutron.plugins.ml2.managers [None req-596187b1-9c83-48aa-94f6-919650e0b01f None None] Bound port: 80629d57-a164-4f7f-8387-ce9519e433f9, host: n-d-825729-3, vif_type: ovs, vif_details: {"connectivity": "l2", "port_filter": true, "ovs_hybrid_plug": false, "datapath_type": "system", "bridge_name": "br-int"}, binding_levels: [{'bound_driver': 'openvswitch', 'bound_segment': {'id': 'ef4f482a-9378-4560-962d-f503e25a65ac', 'network_type': 'flat', 'physical_network': 'physnet1', 'segmentation_id': None, 'network_id': '07e5884e-a42e-48e8-973a-e790998132b5'}}] {{(pid=103362) _bind_port_level /opt/stack/neutron/neutron/plugins/ml2/managers.py:932}}
Jan 21 13:37:30.137986 n-d-825729-3 neutron-server[103362]: DEBUG neutron_lib.callbacks.manager [None req-596187b1-9c83-48aa-94f6-919650e0b01f None None] Publish callbacks ['neutron.plugins.ml2.plugin.SecurityGroupDbMixin._ensure_default_security_group_handler-697685'] for port (80629d57-a164-4f7f-8387-ce9519e433f9), before_update {{(pid=103362) _notify_loop /usr/local/lib/python3.8/dist-packages/neutron_lib/callbacks/manager.py:176}}
Jan 21 13:37:30.165530 n-d-825729-3 neutron-server[103359]: DEBUG neutron_lib.callbacks.manager [None req-8e7cfae8-0672-4548-9c56-56a4557a801d admin admin] Publish callbacks [] for security_group (34f76124-a964-4bf4-a014-c27b10d9c200), precommit_create {{(pid=103359) _notify_loop /usr/local/lib/python3.8/dist-packages/neutron_lib/callbacks/manager.py:176}}
Jan 21 13:37:30.196019 n-d-825729-3 neutron-server[103359]: DEBUG neutron_lib.callbacks.manager [None req-8e7cfae8-0672-4548-9c56-56a4557a801d admin admin] Publish callbacks ['neutron.plugins.ml2.ovo_rpc._ObjectChangeHandler.handle_event-3713323'] for security_group (34f76124-a964-4bf4-a014-c27b10d9c200), after_create {{(pid=103359) _notify_loop /usr/local/lib/python3.8/dist-packages/neutron_lib/callbacks/manager.py:176}}
Jan 21 13:37:30.239394 n-d-825729-3 neutron-server[103362]: DEBUG neutron.plugins.ml2.db [None req-596187b1-9c83-48aa-94f6-919650e0b01f None None] For port 80629d57-a164-4f7f-8387-ce9519e433f9, host n-d-825729-3, cleared binding levels {{(pid=103362) clear_binding_levels /opt/stack/neutron/neutron/plugins/ml2/db.py:87}}
Jan 21 13:37:30.244492 n-d-825729-3 neutron-server[103362]: DEBUG neutron.plugins.ml2.db [None req-596187b1-9c83-48aa-94f6-919650e0b01f None None] For port 80629d57-a164-4f7f-8387-ce9519e433f9, host n-d-825729-3, set binding levels [PortBindingLevel(driver='openvswitch',host='n-d-825729-3',level=0,port_id=80629d57-a164-4f7f-8387-ce9519e433f9,segment=NetworkSegment(ef4f482a-9378-4560-962d-f503e25a65ac),segment_id=ef4f482a-9378-4560-962d-f503e25a65ac)] {{(pid=103362) set_binding_levels /opt/stack/neutron/neutron/plugins/ml2/db.py:59}}
Jan 21 13:37:30.247774 n-d-825729-3 neutron-server[103360]: DEBUG neutron_lib.callbacks.manager [req-c03abb9d-600a-408d-b4a1-ac7550ef7542 req-3ddd312a-65a4-48d2-a80d-ab52a409ee62 service neutron] Publish callbacks ['neutron.plugins.ml2.plugin.SecurityGroupServerNotifierRpcMixin._notify_sg_on_port_change-697382', 'neutron.plugins.ml2.ovo_rpc._ObjectChangeHandler.handle_event-77417', 'neutron.api.rpc.agentnotifiers.dhcp_rpc_agent_api.DhcpAgentNotifyAPI._native_event_send_dhcp_notification-3889518', 'neutron.db.l3_db.L3RpcNotifierMixin._notify_gateway_port_ip_changed-8735818895773', 'neutron.db.l3_dvrscheduler_db._notify_l3_agent_port_update-8735818315951', 'neutron.db.l3_hascheduler_db._notify_l3_agent_ha_port_update-8735818315969'] for port (c6bbd179-bfe6-4767-8825-716f92d40434), after_update {{(pid=103360) _notify_loop /usr/local/lib/python3.8/dist-packages/neutron_lib/callbacks/manager.py:176}}
Jan 21 13:37:30.253512 n-d-825729-3 neutron-server[103362]: DEBUG neutron_lib.callbacks.manager [None req-596187b1-9c83-48aa-94f6-919650e0b01f None None] Publish callbacks ['neutron.plugins.ml2.plugin.SecurityGroupServerNotifierRpcMixin._notify_sg_on_port_change-697382', 'neutron.plugins.ml2.ovo_rpc._ObjectChangeHandler.handle_event-77417', 'neutron.api.rpc.agentnotifiers.dhcp_rpc_agent_api.DhcpAgentNotifyAPI._native_event_send_dhcp_notification-3889518', 'neutron.db.l3_db.L3RpcNotifierMixin._notify_gateway_port_ip_changed-8735818895773', 'neutron.db.l3_dvrscheduler_db._notify_l3_agent_port_update-8735818315951', 'neutron.db.l3_hascheduler_db._notify_l3_agent_ha_port_update-8735818315969'] for port (80629d57-a164-4f7f-8387-ce9519e433f9), after_update {{(pid=103362) _notify_loop /usr/local/lib/python3.8/dist-packages/neutron_lib/callbacks/manager.py:176}}
Jan 21 13:37:30.260529 n-d-825729-3 neutron-server[103360]: DEBUG neutron.wsgi [-] (103360) accepted ('10.222.0.81', 59917) {{(pid=103360) server /usr/local/lib/python3.8/dist-packages/eventlet/wsgi.py:1004}}
Jan 21 13:37:30.309394 n-d-825729-3 neutron-server[103361]: DEBUG neutron.plugins.ml2.rpc [None req-2d13d5e2-3e62-403c-b39f-4a748d6b260b None None] Device 0ab0bdf3-39b0-47ec-a826-2e8360e5e78c up at agent ovs-agent-n-d-825729-3 {{(pid=103361) update_device_up /opt/stack/neutron/neutron/plugins/ml2/rpc.py:296}}
Jan 21 13:37:30.350810 n-d-825729-3 neutron-server[103359]: DEBUG neutron.db.db_base_plugin_common [None req-a0eb254f-27ce-4445-a916-ac08e679c4c4 admin admin] Allocated IP 172.25.6.209 (07e5884e-a42e-48e8-973a-e790998132b5/366b5291-24a4-4ac7-9b42-8ad728f125b5/34a21d40-5b96-4405-9719-4db305a796bd) {{(pid=103359) _store_ip_allocation /opt/stack/neutron/neutron/db/db_base_plugin_common.py:131}}
Jan 21 13:37:30.377571 n-d-825729-3 neutron-server[103362]: DEBUG neutron.api.rpc.handlers.resources_rpc [None req-1bd673d4-4b95-42be-bb8f-adc81979b8ec None None] Pushing event updated for resources: {'Port': ['ID=80629d57-a164-4f7f-8387-ce9519e433f9,revision_number=3']} {{(pid=103362) push /opt/stack/neutron/neutron/api/rpc/handlers/resources_rpc.py:237}}
Jan 21 13:37:30.397185 n-d-825729-3 neutron-server[103362]: DEBUG neutron.db.l3_dvrscheduler_db [None req-596187b1-9c83-48aa-94f6-919650e0b01f None None] Routers {'ca4afd47-a9ed-4a89-990a-6e715e1ac18f'} bound to L3 agent in host n-d-825729-3 {{(pid=103362) _get_router_ids_for_agent /opt/stack/neutron/neutron/db/l3_dvrscheduler_db.py:421}}
Jan 21 13:37:30.398455 n-d-825729-3 neutron-server[103362]: DEBUG neutron.db.l3_hamode_db [None req-596187b1-9c83-48aa-94f6-919650e0b01f None None] neutron.services.l3_router.l3_router_plugin.L3RouterPlugin method get_ha_sync_data_for_host called with arguments (, 'n-d-825729-3', Agent(admin_state_up=True,agent_type='L3 agent',availability_zone='nova',binary='neutron-l3-agent',configurations={"agent_mode": "legacy", "ex_gw_ports": 1, "extensions": [], "floating_ips": 0, "handle_internal_only_routers": true, "interface_driver": "openvswitch", "interfaces": 1, "log_agent_heartbeats": false, "routers": 1},created_at=2022-01-21T13:26:27Z,description=,heartbeat_timestamp=2022-01-21T13:37:27Z,host='n-d-825729-3',id=ff8711a2-5d89-42bb-b10b-452fbc67dc63,load=0,resource_versions=,resources_synced=,started_at=2022-01-21T13:26:27Z,topic='l3_agent')) {'router_ids': ['ca4afd47-a9ed-4a89-990a-6e715e1ac18f'], 'active': True} {{(pid=103362) wrapper /usr/local/lib/python3.8/dist-packages/oslo_log/helpers.py:65}}
Jan 21 13:37:30.408807 n-d-825729-3 neutron-server[103360]: DEBUG neutron.api.rpc.handlers.resources_rpc [None req-3ddd312a-65a4-48d2-a80d-ab52a409ee62 service neutron] Pushing event updated for resources: {'Port': ['ID=c6bbd179-bfe6-4767-8825-716f92d40434,revision_number=2']} {{(pid=103360) push /opt/stack/neutron/neutron/api/rpc/handlers/resources_rpc.py:237}}
Jan 21 13:37:30.423585 n-d-825729-3 neutron-server[103361]: DEBUG neutron.db.provisioning_blocks [None req-2d13d5e2-3e62-403c-b39f-4a748d6b260b None None] Provisioning complete for port 0ab0bdf3-39b0-47ec-a826-2e8360e5e78c triggered by entity L2. {{(pid=103361) provisioning_complete /opt/stack/neutron/neutron/db/provisioning_blocks.py:139}}
Jan 21 13:37:30.424117 n-d-825729-3 neutron-server[103361]: DEBUG neutron_lib.callbacks.manager [None req-2d13d5e2-3e62-403c-b39f-4a748d6b260b None None] Publish callbacks ['neutron.plugins.ml2.plugin.Ml2Plugin._port_provisioned-3520741'] for port (0ab0bdf3-39b0-47ec-a826-2e8360e5e78c), provisioning_complete {{(pid=103361) _notify_loop /usr/local/lib/python3.8/dist-packages/neutron_lib/callbacks/manager.py:176}}
Jan 21 13:37:30.424824 n-d-825729-3 neutron-server[103360]: DEBUG neutron.plugins.ml2.db [req-8b7e96f8-fa5f-42e0-bc89-d4b50d71bc78 req-bcc0908a-d92c-425b-96ba-56854b19fd87 tempest-DeleteServersAdminTestJSON-950438994 tempest-DeleteServersAdminTestJSON-950438994-project] For port 079de47e-e8c5-435c-840e-816c9ff46068, host n-h2-825729-3, got binding levels [PortBindingLevel(driver='hyperv',host='n-h2-825729-3',level=0,port_id=079de47e-e8c5-435c-840e-816c9ff46068,segment=NetworkSegment(9955bdd6-048e-4303-895b-9647bc778b06),segment_id=9955bdd6-048e-4303-895b-9647bc778b06)] {{(pid=103360) get_binding_level_objs /opt/stack/neutron/neutron/plugins/ml2/db.py:74}}
Jan 21 13:37:30.425364 n-d-825729-3 neutron-server[103360]: DEBUG neutron_lib.callbacks.manager [req-8b7e96f8-fa5f-42e0-bc89-d4b50d71bc78 req-bcc0908a-d92c-425b-96ba-56854b19fd87 tempest-DeleteServersAdminTestJSON-950438994 tempest-DeleteServersAdminTestJSON-950438994-project] Publish callbacks ['neutron.services.l3_router.l3_router_plugin.L3_NAT_dbonly_mixin._precommit_delete_port_callback-3732759'] for port (079de47e-e8c5-435c-840e-816c9ff46068), precommit_delete {{(pid=103360) _notify_loop /usr/local/lib/python3.8/dist-packages/neutron_lib/callbacks/manager.py:176}}
Jan 21 13:37:30.458240 n-d-825729-3 neutron-server[103359]: DEBUG neutron.api.rpc.handlers.resources_rpc [None req-8e7cfae8-0672-4548-9c56-56a4557a801d admin admin] Pushing event updated for resources: {'SecurityGroup': ['ID=34f76124-a964-4bf4-a014-c27b10d9c200,revision_number=1']} {{(pid=103359) push /opt/stack/neutron/neutron/api/rpc/handlers/resources_rpc.py:237}}
Jan 21 13:37:30.520127 n-d-825729-3 neutron-server[103360]: DEBUG neutron.pecan_wsgi.hooks.policy_enforcement [req-efb58ebd-397d-412e-b182-271f67b6e9e9 req-cb62b9aa-f4df-4544-a2d4-827136e6af6e service neutron] Attributes excluded by policy engine: ['standard_attr_id'] {{(pid=103360) _exclude_attributes_by_policy /opt/stack/neutron/neutron/pecan_wsgi/hooks/policy_enforcement.py:255}}
Jan 21 13:37:30.522101 n-d-825729-3 neutron-server[103360]: INFO neutron.wsgi [req-efb58ebd-397d-412e-b182-271f67b6e9e9 req-cb62b9aa-f4df-4544-a2d4-827136e6af6e service neutron] 10.222.0.81 "GET /v2.0/ports?tenant_id=d830eecf164e40ff85ae94a19358ce60&device_id=fb21b3a7-1825-42e7-b8af-acceb2a93ce9 HTTP/1.1" status: 200 len: 1097 time: 0.2559636
Jan 21 13:37:30.530887 n-d-825729-3 neutron-server[103360]: DEBUG neutron.plugins.ml2.plugin [req-8b7e96f8-fa5f-42e0-bc89-d4b50d71bc78 req-bcc0908a-d92c-425b-96ba-56854b19fd87 tempest-DeleteServersAdminTestJSON-950438994 tempest-DeleteServersAdminTestJSON-950438994-project] Calling delete_port for 079de47e-e8c5-435c-840e-816c9ff46068 owned by compute:nova {{(pid=103360) delete_port /opt/stack/neutron/neutron/plugins/ml2/plugin.py:2037}}
Jan 21 13:37:30.536790 n-d-825729-3 neutron-server[103360]: /usr/lib/python3/dist-packages/secretstorage/dhcrypto.py:15: CryptographyDeprecationWarning: int_from_bytes is deprecated, use int.from_bytes instead
Jan 21 13:37:30.536790 n-d-825729-3 neutron-server[103360]: from cryptography.utils import int_from_bytes
Jan 21 13:37:30.536790 n-d-825729-3 neutron-server[103360]: /usr/lib/python3/dist-packages/secretstorage/util.py:19: CryptographyDeprecationWarning: int_from_bytes is deprecated, use int.from_bytes instead
Jan 21 13:37:30.536790 n-d-825729-3 neutron-server[103360]: from cryptography.utils import int_from_bytes
Jan 21 13:37:30.536790 n-d-825729-3 neutron-server[103360]: /usr/local/lib/python3.8/dist-packages/oslo_policy/policy.py:1119: UserWarning: Policy rule:get_network:provider:network_type failed scope check. The token used to make the request was project scoped but the policy requires ['system'] scope. This behavior may change in the future where using the intended scope is required
Jan 21 13:37:30.536790 n-d-825729-3 neutron-server[103360]: warnings.warn(msg)
Jan 21 13:37:30.536790 n-d-825729-3 neutron-server[103360]: /usr/local/lib/python3.8/dist-packages/oslo_policy/policy.py:1119: UserWarning: Policy rule:get_network:provider:physical_network failed scope check. The token used to make the request was project scoped but the policy requires ['system'] scope. This behavior may change in the future where using the intended scope is required
Jan 21 13:37:30.536790 n-d-825729-3 neutron-server[103360]: warnings.warn(msg)
Jan 21 13:37:30.536790 n-d-825729-3 neutron-server[103360]: /usr/local/lib/python3.8/dist-packages/oslo_policy/policy.py:1119: UserWarning: Policy rule:get_network:provider:segmentation_id failed scope check. The token used to make the request was project scoped but the policy requires ['system'] scope. This behavior may change in the future where using the intended scope is required
Jan 21 13:37:30.536790 n-d-825729-3 neutron-server[103360]: warnings.warn(msg)
Jan 21 13:37:30.536790 n-d-825729-3 neutron-server[103360]: /usr/local/lib/python3.8/dist-packages/oslo_policy/policy.py:1119: UserWarning: Policy rule:get_port:binding:profile failed scope check. The token used to make the request was project scoped but the policy requires ['system'] scope. This behavior may change in the future where using the intended scope is required
Jan 21 13:37:30.536790 n-d-825729-3 neutron-server[103360]: warnings.warn(msg)
