Jan 21 13:36:41.364793 n-d-825729-3 neutron-server[103359]: DEBUG neutron_lib.callbacks.manager [req-e57fd2ef-354d-4e72-80a3-c589c01bc32c req-006dc0fe-d6bc-41cb-8254-bcf038160976 tempest-DeleteServersAdminTestJSON-950438994 tempest-DeleteServersAdminTestJSON-950438994-project] Publish callbacks [] for port (964eff4e-8324-44b0-8aa1-e24545c8d9b5), precommit_create {{(pid=103359) _notify_loop /usr/local/lib/python3.8/dist-packages/neutron_lib/callbacks/manager.py:176}}
Jan 21 13:36:41.416422 n-d-825729-3 neutron-server[103360]: DEBUG neutron_lib.callbacks.manager [None req-6ae3aace-4cda-4083-8dad-7f7226b8f83d admin admin] Publish callbacks [] for security_group (None), before_create {{(pid=103360) _notify_loop /usr/local/lib/python3.8/dist-packages/neutron_lib/callbacks/manager.py:176}}
Jan 21 13:36:41.437769 n-d-825729-3 neutron-server[103359]: DEBUG neutron_lib.callbacks.manager [req-e57fd2ef-354d-4e72-80a3-c589c01bc32c req-006dc0fe-d6bc-41cb-8254-bcf038160976 tempest-DeleteServersAdminTestJSON-950438994 tempest-DeleteServersAdminTestJSON-950438994-project] Publish callbacks ['neutron.plugins.ml2.plugin.SecurityGroupServerNotifierRpcMixin._notify_sg_on_port_change-697382', 'neutron.plugins.ml2.ovo_rpc._ObjectChangeHandler.handle_event-77417', 'neutron.api.rpc.agentnotifiers.dhcp_rpc_agent_api.DhcpAgentNotifyAPI._native_event_send_dhcp_notification-3889518', 'neutron.db.l3_dvrscheduler_db._notify_l3_agent_new_port-8735818315933'] for port (964eff4e-8324-44b0-8aa1-e24545c8d9b5), after_create {{(pid=103359) _notify_loop /usr/local/lib/python3.8/dist-packages/neutron_lib/callbacks/manager.py:176}}
Jan 21 13:36:41.613507 n-d-825729-3 neutron-server[103360]: DEBUG neutron_lib.callbacks.manager [None req-6ae3aace-4cda-4083-8dad-7f7226b8f83d admin admin] Publish callbacks [] for security_group (8e4e4f55-2456-4621-b051-9fe9183939ec), precommit_create {{(pid=103360) _notify_loop /usr/local/lib/python3.8/dist-packages/neutron_lib/callbacks/manager.py:176}}
Jan 21 13:36:41.621294 n-d-825729-3 neutron-server[103360]: DEBUG neutron_lib.callbacks.manager [None req-6ae3aace-4cda-4083-8dad-7f7226b8f83d admin admin] Publish callbacks ['neutron.plugins.ml2.ovo_rpc._ObjectChangeHandler.handle_event-3713323'] for security_group (8e4e4f55-2456-4621-b051-9fe9183939ec), after_create {{(pid=103360) _notify_loop /usr/local/lib/python3.8/dist-packages/neutron_lib/callbacks/manager.py:176}}
Jan 21 13:36:41.754640 n-d-825729-3 neutron-server[103360]: INFO neutron.wsgi [None req-6ae3aace-4cda-4083-8dad-7f7226b8f83d admin admin] 10.222.0.104 "GET /v2.0/security-groups?tenant_id=4c99c52725114a3699b624e4a61773fd&name=default HTTP/1.1" status: 200 len: 2992 time: 0.6670580
Jan 21 13:36:41.757451 n-d-825729-3 neutron-server[103360]: DEBUG neutron.api.rpc.handlers.resources_rpc [None req-6ae3aace-4cda-4083-8dad-7f7226b8f83d admin admin] Pushing event updated for resources: {'SecurityGroup': ['ID=8e4e4f55-2456-4621-b051-9fe9183939ec,revision_number=1']} {{(pid=103360) push /opt/stack/neutron/neutron/api/rpc/handlers/resources_rpc.py:237}}
Jan 21 13:36:41.765406 n-d-825729-3 neutron-server[103359]: DEBUG neutron.wsgi [-] (103359) accepted ('10.222.0.104', 51826) {{(pid=103359) server /usr/local/lib/python3.8/dist-packages/eventlet/wsgi.py:1004}}
Jan 21 13:36:41.792093 n-d-825729-3 neutron-server[103359]: DEBUG neutron.scheduler.dhcp_agent_scheduler [req-e57fd2ef-354d-4e72-80a3-c589c01bc32c req-006dc0fe-d6bc-41cb-8254-bcf038160976 tempest-DeleteServersAdminTestJSON-950438994 tempest-DeleteServersAdminTestJSON-950438994-project] Network d0e0c7d5-2d29-48d2-beed-6c0a3f292f8b is already hosted by enough agents. {{(pid=103359) _get_dhcp_agents_hosting_network /opt/stack/neutron/neutron/scheduler/dhcp_agent_scheduler.py:275}}
Jan 21 13:36:41.795915 n-d-825729-3 neutron-server[103359]: DEBUG neutron.api.rpc.handlers.resources_rpc [None req-006dc0fe-d6bc-41cb-8254-bcf038160976 tempest-DeleteServersAdminTestJSON-950438994 tempest-DeleteServersAdminTestJSON-950438994-project] Pushing event updated for resources: {'Port': ['ID=964eff4e-8324-44b0-8aa1-e24545c8d9b5,revision_number=1']} {{(pid=103359) push /opt/stack/neutron/neutron/api/rpc/handlers/resources_rpc.py:237}}
Jan 21 13:36:41.819631 n-d-825729-3 neutron-server[103359]: DEBUG neutron.scheduler.base_scheduler [req-e57fd2ef-354d-4e72-80a3-c589c01bc32c req-006dc0fe-d6bc-41cb-8254-bcf038160976 tempest-DeleteServersAdminTestJSON-950438994 tempest-DeleteServersAdminTestJSON-950438994-project] Resources bound (agent type, host, resource id): {{(pid=103359) schedule /opt/stack/neutron/neutron/scheduler/base_scheduler.py:57}}
Jan 21 13:36:41.822663 n-d-825729-3 neutron-server[103360]: INFO neutron.wsgi [req-5c21e360-336a-4d7a-8f70-dedc2a59bacf req-2a8edda1-5e4f-4dbd-84d4-23ebd723792c tempest-AggregatesAdminTestJSON-145484246 tempest-AggregatesAdminTestJSON-145484246-project] 10.222.0.104 "GET /v2.0/ports?device_id=0595681e-ce1a-472c-9302-a32d88785033 HTTP/1.1" status: 200 len: 210 time: 0.1397102
Jan 21 13:36:41.854821 n-d-825729-3 neutron-server[103359]: DEBUG neutron.db.l3_dvrscheduler_db [req-e57fd2ef-354d-4e72-80a3-c589c01bc32c req-006dc0fe-d6bc-41cb-8254-bcf038160976 tempest-DeleteServersAdminTestJSON-950438994 tempest-DeleteServersAdminTestJSON-950438994-project] Received port after_create {{(pid=103359) _notify_l3_agent_new_port /opt/stack/neutron/neutron/db/l3_dvrscheduler_db.py:536}}
Jan 21 13:36:41.869589 n-d-825729-3 neutron-server[103359]: DEBUG neutron.pecan_wsgi.hooks.policy_enforcement [req-e57fd2ef-354d-4e72-80a3-c589c01bc32c req-006dc0fe-d6bc-41cb-8254-bcf038160976 tempest-DeleteServersAdminTestJSON-950438994 tempest-DeleteServersAdminTestJSON-950438994-project] Attributes excluded by policy engine: ['standard_attr_id', 'binding:profile', 'binding:host_id', 'binding:vif_type', 'binding:vif_details', 'network'] {{(pid=103359) _exclude_attributes_by_policy /opt/stack/neutron/neutron/pecan_wsgi/hooks/policy_enforcement.py:255}}
Jan 21 13:36:41.870543 n-d-825729-3 neutron-server[103359]: DEBUG neutron_lib.callbacks.manager [req-e57fd2ef-354d-4e72-80a3-c589c01bc32c req-006dc0fe-d6bc-41cb-8254-bcf038160976 tempest-DeleteServersAdminTestJSON-950438994 tempest-DeleteServersAdminTestJSON-950438994-project] Publish callbacks ['neutron.notifiers.nova.Notifier._send_nova_notification-11943', 'neutron.api.rpc.agentnotifiers.dhcp_rpc_agent_api.DhcpAgentNotifyAPI._send_dhcp_notification-3889408'] for port (None), before_response {{(pid=103359) _notify_loop /usr/local/lib/python3.8/dist-packages/neutron_lib/callbacks/manager.py:176}}
Jan 21 13:36:41.920456 n-d-825729-3 neutron-server[103359]: DEBUG neutron.db.db_base_plugin_common [req-d15a9aec-deb9-497a-b8d0-93b0bc170431 req-3e26bda5-3730-4924-ae96-ee348504c54e tempest-AggregatesAdminTestJSON-145484246 tempest-AggregatesAdminTestJSON-145484246-project] Allocated IP 192.168.233.189 (d0e0c7d5-2d29-48d2-beed-6c0a3f292f8b/29bcf055-0fa2-46b1-b98e-060330687175/a0a8f909-6431-43ba-9a11-97f564c2291d) {{(pid=103359) _store_ip_allocation /opt/stack/neutron/neutron/db/db_base_plugin_common.py:131}}
Jan 21 13:36:41.935985 n-d-825729-3 neutron-server[103359]: INFO neutron.wsgi [req-e57fd2ef-354d-4e72-80a3-c589c01bc32c req-006dc0fe-d6bc-41cb-8254-bcf038160976 tempest-DeleteServersAdminTestJSON-950438994 tempest-DeleteServersAdminTestJSON-950438994-project] 10.222.0.81 "POST /v2.0/ports HTTP/1.1" status: 201 len: 937 time: 2.0685391
Jan 21 13:36:42.006132 n-d-825729-3 neutron-server[103359]: DEBUG neutron.wsgi [req-e57fd2ef-354d-4e72-80a3-c589c01bc32c req-228dc16b-8013-4bd4-a276-74fe65789cfb tempest-DeleteServersAdminTestJSON-950438994 tempest-DeleteServersAdminTestJSON-950438994-project] http://10.222.0.104:9696/v2.0/extensions returned with HTTP 200 {{(pid=103359) __call__ /opt/stack/neutron/neutron/wsgi.py:730}}
Jan 21 13:36:42.007659 n-d-825729-3 neutron-server[103359]: INFO neutron.wsgi [req-e57fd2ef-354d-4e72-80a3-c589c01bc32c req-228dc16b-8013-4bd4-a276-74fe65789cfb tempest-DeleteServersAdminTestJSON-950438994 tempest-DeleteServersAdminTestJSON-950438994-project] 10.222.0.81 "GET /v2.0/extensions HTTP/1.1" status: 200 len: 14082 time: 0.0361166
Jan 21 13:36:42.015160 n-d-825729-3 neutron-server[103359]: DEBUG neutron_lib.callbacks.manager [None req-34574468-cfe0-4703-b71d-673bf8215707 admin admin] Publish callbacks [] for security_group (8e4e4f55-2456-4621-b051-9fe9183939ec), before_delete {{(pid=103359) _notify_loop /usr/local/lib/python3.8/dist-packages/neutron_lib/callbacks/manager.py:176}}
Jan 21 13:36:42.115394 n-d-825729-3 neutron-server[103359]: DEBUG neutron_lib.callbacks.manager [None req-34574468-cfe0-4703-b71d-673bf8215707 admin admin] Publish callbacks [] for security_group (8e4e4f55-2456-4621-b051-9fe9183939ec), precommit_delete {{(pid=103359) _notify_loop /usr/local/lib/python3.8/dist-packages/neutron_lib/callbacks/manager.py:176}}
Jan 21 13:36:42.258377 n-d-825729-3 neutron-server[103361]: DEBUG neutron.db.provisioning_blocks [None req-c7403290-8582-4649-934f-91eb1c7ff224 None None] Provisioning complete for port 964eff4e-8324-44b0-8aa1-e24545c8d9b5 triggered by entity DHCP. {{(pid=103361) provisioning_complete /opt/stack/neutron/neutron/db/provisioning_blocks.py:139}}
Jan 21 13:36:42.258995 n-d-825729-3 neutron-server[103361]: DEBUG neutron_lib.callbacks.manager [None req-c7403290-8582-4649-934f-91eb1c7ff224 None None] Publish callbacks ['neutron.plugins.ml2.plugin.Ml2Plugin._port_provisioned-3520741'] for port (964eff4e-8324-44b0-8aa1-e24545c8d9b5), provisioning_complete {{(pid=103361) _notify_loop /usr/local/lib/python3.8/dist-packages/neutron_lib/callbacks/manager.py:176}}
Jan 21 13:36:42.375733 n-d-825729-3 neutron-server[103359]: DEBUG neutron_lib.callbacks.manager [req-d15a9aec-deb9-497a-b8d0-93b0bc170431 req-3e26bda5-3730-4924-ae96-ee348504c54e tempest-AggregatesAdminTestJSON-145484246 tempest-AggregatesAdminTestJSON-145484246-project] Publish callbacks [] for port (a0a8f909-6431-43ba-9a11-97f564c2291d), precommit_create {{(pid=103359) _notify_loop /usr/local/lib/python3.8/dist-packages/neutron_lib/callbacks/manager.py:176}}
Jan 21 13:36:42.379391 n-d-825729-3 neutron-server[103359]: DEBUG neutron_lib.callbacks.manager [None req-34574468-cfe0-4703-b71d-673bf8215707 admin admin] Publish callbacks ['neutron.plugins.ml2.ovo_rpc._ObjectChangeHandler.handle_event-3713323'] for security_group (8e4e4f55-2456-4621-b051-9fe9183939ec), after_delete {{(pid=103359) _notify_loop /usr/local/lib/python3.8/dist-packages/neutron_lib/callbacks/manager.py:176}}
Jan 21 13:36:42.381153 n-d-825729-3 neutron-server[103359]: DEBUG neutron_lib.callbacks.manager [None req-34574468-cfe0-4703-b71d-673bf8215707 admin admin] Publish callbacks [] for security_group (None), before_response {{(pid=103359) _notify_loop /usr/local/lib/python3.8/dist-packages/neutron_lib/callbacks/manager.py:176}}
Jan 21 13:36:42.382288 n-d-825729-3 neutron-server[103359]: INFO neutron.wsgi [None req-34574468-cfe0-4703-b71d-673bf8215707 admin admin] 10.222.0.104 "DELETE /v2.0/security-groups/8e4e4f55-2456-4621-b051-9fe9183939ec HTTP/1.1" status: 204 len: 168 time: 0.6155255
Jan 21 13:36:42.399365 n-d-825729-3 neutron-server[103361]: DEBUG neutron.plugins.ml2.plugin [None req-c7403290-8582-4649-934f-91eb1c7ff224 None None] Port 964eff4e-8324-44b0-8aa1-e24545c8d9b5 cannot update to ACTIVE because it is not bound. {{(pid=103361) _port_provisioned /opt/stack/neutron/neutron/plugins/ml2/plugin.py:342}}
Jan 21 13:36:42.472012 n-d-825729-3 neutron-server[103359]: DEBUG neutron_lib.callbacks.manager [req-d15a9aec-deb9-497a-b8d0-93b0bc170431 req-3e26bda5-3730-4924-ae96-ee348504c54e tempest-AggregatesAdminTestJSON-145484246 tempest-AggregatesAdminTestJSON-145484246-project] Publish callbacks ['neutron.plugins.ml2.plugin.SecurityGroupServerNotifierRpcMixin._notify_sg_on_port_change-697382', 'neutron.plugins.ml2.ovo_rpc._ObjectChangeHandler.handle_event-77417', 'neutron.api.rpc.agentnotifiers.dhcp_rpc_agent_api.DhcpAgentNotifyAPI._native_event_send_dhcp_notification-3889518', 'neutron.db.l3_dvrscheduler_db._notify_l3_agent_new_port-8735818315933'] for port (a0a8f909-6431-43ba-9a11-97f564c2291d), after_create {{(pid=103359) _notify_loop /usr/local/lib/python3.8/dist-packages/neutron_lib/callbacks/manager.py:176}}
Jan 21 13:36:42.514944 n-d-825729-3 neutron-server[103359]: DEBUG neutron.scheduler.dhcp_agent_scheduler [req-d15a9aec-deb9-497a-b8d0-93b0bc170431 req-3e26bda5-3730-4924-ae96-ee348504c54e tempest-AggregatesAdminTestJSON-145484246 tempest-AggregatesAdminTestJSON-145484246-project] Network d0e0c7d5-2d29-48d2-beed-6c0a3f292f8b is already hosted by enough agents. {{(pid=103359) _get_dhcp_agents_hosting_network /opt/stack/neutron/neutron/scheduler/dhcp_agent_scheduler.py:275}}
Jan 21 13:36:42.516494 n-d-825729-3 neutron-server[103359]: DEBUG neutron.api.rpc.handlers.resources_rpc [None req-34574468-cfe0-4703-b71d-673bf8215707 admin admin] Pushing event deleted for resources: {'SecurityGroup': ['ID=8e4e4f55-2456-4621-b051-9fe9183939ec,revision_number=None']} {{(pid=103359) push /opt/stack/neutron/neutron/api/rpc/handlers/resources_rpc.py:237}}
Jan 21 13:36:42.525722 n-d-825729-3 neutron-server[103359]: DEBUG neutron.scheduler.base_scheduler [req-d15a9aec-deb9-497a-b8d0-93b0bc170431 req-3e26bda5-3730-4924-ae96-ee348504c54e tempest-AggregatesAdminTestJSON-145484246 tempest-AggregatesAdminTestJSON-145484246-project] Resources bound (agent type, host, resource id): {{(pid=103359) schedule /opt/stack/neutron/neutron/scheduler/base_scheduler.py:57}}
Jan 21 13:36:42.549393 n-d-825729-3 neutron-server[103359]: DEBUG neutron.db.l3_dvrscheduler_db [req-d15a9aec-deb9-497a-b8d0-93b0bc170431 req-3e26bda5-3730-4924-ae96-ee348504c54e tempest-AggregatesAdminTestJSON-145484246 tempest-AggregatesAdminTestJSON-145484246-project] Received port after_create {{(pid=103359) _notify_l3_agent_new_port /opt/stack/neutron/neutron/db/l3_dvrscheduler_db.py:536}}
Jan 21 13:36:42.578169 n-d-825729-3 neutron-server[103359]: DEBUG neutron.pecan_wsgi.hooks.policy_enforcement [req-d15a9aec-deb9-497a-b8d0-93b0bc170431 req-3e26bda5-3730-4924-ae96-ee348504c54e tempest-AggregatesAdminTestJSON-145484246 tempest-AggregatesAdminTestJSON-145484246-project] Attributes excluded by policy engine: ['standard_attr_id', 'binding:profile', 'binding:host_id', 'binding:vif_type', 'binding:vif_details', 'network'] {{(pid=103359) _exclude_attributes_by_policy /opt/stack/neutron/neutron/pecan_wsgi/hooks/policy_enforcement.py:255}}
Jan 21 13:36:42.578863 n-d-825729-3 neutron-server[103359]: DEBUG neutron_lib.callbacks.manager [req-d15a9aec-deb9-497a-b8d0-93b0bc170431 req-3e26bda5-3730-4924-ae96-ee348504c54e tempest-AggregatesAdminTestJSON-145484246 tempest-AggregatesAdminTestJSON-145484246-project] Publish callbacks ['neutron.notifiers.nova.Notifier._send_nova_notification-11943', 'neutron.api.rpc.agentnotifiers.dhcp_rpc_agent_api.DhcpAgentNotifyAPI._send_dhcp_notification-3889408'] for port (None), before_response {{(pid=103359) _notify_loop /usr/local/lib/python3.8/dist-packages/neutron_lib/callbacks/manager.py:176}}
Jan 21 13:36:42.951203 n-d-825729-3 neutron-server[103361]: DEBUG neutron.db.provisioning_blocks [None req-97269c5f-8014-4fda-ac05-0606ed4310f9 None None] Provisioning complete for port a0a8f909-6431-43ba-9a11-97f564c2291d triggered by entity DHCP. {{(pid=103361) provisioning_complete /opt/stack/neutron/neutron/db/provisioning_blocks.py:139}}
Jan 21 13:36:42.952127 n-d-825729-3 neutron-server[103361]: DEBUG neutron_lib.callbacks.manager [None req-97269c5f-8014-4fda-ac05-0606ed4310f9 None None] Publish callbacks ['neutron.plugins.ml2.plugin.Ml2Plugin._port_provisioned-3520741'] for port (a0a8f909-6431-43ba-9a11-97f564c2291d), provisioning_complete {{(pid=103361) _notify_loop /usr/local/lib/python3.8/dist-packages/neutron_lib/callbacks/manager.py:176}}
Jan 21 13:36:42.958056 n-d-825729-3 neutron-server[103359]: INFO neutron.wsgi [req-d15a9aec-deb9-497a-b8d0-93b0bc170431 req-3e26bda5-3730-4924-ae96-ee348504c54e tempest-AggregatesAdminTestJSON-145484246 tempest-AggregatesAdminTestJSON-145484246-project] 10.222.0.81 "POST /v2.0/ports HTTP/1.1" status: 201 len: 938 time: 2.4732487
Jan 21 13:36:42.958747 n-d-825729-3 neutron-server[103359]: DEBUG neutron.api.rpc.handlers.resources_rpc [None req-3e26bda5-3730-4924-ae96-ee348504c54e tempest-AggregatesAdminTestJSON-145484246 tempest-AggregatesAdminTestJSON-145484246-project] Pushing event updated for resources: {'Port': ['ID=a0a8f909-6431-43ba-9a11-97f564c2291d,revision_number=1']} {{(pid=103359) push /opt/stack/neutron/neutron/api/rpc/handlers/resources_rpc.py:237}}
Jan 21 13:36:42.999586 n-d-825729-3 neutron-server[103361]: DEBUG neutron.plugins.ml2.plugin [None req-97269c5f-8014-4fda-ac05-0606ed4310f9 None None] Port a0a8f909-6431-43ba-9a11-97f564c2291d cannot update to ACTIVE because it is not bound. {{(pid=103361) _port_provisioned /opt/stack/neutron/neutron/plugins/ml2/plugin.py:342}}
Jan 21 13:36:43.059401 n-d-825729-3 neutron-server[103359]: DEBUG neutron.pecan_wsgi.hooks.policy_enforcement [req-092c82fd-7b0b-4511-9597-86ca42d54d72 req-caedd6d4-2c40-4238-8314-51f9da06ef66 tempest-DeleteServersAdminTestJSON-950438994 tempest-DeleteServersAdminTestJSON-950438994-project] Attributes excluded by policy engine: ['standard_attr_id', 'binding:profile', 'binding:host_id', 'binding:vif_type', 'binding:vif_details'] {{(pid=103359) _exclude_attributes_by_policy /opt/stack/neutron/neutron/pecan_wsgi/hooks/policy_enforcement.py:255}}
Jan 21 13:36:43.071083 n-d-825729-3 neutron-server[103359]: INFO neutron.wsgi [req-092c82fd-7b0b-4511-9597-86ca42d54d72 req-caedd6d4-2c40-4238-8314-51f9da06ef66 tempest-DeleteServersAdminTestJSON-950438994 tempest-DeleteServersAdminTestJSON-950438994-project] 10.222.0.104 "GET /v2.0/ports?device_id=f204ad82-8531-40a4-af43-050b6ca96eaa HTTP/1.1" status: 200 len: 935 time: 0.5475831
Jan 21 13:36:43.162271 n-d-825729-3 neutron-server[103360]: DEBUG neutron.pecan_wsgi.hooks.policy_enforcement [req-3dc505e3-1a8e-4646-9ea4-e5016e50bf6d req-50f090df-2781-484a-82ae-4fa1063b13b9 tempest-AggregatesAdminTestJSON-145484246 tempest-AggregatesAdminTestJSON-145484246-project] Attributes excluded by policy engine: ['standard_attr_id', 'binding:profile', 'binding:host_id', 'binding:vif_type', 'binding:vif_details'] {{(pid=103360) _exclude_attributes_by_policy /opt/stack/neutron/neutron/pecan_wsgi/hooks/policy_enforcement.py:255}}
Jan 21 13:36:43.181903 n-d-825729-3 neutron-server[103360]: INFO neutron.wsgi [req-3dc505e3-1a8e-4646-9ea4-e5016e50bf6d req-50f090df-2781-484a-82ae-4fa1063b13b9 tempest-AggregatesAdminTestJSON-145484246 tempest-AggregatesAdminTestJSON-145484246-project] 10.222.0.104 "GET /v2.0/ports?device_id=0595681e-ce1a-472c-9302-a32d88785033 HTTP/1.1" status: 200 len: 936 time: 0.1690960
Jan 21 13:36:43.198324 n-d-825729-3 neutron-server[103359]: INFO neutron.wsgi [req-092c82fd-7b0b-4511-9597-86ca42d54d72 req-2a04558d-83a3-431e-b20d-1be534c5a5d9 tempest-DeleteServersAdminTestJSON-950438994 tempest-DeleteServersAdminTestJSON-950438994-project] 10.222.0.104 "GET /v2.0/security-groups?id=136d754b-5a35-416e-8b2c-1e649c46c938&fields=id&fields=name HTTP/1.1" status: 200 len: 286 time: 0.1253824
Jan 21 13:36:43.371678 n-d-825729-3 neutron-server[103360]: INFO neutron.wsgi [req-3dc505e3-1a8e-4646-9ea4-e5016e50bf6d req-3b60a95b-9d6c-4ae8-80e9-cb232adbf94c tempest-AggregatesAdminTestJSON-145484246 tempest-AggregatesAdminTestJSON-145484246-project] 10.222.0.104 "GET /v2.0/security-groups?id=108006cd-5ea0-4e95-b1c0-642d7f77f9b6&fields=id&fields=name HTTP/1.1" status: 200 len: 286 time: 0.1868289
Jan 21 13:36:43.409210 n-d-825729-3 neutron-server[103360]: DEBUG neutron.wsgi [-] (103360) accepted ('10.222.0.104', 51864) {{(pid=103360) server /usr/local/lib/python3.8/dist-packages/eventlet/wsgi.py:1004}}
Jan 21 13:36:43.426790 n-d-825729-3 neutron-server[103360]: DEBUG neutron_lib.callbacks.manager [None req-dfcfae1b-214b-442f-b4c3-9564e2d876e1 admin admin] Publish callbacks [] for security_group (None), before_create {{(pid=103360) _notify_loop /usr/local/lib/python3.8/dist-packages/neutron_lib/callbacks/manager.py:176}}
Jan 21 13:36:43.572248 n-d-825729-3 neutron-server[103360]: DEBUG neutron_lib.callbacks.manager [None req-dfcfae1b-214b-442f-b4c3-9564e2d876e1 admin admin] Publish callbacks [] for security_group (39a1939a-5386-4591-ac62-7451942d1abb), precommit_create {{(pid=103360) _notify_loop /usr/local/lib/python3.8/dist-packages/neutron_lib/callbacks/manager.py:176}}
Jan 21 13:36:43.579332 n-d-825729-3 neutron-server[103360]: DEBUG neutron_lib.callbacks.manager [None req-dfcfae1b-214b-442f-b4c3-9564e2d876e1 admin admin] Publish callbacks ['neutron.plugins.ml2.ovo_rpc._ObjectChangeHandler.handle_event-3713323'] for security_group (39a1939a-5386-4591-ac62-7451942d1abb), after_create {{(pid=103360) _notify_loop /usr/local/lib/python3.8/dist-packages/neutron_lib/callbacks/manager.py:176}}
Jan 21 13:36:43.626638 n-d-825729-3 neutron-server[103360]: INFO neutron.wsgi [None req-dfcfae1b-214b-442f-b4c3-9564e2d876e1 admin admin] 10.222.0.104 "GET /v2.0/security-groups?tenant_id=22361608489a417894441812cc092ec2&name=default HTTP/1.1" status: 200 len: 2992 time: 0.2160294
Jan 21 13:36:43.627740 n-d-825729-3 neutron-server[103360]: DEBUG neutron.api.rpc.handlers.resources_rpc [None req-dfcfae1b-214b-442f-b4c3-9564e2d876e1 admin admin] Pushing event updated for resources: {'SecurityGroup': ['ID=39a1939a-5386-4591-ac62-7451942d1abb,revision_number=1']} {{(pid=103360) push /opt/stack/neutron/neutron/api/rpc/handlers/resources_rpc.py:237}}
Jan 21 13:36:43.629675 n-d-825729-3 neutron-server[103359]: DEBUG neutron.wsgi [-] (103359) accepted ('10.222.0.104', 51866) {{(pid=103359) server /usr/local/lib/python3.8/dist-packages/eventlet/wsgi.py:1004}}
Jan 21 13:36:43.716214 n-d-825729-3 neutron-server[103359]: DEBUG neutron_lib.callbacks.manager [None req-515db226-725a-4857-81d8-95192484ce84 admin admin] Publish callbacks [] for security_group (39a1939a-5386-4591-ac62-7451942d1abb), before_delete {{(pid=103359) _notify_loop /usr/local/lib/python3.8/dist-packages/neutron_lib/callbacks/manager.py:176}}
Jan 21 13:36:43.789670 n-d-825729-3 neutron-server[103359]: DEBUG neutron_lib.callbacks.manager [None req-515db226-725a-4857-81d8-95192484ce84 admin admin] Publish callbacks [] for security_group (39a1939a-5386-4591-ac62-7451942d1abb), precommit_delete {{(pid=103359) _notify_loop /usr/local/lib/python3.8/dist-packages/neutron_lib/callbacks/manager.py:176}}
Jan 21 13:36:43.883309 n-d-825729-3 neutron-server[103359]: DEBUG neutron_lib.callbacks.manager [None req-515db226-725a-4857-81d8-95192484ce84 admin admin] Publish callbacks ['neutron.plugins.ml2.ovo_rpc._ObjectChangeHandler.handle_event-3713323'] for security_group (39a1939a-5386-4591-ac62-7451942d1abb), after_delete {{(pid=103359) _notify_loop /usr/local/lib/python3.8/dist-packages/neutron_lib/callbacks/manager.py:176}}
Jan 21 13:36:43.887264 n-d-825729-3 neutron-server[103359]: DEBUG neutron_lib.callbacks.manager [None req-515db226-725a-4857-81d8-95192484ce84 admin admin] Publish callbacks [] for security_group (None), before_response {{(pid=103359) _notify_loop /usr/local/lib/python3.8/dist-packages/neutron_lib/callbacks/manager.py:176}}
Jan 21 13:36:43.895414 n-d-825729-3 neutron-server[103359]: INFO neutron.wsgi [None req-515db226-725a-4857-81d8-95192484ce84 admin admin] 10.222.0.104 "DELETE /v2.0/security-groups/39a1939a-5386-4591-ac62-7451942d1abb HTTP/1.1" status: 204 len: 168 time: 0.2647696
Jan 21 13:36:43.918277 n-d-825729-3 neutron-server[103359]: DEBUG neutron.api.rpc.handlers.resources_rpc [None req-515db226-725a-4857-81d8-95192484ce84 admin admin] Pushing event deleted for resources: {'SecurityGroup': ['ID=39a1939a-5386-4591-ac62-7451942d1abb,revision_number=None']} {{(pid=103359) push /opt/stack/neutron/neutron/api/rpc/handlers/resources_rpc.py:237}}
Jan 21 13:36:44.390188 n-d-825729-3 neutron-server[103359]: DEBUG neutron.pecan_wsgi.hooks.policy_enforcement [req-627772ee-0fff-49e5-9da4-c47f56166723 req-786ec533-3214-45c4-a166-816e529c0095 tempest-DeleteServersAdminTestJSON-950438994 tempest-DeleteServersAdminTestJSON-950438994-project] Attributes excluded by policy engine: ['standard_attr_id', 'binding:profile', 'binding:host_id', 'binding:vif_type', 'binding:vif_details'] {{(pid=103359) _exclude_attributes_by_policy /opt/stack/neutron/neutron/pecan_wsgi/hooks/policy_enforcement.py:255}}
Jan 21 13:36:44.392184 n-d-825729-3 neutron-server[103359]: INFO neutron.wsgi [req-627772ee-0fff-49e5-9da4-c47f56166723 req-786ec533-3214-45c4-a166-816e529c0095 tempest-DeleteServersAdminTestJSON-950438994 tempest-DeleteServersAdminTestJSON-950438994-project] 10.222.0.104 "GET /v2.0/ports?device_id=f204ad82-8531-40a4-af43-050b6ca96eaa HTTP/1.1" status: 200 len: 935 time: 0.0659842
Jan 21 13:36:44.506469 n-d-825729-3 neutron-server[103359]: INFO neutron.wsgi [req-627772ee-0fff-49e5-9da4-c47f56166723 req-ae6485f0-b0a3-4542-9a67-6be63534f7dc tempest-DeleteServersAdminTestJSON-950438994 tempest-DeleteServersAdminTestJSON-950438994-project] 10.222.0.104 "GET /v2.0/security-groups?id=136d754b-5a35-416e-8b2c-1e649c46c938&fields=id&fields=name HTTP/1.1" status: 200 len: 286 time: 0.1071045
Jan 21 13:36:44.508888 n-d-825729-3 neutron-server[103360]: DEBUG neutron.pecan_wsgi.hooks.policy_enforcement [req-28fabd7d-2a5f-43f8-a8f8-a840dde672dd req-5b3ddc78-6dc5-4b69-8359-0a45bc453cca tempest-AggregatesAdminTestJSON-145484246 tempest-AggregatesAdminTestJSON-145484246-project] Attributes excluded by policy engine: ['standard_attr_id', 'binding:profile', 'binding:host_id', 'binding:vif_type', 'binding:vif_details'] {{(pid=103360) _exclude_attributes_by_policy /opt/stack/neutron/neutron/pecan_wsgi/hooks/policy_enforcement.py:255}}
Jan 21 13:36:44.517840 n-d-825729-3 neutron-server[103360]: INFO neutron.wsgi [req-28fabd7d-2a5f-43f8-a8f8-a840dde672dd req-5b3ddc78-6dc5-4b69-8359-0a45bc453cca tempest-AggregatesAdminTestJSON-145484246 tempest-AggregatesAdminTestJSON-145484246-project] 10.222.0.104 "GET /v2.0/ports?device_id=0595681e-ce1a-472c-9302-a32d88785033 HTTP/1.1" status: 200 len: 936 time: 0.0656400
Jan 21 13:36:44.589791 n-d-825729-3 neutron-server[103360]: INFO neutron.wsgi [req-28fabd7d-2a5f-43f8-a8f8-a840dde672dd req-2275f004-f5bb-48e0-a606-8a1645317436 tempest-AggregatesAdminTestJSON-145484246 tempest-AggregatesAdminTestJSON-145484246-project] 10.222.0.104 "GET /v2.0/security-groups?id=108006cd-5ea0-4e95-b1c0-642d7f77f9b6&fields=id&fields=name HTTP/1.1" status: 200 len: 286 time: 0.0706987
Jan 21 13:36:45.685738 n-d-825729-3 neutron-server[103360]: DEBUG neutron.pecan_wsgi.hooks.policy_enforcement [req-237a2c73-3211-4d2c-8783-724de17fa4ec req-90715d46-ea61-4229-94a6-96c76e6a6abf tempest-DeleteServersAdminTestJSON-950438994 tempest-DeleteServersAdminTestJSON-950438994-project] Attributes excluded by policy engine: ['standard_attr_id', 'binding:profile', 'binding:host_id', 'binding:vif_type', 'binding:vif_details'] {{(pid=103360) _exclude_attributes_by_policy /opt/stack/neutron/neutron/pecan_wsgi/hooks/policy_enforcement.py:255}}
Jan 21 13:36:45.695080 n-d-825729-3 neutron-server[103360]: INFO neutron.wsgi [req-237a2c73-3211-4d2c-8783-724de17fa4ec req-90715d46-ea61-4229-94a6-96c76e6a6abf tempest-DeleteServersAdminTestJSON-950438994 tempest-DeleteServersAdminTestJSON-950438994-project] 10.222.0.104 "GET /v2.0/ports?device_id=f204ad82-8531-40a4-af43-050b6ca96eaa HTTP/1.1" status: 200 len: 935 time: 0.0813396
Jan 21 13:36:45.788181 n-d-825729-3 neutron-server[103360]: INFO neutron.wsgi [req-237a2c73-3211-4d2c-8783-724de17fa4ec req-acc25614-2c4d-43ea-9fa0-972313d2d5e5 tempest-DeleteServersAdminTestJSON-950438994 tempest-DeleteServersAdminTestJSON-950438994-project] 10.222.0.104 "GET /v2.0/security-groups?id=136d754b-5a35-416e-8b2c-1e649c46c938&fields=id&fields=name HTTP/1.1" status: 200 len: 286 time: 0.0908237
Jan 21 13:36:45.863953 n-d-825729-3 neutron-server[103359]: DEBUG neutron.pecan_wsgi.hooks.policy_enforcement [req-a2af0e34-2e7e-4b14-ac6c-d6d6170361d8 req-300db3c2-ab3d-4cb4-a875-d4026c915b4a tempest-AggregatesAdminTestJSON-145484246 tempest-AggregatesAdminTestJSON-145484246-project] Attributes excluded by policy engine: ['standard_attr_id', 'binding:profile', 'binding:host_id', 'binding:vif_type', 'binding:vif_details'] {{(pid=103359) _exclude_attributes_by_policy /opt/stack/neutron/neutron/pecan_wsgi/hooks/policy_enforcement.py:255}}
Jan 21 13:36:45.872179 n-d-825729-3 neutron-server[103359]: INFO neutron.wsgi [req-a2af0e34-2e7e-4b14-ac6c-d6d6170361d8 req-300db3c2-ab3d-4cb4-a875-d4026c915b4a tempest-AggregatesAdminTestJSON-145484246 tempest-AggregatesAdminTestJSON-145484246-project] 10.222.0.104 "GET /v2.0/ports?device_id=0595681e-ce1a-472c-9302-a32d88785033 HTTP/1.1" status: 200 len: 936 time: 0.0869610
Jan 21 13:36:45.936370 n-d-825729-3 neutron-server[103359]: INFO neutron.wsgi [req-a2af0e34-2e7e-4b14-ac6c-d6d6170361d8 req-a256b6c9-b9de-4b86-acce-e23bb0a4084c tempest-AggregatesAdminTestJSON-145484246 tempest-AggregatesAdminTestJSON-145484246-project] 10.222.0.104 "GET /v2.0/security-groups?id=108006cd-5ea0-4e95-b1c0-642d7f77f9b6&fields=id&fields=name HTTP/1.1" status: 200 len: 286 time: 0.0631306
Jan 21 13:36:46.002537 n-d-825729-3 neutron-server[103359]: DEBUG neutron.wsgi [-] (103359) accepted ('10.222.0.104', 51978) {{(pid=103359) server /usr/local/lib/python3.8/dist-packages/eventlet/wsgi.py:1004}}
Jan 21 13:36:46.048826 n-d-825729-3 neutron-server[103360]: DEBUG neutron.wsgi [-] (103360) accepted ('10.222.0.104', 51982) {{(pid=103360) server /usr/local/lib/python3.8/dist-packages/eventlet/wsgi.py:1004}}
Jan 21 13:36:46.335240 n-d-825729-3 neutron-server[103360]: DEBUG neutron_lib.callbacks.manager [None req-0027bb6e-2a02-4cb0-85e9-fb260f4c8c41 admin admin] Publish callbacks [] for security_group (None), before_create {{(pid=103360) _notify_loop /usr/local/lib/python3.8/dist-packages/neutron_lib/callbacks/manager.py:176}}
Jan 21 13:36:46.355666 n-d-825729-3 neutron-server[103360]: DEBUG neutron.wsgi [-] (103360) accepted ('10.222.0.104', 51990) {{(pid=103360) server /usr/local/lib/python3.8/dist-packages/eventlet/wsgi.py:1004}}
Jan 21 13:36:46.360249 n-d-825729-3 neutron-server[103359]: DEBUG neutron_lib.callbacks.manager [None req-1f01281b-5fc6-4917-8e05-f413105df408 admin admin] Publish callbacks [] for security_group (None), before_create {{(pid=103359) _notify_loop /usr/local/lib/python3.8/dist-packages/neutron_lib/callbacks/manager.py:176}}
Jan 21 13:36:46.452449 n-d-825729-3 neutron-server[103360]: DEBUG neutron_lib.callbacks.manager [None req-7acfc9ba-3007-4d2b-bf1e-0454981f16d9 admin admin] Publish callbacks [] for security_group (None), before_create {{(pid=103360) _notify_loop /usr/local/lib/python3.8/dist-packages/neutron_lib/callbacks/manager.py:176}}
Jan 21 13:36:46.492718 n-d-825729-3 neutron-server[103360]: DEBUG neutron_lib.callbacks.manager [None req-0027bb6e-2a02-4cb0-85e9-fb260f4c8c41 admin admin] Publish callbacks [] for security_group (a0e19c0a-0ff6-47a1-84bb-7479ac25d60d), precommit_create {{(pid=103360) _notify_loop /usr/local/lib/python3.8/dist-packages/neutron_lib/callbacks/manager.py:176}}
Jan 21 13:36:46.500961 n-d-825729-3 neutron-server[103359]: DEBUG neutron_lib.callbacks.manager [None req-1f01281b-5fc6-4917-8e05-f413105df408 admin admin] Publish callbacks [] for security_group (485895f5-098a-4608-a8de-e408825ebc99), precommit_create {{(pid=103359) _notify_loop /usr/local/lib/python3.8/dist-packages/neutron_lib/callbacks/manager.py:176}}
Jan 21 13:36:46.502793 n-d-825729-3 neutron-server[103360]: DEBUG neutron_lib.callbacks.manager [None req-0027bb6e-2a02-4cb0-85e9-fb260f4c8c41 admin admin] Publish callbacks ['neutron.plugins.ml2.ovo_rpc._ObjectChangeHandler.handle_event-3713323'] for security_group (a0e19c0a-0ff6-47a1-84bb-7479ac25d60d), after_create {{(pid=103360) _notify_loop /usr/local/lib/python3.8/dist-packages/neutron_lib/callbacks/manager.py:176}}
Jan 21 13:36:46.505712 n-d-825729-3 neutron-server[103359]: DEBUG neutron_lib.callbacks.manager [None req-1f01281b-5fc6-4917-8e05-f413105df408 admin admin] Publish callbacks ['neutron.plugins.ml2.ovo_rpc._ObjectChangeHandler.handle_event-3713323'] for security_group (485895f5-098a-4608-a8de-e408825ebc99), after_create {{(pid=103359) _notify_loop /usr/local/lib/python3.8/dist-packages/neutron_lib/callbacks/manager.py:176}}
Jan 21 13:36:46.535838 n-d-825729-3 neutron-server[103360]: DEBUG neutron.api.rpc.handlers.resources_rpc [None req-0027bb6e-2a02-4cb0-85e9-fb260f4c8c41 admin admin] Pushing event updated for resources: {'SecurityGroup': ['ID=a0e19c0a-0ff6-47a1-84bb-7479ac25d60d,revision_number=1']} {{(pid=103360) push /opt/stack/neutron/neutron/api/rpc/handlers/resources_rpc.py:237}}
Jan 21 13:36:46.539001 n-d-825729-3 neutron-server[103359]: INFO neutron.wsgi [None req-1f01281b-5fc6-4917-8e05-f413105df408 admin admin] 10.222.0.104 "GET /v2.0/security-groups?tenant_id=6e5859e91ec7457592f796149f669a43&name=default HTTP/1.1" status: 200 len: 2992 time: 0.5352437
Jan 21 13:36:46.541935 n-d-825729-3 neutron-server[103359]: DEBUG neutron.wsgi [-] (103359) accepted ('10.222.0.104', 51998) {{(pid=103359) server /usr/local/lib/python3.8/dist-packages/eventlet/wsgi.py:1004}}
Jan 21 13:36:46.575794 n-d-825729-3 neutron-server[103360]: INFO neutron.wsgi [None req-0027bb6e-2a02-4cb0-85e9-fb260f4c8c41 admin admin] 10.222.0.104 "GET /v2.0/security-groups?tenant_id=5bf77048d87f40b7962539f70c0a4d6f&name=default HTTP/1.1" status: 200 len: 2992 time: 0.5248096
Jan 21 13:36:46.578660 n-d-825729-3 neutron-server[103360]: DEBUG neutron.wsgi [-] (103360) accepted ('10.222.0.104', 52002) {{(pid=103360) server /usr/local/lib/python3.8/dist-packages/eventlet/wsgi.py:1004}}
Jan 21 13:36:46.617516 n-d-825729-3 neutron-server[103359]: DEBUG neutron_lib.callbacks.manager [None req-ae3e6b8b-e313-4a99-b4c5-0fc1729f85b2 admin admin] Publish callbacks [] for security_group (485895f5-098a-4608-a8de-e408825ebc99), before_delete {{(pid=103359) _notify_loop /usr/local/lib/python3.8/dist-packages/neutron_lib/callbacks/manager.py:176}}
Jan 21 13:36:46.630836 n-d-825729-3 neutron-server[103359]: DEBUG neutron.api.rpc.handlers.resources_rpc [None req-1f01281b-5fc6-4917-8e05-f413105df408 admin admin] Pushing event updated for resources: {'SecurityGroup': ['ID=485895f5-098a-4608-a8de-e408825ebc99,revision_number=1']} {{(pid=103359) push /opt/stack/neutron/neutron/api/rpc/handlers/resources_rpc.py:237}}
Jan 21 13:36:46.649000 n-d-825729-3 neutron-server[103359]: DEBUG neutron_lib.callbacks.manager [None req-ae3e6b8b-e313-4a99-b4c5-0fc1729f85b2 admin admin] Publish callbacks [] for security_group (485895f5-098a-4608-a8de-e408825ebc99), precommit_delete {{(pid=103359) _notify_loop /usr/local/lib/python3.8/dist-packages/neutron_lib/callbacks/manager.py:176}}
Jan 21 13:36:46.725861 n-d-825729-3 neutron-server[103359]: DEBUG neutron_lib.callbacks.manager [None req-ae3e6b8b-e313-4a99-b4c5-0fc1729f85b2 admin admin] Publish callbacks ['neutron.plugins.ml2.ovo_rpc._ObjectChangeHandler.handle_event-3713323'] for security_group (485895f5-098a-4608-a8de-e408825ebc99), after_delete {{(pid=103359) _notify_loop /usr/local/lib/python3.8/dist-packages/neutron_lib/callbacks/manager.py:176}}
Jan 21 13:36:46.728060 n-d-825729-3 neutron-server[103360]: DEBUG neutron_lib.callbacks.manager [None req-7acfc9ba-3007-4d2b-bf1e-0454981f16d9 admin admin] Publish callbacks [] for security_group (a92be42a-74d2-454a-a0ea-c6a47c0a6664), precommit_create {{(pid=103360) _notify_loop /usr/local/lib/python3.8/dist-packages/neutron_lib/callbacks/manager.py:176}}
Jan 21 13:36:46.729737 n-d-825729-3 neutron-server[103359]: DEBUG neutron_lib.callbacks.manager [None req-ae3e6b8b-e313-4a99-b4c5-0fc1729f85b2 admin admin] Publish callbacks [] for security_group (None), before_response {{(pid=103359) _notify_loop /usr/local/lib/python3.8/dist-packages/neutron_lib/callbacks/manager.py:176}}
Jan 21 13:36:46.731575 n-d-825729-3 neutron-server[103359]: INFO neutron.wsgi [None req-ae3e6b8b-e313-4a99-b4c5-0fc1729f85b2 admin admin] 10.222.0.104 "DELETE /v2.0/security-groups/485895f5-098a-4608-a8de-e408825ebc99 HTTP/1.1" status: 204 len: 168 time: 0.1884580
Jan 21 13:36:46.737922 n-d-825729-3 neutron-server[103360]: DEBUG neutron_lib.callbacks.manager [None req-7acfc9ba-3007-4d2b-bf1e-0454981f16d9 admin admin] Publish callbacks ['neutron.plugins.ml2.ovo_rpc._ObjectChangeHandler.handle_event-3713323'] for security_group (a92be42a-74d2-454a-a0ea-c6a47c0a6664), after_create {{(pid=103360) _notify_loop /usr/local/lib/python3.8/dist-packages/neutron_lib/callbacks/manager.py:176}}
Jan 21 13:36:46.742921 n-d-825729-3 neutron-server[103359]: DEBUG neutron.api.rpc.handlers.resources_rpc [None req-ae3e6b8b-e313-4a99-b4c5-0fc1729f85b2 admin admin] Pushing event deleted for resources: {'SecurityGroup': ['ID=485895f5-098a-4608-a8de-e408825ebc99,revision_number=None']} {{(pid=103359) push /opt/stack/neutron/neutron/api/rpc/handlers/resources_rpc.py:237}}
Jan 21 13:36:46.786216 n-d-825729-3 neutron-server[103362]: DEBUG neutron.db.agents_db [None req-e034b038-d8da-46e0-b460-d5b6a684b1fc None None] Agent healthcheck: found 7 active agents {{(pid=103362) agent_health_check /opt/stack/neutron/neutron/db/agents_db.py:317}}
Jan 21 13:36:46.797990 n-d-825729-3 neutron-server[103360]: DEBUG neutron_lib.callbacks.manager [None req-f654bd43-7025-413b-80c2-d1f6c1e9de1e admin admin] Publish callbacks [] for security_group (a0e19c0a-0ff6-47a1-84bb-7479ac25d60d), before_delete {{(pid=103360) _notify_loop /usr/local/lib/python3.8/dist-packages/neutron_lib/callbacks/manager.py:176}}
Jan 21 13:36:46.828050 n-d-825729-3 neutron-server[103360]: INFO neutron.wsgi [None req-7acfc9ba-3007-4d2b-bf1e-0454981f16d9 admin admin] 10.222.0.104 "GET /v2.0/security-groups?tenant_id=f9839f2c2f2649a7b4a2a80b55862372&name=default HTTP/1.1" status: 200 len: 2995 time: 0.4706020
Jan 21 13:36:46.831253 n-d-825729-3 neutron-server[103359]: DEBUG neutron.wsgi [-] (103359) accepted ('10.222.0.104', 52012) {{(pid=103359) server /usr/local/lib/python3.8/dist-packages/eventlet/wsgi.py:1004}}
Jan 21 13:36:46.848304 n-d-825729-3 neutron-server[103360]: DEBUG neutron.api.rpc.handlers.resources_rpc [None req-7acfc9ba-3007-4d2b-bf1e-0454981f16d9 admin admin] Pushing event updated for resources: {'SecurityGroup': ['ID=a92be42a-74d2-454a-a0ea-c6a47c0a6664,revision_number=1']} {{(pid=103360) push /opt/stack/neutron/neutron/api/rpc/handlers/resources_rpc.py:237}}
Jan 21 13:36:46.868272 n-d-825729-3 neutron-server[103360]: DEBUG neutron_lib.callbacks.manager [None req-f654bd43-7025-413b-80c2-d1f6c1e9de1e admin admin] Publish callbacks [] for security_group (a0e19c0a-0ff6-47a1-84bb-7479ac25d60d), precommit_delete {{(pid=103360) _notify_loop /usr/local/lib/python3.8/dist-packages/neutron_lib/callbacks/manager.py:176}}
Jan 21 13:36:46.938035 n-d-825729-3 neutron-server[103360]: DEBUG neutron_lib.callbacks.manager [None req-f654bd43-7025-413b-80c2-d1f6c1e9de1e admin admin] Publish callbacks ['neutron.plugins.ml2.ovo_rpc._ObjectChangeHandler.handle_event-3713323'] for security_group (a0e19c0a-0ff6-47a1-84bb-7479ac25d60d), after_delete {{(pid=103360) _notify_loop /usr/local/lib/python3.8/dist-packages/neutron_lib/callbacks/manager.py:176}}
Jan 21 13:36:46.940811 n-d-825729-3 neutron-server[103360]: DEBUG neutron_lib.callbacks.manager [None req-f654bd43-7025-413b-80c2-d1f6c1e9de1e admin admin] Publish callbacks [] for security_group (None), before_response {{(pid=103360) _notify_loop /usr/local/lib/python3.8/dist-packages/neutron_lib/callbacks/manager.py:176}}
Jan 21 13:36:46.944871 n-d-825729-3 neutron-server[103360]: INFO neutron.wsgi [None req-f654bd43-7025-413b-80c2-d1f6c1e9de1e admin admin] 10.222.0.104 "DELETE /v2.0/security-groups/a0e19c0a-0ff6-47a1-84bb-7479ac25d60d HTTP/1.1" status: 204 len: 168 time: 0.3482900
Jan 21 13:36:46.984370 n-d-825729-3 neutron-server[103359]: DEBUG neutron_lib.callbacks.manager [None req-ea65f209-9fbd-4fb4-9b77-0edfc0f94651 admin admin] Publish callbacks [] for security_group (a92be42a-74d2-454a-a0ea-c6a47c0a6664), before_delete {{(pid=103359) _notify_loop /usr/local/lib/python3.8/dist-packages/neutron_lib/callbacks/manager.py:176}}
Jan 21 13:36:47.005521 n-d-825729-3 neutron-server[103360]: DEBUG neutron.api.rpc.handlers.resources_rpc [None req-f654bd43-7025-413b-80c2-d1f6c1e9de1e admin admin] Pushing event deleted for resources: {'SecurityGroup': ['ID=a0e19c0a-0ff6-47a1-84bb-7479ac25d60d,revision_number=None']} {{(pid=103360) push /opt/stack/neutron/neutron/api/rpc/handlers/resources_rpc.py:237}}
Jan 21 13:36:47.062285 n-d-825729-3 neutron-server[103360]: DEBUG neutron.pecan_wsgi.hooks.policy_enforcement [req-bb721cea-f4c2-458e-84f2-f2281721ed8c req-adf0ff98-03fb-4dc3-ac6c-2076501c205a tempest-DeleteServersAdminTestJSON-950438994 tempest-DeleteServersAdminTestJSON-950438994-project] Attributes excluded by policy engine: ['standard_attr_id', 'binding:profile', 'binding:host_id', 'binding:vif_type', 'binding:vif_details'] {{(pid=103360) _exclude_attributes_by_policy /opt/stack/neutron/neutron/pecan_wsgi/hooks/policy_enforcement.py:255}}
Jan 21 13:36:47.063855 n-d-825729-3 neutron-server[103360]: INFO neutron.wsgi [req-bb721cea-f4c2-458e-84f2-f2281721ed8c req-adf0ff98-03fb-4dc3-ac6c-2076501c205a tempest-DeleteServersAdminTestJSON-950438994 tempest-DeleteServersAdminTestJSON-950438994-project] 10.222.0.104 "GET /v2.0/ports?device_id=f204ad82-8531-40a4-af43-050b6ca96eaa HTTP/1.1" status: 200 len: 935 time: 0.1148200
Jan 21 13:36:47.112350 n-d-825729-3 neutron-server[103359]: DEBUG neutron_lib.callbacks.manager [None req-ea65f209-9fbd-4fb4-9b77-0edfc0f94651 admin admin] Publish callbacks [] for security_group (a92be42a-74d2-454a-a0ea-c6a47c0a6664), precommit_delete {{(pid=103359) _notify_loop /usr/local/lib/python3.8/dist-packages/neutron_lib/callbacks/manager.py:176}}
Jan 21 13:36:47.135388 n-d-825729-3 neutron-server[103360]: INFO neutron.wsgi [req-bb721cea-f4c2-458e-84f2-f2281721ed8c req-1051a42c-b4ae-4f50-9155-b94c5a88534f tempest-DeleteServersAdminTestJSON-950438994 tempest-DeleteServersAdminTestJSON-950438994-project] 10.222.0.104 "GET /v2.0/security-groups?id=136d754b-5a35-416e-8b2c-1e649c46c938&fields=id&fields=name HTTP/1.1" status: 200 len: 286 time: 0.0640614
Jan 21 13:36:47.203266 n-d-825729-3 neutron-server[103359]: DEBUG neutron.pecan_wsgi.hooks.policy_enforcement [req-8e8e8d84-6086-48b6-86dc-439cb9d6a5c9 req-304d6e9f-306c-4121-b7c7-d6aaba942c11 tempest-AggregatesAdminTestJSON-145484246 tempest-AggregatesAdminTestJSON-145484246-project] Attributes excluded by policy engine: ['standard_attr_id', 'binding:profile', 'binding:host_id', 'binding:vif_type', 'binding:vif_details'] {{(pid=103359) _exclude_attributes_by_policy /opt/stack/neutron/neutron/pecan_wsgi/hooks/policy_enforcement.py:255}}
Jan 21 13:36:47.213248 n-d-825729-3 neutron-server[103359]: INFO neutron.wsgi [req-8e8e8d84-6086-48b6-86dc-439cb9d6a5c9 req-304d6e9f-306c-4121-b7c7-d6aaba942c11 tempest-AggregatesAdminTestJSON-145484246 tempest-AggregatesAdminTestJSON-145484246-project] 10.222.0.104 "GET /v2.0/ports?device_id=0595681e-ce1a-472c-9302-a32d88785033 HTTP/1.1" status: 200 len: 936 time: 0.1609130
Jan 21 13:36:47.285509 n-d-825729-3 neutron-server[103359]: INFO neutron.wsgi [req-8e8e8d84-6086-48b6-86dc-439cb9d6a5c9 req-4b28606d-452b-4a44-bd1f-01959e4c69e7 tempest-AggregatesAdminTestJSON-145484246 tempest-AggregatesAdminTestJSON-145484246-project] 10.222.0.104 "GET /v2.0/security-groups?id=108006cd-5ea0-4e95-b1c0-642d7f77f9b6&fields=id&fields=name HTTP/1.1" status: 200 len: 286 time: 0.0707829
Jan 21 13:36:47.286875 n-d-825729-3 neutron-server[103359]: DEBUG neutron_lib.callbacks.manager [None req-ea65f209-9fbd-4fb4-9b77-0edfc0f94651 admin admin] Publish callbacks ['neutron.plugins.ml2.ovo_rpc._ObjectChangeHandler.handle_event-3713323'] for security_group (a92be42a-74d2-454a-a0ea-c6a47c0a6664), after_delete {{(pid=103359) _notify_loop /usr/local/lib/python3.8/dist-packages/neutron_lib/callbacks/manager.py:176}}
Jan 21 13:36:47.292155 n-d-825729-3 neutron-server[103359]: DEBUG neutron_lib.callbacks.manager [None req-ea65f209-9fbd-4fb4-9b77-0edfc0f94651 admin admin] Publish callbacks [] for security_group (None), before_response {{(pid=103359) _notify_loop /usr/local/lib/python3.8/dist-packages/neutron_lib/callbacks/manager.py:176}}
Jan 21 13:36:47.293828 n-d-825729-3 neutron-server[103359]: INFO neutron.wsgi [None req-ea65f209-9fbd-4fb4-9b77-0edfc0f94651 admin admin] 10.222.0.104 "DELETE /v2.0/security-groups/a92be42a-74d2-454a-a0ea-c6a47c0a6664 HTTP/1.1" status: 204 len: 168 time: 0.4615207
Jan 21 13:36:47.304247 n-d-825729-3 neutron-server[103359]: DEBUG neutron.api.rpc.handlers.resources_rpc [None req-ea65f209-9fbd-4fb4-9b77-0edfc0f94651 admin admin] Pushing event deleted for resources: {'SecurityGroup': ['ID=a92be42a-74d2-454a-a0ea-c6a47c0a6664,revision_number=None']} {{(pid=103359) push /opt/stack/neutron/neutron/api/rpc/handlers/resources_rpc.py:237}}
Jan 21 13:36:47.409706 n-d-825729-3 neutron-server[103359]: DEBUG neutron.api.v2.base [req-e57fd2ef-354d-4e72-80a3-c589c01bc32c req-601e4d90-711b-45e0-9a4a-5a8d4253dc05 service neutron] Request body: {'port': {'device_id': 'f204ad82-8531-40a4-af43-050b6ca96eaa', 'device_owner': 'compute:tempest-test_az-213879201', 'binding:host_id': 'n-h2-825729-3'}} {{(pid=103359) prepare_request_body /opt/stack/neutron/neutron/api/v2/base.py:729}}
Jan 21 13:36:47.504646 n-d-825729-3 neutron-server[103359]: DEBUG neutron_lib.callbacks.manager [req-e57fd2ef-354d-4e72-80a3-c589c01bc32c req-601e4d90-711b-45e0-9a4a-5a8d4253dc05 service neutron] Publish callbacks ['neutron.plugins.ml2.plugin.SecurityGroupDbMixin._ensure_default_security_group_handler-697685'] for port (964eff4e-8324-44b0-8aa1-e24545c8d9b5), before_update {{(pid=103359) _notify_loop /usr/local/lib/python3.8/dist-packages/neutron_lib/callbacks/manager.py:176}}
Jan 21 13:36:47.530811 n-d-825729-3 neutron-server[103359]: DEBUG neutron.api.v2.base [req-d15a9aec-deb9-497a-b8d0-93b0bc170431 req-485f66ac-deae-4078-9e27-13060948c312 service neutron] Request body: {'port': {'device_id': '0595681e-ce1a-472c-9302-a32d88785033', 'device_owner': 'compute:tempest-test_az-213879201', 'binding:host_id': 'n-h2-825729-3'}} {{(pid=103359) prepare_request_body /opt/stack/neutron/neutron/api/v2/base.py:729}}
Jan 21 13:36:47.622582 n-d-825729-3 neutron-server[103359]: DEBUG neutron_lib.callbacks.manager [req-d15a9aec-deb9-497a-b8d0-93b0bc170431 req-485f66ac-deae-4078-9e27-13060948c312 service neutron] Publish callbacks ['neutron.plugins.ml2.plugin.SecurityGroupDbMixin._ensure_default_security_group_handler-697685'] for port (a0a8f909-6431-43ba-9a11-97f564c2291d), before_update {{(pid=103359) _notify_loop /usr/local/lib/python3.8/dist-packages/neutron_lib/callbacks/manager.py:176}}
Jan 21 13:36:47.740265 n-d-825729-3 neutron-server[103360]: DEBUG neutron.wsgi [-] (103360) accepted ('10.222.0.104', 52032) {{(pid=103360) server /usr/local/lib/python3.8/dist-packages/eventlet/wsgi.py:1004}}
Jan 21 13:36:47.766817 n-d-825729-3 neutron-server[103360]: DEBUG neutron_lib.callbacks.manager [None req-3860efb8-91bc-4c0e-9549-c9499d3e23e1 admin admin] Publish callbacks [] for security_group (None), before_create {{(pid=103360) _notify_loop /usr/local/lib/python3.8/dist-packages/neutron_lib/callbacks/manager.py:176}}
Jan 21 13:36:47.828455 n-d-825729-3 neutron-server[103359]: DEBUG neutron.wsgi [-] (103359) accepted ('10.222.0.104', 52034) {{(pid=103359) server /usr/local/lib/python3.8/dist-packages/eventlet/wsgi.py:1004}}
Jan 21 13:36:47.898479 n-d-825729-3 neutron-server[103359]: DEBUG neutron_lib.callbacks.manager [None req-40fd262f-c3e3-4793-85e8-506313cd4547 admin admin] Publish callbacks [] for security_group (None), before_create {{(pid=103359) _notify_loop /usr/local/lib/python3.8/dist-packages/neutron_lib/callbacks/manager.py:176}}
Jan 21 13:36:47.998677 n-d-825729-3 neutron-server[103360]: DEBUG neutron_lib.callbacks.manager [None req-3860efb8-91bc-4c0e-9549-c9499d3e23e1 admin admin] Publish callbacks [] for security_group (de26f1c9-5494-44db-b176-fbaeb5eaa76c), precommit_create {{(pid=103360) _notify_loop /usr/local/lib/python3.8/dist-packages/neutron_lib/callbacks/manager.py:176}}
Jan 21 13:36:48.032739 n-d-825729-3 neutron-server[103360]: DEBUG neutron_lib.callbacks.manager [None req-3860efb8-91bc-4c0e-9549-c9499d3e23e1 admin admin] Publish callbacks ['neutron.plugins.ml2.ovo_rpc._ObjectChangeHandler.handle_event-3713323'] for security_group (de26f1c9-5494-44db-b176-fbaeb5eaa76c), after_create {{(pid=103360) _notify_loop /usr/local/lib/python3.8/dist-packages/neutron_lib/callbacks/manager.py:176}}
Jan 21 13:36:48.054390 n-d-825729-3 neutron-server[103359]: DEBUG neutron_lib.callbacks.manager [None req-40fd262f-c3e3-4793-85e8-506313cd4547 admin admin] Publish callbacks [] for security_group (a45eec2d-281f-4e04-937b-f04e7e6b6eb1), precommit_create {{(pid=103359) _notify_loop /usr/local/lib/python3.8/dist-packages/neutron_lib/callbacks/manager.py:176}}
Jan 21 13:36:48.066788 n-d-825729-3 neutron-server[103359]: DEBUG neutron_lib.callbacks.manager [None req-40fd262f-c3e3-4793-85e8-506313cd4547 admin admin] Publish callbacks ['neutron.plugins.ml2.ovo_rpc._ObjectChangeHandler.handle_event-3713323'] for security_group (a45eec2d-281f-4e04-937b-f04e7e6b6eb1), after_create {{(pid=103359) _notify_loop /usr/local/lib/python3.8/dist-packages/neutron_lib/callbacks/manager.py:176}}
Jan 21 13:36:48.132484 n-d-825729-3 neutron-server[103359]: INFO neutron.wsgi [None req-40fd262f-c3e3-4793-85e8-506313cd4547 admin admin] 10.222.0.104 "GET /v2.0/security-groups?tenant_id=82a77d5701c347229fe887ea96b5ac23&name=default HTTP/1.1" status: 200 len: 2996 time: 0.3023984
Jan 21 13:36:48.133968 n-d-825729-3 neutron-server[103360]: DEBUG neutron.wsgi [-] (103360) accepted ('10.222.0.104', 52040) {{(pid=103360) server /usr/local/lib/python3.8/dist-packages/eventlet/wsgi.py:1004}}
