Jan 21 13:36:33.944790 n-d-825729-3 neutron-server[103359]: DEBUG neutron.api.rpc.callbacks.version_manager [None req-58b7e7e4-6dec-401c-b2ed-dca5631674d1 admin admin] Version for resource type PortForwarding changed None to 1.2 on consumer Open vSwitch agent@n-d-825729-3 {{(pid=103359) _set_version /opt/stack/neutron/neutron/api/rpc/callbacks/version_manager.py:113}}
Jan 21 13:36:33.945182 n-d-825729-3 neutron-server[103359]: DEBUG neutron.api.rpc.callbacks.version_manager [None req-58b7e7e4-6dec-401c-b2ed-dca5631674d1 admin admin] Version for resource type QosPolicy changed None to 1.10 on consumer Open vSwitch agent@n-d-825729-3 {{(pid=103359) _set_version /opt/stack/neutron/neutron/api/rpc/callbacks/version_manager.py:113}}
Jan 21 13:36:33.945657 n-d-825729-3 neutron-server[103359]: DEBUG neutron.api.rpc.callbacks.version_manager [None req-58b7e7e4-6dec-401c-b2ed-dca5631674d1 admin admin] Version for resource type SecurityGroup changed None to 1.5 on consumer Open vSwitch agent@n-d-825729-3 {{(pid=103359) _set_version /opt/stack/neutron/neutron/api/rpc/callbacks/version_manager.py:113}}
Jan 21 13:36:33.946045 n-d-825729-3 neutron-server[103359]: DEBUG neutron.api.rpc.callbacks.version_manager [None req-58b7e7e4-6dec-401c-b2ed-dca5631674d1 admin admin] Version for resource type SecurityGroupRule changed None to 1.2 on consumer Open vSwitch agent@n-d-825729-3 {{(pid=103359) _set_version /opt/stack/neutron/neutron/api/rpc/callbacks/version_manager.py:113}}
Jan 21 13:36:33.946564 n-d-825729-3 neutron-server[103359]: DEBUG neutron.api.rpc.callbacks.version_manager [None req-58b7e7e4-6dec-401c-b2ed-dca5631674d1 admin admin] Version for resource type SubPort changed None to 1.0 on consumer Open vSwitch agent@n-d-825729-3 {{(pid=103359) _set_version /opt/stack/neutron/neutron/api/rpc/callbacks/version_manager.py:113}}
Jan 21 13:36:33.947040 n-d-825729-3 neutron-server[103359]: DEBUG neutron.api.rpc.callbacks.version_manager [None req-58b7e7e4-6dec-401c-b2ed-dca5631674d1 admin admin] Version for resource type Subnet changed None to 1.1 on consumer Open vSwitch agent@n-d-825729-3 {{(pid=103359) _set_version /opt/stack/neutron/neutron/api/rpc/callbacks/version_manager.py:113}}
Jan 21 13:36:33.947370 n-d-825729-3 neutron-server[103359]: DEBUG neutron.api.rpc.callbacks.version_manager [None req-58b7e7e4-6dec-401c-b2ed-dca5631674d1 admin admin] Version for resource type Trunk changed None to 1.1 on consumer Open vSwitch agent@n-d-825729-3 {{(pid=103359) _set_version /opt/stack/neutron/neutron/api/rpc/callbacks/version_manager.py:113}}
Jan 21 13:36:33.948446 n-d-825729-3 neutron-server[103359]: DEBUG neutron.api.rpc.callbacks.version_manager [None req-58b7e7e4-6dec-401c-b2ed-dca5631674d1 admin admin] Tracked resource versions report:
Jan 21 13:36:33.948446 n-d-825729-3 neutron-server[103359]: pushed versions:
Jan 21 13:36:33.948446 n-d-825729-3 neutron-server[103359]: { 'AddressGroup': {'1.2'},
Jan 21 13:36:33.948446 n-d-825729-3 neutron-server[103359]: 'ConntrackHelper': {'1.0'},
Jan 21 13:36:33.948446 n-d-825729-3 neutron-server[103359]: 'LocalIPAssociation': {'1.0'},
Jan 21 13:36:33.948446 n-d-825729-3 neutron-server[103359]: 'Log': {'1.0'},
Jan 21 13:36:33.948446 n-d-825729-3 neutron-server[103359]: 'Network': {'1.1'},
Jan 21 13:36:33.948446 n-d-825729-3 neutron-server[103359]: 'Port': {'1.7'},
Jan 21 13:36:33.948446 n-d-825729-3 neutron-server[103359]: 'PortForwarding': {'1.2'},
Jan 21 13:36:33.948446 n-d-825729-3 neutron-server[103359]: 'QosPolicy': {'1.10'},
Jan 21 13:36:33.948446 n-d-825729-3 neutron-server[103359]: 'SecurityGroup': {'1.5'},
Jan 21 13:36:33.948446 n-d-825729-3 neutron-server[103359]: 'SecurityGroupRule': {'1.2'},
Jan 21 13:36:33.948446 n-d-825729-3 neutron-server[103359]: 'SubPort': {'1.0'},
Jan 21 13:36:33.948446 n-d-825729-3 neutron-server[103359]: 'Subnet': {'1.1'},
Jan 21 13:36:33.948446 n-d-825729-3 neutron-server[103359]: 'Trunk': {'1.1'}}
Jan 21 13:36:33.948446 n-d-825729-3 neutron-server[103359]: consumer versions:
Jan 21 13:36:33.948446 n-d-825729-3 neutron-server[103359]: { DHCP agent@n-d-825729-3: {},
Jan 21 13:36:33.948446 n-d-825729-3 neutron-server[103359]: HyperV agent@n-h1-825729-3: {},
Jan 21 13:36:33.948446 n-d-825729-3 neutron-server[103359]: HyperV agent@n-h2-825729-3: {},
Jan 21 13:36:33.948446 n-d-825729-3 neutron-server[103359]: L3 agent@n-d-825729-3: {},
Jan 21 13:36:33.948446 n-d-825729-3 neutron-server[103359]: Metadata agent@n-d-825729-3: {},
Jan 21 13:36:33.948446 n-d-825729-3 neutron-server[103359]: Metering agent@n-d-825729-3: {},
Jan 21 13:36:33.948446 n-d-825729-3 neutron-server[103359]: Open vSwitch agent@n-d-825729-3: { 'AddressGroup': '1.2',
Jan 21 13:36:33.948446 n-d-825729-3 neutron-server[103359]: 'ConntrackHelper': '1.0',
Jan 21 13:36:33.948446 n-d-825729-3 neutron-server[103359]: 'LocalIPAssociation': '1.0',
Jan 21 13:36:33.948446 n-d-825729-3 neutron-server[103359]: 'Log': '1.0',
Jan 21 13:36:33.948446 n-d-825729-3 neutron-server[103359]: 'Network': '1.1',
Jan 21 13:36:33.948446 n-d-825729-3 neutron-server[103359]: 'Port': '1.7',
Jan 21 13:36:33.948446 n-d-825729-3 neutron-server[103359]: 'PortForwarding': '1.2',
Jan 21 13:36:33.948446 n-d-825729-3 neutron-server[103359]: 'QosPolicy': '1.10',
Jan 21 13:36:33.948446 n-d-825729-3 neutron-server[103359]: 'SecurityGroup': '1.5',
Jan 21 13:36:33.948446 n-d-825729-3 neutron-server[103359]: 'SecurityGroupRule': '1.2',
Jan 21 13:36:33.948446 n-d-825729-3 neutron-server[103359]: 'SubPort': '1.0',
Jan 21 13:36:33.948446 n-d-825729-3 neutron-server[103359]: 'Subnet': '1.1',
Jan 21 13:36:33.948446 n-d-825729-3 neutron-server[103359]: 'Trunk': '1.1'}}
Jan 21 13:36:33.948446 n-d-825729-3 neutron-server[103359]: {{(pid=103359) report /opt/stack/neutron/neutron/api/rpc/callbacks/version_manager.py:175}}
Jan 21 13:36:36.535537 n-d-825729-3 neutron-server[103359]: DEBUG neutron.wsgi [-] (103359) accepted ('10.222.0.104', 51456) {{(pid=103359) server /usr/local/lib/python3.8/dist-packages/eventlet/wsgi.py:1004}}
Jan 21 13:36:36.537958 n-d-825729-3 neutron-server[103359]: WARNING keystonemiddleware.auth_token [-] A valid token was submitted as a service token, but it was not a valid service token. This is incorrect but backwards compatible behaviour. This will be removed in future releases.
Jan 21 13:36:36.561263 n-d-825729-3 neutron-server[103359]: INFO neutron.wsgi [req-e57fd2ef-354d-4e72-80a3-c589c01bc32c req-210aaac1-9d1f-4713-958d-406411ff3114 tempest-DeleteServersAdminTestJSON-950438994 tempest-DeleteServersAdminTestJSON-950438994-project] 10.222.0.104 "GET /v2.0/networks?tenant_id=c7b8bf5dfda443f483e85eb9c180025b&shared=False HTTP/1.1" status: 200 len: 213 time: 0.0237329
Jan 21 13:36:36.750498 n-d-825729-3 neutron-server[103359]: DEBUG neutron.pecan_wsgi.hooks.policy_enforcement [req-e57fd2ef-354d-4e72-80a3-c589c01bc32c req-4fdd2dda-39ec-4f37-95b6-5bd2e7bdfc80 tempest-DeleteServersAdminTestJSON-950438994 tempest-DeleteServersAdminTestJSON-950438994-project] Attributes excluded by policy engine: ['standard_attr_id', 'vlan_transparent', 'provider:network_type', 'provider:physical_network', 'provider:segmentation_id'] {{(pid=103359) _exclude_attributes_by_policy /opt/stack/neutron/neutron/pecan_wsgi/hooks/policy_enforcement.py:255}}
Jan 21 13:36:36.751996 n-d-825729-3 neutron-server[103359]: INFO neutron.wsgi [req-e57fd2ef-354d-4e72-80a3-c589c01bc32c req-4fdd2dda-39ec-4f37-95b6-5bd2e7bdfc80 tempest-DeleteServersAdminTestJSON-950438994 tempest-DeleteServersAdminTestJSON-950438994-project] 10.222.0.104 "GET /v2.0/networks?shared=True HTTP/1.1" status: 200 len: 769 time: 0.1858287
Jan 21 13:36:36.769612 n-d-825729-3 neutron-server[103359]: INFO neutron.wsgi [req-e57fd2ef-354d-4e72-80a3-c589c01bc32c req-a9d8543d-1c79-402e-9e14-e9969ac6e04d tempest-DeleteServersAdminTestJSON-950438994 tempest-DeleteServersAdminTestJSON-950438994-project] 10.222.0.104 "GET /v2.0/quotas/c7b8bf5dfda443f483e85eb9c180025b HTTP/1.1" status: 200 len: 375 time: 0.0122945
Jan 21 13:36:36.827637 n-d-825729-3 neutron-server[103359]: INFO neutron.wsgi [req-e57fd2ef-354d-4e72-80a3-c589c01bc32c req-c1644b61-ba7c-4b73-8be2-5c7c0dd07a05 tempest-DeleteServersAdminTestJSON-950438994 tempest-DeleteServersAdminTestJSON-950438994-project] 10.222.0.104 "GET /v2.0/ports?tenant_id=c7b8bf5dfda443f483e85eb9c180025b&fields=id HTTP/1.1" status: 200 len: 210 time: 0.0522399
Jan 21 13:36:37.206003 n-d-825729-3 neutron-server[103359]: INFO neutron.wsgi [req-d15a9aec-deb9-497a-b8d0-93b0bc170431 req-58a244e1-c4e1-4398-a9c5-8f3028d2dc1a tempest-AggregatesAdminTestJSON-145484246 tempest-AggregatesAdminTestJSON-145484246-project] 10.222.0.104 "GET /v2.0/networks?tenant_id=2b091df14ce04dc3b586d8fa385c0018&shared=False HTTP/1.1" status: 200 len: 213 time: 0.0315573
Jan 21 13:36:37.289449 n-d-825729-3 neutron-server[103360]: DEBUG neutron.wsgi [-] (103360) accepted ('10.222.0.104', 51526) {{(pid=103360) server /usr/local/lib/python3.8/dist-packages/eventlet/wsgi.py:1004}}
Jan 21 13:36:37.350696 n-d-825729-3 neutron-server[103359]: DEBUG neutron.pecan_wsgi.hooks.policy_enforcement [req-d15a9aec-deb9-497a-b8d0-93b0bc170431 req-86981b3d-d2f3-4f65-bd0b-b491c4e35c0d tempest-AggregatesAdminTestJSON-145484246 tempest-AggregatesAdminTestJSON-145484246-project] Attributes excluded by policy engine: ['standard_attr_id', 'vlan_transparent', 'provider:network_type', 'provider:physical_network', 'provider:segmentation_id'] {{(pid=103359) _exclude_attributes_by_policy /opt/stack/neutron/neutron/pecan_wsgi/hooks/policy_enforcement.py:255}}
Jan 21 13:36:37.357722 n-d-825729-3 neutron-server[103359]: INFO neutron.wsgi [req-d15a9aec-deb9-497a-b8d0-93b0bc170431 req-86981b3d-d2f3-4f65-bd0b-b491c4e35c0d tempest-AggregatesAdminTestJSON-145484246 tempest-AggregatesAdminTestJSON-145484246-project] 10.222.0.104 "GET /v2.0/networks?shared=True HTTP/1.1" status: 200 len: 769 time: 0.1462233
Jan 21 13:36:37.373826 n-d-825729-3 neutron-server[103359]: INFO neutron.wsgi [req-d15a9aec-deb9-497a-b8d0-93b0bc170431 req-0bb66403-e855-4ccb-8776-05bb2089d092 tempest-AggregatesAdminTestJSON-145484246 tempest-AggregatesAdminTestJSON-145484246-project] 10.222.0.104 "GET /v2.0/quotas/2b091df14ce04dc3b586d8fa385c0018 HTTP/1.1" status: 200 len: 375 time: 0.0139136
Jan 21 13:36:37.410372 n-d-825729-3 neutron-server[103360]: WARNING keystonemiddleware.auth_token [-] A valid token was submitted as a service token, but it was not a valid service token. This is incorrect but backwards compatible behaviour. This will be removed in future releases.
Jan 21 13:36:37.437045 n-d-825729-3 neutron-server[103359]: INFO neutron.wsgi [req-d15a9aec-deb9-497a-b8d0-93b0bc170431 req-a38b591e-be30-4936-af21-05b68cfdb3e0 tempest-AggregatesAdminTestJSON-145484246 tempest-AggregatesAdminTestJSON-145484246-project] 10.222.0.104 "GET /v2.0/ports?tenant_id=2b091df14ce04dc3b586d8fa385c0018&fields=id HTTP/1.1" status: 200 len: 210 time: 0.0548401
Jan 21 13:36:37.468918 n-d-825729-3 neutron-server[103360]: INFO neutron.wsgi [req-34fc788f-d618-4c02-97dc-3e679b9c46c8 req-27b76dd0-6d04-4f88-bdd9-da147fd1507b tempest-DeleteServersAdminTestJSON-950438994 tempest-DeleteServersAdminTestJSON-950438994-project] 10.222.0.104 "GET /v2.0/ports?device_id=f204ad82-8531-40a4-af43-050b6ca96eaa HTTP/1.1" status: 200 len: 210 time: 0.1779819
Jan 21 13:36:37.494701 n-d-825729-3 neutron-server[103359]: DEBUG neutron.wsgi [-] (103359) accepted ('10.222.0.104', 51540) {{(pid=103359) server /usr/local/lib/python3.8/dist-packages/eventlet/wsgi.py:1004}}
Jan 21 13:36:37.684784 n-d-825729-3 neutron-server[103359]: DEBUG neutron_lib.callbacks.manager [None req-fbde1bf7-d549-449f-b33a-9cc6b79395ba admin admin] Publish callbacks [] for security_group (None), before_create {{(pid=103359) _notify_loop /usr/local/lib/python3.8/dist-packages/neutron_lib/callbacks/manager.py:176}}
Jan 21 13:36:37.723780 n-d-825729-3 neutron-server[103360]: INFO neutron.wsgi [req-7e510dd2-e7f2-49ee-9119-22756f131a3a req-6d5694f3-b71f-4e2e-8624-0d0f75fd9011 tempest-AggregatesAdminTestJSON-145484246 tempest-AggregatesAdminTestJSON-145484246-project] 10.222.0.104 "GET /v2.0/ports?device_id=0595681e-ce1a-472c-9302-a32d88785033 HTTP/1.1" status: 200 len: 210 time: 0.0432777
Jan 21 13:36:37.806078 n-d-825729-3 neutron-server[103359]: DEBUG neutron_lib.callbacks.manager [None req-fbde1bf7-d549-449f-b33a-9cc6b79395ba admin admin] Publish callbacks [] for security_group (d8961a25-9b2a-4518-a9ec-81cdc4095285), precommit_create {{(pid=103359) _notify_loop /usr/local/lib/python3.8/dist-packages/neutron_lib/callbacks/manager.py:176}}
Jan 21 13:36:37.830054 n-d-825729-3 neutron-server[103359]: DEBUG neutron_lib.callbacks.manager [None req-fbde1bf7-d549-449f-b33a-9cc6b79395ba admin admin] Publish callbacks ['neutron.plugins.ml2.ovo_rpc._ObjectChangeHandler.handle_event-3713323'] for security_group (d8961a25-9b2a-4518-a9ec-81cdc4095285), after_create {{(pid=103359) _notify_loop /usr/local/lib/python3.8/dist-packages/neutron_lib/callbacks/manager.py:176}}
Jan 21 13:36:37.938428 n-d-825729-3 neutron-server[103359]: DEBUG neutron.api.rpc.handlers.resources_rpc [None req-fbde1bf7-d549-449f-b33a-9cc6b79395ba admin admin] Pushing event updated for resources: {'SecurityGroup': ['ID=d8961a25-9b2a-4518-a9ec-81cdc4095285,revision_number=1']} {{(pid=103359) push /opt/stack/neutron/neutron/api/rpc/handlers/resources_rpc.py:237}}
Jan 21 13:36:37.947721 n-d-825729-3 neutron-server[103360]: DEBUG neutron.wsgi [-] (103360) accepted ('10.222.0.104', 51592) {{(pid=103360) server /usr/local/lib/python3.8/dist-packages/eventlet/wsgi.py:1004}}
Jan 21 13:36:37.979658 n-d-825729-3 neutron-server[103359]: INFO neutron.wsgi [None req-fbde1bf7-d549-449f-b33a-9cc6b79395ba admin admin] 10.222.0.104 "GET /v2.0/security-groups?tenant_id=ab68a3a7274a41c09474459a69d3d950&name=default HTTP/1.1" status: 200 len: 2992 time: 0.4835792
Jan 21 13:36:37.982044 n-d-825729-3 neutron-server[103360]: DEBUG neutron.wsgi [-] (103360) accepted ('10.222.0.104', 51596) {{(pid=103360) server /usr/local/lib/python3.8/dist-packages/eventlet/wsgi.py:1004}}
Jan 21 13:36:38.088323 n-d-825729-3 neutron-server[103360]: DEBUG neutron_lib.callbacks.manager [None req-eeca33d8-3097-4782-a054-90cf8b8b5120 admin admin] Publish callbacks [] for security_group (d8961a25-9b2a-4518-a9ec-81cdc4095285), before_delete {{(pid=103360) _notify_loop /usr/local/lib/python3.8/dist-packages/neutron_lib/callbacks/manager.py:176}}
Jan 21 13:36:38.129792 n-d-825729-3 neutron-server[103360]: DEBUG neutron_lib.callbacks.manager [None req-eeca33d8-3097-4782-a054-90cf8b8b5120 admin admin] Publish callbacks [] for security_group (d8961a25-9b2a-4518-a9ec-81cdc4095285), precommit_delete {{(pid=103360) _notify_loop /usr/local/lib/python3.8/dist-packages/neutron_lib/callbacks/manager.py:176}}
Jan 21 13:36:38.207227 n-d-825729-3 neutron-server[103360]: DEBUG neutron_lib.callbacks.manager [None req-9e46186d-89c2-4b96-b634-35e0c313342f admin admin] Publish callbacks [] for security_group (None), before_create {{(pid=103360) _notify_loop /usr/local/lib/python3.8/dist-packages/neutron_lib/callbacks/manager.py:176}}
Jan 21 13:36:38.263054 n-d-825729-3 neutron-server[103360]: DEBUG neutron_lib.callbacks.manager [None req-eeca33d8-3097-4782-a054-90cf8b8b5120 admin admin] Publish callbacks ['neutron.plugins.ml2.ovo_rpc._ObjectChangeHandler.handle_event-3713323'] for security_group (d8961a25-9b2a-4518-a9ec-81cdc4095285), after_delete {{(pid=103360) _notify_loop /usr/local/lib/python3.8/dist-packages/neutron_lib/callbacks/manager.py:176}}
Jan 21 13:36:38.267991 n-d-825729-3 neutron-server[103360]: DEBUG neutron_lib.callbacks.manager [None req-eeca33d8-3097-4782-a054-90cf8b8b5120 admin admin] Publish callbacks [] for security_group (None), before_response {{(pid=103360) _notify_loop /usr/local/lib/python3.8/dist-packages/neutron_lib/callbacks/manager.py:176}}
Jan 21 13:36:38.287163 n-d-825729-3 neutron-server[103360]: INFO neutron.wsgi [None req-eeca33d8-3097-4782-a054-90cf8b8b5120 admin admin] 10.222.0.104 "DELETE /v2.0/security-groups/d8961a25-9b2a-4518-a9ec-81cdc4095285 HTTP/1.1" status: 204 len: 168 time: 0.3032467
Jan 21 13:36:38.325256 n-d-825729-3 neutron-server[103360]: DEBUG neutron.api.rpc.handlers.resources_rpc [None req-eeca33d8-3097-4782-a054-90cf8b8b5120 admin admin] Pushing event deleted for resources: {'SecurityGroup': ['ID=d8961a25-9b2a-4518-a9ec-81cdc4095285,revision_number=None']} {{(pid=103360) push /opt/stack/neutron/neutron/api/rpc/handlers/resources_rpc.py:237}}
Jan 21 13:36:38.441911 n-d-825729-3 neutron-server[103360]: DEBUG neutron_lib.callbacks.manager [None req-9e46186d-89c2-4b96-b634-35e0c313342f admin admin] Publish callbacks [] for security_group (065791cf-90cb-4046-9cef-e037e7ce5685), precommit_create {{(pid=103360) _notify_loop /usr/local/lib/python3.8/dist-packages/neutron_lib/callbacks/manager.py:176}}
Jan 21 13:36:38.451851 n-d-825729-3 neutron-server[103360]: DEBUG neutron_lib.callbacks.manager [None req-9e46186d-89c2-4b96-b634-35e0c313342f admin admin] Publish callbacks ['neutron.plugins.ml2.ovo_rpc._ObjectChangeHandler.handle_event-3713323'] for security_group (065791cf-90cb-4046-9cef-e037e7ce5685), after_create {{(pid=103360) _notify_loop /usr/local/lib/python3.8/dist-packages/neutron_lib/callbacks/manager.py:176}}
Jan 21 13:36:38.508741 n-d-825729-3 neutron-server[103360]: DEBUG neutron.api.rpc.handlers.resources_rpc [None req-9e46186d-89c2-4b96-b634-35e0c313342f admin admin] Pushing event updated for resources: {'SecurityGroup': ['ID=065791cf-90cb-4046-9cef-e037e7ce5685,revision_number=1']} {{(pid=103360) push /opt/stack/neutron/neutron/api/rpc/handlers/resources_rpc.py:237}}
Jan 21 13:36:38.519331 n-d-825729-3 neutron-server[103360]: INFO neutron.wsgi [None req-9e46186d-89c2-4b96-b634-35e0c313342f admin admin] 10.222.0.104 "GET /v2.0/security-groups?tenant_id=e465eaf2734e4818b0aacdce5c36a827&name=default HTTP/1.1" status: 200 len: 2992 time: 0.5682285
Jan 21 13:36:38.519690 n-d-825729-3 neutron-server[103360]: DEBUG neutron.wsgi [-] (103360) accepted ('10.222.0.104', 51648) {{(pid=103360) server /usr/local/lib/python3.8/dist-packages/eventlet/wsgi.py:1004}}
Jan 21 13:36:38.621685 n-d-825729-3 neutron-server[103359]: DEBUG neutron.wsgi [-] (103359) accepted ('10.222.0.104', 51652) {{(pid=103359) server /usr/local/lib/python3.8/dist-packages/eventlet/wsgi.py:1004}}
Jan 21 13:36:38.630714 n-d-825729-3 neutron-server[103360]: DEBUG neutron_lib.callbacks.manager [None req-3eb3afd5-a87a-4383-be75-f55c7ea736cd admin admin] Publish callbacks [] for security_group (065791cf-90cb-4046-9cef-e037e7ce5685), before_delete {{(pid=103360) _notify_loop /usr/local/lib/python3.8/dist-packages/neutron_lib/callbacks/manager.py:176}}
Jan 21 13:36:38.679204 n-d-825729-3 neutron-server[103360]: DEBUG neutron_lib.callbacks.manager [None req-3eb3afd5-a87a-4383-be75-f55c7ea736cd admin admin] Publish callbacks [] for security_group (065791cf-90cb-4046-9cef-e037e7ce5685), precommit_delete {{(pid=103360) _notify_loop /usr/local/lib/python3.8/dist-packages/neutron_lib/callbacks/manager.py:176}}
Jan 21 13:36:38.753842 n-d-825729-3 neutron-server[103360]: DEBUG neutron_lib.callbacks.manager [None req-3eb3afd5-a87a-4383-be75-f55c7ea736cd admin admin] Publish callbacks ['neutron.plugins.ml2.ovo_rpc._ObjectChangeHandler.handle_event-3713323'] for security_group (065791cf-90cb-4046-9cef-e037e7ce5685), after_delete {{(pid=103360) _notify_loop /usr/local/lib/python3.8/dist-packages/neutron_lib/callbacks/manager.py:176}}
Jan 21 13:36:38.757876 n-d-825729-3 neutron-server[103360]: DEBUG neutron_lib.callbacks.manager [None req-3eb3afd5-a87a-4383-be75-f55c7ea736cd admin admin] Publish callbacks [] for security_group (None), before_response {{(pid=103360) _notify_loop /usr/local/lib/python3.8/dist-packages/neutron_lib/callbacks/manager.py:176}}
Jan 21 13:36:38.759491 n-d-825729-3 neutron-server[103360]: INFO neutron.wsgi [None req-3eb3afd5-a87a-4383-be75-f55c7ea736cd admin admin] 10.222.0.104 "DELETE /v2.0/security-groups/065791cf-90cb-4046-9cef-e037e7ce5685 HTTP/1.1" status: 204 len: 168 time: 0.2377484
Jan 21 13:36:38.770496 n-d-825729-3 neutron-server[103360]: DEBUG neutron.api.rpc.handlers.resources_rpc [None req-3eb3afd5-a87a-4383-be75-f55c7ea736cd admin admin] Pushing event deleted for resources: {'SecurityGroup': ['ID=065791cf-90cb-4046-9cef-e037e7ce5685,revision_number=None']} {{(pid=103360) push /opt/stack/neutron/neutron/api/rpc/handlers/resources_rpc.py:237}}
Jan 21 13:36:38.848383 n-d-825729-3 neutron-server[103359]: INFO neutron.wsgi [req-f4bca2a0-48fa-4205-8512-0f2d3d2307cc req-73733e5a-c5f8-4cd1-8fac-712f23d38b7b tempest-DeleteServersAdminTestJSON-950438994 tempest-DeleteServersAdminTestJSON-950438994-project] 10.222.0.104 "GET /v2.0/ports?device_id=f204ad82-8531-40a4-af43-050b6ca96eaa HTTP/1.1" status: 200 len: 210 time: 0.1202481
Jan 21 13:36:38.874379 n-d-825729-3 neutron-server[103360]: DEBUG neutron.wsgi [-] (103360) accepted ('10.222.0.104', 51664) {{(pid=103360) server /usr/local/lib/python3.8/dist-packages/eventlet/wsgi.py:1004}}
Jan 21 13:36:38.894779 n-d-825729-3 neutron-server[103360]: DEBUG neutron_lib.callbacks.manager [None req-f7d1345a-6567-434c-ba84-ac7348d08402 admin admin] Publish callbacks [] for security_group (None), before_create {{(pid=103360) _notify_loop /usr/local/lib/python3.8/dist-packages/neutron_lib/callbacks/manager.py:176}}
Jan 21 13:36:38.911315 n-d-825729-3 neutron-server[103359]: DEBUG neutron_lib.callbacks.manager [None req-56e1bc8c-fc6c-49e7-86a8-efd2cd46f1ba admin admin] Publish callbacks [] for security_group (None), before_create {{(pid=103359) _notify_loop /usr/local/lib/python3.8/dist-packages/neutron_lib/callbacks/manager.py:176}}
Jan 21 13:36:39.108226 n-d-825729-3 neutron-server[103360]: DEBUG neutron_lib.callbacks.manager [None req-f7d1345a-6567-434c-ba84-ac7348d08402 admin admin] Publish callbacks [] for security_group (e000d1c3-2957-4f2c-a4a6-187925dd02eb), precommit_create {{(pid=103360) _notify_loop /usr/local/lib/python3.8/dist-packages/neutron_lib/callbacks/manager.py:176}}
Jan 21 13:36:39.140369 n-d-825729-3 neutron-server[103359]: DEBUG neutron_lib.callbacks.manager [None req-56e1bc8c-fc6c-49e7-86a8-efd2cd46f1ba admin admin] Publish callbacks [] for security_group (6eaa439a-1df3-40e1-bb9c-016c90efcea7), precommit_create {{(pid=103359) _notify_loop /usr/local/lib/python3.8/dist-packages/neutron_lib/callbacks/manager.py:176}}
Jan 21 13:36:39.148040 n-d-825729-3 neutron-server[103359]: DEBUG neutron_lib.callbacks.manager [None req-56e1bc8c-fc6c-49e7-86a8-efd2cd46f1ba admin admin] Publish callbacks ['neutron.plugins.ml2.ovo_rpc._ObjectChangeHandler.handle_event-3713323'] for security_group (6eaa439a-1df3-40e1-bb9c-016c90efcea7), after_create {{(pid=103359) _notify_loop /usr/local/lib/python3.8/dist-packages/neutron_lib/callbacks/manager.py:176}}
Jan 21 13:36:39.150969 n-d-825729-3 neutron-server[103360]: DEBUG neutron_lib.callbacks.manager [None req-f7d1345a-6567-434c-ba84-ac7348d08402 admin admin] Publish callbacks ['neutron.plugins.ml2.ovo_rpc._ObjectChangeHandler.handle_event-3713323'] for security_group (e000d1c3-2957-4f2c-a4a6-187925dd02eb), after_create {{(pid=103360) _notify_loop /usr/local/lib/python3.8/dist-packages/neutron_lib/callbacks/manager.py:176}}
Jan 21 13:36:39.155384 n-d-825729-3 neutron-server[103360]: INFO neutron.wsgi [req-e59a28e8-ba66-4682-bf12-25ed8f282d11 req-514c0252-8a56-4b78-90ba-f1afc80ba42a tempest-AggregatesAdminTestJSON-145484246 tempest-AggregatesAdminTestJSON-145484246-project] 10.222.0.104 "GET /v2.0/ports?device_id=0595681e-ce1a-472c-9302-a32d88785033 HTTP/1.1" status: 200 len: 210 time: 0.0457289
Jan 21 13:36:39.208873 n-d-825729-3 neutron-server[103360]: INFO neutron.wsgi [None req-f7d1345a-6567-434c-ba84-ac7348d08402 admin admin] 10.222.0.104 "GET /v2.0/security-groups?tenant_id=4c1cb84a493b42198525ec5f29236007&name=default HTTP/1.1" status: 200 len: 2992 time: 0.3310831
Jan 21 13:36:39.209045 n-d-825729-3 neutron-server[103359]: INFO neutron.wsgi [None req-56e1bc8c-fc6c-49e7-86a8-efd2cd46f1ba admin admin] 10.222.0.104 "GET /v2.0/security-groups?tenant_id=2b1353f0dcfc45d0a788763dfd62f53b&name=default HTTP/1.1" status: 200 len: 2992 time: 0.5841701
Jan 21 13:36:39.209119 n-d-825729-3 neutron-server[103359]: DEBUG neutron.wsgi [-] (103359) accepted ('10.222.0.104', 51680) {{(pid=103359) server /usr/local/lib/python3.8/dist-packages/eventlet/wsgi.py:1004}}
Jan 21 13:36:39.210260 n-d-825729-3 neutron-server[103360]: DEBUG neutron.wsgi [-] (103360) accepted ('10.222.0.104', 51682) {{(pid=103360) server /usr/local/lib/python3.8/dist-packages/eventlet/wsgi.py:1004}}
Jan 21 13:36:39.210893 n-d-825729-3 neutron-server[103360]: DEBUG neutron.api.rpc.handlers.resources_rpc [None req-f7d1345a-6567-434c-ba84-ac7348d08402 admin admin] Pushing event updated for resources: {'SecurityGroup': ['ID=e000d1c3-2957-4f2c-a4a6-187925dd02eb,revision_number=1']} {{(pid=103360) push /opt/stack/neutron/neutron/api/rpc/handlers/resources_rpc.py:237}}
Jan 21 13:36:39.243368 n-d-825729-3 neutron-server[103359]: DEBUG neutron.api.rpc.handlers.resources_rpc [None req-56e1bc8c-fc6c-49e7-86a8-efd2cd46f1ba admin admin] Pushing event updated for resources: {'SecurityGroup': ['ID=6eaa439a-1df3-40e1-bb9c-016c90efcea7,revision_number=1']} {{(pid=103359) push /opt/stack/neutron/neutron/api/rpc/handlers/resources_rpc.py:237}}
Jan 21 13:36:39.311929 n-d-825729-3 neutron-server[103360]: DEBUG neutron_lib.callbacks.manager [None req-3cfcc489-e219-4dcd-aa10-30fc6fcbab93 admin admin] Publish callbacks [] for security_group (6eaa439a-1df3-40e1-bb9c-016c90efcea7), before_delete {{(pid=103360) _notify_loop /usr/local/lib/python3.8/dist-packages/neutron_lib/callbacks/manager.py:176}}
Jan 21 13:36:39.323143 n-d-825729-3 neutron-server[103359]: DEBUG neutron_lib.callbacks.manager [None req-4c2a77b7-d550-468a-bd8c-d9bb3273a26b admin admin] Publish callbacks [] for security_group (e000d1c3-2957-4f2c-a4a6-187925dd02eb), before_delete {{(pid=103359) _notify_loop /usr/local/lib/python3.8/dist-packages/neutron_lib/callbacks/manager.py:176}}
Jan 21 13:36:39.334281 n-d-825729-3 neutron-server[103360]: DEBUG neutron_lib.callbacks.manager [None req-3cfcc489-e219-4dcd-aa10-30fc6fcbab93 admin admin] Publish callbacks [] for security_group (6eaa439a-1df3-40e1-bb9c-016c90efcea7), precommit_delete {{(pid=103360) _notify_loop /usr/local/lib/python3.8/dist-packages/neutron_lib/callbacks/manager.py:176}}
Jan 21 13:36:39.363394 n-d-825729-3 neutron-server[103359]: DEBUG neutron_lib.callbacks.manager [None req-4c2a77b7-d550-468a-bd8c-d9bb3273a26b admin admin] Publish callbacks [] for security_group (e000d1c3-2957-4f2c-a4a6-187925dd02eb), precommit_delete {{(pid=103359) _notify_loop /usr/local/lib/python3.8/dist-packages/neutron_lib/callbacks/manager.py:176}}
Jan 21 13:36:39.395602 n-d-825729-3 neutron-server[103360]: DEBUG neutron_lib.callbacks.manager [None req-3cfcc489-e219-4dcd-aa10-30fc6fcbab93 admin admin] Publish callbacks ['neutron.plugins.ml2.ovo_rpc._ObjectChangeHandler.handle_event-3713323'] for security_group (6eaa439a-1df3-40e1-bb9c-016c90efcea7), after_delete {{(pid=103360) _notify_loop /usr/local/lib/python3.8/dist-packages/neutron_lib/callbacks/manager.py:176}}
Jan 21 13:36:39.404680 n-d-825729-3 neutron-server[103360]: DEBUG neutron_lib.callbacks.manager [None req-3cfcc489-e219-4dcd-aa10-30fc6fcbab93 admin admin] Publish callbacks [] for security_group (None), before_response {{(pid=103360) _notify_loop /usr/local/lib/python3.8/dist-packages/neutron_lib/callbacks/manager.py:176}}
Jan 21 13:36:39.409065 n-d-825729-3 neutron-server[103360]: INFO neutron.wsgi [None req-3cfcc489-e219-4dcd-aa10-30fc6fcbab93 admin admin] 10.222.0.104 "DELETE /v2.0/security-groups/6eaa439a-1df3-40e1-bb9c-016c90efcea7 HTTP/1.1" status: 204 len: 168 time: 0.1901312
Jan 21 13:36:39.418398 n-d-825729-3 neutron-server[103360]: DEBUG neutron.api.rpc.handlers.resources_rpc [None req-3cfcc489-e219-4dcd-aa10-30fc6fcbab93 admin admin] Pushing event deleted for resources: {'SecurityGroup': ['ID=6eaa439a-1df3-40e1-bb9c-016c90efcea7,revision_number=None']} {{(pid=103360) push /opt/stack/neutron/neutron/api/rpc/handlers/resources_rpc.py:237}}
Jan 21 13:36:39.455285 n-d-825729-3 neutron-server[103359]: DEBUG neutron_lib.callbacks.manager [None req-4c2a77b7-d550-468a-bd8c-d9bb3273a26b admin admin] Publish callbacks ['neutron.plugins.ml2.ovo_rpc._ObjectChangeHandler.handle_event-3713323'] for security_group (e000d1c3-2957-4f2c-a4a6-187925dd02eb), after_delete {{(pid=103359) _notify_loop /usr/local/lib/python3.8/dist-packages/neutron_lib/callbacks/manager.py:176}}
Jan 21 13:36:39.458018 n-d-825729-3 neutron-server[103359]: DEBUG neutron_lib.callbacks.manager [None req-4c2a77b7-d550-468a-bd8c-d9bb3273a26b admin admin] Publish callbacks [] for security_group (None), before_response {{(pid=103359) _notify_loop /usr/local/lib/python3.8/dist-packages/neutron_lib/callbacks/manager.py:176}}
Jan 21 13:36:39.461867 n-d-825729-3 neutron-server[103359]: INFO neutron.wsgi [None req-4c2a77b7-d550-468a-bd8c-d9bb3273a26b admin admin] 10.222.0.104 "DELETE /v2.0/security-groups/e000d1c3-2957-4f2c-a4a6-187925dd02eb HTTP/1.1" status: 204 len: 168 time: 0.2485816
Jan 21 13:36:39.469612 n-d-825729-3 neutron-server[103359]: DEBUG neutron.api.rpc.handlers.resources_rpc [None req-4c2a77b7-d550-468a-bd8c-d9bb3273a26b admin admin] Pushing event deleted for resources: {'SecurityGroup': ['ID=e000d1c3-2957-4f2c-a4a6-187925dd02eb,revision_number=None']} {{(pid=103359) push /opt/stack/neutron/neutron/api/rpc/handlers/resources_rpc.py:237}}
Jan 21 13:36:39.533907 n-d-825729-3 neutron-server[103359]: DEBUG neutron.wsgi [-] (103359) accepted ('10.222.0.81', 59895) {{(pid=103359) server /usr/local/lib/python3.8/dist-packages/eventlet/wsgi.py:1004}}
Jan 21 13:36:39.568980 n-d-825729-3 neutron-server[103360]: DEBUG neutron.wsgi [-] (103360) accepted ('10.222.0.104', 51704) {{(pid=103360) server /usr/local/lib/python3.8/dist-packages/eventlet/wsgi.py:1004}}
Jan 21 13:36:39.587781 n-d-825729-3 neutron-server[103359]: INFO neutron.wsgi [req-e57fd2ef-354d-4e72-80a3-c589c01bc32c req-f73785bf-c19a-4ec0-8946-5883f0a41fed tempest-DeleteServersAdminTestJSON-950438994 tempest-DeleteServersAdminTestJSON-950438994-project] 10.222.0.81 "GET /v2.0/networks?tenant_id=c7b8bf5dfda443f483e85eb9c180025b&shared=False HTTP/1.1" status: 200 len: 213 time: 0.0524127
Jan 21 13:36:39.597555 n-d-825729-3 neutron-server[103360]: DEBUG neutron_lib.callbacks.manager [None req-4a483b65-5780-4425-864e-2b67d33243ae admin admin] Publish callbacks [] for security_group (None), before_create {{(pid=103360) _notify_loop /usr/local/lib/python3.8/dist-packages/neutron_lib/callbacks/manager.py:176}}
Jan 21 13:36:39.698655 n-d-825729-3 neutron-server[103360]: DEBUG neutron_lib.callbacks.manager [None req-4a483b65-5780-4425-864e-2b67d33243ae admin admin] Publish callbacks [] for security_group (abdcbb01-d986-42ee-9a24-03035b562982), precommit_create {{(pid=103360) _notify_loop /usr/local/lib/python3.8/dist-packages/neutron_lib/callbacks/manager.py:176}}
Jan 21 13:36:39.703974 n-d-825729-3 neutron-server[103360]: DEBUG neutron_lib.callbacks.manager [None req-4a483b65-5780-4425-864e-2b67d33243ae admin admin] Publish callbacks ['neutron.plugins.ml2.ovo_rpc._ObjectChangeHandler.handle_event-3713323'] for security_group (abdcbb01-d986-42ee-9a24-03035b562982), after_create {{(pid=103360) _notify_loop /usr/local/lib/python3.8/dist-packages/neutron_lib/callbacks/manager.py:176}}
Jan 21 13:36:39.747494 n-d-825729-3 neutron-server[103360]: DEBUG neutron.api.rpc.handlers.resources_rpc [None req-4a483b65-5780-4425-864e-2b67d33243ae admin admin] Pushing event updated for resources: {'SecurityGroup': ['ID=abdcbb01-d986-42ee-9a24-03035b562982,revision_number=1']} {{(pid=103360) push /opt/stack/neutron/neutron/api/rpc/handlers/resources_rpc.py:237}}
Jan 21 13:36:39.758693 n-d-825729-3 neutron-server[103359]: DEBUG neutron.pecan_wsgi.hooks.policy_enforcement [req-e57fd2ef-354d-4e72-80a3-c589c01bc32c req-184f1630-9cef-45ef-a6e5-d146ab645b28 tempest-DeleteServersAdminTestJSON-950438994 tempest-DeleteServersAdminTestJSON-950438994-project] Attributes excluded by policy engine: ['standard_attr_id', 'vlan_transparent', 'provider:network_type', 'provider:physical_network', 'provider:segmentation_id'] {{(pid=103359) _exclude_attributes_by_policy /opt/stack/neutron/neutron/pecan_wsgi/hooks/policy_enforcement.py:255}}
Jan 21 13:36:39.760394 n-d-825729-3 neutron-server[103359]: INFO neutron.wsgi [req-e57fd2ef-354d-4e72-80a3-c589c01bc32c req-184f1630-9cef-45ef-a6e5-d146ab645b28 tempest-DeleteServersAdminTestJSON-950438994 tempest-DeleteServersAdminTestJSON-950438994-project] 10.222.0.81 "GET /v2.0/networks?shared=True HTTP/1.1" status: 200 len: 769 time: 0.1664939
Jan 21 13:36:39.768284 n-d-825729-3 neutron-server[103360]: INFO neutron.wsgi [None req-4a483b65-5780-4425-864e-2b67d33243ae admin admin] 10.222.0.104 "GET /v2.0/security-groups?tenant_id=a4c4b5c315e7480583ba5086a1e921f0&name=default HTTP/1.1" status: 200 len: 2992 time: 0.1961954
Jan 21 13:36:39.769783 n-d-825729-3 neutron-server[103360]: DEBUG neutron.wsgi [-] (103360) accepted ('10.222.0.104', 51718) {{(pid=103360) server /usr/local/lib/python3.8/dist-packages/eventlet/wsgi.py:1004}}
Jan 21 13:36:39.829545 n-d-825729-3 neutron-server[103360]: DEBUG neutron_lib.callbacks.manager [None req-d65adcf5-70ef-49ed-94f2-417ee28fd778 admin admin] Publish callbacks [] for security_group (abdcbb01-d986-42ee-9a24-03035b562982), before_delete {{(pid=103360) _notify_loop /usr/local/lib/python3.8/dist-packages/neutron_lib/callbacks/manager.py:176}}
Jan 21 13:36:39.862796 n-d-825729-3 neutron-server[103360]: DEBUG neutron_lib.callbacks.manager [None req-d65adcf5-70ef-49ed-94f2-417ee28fd778 admin admin] Publish callbacks [] for security_group (abdcbb01-d986-42ee-9a24-03035b562982), precommit_delete {{(pid=103360) _notify_loop /usr/local/lib/python3.8/dist-packages/neutron_lib/callbacks/manager.py:176}}
Jan 21 13:36:39.873820 n-d-825729-3 neutron-server[103359]: DEBUG neutron.api.v2.base [req-e57fd2ef-354d-4e72-80a3-c589c01bc32c req-006dc0fe-d6bc-41cb-8254-bcf038160976 tempest-DeleteServersAdminTestJSON-950438994 tempest-DeleteServersAdminTestJSON-950438994-project] Request body: {'port': {'device_id': 'f204ad82-8531-40a4-af43-050b6ca96eaa', 'network_id': 'd0e0c7d5-2d29-48d2-beed-6c0a3f292f8b', 'admin_state_up': True, 'tenant_id': 'c7b8bf5dfda443f483e85eb9c180025b'}} {{(pid=103359) prepare_request_body /opt/stack/neutron/neutron/api/v2/base.py:729}}
Jan 21 13:36:40.034421 n-d-825729-3 neutron-server[103360]: DEBUG neutron.wsgi [-] (103360) accepted ('10.222.0.104', 51742) {{(pid=103360) server /usr/local/lib/python3.8/dist-packages/eventlet/wsgi.py:1004}}
Jan 21 13:36:40.062654 n-d-825729-3 neutron-server[103360]: DEBUG neutron_lib.callbacks.manager [None req-743bddca-3e08-4b61-a9e4-e35d44b8dbbd admin admin] Publish callbacks [] for security_group (None), before_create {{(pid=103360) _notify_loop /usr/local/lib/python3.8/dist-packages/neutron_lib/callbacks/manager.py:176}}
Jan 21 13:36:40.093234 n-d-825729-3 neutron-server[103359]: DEBUG neutron.wsgi [-] (103359) accepted ('10.222.0.81', 59898) {{(pid=103359) server /usr/local/lib/python3.8/dist-packages/eventlet/wsgi.py:1004}}
Jan 21 13:36:40.126943 n-d-825729-3 neutron-server[103359]: INFO neutron.wsgi [req-f5278d71-5ca5-4889-806c-10629c35da14 req-af133556-7ebf-4656-8fc8-7da2f23f0332 tempest-DeleteServersAdminTestJSON-950438994 tempest-DeleteServersAdminTestJSON-950438994-project] 10.222.0.104 "GET /v2.0/ports?device_id=f204ad82-8531-40a4-af43-050b6ca96eaa HTTP/1.1" status: 200 len: 210 time: 0.0378623
Jan 21 13:36:40.135704 n-d-825729-3 neutron-server[103360]: DEBUG neutron_lib.callbacks.manager [None req-d65adcf5-70ef-49ed-94f2-417ee28fd778 admin admin] Publish callbacks ['neutron.plugins.ml2.ovo_rpc._ObjectChangeHandler.handle_event-3713323'] for security_group (abdcbb01-d986-42ee-9a24-03035b562982), after_delete {{(pid=103360) _notify_loop /usr/local/lib/python3.8/dist-packages/neutron_lib/callbacks/manager.py:176}}
Jan 21 13:36:40.157508 n-d-825729-3 neutron-server[103360]: DEBUG neutron_lib.callbacks.manager [None req-d65adcf5-70ef-49ed-94f2-417ee28fd778 admin admin] Publish callbacks [] for security_group (None), before_response {{(pid=103360) _notify_loop /usr/local/lib/python3.8/dist-packages/neutron_lib/callbacks/manager.py:176}}
Jan 21 13:36:40.157508 n-d-825729-3 neutron-server[103360]: INFO neutron.wsgi [None req-d65adcf5-70ef-49ed-94f2-417ee28fd778 admin admin] 10.222.0.104 "DELETE /v2.0/security-groups/abdcbb01-d986-42ee-9a24-03035b562982 HTTP/1.1" status: 204 len: 168 time: 0.3787329
Jan 21 13:36:40.158549 n-d-825729-3 neutron-server[103359]: INFO neutron.wsgi [req-d15a9aec-deb9-497a-b8d0-93b0bc170431 req-5a872b50-3ec3-402f-9e6a-8dadabf671ea tempest-AggregatesAdminTestJSON-145484246 tempest-AggregatesAdminTestJSON-145484246-project] 10.222.0.81 "GET /v2.0/networks?tenant_id=2b091df14ce04dc3b586d8fa385c0018&shared=False HTTP/1.1" status: 200 len: 213 time: 0.0353930
Jan 21 13:36:40.184519 n-d-825729-3 neutron-server[103360]: DEBUG neutron.api.rpc.handlers.resources_rpc [None req-d65adcf5-70ef-49ed-94f2-417ee28fd778 admin admin] Pushing event deleted for resources: {'SecurityGroup': ['ID=abdcbb01-d986-42ee-9a24-03035b562982,revision_number=None']} {{(pid=103360) push /opt/stack/neutron/neutron/api/rpc/handlers/resources_rpc.py:237}}
Jan 21 13:36:40.293718 n-d-825729-3 neutron-server[103359]: DEBUG neutron.pecan_wsgi.hooks.quota_enforcement [req-e57fd2ef-354d-4e72-80a3-c589c01bc32c req-006dc0fe-d6bc-41cb-8254-bcf038160976 tempest-DeleteServersAdminTestJSON-950438994 tempest-DeleteServersAdminTestJSON-950438994-project] Made reservation on behalf of c7b8bf5dfda443f483e85eb9c180025b for: {'port': 1} {{(pid=103359) before /opt/stack/neutron/neutron/pecan_wsgi/hooks/quota_enforcement.py:53}}
Jan 21 13:36:40.298231 n-d-825729-3 neutron-server[103359]: DEBUG neutron_lib.callbacks.manager [req-e57fd2ef-354d-4e72-80a3-c589c01bc32c req-006dc0fe-d6bc-41cb-8254-bcf038160976 tempest-DeleteServersAdminTestJSON-950438994 tempest-DeleteServersAdminTestJSON-950438994-project] Publish callbacks ['neutron.plugins.ml2.plugin.SecurityGroupDbMixin._ensure_default_security_group_handler-697685'] for port (None), before_create {{(pid=103359) _notify_loop /usr/local/lib/python3.8/dist-packages/neutron_lib/callbacks/manager.py:176}}
Jan 21 13:36:40.327786 n-d-825729-3 neutron-server[103360]: DEBUG neutron_lib.callbacks.manager [None req-743bddca-3e08-4b61-a9e4-e35d44b8dbbd admin admin] Publish callbacks [] for security_group (f7abea1c-317e-41c9-8370-5e460dbf13b6), precommit_create {{(pid=103360) _notify_loop /usr/local/lib/python3.8/dist-packages/neutron_lib/callbacks/manager.py:176}}
Jan 21 13:36:40.331608 n-d-825729-3 neutron-server[103359]: DEBUG neutron_lib.callbacks.manager [req-e57fd2ef-354d-4e72-80a3-c589c01bc32c req-006dc0fe-d6bc-41cb-8254-bcf038160976 tempest-DeleteServersAdminTestJSON-950438994 tempest-DeleteServersAdminTestJSON-950438994-project] Publish callbacks [] for security_group (None), before_create {{(pid=103359) _notify_loop /usr/local/lib/python3.8/dist-packages/neutron_lib/callbacks/manager.py:176}}
Jan 21 13:36:40.339485 n-d-825729-3 neutron-server[103360]: DEBUG neutron_lib.callbacks.manager [None req-743bddca-3e08-4b61-a9e4-e35d44b8dbbd admin admin] Publish callbacks ['neutron.plugins.ml2.ovo_rpc._ObjectChangeHandler.handle_event-3713323'] for security_group (f7abea1c-317e-41c9-8370-5e460dbf13b6), after_create {{(pid=103360) _notify_loop /usr/local/lib/python3.8/dist-packages/neutron_lib/callbacks/manager.py:176}}
Jan 21 13:36:40.408091 n-d-825729-3 neutron-server[103360]: INFO neutron.wsgi [None req-743bddca-3e08-4b61-a9e4-e35d44b8dbbd admin admin] 10.222.0.104 "GET /v2.0/security-groups?tenant_id=e29c6bf47e974754a352d4ab1c4d2a97&name=default HTTP/1.1" status: 200 len: 2992 time: 0.3722198
Jan 21 13:36:40.408825 n-d-825729-3 neutron-server[103360]: DEBUG neutron.api.rpc.handlers.resources_rpc [None req-743bddca-3e08-4b61-a9e4-e35d44b8dbbd admin admin] Pushing event updated for resources: {'SecurityGroup': ['ID=f7abea1c-317e-41c9-8370-5e460dbf13b6,revision_number=1']} {{(pid=103360) push /opt/stack/neutron/neutron/api/rpc/handlers/resources_rpc.py:237}}
Jan 21 13:36:40.411444 n-d-825729-3 neutron-server[103360]: DEBUG neutron.wsgi [-] (103360) accepted ('10.222.0.104', 51774) {{(pid=103360) server /usr/local/lib/python3.8/dist-packages/eventlet/wsgi.py:1004}}
Jan 21 13:36:40.459914 n-d-825729-3 neutron-server[103360]: INFO neutron.wsgi [req-0111c1ad-1a16-44a1-b458-65a48fa56d80 req-a4ec790a-ce8c-4482-b201-32bb13b376c7 tempest-AggregatesAdminTestJSON-145484246 tempest-AggregatesAdminTestJSON-145484246-project] 10.222.0.104 "GET /v2.0/ports?device_id=0595681e-ce1a-472c-9302-a32d88785033 HTTP/1.1" status: 200 len: 210 time: 0.0907795
Jan 21 13:36:40.460952 n-d-825729-3 neutron-server[103359]: DEBUG neutron.pecan_wsgi.hooks.policy_enforcement [req-d15a9aec-deb9-497a-b8d0-93b0bc170431 req-03a98f73-e972-4f9e-8697-a54ad0458704 tempest-AggregatesAdminTestJSON-145484246 tempest-AggregatesAdminTestJSON-145484246-project] Attributes excluded by policy engine: ['standard_attr_id', 'vlan_transparent', 'provider:network_type', 'provider:physical_network', 'provider:segmentation_id'] {{(pid=103359) _exclude_attributes_by_policy /opt/stack/neutron/neutron/pecan_wsgi/hooks/policy_enforcement.py:255}}
Jan 21 13:36:40.462849 n-d-825729-3 neutron-server[103359]: INFO neutron.wsgi [req-d15a9aec-deb9-497a-b8d0-93b0bc170431 req-03a98f73-e972-4f9e-8697-a54ad0458704 tempest-AggregatesAdminTestJSON-145484246 tempest-AggregatesAdminTestJSON-145484246-project] 10.222.0.81 "GET /v2.0/networks?shared=True HTTP/1.1" status: 200 len: 769 time: 0.2945659
Jan 21 13:36:40.491017 n-d-825729-3 neutron-server[103360]: DEBUG neutron_lib.callbacks.manager [None req-226b666e-2fbb-443c-a54f-0ef3e59f3206 admin admin] Publish callbacks [] for security_group (f7abea1c-317e-41c9-8370-5e460dbf13b6), before_delete {{(pid=103360) _notify_loop /usr/local/lib/python3.8/dist-packages/neutron_lib/callbacks/manager.py:176}}
Jan 21 13:36:40.507607 n-d-825729-3 neutron-server[103359]: DEBUG neutron.api.v2.base [req-d15a9aec-deb9-497a-b8d0-93b0bc170431 req-3e26bda5-3730-4924-ae96-ee348504c54e tempest-AggregatesAdminTestJSON-145484246 tempest-AggregatesAdminTestJSON-145484246-project] Request body: {'port': {'device_id': '0595681e-ce1a-472c-9302-a32d88785033', 'network_id': 'd0e0c7d5-2d29-48d2-beed-6c0a3f292f8b', 'admin_state_up': True, 'tenant_id': '2b091df14ce04dc3b586d8fa385c0018'}} {{(pid=103359) prepare_request_body /opt/stack/neutron/neutron/api/v2/base.py:729}}
Jan 21 13:36:40.516670 n-d-825729-3 neutron-server[103360]: DEBUG neutron_lib.callbacks.manager [None req-226b666e-2fbb-443c-a54f-0ef3e59f3206 admin admin] Publish callbacks [] for security_group (f7abea1c-317e-41c9-8370-5e460dbf13b6), precommit_delete {{(pid=103360) _notify_loop /usr/local/lib/python3.8/dist-packages/neutron_lib/callbacks/manager.py:176}}
Jan 21 13:36:40.569439 n-d-825729-3 neutron-server[103360]: DEBUG neutron_lib.callbacks.manager [None req-226b666e-2fbb-443c-a54f-0ef3e59f3206 admin admin] Publish callbacks ['neutron.plugins.ml2.ovo_rpc._ObjectChangeHandler.handle_event-3713323'] for security_group (f7abea1c-317e-41c9-8370-5e460dbf13b6), after_delete {{(pid=103360) _notify_loop /usr/local/lib/python3.8/dist-packages/neutron_lib/callbacks/manager.py:176}}
Jan 21 13:36:40.571986 n-d-825729-3 neutron-server[103360]: DEBUG neutron_lib.callbacks.manager [None req-226b666e-2fbb-443c-a54f-0ef3e59f3206 admin admin] Publish callbacks [] for security_group (None), before_response {{(pid=103360) _notify_loop /usr/local/lib/python3.8/dist-packages/neutron_lib/callbacks/manager.py:176}}
Jan 21 13:36:40.573174 n-d-825729-3 neutron-server[103360]: INFO neutron.wsgi [None req-226b666e-2fbb-443c-a54f-0ef3e59f3206 admin admin] 10.222.0.104 "DELETE /v2.0/security-groups/f7abea1c-317e-41c9-8370-5e460dbf13b6 HTTP/1.1" status: 204 len: 168 time: 0.1523440
Jan 21 13:36:40.586232 n-d-825729-3 neutron-server[103360]: DEBUG neutron.api.rpc.handlers.resources_rpc [None req-226b666e-2fbb-443c-a54f-0ef3e59f3206 admin admin] Pushing event deleted for resources: {'SecurityGroup': ['ID=f7abea1c-317e-41c9-8370-5e460dbf13b6,revision_number=None']} {{(pid=103360) push /opt/stack/neutron/neutron/api/rpc/handlers/resources_rpc.py:237}}
Jan 21 13:36:40.594163 n-d-825729-3 neutron-server[103359]: DEBUG neutron_lib.callbacks.manager [req-e57fd2ef-354d-4e72-80a3-c589c01bc32c req-006dc0fe-d6bc-41cb-8254-bcf038160976 tempest-DeleteServersAdminTestJSON-950438994 tempest-DeleteServersAdminTestJSON-950438994-project] Publish callbacks [] for security_group (136d754b-5a35-416e-8b2c-1e649c46c938), precommit_create {{(pid=103359) _notify_loop /usr/local/lib/python3.8/dist-packages/neutron_lib/callbacks/manager.py:176}}
Jan 21 13:36:40.613438 n-d-825729-3 neutron-server[103359]: DEBUG neutron_lib.callbacks.manager [req-e57fd2ef-354d-4e72-80a3-c589c01bc32c req-006dc0fe-d6bc-41cb-8254-bcf038160976 tempest-DeleteServersAdminTestJSON-950438994 tempest-DeleteServersAdminTestJSON-950438994-project] Publish callbacks ['neutron.plugins.ml2.ovo_rpc._ObjectChangeHandler.handle_event-3713323'] for security_group (136d754b-5a35-416e-8b2c-1e649c46c938), after_create {{(pid=103359) _notify_loop /usr/local/lib/python3.8/dist-packages/neutron_lib/callbacks/manager.py:176}}
Jan 21 13:36:40.772761 n-d-825729-3 neutron-server[103359]: DEBUG neutron.api.rpc.handlers.resources_rpc [None req-006dc0fe-d6bc-41cb-8254-bcf038160976 tempest-DeleteServersAdminTestJSON-950438994 tempest-DeleteServersAdminTestJSON-950438994-project] Pushing event updated for resources: {'SecurityGroup': ['ID=136d754b-5a35-416e-8b2c-1e649c46c938,revision_number=1']} {{(pid=103359) push /opt/stack/neutron/neutron/api/rpc/handlers/resources_rpc.py:237}}
Jan 21 13:36:40.851210 n-d-825729-3 neutron-server[103359]: DEBUG neutron.pecan_wsgi.hooks.quota_enforcement [req-d15a9aec-deb9-497a-b8d0-93b0bc170431 req-3e26bda5-3730-4924-ae96-ee348504c54e tempest-AggregatesAdminTestJSON-145484246 tempest-AggregatesAdminTestJSON-145484246-project] Made reservation on behalf of 2b091df14ce04dc3b586d8fa385c0018 for: {'port': 1} {{(pid=103359) before /opt/stack/neutron/neutron/pecan_wsgi/hooks/quota_enforcement.py:53}}
Jan 21 13:36:40.854782 n-d-825729-3 neutron-server[103359]: DEBUG neutron_lib.callbacks.manager [req-d15a9aec-deb9-497a-b8d0-93b0bc170431 req-3e26bda5-3730-4924-ae96-ee348504c54e tempest-AggregatesAdminTestJSON-145484246 tempest-AggregatesAdminTestJSON-145484246-project] Publish callbacks ['neutron.plugins.ml2.plugin.SecurityGroupDbMixin._ensure_default_security_group_handler-697685'] for port (None), before_create {{(pid=103359) _notify_loop /usr/local/lib/python3.8/dist-packages/neutron_lib/callbacks/manager.py:176}}
Jan 21 13:36:40.876625 n-d-825729-3 neutron-server[103359]: DEBUG neutron_lib.callbacks.manager [req-d15a9aec-deb9-497a-b8d0-93b0bc170431 req-3e26bda5-3730-4924-ae96-ee348504c54e tempest-AggregatesAdminTestJSON-145484246 tempest-AggregatesAdminTestJSON-145484246-project] Publish callbacks [] for security_group (None), before_create {{(pid=103359) _notify_loop /usr/local/lib/python3.8/dist-packages/neutron_lib/callbacks/manager.py:176}}
Jan 21 13:36:40.932891 n-d-825729-3 neutron-server[103359]: DEBUG neutron.db.db_base_plugin_common [req-e57fd2ef-354d-4e72-80a3-c589c01bc32c req-006dc0fe-d6bc-41cb-8254-bcf038160976 tempest-DeleteServersAdminTestJSON-950438994 tempest-DeleteServersAdminTestJSON-950438994-project] Allocated IP 192.168.233.15 (d0e0c7d5-2d29-48d2-beed-6c0a3f292f8b/29bcf055-0fa2-46b1-b98e-060330687175/964eff4e-8324-44b0-8aa1-e24545c8d9b5) {{(pid=103359) _store_ip_allocation /opt/stack/neutron/neutron/db/db_base_plugin_common.py:131}}
Jan 21 13:36:41.075133 n-d-825729-3 neutron-server[103359]: DEBUG neutron_lib.callbacks.manager [req-d15a9aec-deb9-497a-b8d0-93b0bc170431 req-3e26bda5-3730-4924-ae96-ee348504c54e tempest-AggregatesAdminTestJSON-145484246 tempest-AggregatesAdminTestJSON-145484246-project] Publish callbacks [] for security_group (108006cd-5ea0-4e95-b1c0-642d7f77f9b6), precommit_create {{(pid=103359) _notify_loop /usr/local/lib/python3.8/dist-packages/neutron_lib/callbacks/manager.py:176}}
Jan 21 13:36:41.083802 n-d-825729-3 neutron-server[103360]: DEBUG neutron.wsgi [-] (103360) accepted ('10.222.0.104', 51800) {{(pid=103360) server /usr/local/lib/python3.8/dist-packages/eventlet/wsgi.py:1004}}
Jan 21 13:36:41.103081 n-d-825729-3 neutron-server[103359]: DEBUG neutron_lib.callbacks.manager [req-d15a9aec-deb9-497a-b8d0-93b0bc170431 req-3e26bda5-3730-4924-ae96-ee348504c54e tempest-AggregatesAdminTestJSON-145484246 tempest-AggregatesAdminTestJSON-145484246-project] Publish callbacks ['neutron.plugins.ml2.ovo_rpc._ObjectChangeHandler.handle_event-3713323'] for security_group (108006cd-5ea0-4e95-b1c0-642d7f77f9b6), after_create {{(pid=103359) _notify_loop /usr/local/lib/python3.8/dist-packages/neutron_lib/callbacks/manager.py:176}}
Jan 21 13:36:41.297458 n-d-825729-3 neutron-server[103359]: DEBUG neutron.api.rpc.handlers.resources_rpc [None req-3e26bda5-3730-4924-ae96-ee348504c54e tempest-AggregatesAdminTestJSON-145484246 tempest-AggregatesAdminTestJSON-145484246-project] Pushing event updated for resources: {'SecurityGroup': ['ID=108006cd-5ea0-4e95-b1c0-642d7f77f9b6,revision_number=1']} {{(pid=103359) push /opt/stack/neutron/neutron/api/rpc/handlers/resources_rpc.py:237}}
Jan 21 13:36:41.342990 n-d-825729-3 neutron-server[103359]: INFO neutron.wsgi [req-17ca798f-c1d4-40fc-b156-e9fa6f3b272d req-53ed50ff-71a8-4ad6-a65d-de6582d4c9c5 tempest-DeleteServersAdminTestJSON-950438994 tempest-DeleteServersAdminTestJSON-950438994-project] 10.222.0.104 "GET /v2.0/ports?device_id=f204ad82-8531-40a4-af43-050b6ca96eaa HTTP/1.1" status: 200 len: 210 time: 0.0837083
