Jan 31 12:07:35.937259 n-d-825496-7 devstack@placement-api.service[104290]: INFO placement.requestlog [req-c30909d5-d6e4-40d8-a11e-6fd71a086059 req-89610b9d-3e02-40cc-9453-56e4670e9d1b service placement] 10.222.0.25 "PUT /placement/allocations/f4ec5cf6-eaf4-4cca-82bf-d7d15633b39e" status: 204 len: 0 microversion: 1.36
Jan 31 12:07:35.937758 n-d-825496-7 devstack@placement-api.service[104290]: [pid: 104290|app: 0|req: 15/29] 10.222.0.25 () {64 vars in 1433 bytes} [Mon Jan 31 12:07:35 2022] PUT /placement/allocations/f4ec5cf6-eaf4-4cca-82bf-d7d15633b39e => generated 0 bytes in 516 msecs (HTTP/1.1 204) 5 headers in 199 bytes (1 switches on core 0)
Jan 31 12:07:37.673442 n-d-825496-7 devstack@placement-api.service[104289]: DEBUG placement.requestlog [req-c30909d5-d6e4-40d8-a11e-6fd71a086059 req-2812962f-efb7-45dd-aee5-0a8133e5f6e3 None None] Starting request: 10.222.0.21 "GET /placement/allocations/f4ec5cf6-eaf4-4cca-82bf-d7d15633b39e" {{(pid=104289) __call__ /opt/stack/placement/placement/requestlog.py:55}}
Jan 31 12:07:37.698261 n-d-825496-7 devstack@placement-api.service[104289]: INFO placement.requestlog [req-c30909d5-d6e4-40d8-a11e-6fd71a086059 req-2812962f-efb7-45dd-aee5-0a8133e5f6e3 service placement] 10.222.0.21 "GET /placement/allocations/f4ec5cf6-eaf4-4cca-82bf-d7d15633b39e" status: 200 len: 258 microversion: 1.28
Jan 31 12:07:37.700362 n-d-825496-7 devstack@placement-api.service[104289]: [pid: 104289|app: 0|req: 15/30] 10.222.0.21 () {60 vars in 1377 bytes} [Mon Jan 31 12:07:37 2022] GET /placement/allocations/f4ec5cf6-eaf4-4cca-82bf-d7d15633b39e => generated 258 bytes in 26 msecs (HTTP/1.1 200) 8 headers in 296 bytes (1 switches on core 0)
Jan 31 12:07:48.359426 n-d-825496-7 devstack@placement-api.service[104290]: DEBUG placement.requestlog [req-3ca5b6ae-9c8b-4e1f-a4e0-e16e01ae25d9 req-d5bdb631-647d-4260-8288-d5a096d63e62 None None] Starting request: 10.222.0.25 "GET /placement/allocation_candidates?limit=1000&resources=DISK_GB%3A1%2CMEMORY_MB%3A1024%2CVCPU%3A1&root_required=%21COMPUTE_STATUS_DISABLED" {{(pid=104290) __call__ /opt/stack/placement/placement/requestlog.py:55}}
Jan 31 12:07:48.431867 n-d-825496-7 devstack@placement-api.service[104290]: DEBUG placement.objects.research_context [req-3ca5b6ae-9c8b-4e1f-a4e0-e16e01ae25d9 req-d5bdb631-647d-4260-8288-d5a096d63e62 service placement] getting providers with 1 DISK_GB {{(pid=104290) __init__ /opt/stack/placement/placement/objects/research_context.py:126}}
Jan 31 12:07:48.439968 n-d-825496-7 devstack@placement-api.service[104290]: DEBUG placement.objects.research_context [req-3ca5b6ae-9c8b-4e1f-a4e0-e16e01ae25d9 req-d5bdb631-647d-4260-8288-d5a096d63e62 service placement] getting providers with 1024 MEMORY_MB {{(pid=104290) __init__ /opt/stack/placement/placement/objects/research_context.py:126}}
Jan 31 12:07:48.451869 n-d-825496-7 devstack@placement-api.service[104290]: DEBUG placement.objects.research_context [req-3ca5b6ae-9c8b-4e1f-a4e0-e16e01ae25d9 req-d5bdb631-647d-4260-8288-d5a096d63e62 service placement] getting providers with 1 VCPU {{(pid=104290) __init__ /opt/stack/placement/placement/objects/research_context.py:126}}
Jan 31 12:07:48.455696 n-d-825496-7 devstack@placement-api.service[104290]: DEBUG placement.objects.research_context [req-3ca5b6ae-9c8b-4e1f-a4e0-e16e01ae25d9 req-d5bdb631-647d-4260-8288-d5a096d63e62 service placement] found 2 providers with available 1 DISK_GB {{(pid=104290) get_provider_ids_matching /opt/stack/placement/placement/objects/research_context.py:549}}
Jan 31 12:07:48.456293 n-d-825496-7 devstack@placement-api.service[104290]: DEBUG placement.objects.research_context [req-3ca5b6ae-9c8b-4e1f-a4e0-e16e01ae25d9 req-d5bdb631-647d-4260-8288-d5a096d63e62 service placement] found 2 providers with available 1024 MEMORY_MB {{(pid=104290) get_provider_ids_matching /opt/stack/placement/placement/objects/research_context.py:549}}
Jan 31 12:07:48.456817 n-d-825496-7 devstack@placement-api.service[104290]: DEBUG placement.objects.research_context [req-3ca5b6ae-9c8b-4e1f-a4e0-e16e01ae25d9 req-d5bdb631-647d-4260-8288-d5a096d63e62 service placement] found 2 providers after filtering by previous result {{(pid=104290) get_provider_ids_matching /opt/stack/placement/placement/objects/research_context.py:580}}
Jan 31 12:07:48.457357 n-d-825496-7 devstack@placement-api.service[104290]: DEBUG placement.objects.research_context [req-3ca5b6ae-9c8b-4e1f-a4e0-e16e01ae25d9 req-d5bdb631-647d-4260-8288-d5a096d63e62 service placement] found 2 providers with available 1 VCPU {{(pid=104290) get_provider_ids_matching /opt/stack/placement/placement/objects/research_context.py:549}}
Jan 31 12:07:48.457823 n-d-825496-7 devstack@placement-api.service[104290]: DEBUG placement.objects.research_context [req-3ca5b6ae-9c8b-4e1f-a4e0-e16e01ae25d9 req-d5bdb631-647d-4260-8288-d5a096d63e62 service placement] found 2 providers after filtering by previous result {{(pid=104290) get_provider_ids_matching /opt/stack/placement/placement/objects/research_context.py:580}}
Jan 31 12:07:48.471498 n-d-825496-7 devstack@placement-api.service[104290]: DEBUG placement.objects.allocation_candidate [req-3ca5b6ae-9c8b-4e1f-a4e0-e16e01ae25d9 req-d5bdb631-647d-4260-8288-d5a096d63e62 service placement] RequestGroup(use_same_provider=False, resources={DISK_GB:1, MEMORY_MB:1024, VCPU:1}, traits=[], aggregates=[]) (suffix '') returned 2 matches {{(pid=104290) _get_by_requests /opt/stack/placement/placement/objects/allocation_candidate.py:145}}
Jan 31 12:07:48.472391 n-d-825496-7 devstack@placement-api.service[104290]: DEBUG placement.objects.allocation_candidate [req-3ca5b6ae-9c8b-4e1f-a4e0-e16e01ae25d9 req-d5bdb631-647d-4260-8288-d5a096d63e62 service placement] Merging candidates yields 2 allocation requests and 2 provider summaries {{(pid=104290) _merge_candidates /opt/stack/placement/placement/objects/allocation_candidate.py:783}}
Jan 31 12:07:48.475215 n-d-825496-7 devstack@placement-api.service[104290]: INFO placement.requestlog [req-3ca5b6ae-9c8b-4e1f-a4e0-e16e01ae25d9 req-d5bdb631-647d-4260-8288-d5a096d63e62 service placement] 10.222.0.25 "GET /placement/allocation_candidates?limit=1000&resources=DISK_GB%3A1%2CMEMORY_MB%3A1024%2CVCPU%3A1&root_required=%21COMPUTE_STATUS_DISABLED" status: 200 len: 1306 microversion: 1.36
Jan 31 12:07:48.475215 n-d-825496-7 devstack@placement-api.service[104290]: [pid: 104290|app: 0|req: 16/31] 10.222.0.25 () {60 vars in 1506 bytes} [Mon Jan 31 12:07:48 2022] GET /placement/allocation_candidates?limit=1000&resources=DISK_GB%3A1%2CMEMORY_MB%3A1024%2CVCPU%3A1&root_required=%21COMPUTE_STATUS_DISABLED => generated 1306 bytes in 116 msecs (HTTP/1.1 200) 8 headers in 297 bytes (1 switches on core 0)
Jan 31 12:07:48.741271 n-d-825496-7 devstack@placement-api.service[104289]: DEBUG placement.requestlog [req-3ca5b6ae-9c8b-4e1f-a4e0-e16e01ae25d9 req-da105527-e7e1-4c28-8ed2-a67b6a5ed35e None None] Starting request: 10.222.0.25 "GET /placement/allocations/1cbe594e-50f0-48c2-8fd1-467de975cee4" {{(pid=104289) __call__ /opt/stack/placement/placement/requestlog.py:55}}
Jan 31 12:07:48.765745 n-d-825496-7 devstack@placement-api.service[104289]: INFO placement.requestlog [req-3ca5b6ae-9c8b-4e1f-a4e0-e16e01ae25d9 req-da105527-e7e1-4c28-8ed2-a67b6a5ed35e service placement] 10.222.0.25 "GET /placement/allocations/1cbe594e-50f0-48c2-8fd1-467de975cee4" status: 200 len: 19 microversion: 1.28
Jan 31 12:07:48.765745 n-d-825496-7 devstack@placement-api.service[104289]: [pid: 104289|app: 0|req: 16/32] 10.222.0.25 () {60 vars in 1380 bytes} [Mon Jan 31 12:07:48 2022] GET /placement/allocations/1cbe594e-50f0-48c2-8fd1-467de975cee4 => generated 19 bytes in 23 msecs (HTTP/1.1 200) 8 headers in 295 bytes (2 switches on core 0)
Jan 31 12:07:48.771360 n-d-825496-7 devstack@placement-api.service[104290]: DEBUG placement.requestlog [req-3ca5b6ae-9c8b-4e1f-a4e0-e16e01ae25d9 req-9bd5c3d3-9735-476a-a256-4e1c5fc5240a None None] Starting request: 10.222.0.25 "PUT /placement/allocations/1cbe594e-50f0-48c2-8fd1-467de975cee4" {{(pid=104290) __call__ /opt/stack/placement/placement/requestlog.py:55}}
Jan 31 12:07:49.136971 n-d-825496-7 devstack@placement-api.service[104290]: DEBUG placement.handlers.allocation [req-3ca5b6ae-9c8b-4e1f-a4e0-e16e01ae25d9 req-9bd5c3d3-9735-476a-a256-4e1c5fc5240a service placement] Successfully wrote allocations [, , ] {{(pid=104290) _update_consumers_and_create_allocations /opt/stack/placement/placement/handlers/allocation.py:462}}
Jan 31 12:07:49.249784 n-d-825496-7 devstack@placement-api.service[104290]: INFO placement.requestlog [req-3ca5b6ae-9c8b-4e1f-a4e0-e16e01ae25d9 req-9bd5c3d3-9735-476a-a256-4e1c5fc5240a service placement] 10.222.0.25 "PUT /placement/allocations/1cbe594e-50f0-48c2-8fd1-467de975cee4" status: 204 len: 0 microversion: 1.36
Jan 31 12:07:49.252090 n-d-825496-7 devstack@placement-api.service[104290]: [pid: 104290|app: 0|req: 17/33] 10.222.0.25 () {64 vars in 1433 bytes} [Mon Jan 31 12:07:48 2022] PUT /placement/allocations/1cbe594e-50f0-48c2-8fd1-467de975cee4 => generated 0 bytes in 480 msecs (HTTP/1.1 204) 5 headers in 199 bytes (1 switches on core 0)
Jan 31 12:07:50.843940 n-d-825496-7 devstack@placement-api.service[104289]: DEBUG placement.requestlog [req-3ca5b6ae-9c8b-4e1f-a4e0-e16e01ae25d9 req-e5f58765-d319-420c-90cc-970dc5ace970 None None] Starting request: 10.222.0.42 "GET /placement/allocations/1cbe594e-50f0-48c2-8fd1-467de975cee4" {{(pid=104289) __call__ /opt/stack/placement/placement/requestlog.py:55}}
Jan 31 12:07:50.864089 n-d-825496-7 devstack@placement-api.service[104289]: INFO placement.requestlog [req-3ca5b6ae-9c8b-4e1f-a4e0-e16e01ae25d9 req-e5f58765-d319-420c-90cc-970dc5ace970 service placement] 10.222.0.42 "GET /placement/allocations/1cbe594e-50f0-48c2-8fd1-467de975cee4" status: 200 len: 258 microversion: 1.28
Jan 31 12:07:50.865021 n-d-825496-7 devstack@placement-api.service[104289]: [pid: 104289|app: 0|req: 17/34] 10.222.0.42 () {60 vars in 1377 bytes} [Mon Jan 31 12:07:50 2022] GET /placement/allocations/1cbe594e-50f0-48c2-8fd1-467de975cee4 => generated 258 bytes in 21 msecs (HTTP/1.1 200) 8 headers in 296 bytes (1 switches on core 0)
Jan 31 12:08:00.699193 n-d-825496-7 devstack@placement-api.service[104290]: DEBUG placement.requestlog [req-a89ebc21-6a6b-4868-8a19-d8b77fa03fc4 req-f310edb2-7d3a-4a5b-a800-b144b75155c7 None None] Starting request: 10.222.0.25 "GET /placement/allocation_candidates?limit=1000&resources=DISK_GB%3A1%2CMEMORY_MB%3A1024%2CVCPU%3A1&root_required=%21COMPUTE_STATUS_DISABLED" {{(pid=104290) __call__ /opt/stack/placement/placement/requestlog.py:55}}
Jan 31 12:08:00.736899 n-d-825496-7 devstack@placement-api.service[104290]: DEBUG placement.objects.research_context [req-a89ebc21-6a6b-4868-8a19-d8b77fa03fc4 req-f310edb2-7d3a-4a5b-a800-b144b75155c7 service placement] getting providers with 1 DISK_GB {{(pid=104290) __init__ /opt/stack/placement/placement/objects/research_context.py:126}}
Jan 31 12:08:00.743077 n-d-825496-7 devstack@placement-api.service[104290]: DEBUG placement.objects.research_context [req-a89ebc21-6a6b-4868-8a19-d8b77fa03fc4 req-f310edb2-7d3a-4a5b-a800-b144b75155c7 service placement] getting providers with 1024 MEMORY_MB {{(pid=104290) __init__ /opt/stack/placement/placement/objects/research_context.py:126}}
Jan 31 12:08:00.749788 n-d-825496-7 devstack@placement-api.service[104290]: DEBUG placement.objects.research_context [req-a89ebc21-6a6b-4868-8a19-d8b77fa03fc4 req-f310edb2-7d3a-4a5b-a800-b144b75155c7 service placement] getting providers with 1 VCPU {{(pid=104290) __init__ /opt/stack/placement/placement/objects/research_context.py:126}}
Jan 31 12:08:00.757420 n-d-825496-7 devstack@placement-api.service[104290]: DEBUG placement.objects.research_context [req-a89ebc21-6a6b-4868-8a19-d8b77fa03fc4 req-f310edb2-7d3a-4a5b-a800-b144b75155c7 service placement] found 2 providers with available 1 DISK_GB {{(pid=104290) get_provider_ids_matching /opt/stack/placement/placement/objects/research_context.py:549}}
Jan 31 12:08:00.758361 n-d-825496-7 devstack@placement-api.service[104290]: DEBUG placement.objects.research_context [req-a89ebc21-6a6b-4868-8a19-d8b77fa03fc4 req-f310edb2-7d3a-4a5b-a800-b144b75155c7 service placement] found 2 providers with available 1024 MEMORY_MB {{(pid=104290) get_provider_ids_matching /opt/stack/placement/placement/objects/research_context.py:549}}
Jan 31 12:08:00.758650 n-d-825496-7 devstack@placement-api.service[104290]: DEBUG placement.objects.research_context [req-a89ebc21-6a6b-4868-8a19-d8b77fa03fc4 req-f310edb2-7d3a-4a5b-a800-b144b75155c7 service placement] found 2 providers after filtering by previous result {{(pid=104290) get_provider_ids_matching /opt/stack/placement/placement/objects/research_context.py:580}}
Jan 31 12:08:00.758919 n-d-825496-7 devstack@placement-api.service[104290]: DEBUG placement.objects.research_context [req-a89ebc21-6a6b-4868-8a19-d8b77fa03fc4 req-f310edb2-7d3a-4a5b-a800-b144b75155c7 service placement] found 2 providers with available 1 VCPU {{(pid=104290) get_provider_ids_matching /opt/stack/placement/placement/objects/research_context.py:549}}
Jan 31 12:08:00.759182 n-d-825496-7 devstack@placement-api.service[104290]: DEBUG placement.objects.research_context [req-a89ebc21-6a6b-4868-8a19-d8b77fa03fc4 req-f310edb2-7d3a-4a5b-a800-b144b75155c7 service placement] found 2 providers after filtering by previous result {{(pid=104290) get_provider_ids_matching /opt/stack/placement/placement/objects/research_context.py:580}}
Jan 31 12:08:00.771723 n-d-825496-7 devstack@placement-api.service[104290]: DEBUG placement.objects.allocation_candidate [req-a89ebc21-6a6b-4868-8a19-d8b77fa03fc4 req-f310edb2-7d3a-4a5b-a800-b144b75155c7 service placement] RequestGroup(use_same_provider=False, resources={DISK_GB:1, MEMORY_MB:1024, VCPU:1}, traits=[], aggregates=[]) (suffix '') returned 2 matches {{(pid=104290) _get_by_requests /opt/stack/placement/placement/objects/allocation_candidate.py:145}}
Jan 31 12:08:00.772562 n-d-825496-7 devstack@placement-api.service[104290]: DEBUG placement.objects.allocation_candidate [req-a89ebc21-6a6b-4868-8a19-d8b77fa03fc4 req-f310edb2-7d3a-4a5b-a800-b144b75155c7 service placement] Merging candidates yields 2 allocation requests and 2 provider summaries {{(pid=104290) _merge_candidates /opt/stack/placement/placement/objects/allocation_candidate.py:783}}
Jan 31 12:08:00.774634 n-d-825496-7 devstack@placement-api.service[104290]: INFO placement.requestlog [req-a89ebc21-6a6b-4868-8a19-d8b77fa03fc4 req-f310edb2-7d3a-4a5b-a800-b144b75155c7 service placement] 10.222.0.25 "GET /placement/allocation_candidates?limit=1000&resources=DISK_GB%3A1%2CMEMORY_MB%3A1024%2CVCPU%3A1&root_required=%21COMPUTE_STATUS_DISABLED" status: 200 len: 1309 microversion: 1.36
Jan 31 12:08:00.776149 n-d-825496-7 devstack@placement-api.service[104290]: [pid: 104290|app: 0|req: 18/35] 10.222.0.25 () {60 vars in 1506 bytes} [Mon Jan 31 12:08:00 2022] GET /placement/allocation_candidates?limit=1000&resources=DISK_GB%3A1%2CMEMORY_MB%3A1024%2CVCPU%3A1&root_required=%21COMPUTE_STATUS_DISABLED => generated 1309 bytes in 77 msecs (HTTP/1.1 200) 8 headers in 297 bytes (1 switches on core 0)
Jan 31 12:08:00.842020 n-d-825496-7 devstack@placement-api.service[104289]: DEBUG placement.requestlog [req-a89ebc21-6a6b-4868-8a19-d8b77fa03fc4 req-0336dada-bf95-4046-9bea-923c60a92448 None None] Starting request: 10.222.0.25 "GET /placement/allocations/3141deb6-2d0a-4f4a-baef-772567e652ff" {{(pid=104289) __call__ /opt/stack/placement/placement/requestlog.py:55}}
Jan 31 12:08:00.854323 n-d-825496-7 devstack@placement-api.service[104289]: INFO placement.requestlog [req-a89ebc21-6a6b-4868-8a19-d8b77fa03fc4 req-0336dada-bf95-4046-9bea-923c60a92448 service placement] 10.222.0.25 "GET /placement/allocations/3141deb6-2d0a-4f4a-baef-772567e652ff" status: 200 len: 19 microversion: 1.28
Jan 31 12:08:00.855322 n-d-825496-7 devstack@placement-api.service[104289]: [pid: 104289|app: 0|req: 18/36] 10.222.0.25 () {60 vars in 1380 bytes} [Mon Jan 31 12:08:00 2022] GET /placement/allocations/3141deb6-2d0a-4f4a-baef-772567e652ff => generated 19 bytes in 13 msecs (HTTP/1.1 200) 8 headers in 295 bytes (1 switches on core 0)
Jan 31 12:08:00.861260 n-d-825496-7 devstack@placement-api.service[104290]: DEBUG placement.requestlog [req-a89ebc21-6a6b-4868-8a19-d8b77fa03fc4 req-517f4059-f161-41c7-aa56-dcbb357c9f2b None None] Starting request: 10.222.0.25 "PUT /placement/allocations/3141deb6-2d0a-4f4a-baef-772567e652ff" {{(pid=104290) __call__ /opt/stack/placement/placement/requestlog.py:55}}
Jan 31 12:08:01.170393 n-d-825496-7 devstack@placement-api.service[104290]: DEBUG placement.handlers.allocation [req-a89ebc21-6a6b-4868-8a19-d8b77fa03fc4 req-517f4059-f161-41c7-aa56-dcbb357c9f2b service placement] Successfully wrote allocations [, , ] {{(pid=104290) _update_consumers_and_create_allocations /opt/stack/placement/placement/handlers/allocation.py:462}}
Jan 31 12:08:01.221655 n-d-825496-7 devstack@placement-api.service[104290]: INFO placement.requestlog [req-a89ebc21-6a6b-4868-8a19-d8b77fa03fc4 req-517f4059-f161-41c7-aa56-dcbb357c9f2b service placement] 10.222.0.25 "PUT /placement/allocations/3141deb6-2d0a-4f4a-baef-772567e652ff" status: 204 len: 0 microversion: 1.36
Jan 31 12:08:01.222515 n-d-825496-7 devstack@placement-api.service[104290]: [pid: 104290|app: 0|req: 19/37] 10.222.0.25 () {64 vars in 1433 bytes} [Mon Jan 31 12:08:00 2022] PUT /placement/allocations/3141deb6-2d0a-4f4a-baef-772567e652ff => generated 0 bytes in 362 msecs (HTTP/1.1 204) 5 headers in 199 bytes (2 switches on core 0)
Jan 31 12:08:02.409818 n-d-825496-7 devstack@placement-api.service[104289]: DEBUG placement.requestlog [req-a89ebc21-6a6b-4868-8a19-d8b77fa03fc4 req-e6a9f1f7-9ed3-4fd5-bff2-1baf8bd2f8bf None None] Starting request: 10.222.0.42 "GET /placement/allocations/3141deb6-2d0a-4f4a-baef-772567e652ff" {{(pid=104289) __call__ /opt/stack/placement/placement/requestlog.py:55}}
Jan 31 12:08:02.424799 n-d-825496-7 devstack@placement-api.service[104289]: INFO placement.requestlog [req-a89ebc21-6a6b-4868-8a19-d8b77fa03fc4 req-e6a9f1f7-9ed3-4fd5-bff2-1baf8bd2f8bf service placement] 10.222.0.42 "GET /placement/allocations/3141deb6-2d0a-4f4a-baef-772567e652ff" status: 200 len: 258 microversion: 1.28
Jan 31 12:08:02.425159 n-d-825496-7 devstack@placement-api.service[104289]: [pid: 104289|app: 0|req: 19/38] 10.222.0.42 () {60 vars in 1377 bytes} [Mon Jan 31 12:08:02 2022] GET /placement/allocations/3141deb6-2d0a-4f4a-baef-772567e652ff => generated 258 bytes in 16 msecs (HTTP/1.1 200) 8 headers in 296 bytes (1 switches on core 0)
Jan 31 12:08:06.283722 n-d-825496-7 devstack@placement-api.service[104290]: DEBUG placement.requestlog [req-c5abad26-1ef6-4deb-9d2d-aa932edea496 req-b6efc1c9-dbde-4b7f-8c88-f9d4401788ee None None] Starting request: 10.222.0.25 "GET /placement/allocation_candidates?limit=1000&resources=DISK_GB%3A1%2CMEMORY_MB%3A1024%2CVCPU%3A1&root_required=%21COMPUTE_STATUS_DISABLED" {{(pid=104290) __call__ /opt/stack/placement/placement/requestlog.py:55}}
Jan 31 12:08:06.381689 n-d-825496-7 devstack@placement-api.service[104290]: DEBUG placement.objects.research_context [req-c5abad26-1ef6-4deb-9d2d-aa932edea496 req-b6efc1c9-dbde-4b7f-8c88-f9d4401788ee service placement] getting providers with 1 DISK_GB {{(pid=104290) __init__ /opt/stack/placement/placement/objects/research_context.py:126}}
Jan 31 12:08:06.389579 n-d-825496-7 devstack@placement-api.service[104290]: DEBUG placement.objects.research_context [req-c5abad26-1ef6-4deb-9d2d-aa932edea496 req-b6efc1c9-dbde-4b7f-8c88-f9d4401788ee service placement] getting providers with 1024 MEMORY_MB {{(pid=104290) __init__ /opt/stack/placement/placement/objects/research_context.py:126}}
Jan 31 12:08:06.401136 n-d-825496-7 devstack@placement-api.service[104290]: DEBUG placement.objects.research_context [req-c5abad26-1ef6-4deb-9d2d-aa932edea496 req-b6efc1c9-dbde-4b7f-8c88-f9d4401788ee service placement] getting providers with 1 VCPU {{(pid=104290) __init__ /opt/stack/placement/placement/objects/research_context.py:126}}
Jan 31 12:08:06.411957 n-d-825496-7 devstack@placement-api.service[104290]: DEBUG placement.objects.research_context [req-c5abad26-1ef6-4deb-9d2d-aa932edea496 req-b6efc1c9-dbde-4b7f-8c88-f9d4401788ee service placement] found 2 providers with available 1 DISK_GB {{(pid=104290) get_provider_ids_matching /opt/stack/placement/placement/objects/research_context.py:549}}
Jan 31 12:08:06.412525 n-d-825496-7 devstack@placement-api.service[104290]: DEBUG placement.objects.research_context [req-c5abad26-1ef6-4deb-9d2d-aa932edea496 req-b6efc1c9-dbde-4b7f-8c88-f9d4401788ee service placement] found 2 providers with available 1024 MEMORY_MB {{(pid=104290) get_provider_ids_matching /opt/stack/placement/placement/objects/research_context.py:549}}
Jan 31 12:08:06.420305 n-d-825496-7 devstack@placement-api.service[104290]: DEBUG placement.objects.research_context [req-c5abad26-1ef6-4deb-9d2d-aa932edea496 req-b6efc1c9-dbde-4b7f-8c88-f9d4401788ee service placement] found 2 providers after filtering by previous result {{(pid=104290) get_provider_ids_matching /opt/stack/placement/placement/objects/research_context.py:580}}
Jan 31 12:08:06.420305 n-d-825496-7 devstack@placement-api.service[104290]: DEBUG placement.objects.research_context [req-c5abad26-1ef6-4deb-9d2d-aa932edea496 req-b6efc1c9-dbde-4b7f-8c88-f9d4401788ee service placement] found 2 providers with available 1 VCPU {{(pid=104290) get_provider_ids_matching /opt/stack/placement/placement/objects/research_context.py:549}}
Jan 31 12:08:06.420305 n-d-825496-7 devstack@placement-api.service[104290]: DEBUG placement.objects.research_context [req-c5abad26-1ef6-4deb-9d2d-aa932edea496 req-b6efc1c9-dbde-4b7f-8c88-f9d4401788ee service placement] found 2 providers after filtering by previous result {{(pid=104290) get_provider_ids_matching /opt/stack/placement/placement/objects/research_context.py:580}}
Jan 31 12:08:06.433890 n-d-825496-7 devstack@placement-api.service[104290]: DEBUG placement.objects.allocation_candidate [req-c5abad26-1ef6-4deb-9d2d-aa932edea496 req-b6efc1c9-dbde-4b7f-8c88-f9d4401788ee service placement] RequestGroup(use_same_provider=False, resources={DISK_GB:1, MEMORY_MB:1024, VCPU:1}, traits=[], aggregates=[]) (suffix '') returned 2 matches {{(pid=104290) _get_by_requests /opt/stack/placement/placement/objects/allocation_candidate.py:145}}
Jan 31 12:08:06.435886 n-d-825496-7 devstack@placement-api.service[104290]: DEBUG placement.objects.allocation_candidate [req-c5abad26-1ef6-4deb-9d2d-aa932edea496 req-b6efc1c9-dbde-4b7f-8c88-f9d4401788ee service placement] Merging candidates yields 2 allocation requests and 2 provider summaries {{(pid=104290) _merge_candidates /opt/stack/placement/placement/objects/allocation_candidate.py:783}}
Jan 31 12:08:06.438823 n-d-825496-7 devstack@placement-api.service[104290]: INFO placement.requestlog [req-c5abad26-1ef6-4deb-9d2d-aa932edea496 req-b6efc1c9-dbde-4b7f-8c88-f9d4401788ee service placement] 10.222.0.25 "GET /placement/allocation_candidates?limit=1000&resources=DISK_GB%3A1%2CMEMORY_MB%3A1024%2CVCPU%3A1&root_required=%21COMPUTE_STATUS_DISABLED" status: 200 len: 1309 microversion: 1.36
Jan 31 12:08:06.456319 n-d-825496-7 devstack@placement-api.service[104290]: [pid: 104290|app: 0|req: 20/39] 10.222.0.25 () {60 vars in 1506 bytes} [Mon Jan 31 12:08:06 2022] GET /placement/allocation_candidates?limit=1000&resources=DISK_GB%3A1%2CMEMORY_MB%3A1024%2CVCPU%3A1&root_required=%21COMPUTE_STATUS_DISABLED => generated 1309 bytes in 161 msecs (HTTP/1.1 200) 8 headers in 297 bytes (1 switches on core 0)
Jan 31 12:08:06.524002 n-d-825496-7 devstack@placement-api.service[104289]: DEBUG placement.requestlog [req-c5abad26-1ef6-4deb-9d2d-aa932edea496 req-bc230b93-4a2d-4b7d-a757-2b3fec70a383 None None] Starting request: 10.222.0.25 "GET /placement/allocations/4b77bd9b-f34f-48d3-b292-e8b0855f1e4a" {{(pid=104289) __call__ /opt/stack/placement/placement/requestlog.py:55}}
Jan 31 12:08:06.558137 n-d-825496-7 devstack@placement-api.service[104289]: INFO placement.requestlog [req-c5abad26-1ef6-4deb-9d2d-aa932edea496 req-bc230b93-4a2d-4b7d-a757-2b3fec70a383 service placement] 10.222.0.25 "GET /placement/allocations/4b77bd9b-f34f-48d3-b292-e8b0855f1e4a" status: 200 len: 19 microversion: 1.28
Jan 31 12:08:06.561050 n-d-825496-7 devstack@placement-api.service[104289]: [pid: 104289|app: 0|req: 20/40] 10.222.0.25 () {60 vars in 1380 bytes} [Mon Jan 31 12:08:06 2022] GET /placement/allocations/4b77bd9b-f34f-48d3-b292-e8b0855f1e4a => generated 19 bytes in 37 msecs (HTTP/1.1 200) 8 headers in 295 bytes (1 switches on core 0)
Jan 31 12:08:06.565257 n-d-825496-7 devstack@placement-api.service[104290]: DEBUG placement.requestlog [req-c5abad26-1ef6-4deb-9d2d-aa932edea496 req-0f9a7fec-7adc-42a1-a915-5ac4ef9324bc None None] Starting request: 10.222.0.25 "PUT /placement/allocations/4b77bd9b-f34f-48d3-b292-e8b0855f1e4a" {{(pid=104290) __call__ /opt/stack/placement/placement/requestlog.py:55}}
Jan 31 12:08:06.869415 n-d-825496-7 devstack@placement-api.service[104290]: DEBUG placement.handlers.allocation [req-c5abad26-1ef6-4deb-9d2d-aa932edea496 req-0f9a7fec-7adc-42a1-a915-5ac4ef9324bc service placement] Successfully wrote allocations [, , ] {{(pid=104290) _update_consumers_and_create_allocations /opt/stack/placement/placement/handlers/allocation.py:462}}
Jan 31 12:08:06.967164 n-d-825496-7 devstack@placement-api.service[104290]: INFO placement.requestlog [req-c5abad26-1ef6-4deb-9d2d-aa932edea496 req-0f9a7fec-7adc-42a1-a915-5ac4ef9324bc service placement] 10.222.0.25 "PUT /placement/allocations/4b77bd9b-f34f-48d3-b292-e8b0855f1e4a" status: 204 len: 0 microversion: 1.36
Jan 31 12:08:06.967755 n-d-825496-7 devstack@placement-api.service[104290]: [pid: 104290|app: 0|req: 21/41] 10.222.0.25 () {64 vars in 1433 bytes} [Mon Jan 31 12:08:06 2022] PUT /placement/allocations/4b77bd9b-f34f-48d3-b292-e8b0855f1e4a => generated 0 bytes in 403 msecs (HTTP/1.1 204) 5 headers in 199 bytes (1 switches on core 0)
Jan 31 12:08:08.054824 n-d-825496-7 devstack@placement-api.service[104289]: DEBUG placement.requestlog [req-c5abad26-1ef6-4deb-9d2d-aa932edea496 req-c232677f-ca0c-4333-ab56-73d021181bb6 None None] Starting request: 10.222.0.21 "GET /placement/allocations/4b77bd9b-f34f-48d3-b292-e8b0855f1e4a" {{(pid=104289) __call__ /opt/stack/placement/placement/requestlog.py:55}}
Jan 31 12:08:08.072281 n-d-825496-7 devstack@placement-api.service[104289]: INFO placement.requestlog [req-c5abad26-1ef6-4deb-9d2d-aa932edea496 req-c232677f-ca0c-4333-ab56-73d021181bb6 service placement] 10.222.0.21 "GET /placement/allocations/4b77bd9b-f34f-48d3-b292-e8b0855f1e4a" status: 200 len: 258 microversion: 1.28
Jan 31 12:08:08.072579 n-d-825496-7 devstack@placement-api.service[104289]: [pid: 104289|app: 0|req: 21/42] 10.222.0.21 () {60 vars in 1377 bytes} [Mon Jan 31 12:08:08 2022] GET /placement/allocations/4b77bd9b-f34f-48d3-b292-e8b0855f1e4a => generated 258 bytes in 18 msecs (HTTP/1.1 200) 8 headers in 296 bytes (2 switches on core 0)
Jan 31 12:08:11.530050 n-d-825496-7 devstack@placement-api.service[104290]: DEBUG placement.requestlog [req-8d32a1b9-8173-4bb1-bd03-25fbce35befe req-2b64e0a7-4c45-4e40-936b-45a39cd39892 None None] Starting request: 10.222.0.21 "DELETE /placement/allocations/f4ec5cf6-eaf4-4cca-82bf-d7d15633b39e" {{(pid=104290) __call__ /opt/stack/placement/placement/requestlog.py:55}}
Jan 31 12:08:11.753596 n-d-825496-7 devstack@placement-api.service[104290]: DEBUG placement.handlers.allocation [req-8d32a1b9-8173-4bb1-bd03-25fbce35befe req-2b64e0a7-4c45-4e40-936b-45a39cd39892 service placement] Successfully deleted allocations [, , ] {{(pid=104290) delete_allocations /opt/stack/placement/placement/handlers/allocation.py:627}}
Jan 31 12:08:11.754122 n-d-825496-7 devstack@placement-api.service[104290]: INFO placement.requestlog [req-8d32a1b9-8173-4bb1-bd03-25fbce35befe req-2b64e0a7-4c45-4e40-936b-45a39cd39892 service placement] 10.222.0.21 "DELETE /placement/allocations/f4ec5cf6-eaf4-4cca-82bf-d7d15633b39e" status: 204 len: 0 microversion: 1.0
Jan 31 12:08:11.754502 n-d-825496-7 devstack@placement-api.service[104290]: [pid: 104290|app: 0|req: 22/43] 10.222.0.21 () {60 vars in 1355 bytes} [Mon Jan 31 12:08:11 2022] DELETE /placement/allocations/f4ec5cf6-eaf4-4cca-82bf-d7d15633b39e => generated 0 bytes in 225 msecs (HTTP/1.1 204) 5 headers in 198 bytes (1 switches on core 0)
Jan 31 12:08:13.155435 n-d-825496-7 devstack@placement-api.service[104289]: DEBUG placement.requestlog [None req-b4965ad3-1f56-4c8d-a5f1-e9ef80c42491 None None] Starting request: 10.222.0.25 "GET /placement/" {{(pid=104289) __call__ /opt/stack/placement/placement/requestlog.py:55}}
Jan 31 12:08:13.157236 n-d-825496-7 devstack@placement-api.service[104289]: INFO placement.requestlog [None req-b4965ad3-1f56-4c8d-a5f1-e9ef80c42491 None None] 10.222.0.25 "GET /placement/" status: 200 len: 136 microversion: 1.0
Jan 31 12:08:13.157949 n-d-825496-7 devstack@placement-api.service[104289]: [pid: 104289|app: 0|req: 22/44] 10.222.0.25 () {54 vars in 907 bytes} [Mon Jan 31 12:08:13 2022] GET /placement => generated 136 bytes in 3 msecs (HTTP/1.1 200) 6 headers in 224 bytes (2 switches on core 0)
Jan 31 12:08:13.179176 n-d-825496-7 devstack@placement-api.service[104290]: DEBUG placement.requestlog [req-0593cd5d-6ff4-431d-9d14-85f6eab19bcd req-07268223-60fa-4b08-b55f-07f82b466ba1 None None] Starting request: 10.222.0.25 "GET /placement/resource_providers?name=n-h1-825496-7" {{(pid=104290) __call__ /opt/stack/placement/placement/requestlog.py:55}}
Jan 31 12:08:13.265732 n-d-825496-7 devstack@placement-api.service[104290]: INFO placement.requestlog [req-0593cd5d-6ff4-431d-9d14-85f6eab19bcd req-07268223-60fa-4b08-b55f-07f82b466ba1 service placement] 10.222.0.25 "GET /placement/resource_providers?name=n-h1-825496-7" status: 200 len: 440 microversion: 1.0
Jan 31 12:08:13.266079 n-d-825496-7 devstack@placement-api.service[104290]: [pid: 104290|app: 0|req: 23/45] 10.222.0.25 () {58 vars in 1274 bytes} [Mon Jan 31 12:08:13 2022] GET /placement/resource_providers?name=n-h1-825496-7 => generated 440 bytes in 91 msecs (HTTP/1.1 200) 6 headers in 224 bytes (1 switches on core 0)
Jan 31 12:08:13.274011 n-d-825496-7 devstack@placement-api.service[104289]: DEBUG placement.requestlog [req-0593cd5d-6ff4-431d-9d14-85f6eab19bcd req-aaf00beb-2ee5-426b-b8b6-60fb8d0b3b53 None None] Starting request: 10.222.0.25 "GET /placement/resource_providers/b310825f-19be-4386-afea-0b2d4fa17a31/aggregates" {{(pid=104289) __call__ /opt/stack/placement/placement/requestlog.py:55}}
Jan 31 12:08:13.287866 n-d-825496-7 devstack@placement-api.service[104289]: INFO placement.requestlog [req-0593cd5d-6ff4-431d-9d14-85f6eab19bcd req-aaf00beb-2ee5-426b-b8b6-60fb8d0b3b53 service placement] 10.222.0.25 "GET /placement/resource_providers/b310825f-19be-4386-afea-0b2d4fa17a31/aggregates" status: 200 len: 91 microversion: 1.19
Jan 31 12:08:13.288621 n-d-825496-7 devstack@placement-api.service[104289]: [pid: 104289|app: 0|req: 23/46] 10.222.0.25 () {60 vars in 1425 bytes} [Mon Jan 31 12:08:13 2022] GET /placement/resource_providers/b310825f-19be-4386-afea-0b2d4fa17a31/aggregates => generated 91 bytes in 15 msecs (HTTP/1.1 200) 8 headers in 295 bytes (1 switches on core 0)
Jan 31 12:08:13.296053 n-d-825496-7 devstack@placement-api.service[104290]: DEBUG placement.requestlog [req-0593cd5d-6ff4-431d-9d14-85f6eab19bcd req-43f7ae43-2689-46e3-b210-7520702f8898 None None] Starting request: 10.222.0.25 "PUT /placement/resource_providers/b310825f-19be-4386-afea-0b2d4fa17a31/aggregates" {{(pid=104290) __call__ /opt/stack/placement/placement/requestlog.py:55}}
Jan 31 12:08:13.316635 n-d-825496-7 devstack@placement-api.service[104290]: DEBUG placement.objects.resource_provider [req-0593cd5d-6ff4-431d-9d14-85f6eab19bcd req-43f7ae43-2689-46e3-b210-7520702f8898 service placement] Setting aggregates for provider b310825f-19be-4386-afea-0b2d4fa17a31. Successfully disassociated aggregate c6d5a6cf-8bdb-415e-8257-9c38b3ca1ae1. {{(pid=104290) _set_aggregates /opt/stack/placement/placement/objects/resource_provider.py:403}}
Jan 31 12:08:13.396199 n-d-825496-7 devstack@placement-api.service[104290]: INFO placement.requestlog [req-0593cd5d-6ff4-431d-9d14-85f6eab19bcd req-43f7ae43-2689-46e3-b210-7520702f8898 service placement] 10.222.0.25 "PUT /placement/resource_providers/b310825f-19be-4386-afea-0b2d4fa17a31/aggregates" status: 200 len: 53 microversion: 1.19
Jan 31 12:08:13.396601 n-d-825496-7 devstack@placement-api.service[104290]: [pid: 104290|app: 0|req: 24/47] 10.222.0.25 () {64 vars in 1477 bytes} [Mon Jan 31 12:08:13 2022] PUT /placement/resource_providers/b310825f-19be-4386-afea-0b2d4fa17a31/aggregates => generated 53 bytes in 101 msecs (HTTP/1.1 200) 8 headers in 295 bytes (1 switches on core 0)
Jan 31 12:08:14.073900 n-d-825496-7 devstack@placement-api.service[104289]: DEBUG placement.requestlog [req-0b1204d8-7323-4dfe-b2ce-8f54490c34ac req-1698359c-9318-48c8-9aa4-cd2de9d905cd None None] Starting request: 10.222.0.25 "GET /placement/resource_providers?name=n-h1-825496-7" {{(pid=104289) __call__ /opt/stack/placement/placement/requestlog.py:55}}
Jan 31 12:08:14.086614 n-d-825496-7 devstack@placement-api.service[104289]: INFO placement.requestlog [req-0b1204d8-7323-4dfe-b2ce-8f54490c34ac req-1698359c-9318-48c8-9aa4-cd2de9d905cd service placement] 10.222.0.25 "GET /placement/resource_providers?name=n-h1-825496-7" status: 200 len: 440 microversion: 1.0
Jan 31 12:08:14.087655 n-d-825496-7 devstack@placement-api.service[104289]: [pid: 104289|app: 0|req: 24/48] 10.222.0.25 () {58 vars in 1274 bytes} [Mon Jan 31 12:08:14 2022] GET /placement/resource_providers?name=n-h1-825496-7 => generated 440 bytes in 14 msecs (HTTP/1.1 200) 6 headers in 224 bytes (1 switches on core 0)
Jan 31 12:08:14.095998 n-d-825496-7 devstack@placement-api.service[104290]: DEBUG placement.requestlog [req-0b1204d8-7323-4dfe-b2ce-8f54490c34ac req-66ced81d-2b92-4c83-8017-b857c147d84b None None] Starting request: 10.222.0.25 "GET /placement/resource_providers/b310825f-19be-4386-afea-0b2d4fa17a31/aggregates" {{(pid=104290) __call__ /opt/stack/placement/placement/requestlog.py:55}}
Jan 31 12:08:14.118662 n-d-825496-7 devstack@placement-api.service[104290]: INFO placement.requestlog [req-0b1204d8-7323-4dfe-b2ce-8f54490c34ac req-66ced81d-2b92-4c83-8017-b857c147d84b service placement] 10.222.0.25 "GET /placement/resource_providers/b310825f-19be-4386-afea-0b2d4fa17a31/aggregates" status: 200 len: 53 microversion: 1.19
Jan 31 12:08:14.121672 n-d-825496-7 devstack@placement-api.service[104290]: [pid: 104290|app: 0|req: 25/49] 10.222.0.25 () {60 vars in 1425 bytes} [Mon Jan 31 12:08:14 2022] GET /placement/resource_providers/b310825f-19be-4386-afea-0b2d4fa17a31/aggregates => generated 53 bytes in 24 msecs (HTTP/1.1 200) 8 headers in 295 bytes (1 switches on core 0)
Jan 31 12:08:14.128457 n-d-825496-7 devstack@placement-api.service[104289]: DEBUG placement.requestlog [req-0b1204d8-7323-4dfe-b2ce-8f54490c34ac req-5bfb16e6-fab2-447d-a03c-efa44b7469a3 None None] Starting request: 10.222.0.25 "PUT /placement/resource_providers/b310825f-19be-4386-afea-0b2d4fa17a31/aggregates" {{(pid=104289) __call__ /opt/stack/placement/placement/requestlog.py:55}}
Jan 31 12:08:14.144441 n-d-825496-7 devstack@placement-api.service[104289]: DEBUG placement.objects.resource_provider [req-0b1204d8-7323-4dfe-b2ce-8f54490c34ac req-5bfb16e6-fab2-447d-a03c-efa44b7469a3 service placement] _ensure_aggregate() did not find aggregate f4a5caf2-07e6-492a-8187-942909933776. Attempting to create it. {{(pid=104289) _ensure_aggregate /opt/stack/placement/placement/objects/resource_provider.py:320}}
Jan 31 12:08:14.145789 n-d-825496-7 devstack@placement-api.service[104289]: DEBUG placement.objects.resource_provider [req-0b1204d8-7323-4dfe-b2ce-8f54490c34ac req-5bfb16e6-fab2-447d-a03c-efa44b7469a3 service placement] _ensure_aggregate() created new aggregate f4a5caf2-07e6-492a-8187-942909933776 (id=2). {{(pid=104289) _ensure_aggregate /opt/stack/placement/placement/objects/resource_provider.py:326}}
Jan 31 12:08:14.147010 n-d-825496-7 devstack@placement-api.service[104289]: DEBUG placement.objects.resource_provider [req-0b1204d8-7323-4dfe-b2ce-8f54490c34ac req-5bfb16e6-fab2-447d-a03c-efa44b7469a3 service placement] Setting aggregates for provider b310825f-19be-4386-afea-0b2d4fa17a31. Successfully associated aggregate f4a5caf2-07e6-492a-8187-942909933776. {{(pid=104289) _set_aggregates /opt/stack/placement/placement/objects/resource_provider.py:388}}
Jan 31 12:08:14.239057 n-d-825496-7 devstack@placement-api.service[104289]: INFO placement.requestlog [req-0b1204d8-7323-4dfe-b2ce-8f54490c34ac req-5bfb16e6-fab2-447d-a03c-efa44b7469a3 service placement] 10.222.0.25 "PUT /placement/resource_providers/b310825f-19be-4386-afea-0b2d4fa17a31/aggregates" status: 200 len: 91 microversion: 1.19
Jan 31 12:08:14.241061 n-d-825496-7 devstack@placement-api.service[104289]: [pid: 104289|app: 0|req: 25/50] 10.222.0.25 () {64 vars in 1477 bytes} [Mon Jan 31 12:08:14 2022] PUT /placement/resource_providers/b310825f-19be-4386-afea-0b2d4fa17a31/aggregates => generated 91 bytes in 113 msecs (HTTP/1.1 200) 8 headers in 295 bytes (1 switches on core 0)
Jan 31 12:08:14.331172 n-d-825496-7 devstack@placement-api.service[104290]: DEBUG placement.requestlog [req-ada82ad9-f1d1-4783-a7f0-35b78e9bb43b req-3a510cda-2533-42f5-9899-291be84e62ec None None] Starting request: 10.222.0.25 "GET /placement/resource_providers?name=n-h1-825496-7" {{(pid=104290) __call__ /opt/stack/placement/placement/requestlog.py:55}}
Jan 31 12:08:14.349274 n-d-825496-7 devstack@placement-api.service[104290]: INFO placement.requestlog [req-ada82ad9-f1d1-4783-a7f0-35b78e9bb43b req-3a510cda-2533-42f5-9899-291be84e62ec service placement] 10.222.0.25 "GET /placement/resource_providers?name=n-h1-825496-7" status: 200 len: 440 microversion: 1.0
Jan 31 12:08:14.350895 n-d-825496-7 devstack@placement-api.service[104290]: [pid: 104290|app: 0|req: 26/51] 10.222.0.25 () {58 vars in 1274 bytes} [Mon Jan 31 12:08:14 2022] GET /placement/resource_providers?name=n-h1-825496-7 => generated 440 bytes in 21 msecs (HTTP/1.1 200) 6 headers in 224 bytes (1 switches on core 0)
Jan 31 12:08:14.357417 n-d-825496-7 devstack@placement-api.service[104289]: DEBUG placement.requestlog [req-ada82ad9-f1d1-4783-a7f0-35b78e9bb43b req-cbdab4b7-62e6-46fd-896a-1575c4cd57ee None None] Starting request: 10.222.0.25 "GET /placement/resource_providers/b310825f-19be-4386-afea-0b2d4fa17a31/aggregates" {{(pid=104289) __call__ /opt/stack/placement/placement/requestlog.py:55}}
Jan 31 12:08:14.376442 n-d-825496-7 devstack@placement-api.service[104289]: INFO placement.requestlog [req-ada82ad9-f1d1-4783-a7f0-35b78e9bb43b req-cbdab4b7-62e6-46fd-896a-1575c4cd57ee service placement] 10.222.0.25 "GET /placement/resource_providers/b310825f-19be-4386-afea-0b2d4fa17a31/aggregates" status: 200 len: 91 microversion: 1.19
Jan 31 12:08:14.376442 n-d-825496-7 devstack@placement-api.service[104289]: [pid: 104289|app: 0|req: 26/52] 10.222.0.25 () {60 vars in 1425 bytes} [Mon Jan 31 12:08:14 2022] GET /placement/resource_providers/b310825f-19be-4386-afea-0b2d4fa17a31/aggregates => generated 91 bytes in 19 msecs (HTTP/1.1 200) 8 headers in 295 bytes (1 switches on core 0)
Jan 31 12:08:14.383888 n-d-825496-7 devstack@placement-api.service[104290]: DEBUG placement.requestlog [req-ada82ad9-f1d1-4783-a7f0-35b78e9bb43b req-4b9e5bec-53ca-4e49-850d-1ef0ce9dcd6f None None] Starting request: 10.222.0.25 "PUT /placement/resource_providers/b310825f-19be-4386-afea-0b2d4fa17a31/aggregates" {{(pid=104290) __call__ /opt/stack/placement/placement/requestlog.py:55}}
Jan 31 12:08:14.399603 n-d-825496-7 devstack@placement-api.service[104290]: DEBUG placement.objects.resource_provider [req-ada82ad9-f1d1-4783-a7f0-35b78e9bb43b req-4b9e5bec-53ca-4e49-850d-1ef0ce9dcd6f service placement] Setting aggregates for provider b310825f-19be-4386-afea-0b2d4fa17a31. Successfully disassociated aggregate f4a5caf2-07e6-492a-8187-942909933776. {{(pid=104290) _set_aggregates /opt/stack/placement/placement/objects/resource_provider.py:403}}
Jan 31 12:08:14.540452 n-d-825496-7 devstack@placement-api.service[104290]: INFO placement.requestlog [req-ada82ad9-f1d1-4783-a7f0-35b78e9bb43b req-4b9e5bec-53ca-4e49-850d-1ef0ce9dcd6f service placement] 10.222.0.25 "PUT /placement/resource_providers/b310825f-19be-4386-afea-0b2d4fa17a31/aggregates" status: 200 len: 53 microversion: 1.19
Jan 31 12:08:14.541635 n-d-825496-7 devstack@placement-api.service[104290]: [pid: 104290|app: 0|req: 27/53] 10.222.0.25 () {64 vars in 1477 bytes} [Mon Jan 31 12:08:14 2022] PUT /placement/resource_providers/b310825f-19be-4386-afea-0b2d4fa17a31/aggregates => generated 53 bytes in 158 msecs (HTTP/1.1 200) 8 headers in 295 bytes (1 switches on core 0)
Jan 31 12:08:15.071481 n-d-825496-7 devstack@placement-api.service[104289]: DEBUG placement.requestlog [req-d56b2f9f-6ea8-4fdd-88cb-70bc980d3fa0 req-50f37b4f-8da2-4378-af20-2ded2508d35a None None] Starting request: 10.222.0.25 "GET /placement/resource_providers?name=n-h1-825496-7" {{(pid=104289) __call__ /opt/stack/placement/placement/requestlog.py:55}}
Jan 31 12:08:15.087342 n-d-825496-7 devstack@placement-api.service[104289]: INFO placement.requestlog [req-d56b2f9f-6ea8-4fdd-88cb-70bc980d3fa0 req-50f37b4f-8da2-4378-af20-2ded2508d35a service placement] 10.222.0.25 "GET /placement/resource_providers?name=n-h1-825496-7" status: 200 len: 440 microversion: 1.0
Jan 31 12:08:15.087721 n-d-825496-7 devstack@placement-api.service[104289]: [pid: 104289|app: 0|req: 27/54] 10.222.0.25 () {58 vars in 1274 bytes} [Mon Jan 31 12:08:15 2022] GET /placement/resource_providers?name=n-h1-825496-7 => generated 440 bytes in 17 msecs (HTTP/1.1 200) 6 headers in 224 bytes (1 switches on core 0)
Jan 31 12:08:15.098613 n-d-825496-7 devstack@placement-api.service[104290]: DEBUG placement.requestlog [req-d56b2f9f-6ea8-4fdd-88cb-70bc980d3fa0 req-5e5c6c78-bd0d-4d84-bde1-317bb97a6229 None None] Starting request: 10.222.0.25 "GET /placement/resource_providers/b310825f-19be-4386-afea-0b2d4fa17a31/aggregates" {{(pid=104290) __call__ /opt/stack/placement/placement/requestlog.py:55}}
Jan 31 12:08:15.115874 n-d-825496-7 devstack@placement-api.service[104290]: INFO placement.requestlog [req-d56b2f9f-6ea8-4fdd-88cb-70bc980d3fa0 req-5e5c6c78-bd0d-4d84-bde1-317bb97a6229 service placement] 10.222.0.25 "GET /placement/resource_providers/b310825f-19be-4386-afea-0b2d4fa17a31/aggregates" status: 200 len: 53 microversion: 1.19
Jan 31 12:08:15.116264 n-d-825496-7 devstack@placement-api.service[104290]: [pid: 104290|app: 0|req: 28/55] 10.222.0.25 () {60 vars in 1425 bytes} [Mon Jan 31 12:08:15 2022] GET /placement/resource_providers/b310825f-19be-4386-afea-0b2d4fa17a31/aggregates => generated 53 bytes in 18 msecs (HTTP/1.1 200) 8 headers in 295 bytes (1 switches on core 0)
Jan 31 12:08:15.125230 n-d-825496-7 devstack@placement-api.service[104289]: DEBUG placement.requestlog [req-d56b2f9f-6ea8-4fdd-88cb-70bc980d3fa0 req-76918746-4420-486a-a72a-549f8ec41219 None None] Starting request: 10.222.0.25 "PUT /placement/resource_providers/b310825f-19be-4386-afea-0b2d4fa17a31/aggregates" {{(pid=104289) __call__ /opt/stack/placement/placement/requestlog.py:55}}
Jan 31 12:08:15.143680 n-d-825496-7 devstack@placement-api.service[104289]: DEBUG placement.objects.resource_provider [req-d56b2f9f-6ea8-4fdd-88cb-70bc980d3fa0 req-76918746-4420-486a-a72a-549f8ec41219 service placement] _ensure_aggregate() did not find aggregate e58e4766-419e-4781-83ab-06c8f048cbcb. Attempting to create it. {{(pid=104289) _ensure_aggregate /opt/stack/placement/placement/objects/resource_provider.py:320}}
Jan 31 12:08:15.145266 n-d-825496-7 devstack@placement-api.service[104289]: DEBUG placement.objects.resource_provider [req-d56b2f9f-6ea8-4fdd-88cb-70bc980d3fa0 req-76918746-4420-486a-a72a-549f8ec41219 service placement] _ensure_aggregate() created new aggregate e58e4766-419e-4781-83ab-06c8f048cbcb (id=3). {{(pid=104289) _ensure_aggregate /opt/stack/placement/placement/objects/resource_provider.py:326}}
Jan 31 12:08:15.146468 n-d-825496-7 devstack@placement-api.service[104289]: DEBUG placement.objects.resource_provider [req-d56b2f9f-6ea8-4fdd-88cb-70bc980d3fa0 req-76918746-4420-486a-a72a-549f8ec41219 service placement] Setting aggregates for provider b310825f-19be-4386-afea-0b2d4fa17a31. Successfully associated aggregate e58e4766-419e-4781-83ab-06c8f048cbcb. {{(pid=104289) _set_aggregates /opt/stack/placement/placement/objects/resource_provider.py:388}}
Jan 31 12:08:15.250884 n-d-825496-7 devstack@placement-api.service[104289]: INFO placement.requestlog [req-d56b2f9f-6ea8-4fdd-88cb-70bc980d3fa0 req-76918746-4420-486a-a72a-549f8ec41219 service placement] 10.222.0.25 "PUT /placement/resource_providers/b310825f-19be-4386-afea-0b2d4fa17a31/aggregates" status: 200 len: 91 microversion: 1.19
Jan 31 12:08:15.252912 n-d-825496-7 devstack@placement-api.service[104289]: [pid: 104289|app: 0|req: 28/56] 10.222.0.25 () {64 vars in 1477 bytes} [Mon Jan 31 12:08:15 2022] PUT /placement/resource_providers/b310825f-19be-4386-afea-0b2d4fa17a31/aggregates => generated 91 bytes in 129 msecs (HTTP/1.1 200) 8 headers in 295 bytes (1 switches on core 0)
Jan 31 12:08:15.572152 n-d-825496-7 devstack@placement-api.service[104290]: DEBUG placement.requestlog [req-91452e62-5115-4735-a646-28dd6aa24777 req-ed592112-af55-4315-8f9e-30f2ef2b14f7 None None] Starting request: 10.222.0.25 "GET /placement/resource_providers?name=n-h1-825496-7" {{(pid=104290) __call__ /opt/stack/placement/placement/requestlog.py:55}}
Jan 31 12:08:15.602110 n-d-825496-7 devstack@placement-api.service[104290]: INFO placement.requestlog [req-91452e62-5115-4735-a646-28dd6aa24777 req-ed592112-af55-4315-8f9e-30f2ef2b14f7 service placement] 10.222.0.25 "GET /placement/resource_providers?name=n-h1-825496-7" status: 200 len: 440 microversion: 1.0
Jan 31 12:08:15.602735 n-d-825496-7 devstack@placement-api.service[104290]: [pid: 104290|app: 0|req: 29/57] 10.222.0.25 () {58 vars in 1274 bytes} [Mon Jan 31 12:08:15 2022] GET /placement/resource_providers?name=n-h1-825496-7 => generated 440 bytes in 31 msecs (HTTP/1.1 200) 6 headers in 224 bytes (1 switches on core 0)
Jan 31 12:08:15.623786 n-d-825496-7 devstack@placement-api.service[104289]: DEBUG placement.requestlog [req-91452e62-5115-4735-a646-28dd6aa24777 req-8f371116-572e-4b53-b155-a57aa06278b5 None None] Starting request: 10.222.0.25 "GET /placement/resource_providers/b310825f-19be-4386-afea-0b2d4fa17a31/aggregates" {{(pid=104289) __call__ /opt/stack/placement/placement/requestlog.py:55}}
Jan 31 12:08:15.649412 n-d-825496-7 devstack@placement-api.service[104289]: INFO placement.requestlog [req-91452e62-5115-4735-a646-28dd6aa24777 req-8f371116-572e-4b53-b155-a57aa06278b5 service placement] 10.222.0.25 "GET /placement/resource_providers/b310825f-19be-4386-afea-0b2d4fa17a31/aggregates" status: 200 len: 91 microversion: 1.19
Jan 31 12:08:15.650063 n-d-825496-7 devstack@placement-api.service[104289]: [pid: 104289|app: 0|req: 29/58] 10.222.0.25 () {60 vars in 1425 bytes} [Mon Jan 31 12:08:15 2022] GET /placement/resource_providers/b310825f-19be-4386-afea-0b2d4fa17a31/aggregates => generated 91 bytes in 27 msecs (HTTP/1.1 200) 8 headers in 295 bytes (1 switches on core 0)
Jan 31 12:08:15.657860 n-d-825496-7 devstack@placement-api.service[104290]: DEBUG placement.requestlog [req-91452e62-5115-4735-a646-28dd6aa24777 req-0a8c1c37-7aa5-43b6-bfd9-3bdd78d7fd95 None None] Starting request: 10.222.0.25 "PUT /placement/resource_providers/b310825f-19be-4386-afea-0b2d4fa17a31/aggregates" {{(pid=104290) __call__ /opt/stack/placement/placement/requestlog.py:55}}
Jan 31 12:08:15.681011 n-d-825496-7 devstack@placement-api.service[104290]: DEBUG placement.objects.resource_provider [req-91452e62-5115-4735-a646-28dd6aa24777 req-0a8c1c37-7aa5-43b6-bfd9-3bdd78d7fd95 service placement] Setting aggregates for provider b310825f-19be-4386-afea-0b2d4fa17a31. Successfully disassociated aggregate e58e4766-419e-4781-83ab-06c8f048cbcb. {{(pid=104290) _set_aggregates /opt/stack/placement/placement/objects/resource_provider.py:403}}
Jan 31 12:08:15.763935 n-d-825496-7 devstack@placement-api.service[104290]: INFO placement.requestlog [req-91452e62-5115-4735-a646-28dd6aa24777 req-0a8c1c37-7aa5-43b6-bfd9-3bdd78d7fd95 service placement] 10.222.0.25 "PUT /placement/resource_providers/b310825f-19be-4386-afea-0b2d4fa17a31/aggregates" status: 200 len: 54 microversion: 1.19
Jan 31 12:08:15.764902 n-d-825496-7 devstack@placement-api.service[104290]: [pid: 104290|app: 0|req: 30/59] 10.222.0.25 () {64 vars in 1477 bytes} [Mon Jan 31 12:08:15 2022] PUT /placement/resource_providers/b310825f-19be-4386-afea-0b2d4fa17a31/aggregates => generated 54 bytes in 107 msecs (HTTP/1.1 200) 8 headers in 295 bytes (1 switches on core 0)
Jan 31 12:08:16.210234 n-d-825496-7 devstack@placement-api.service[104289]: DEBUG placement.requestlog [req-f421257a-5bbe-4f98-98ac-b2d6fe52e94c req-0f006edb-03f9-4bb2-bafe-40a54f861349 None None] Starting request: 10.222.0.25 "GET /placement/resource_providers?name=n-h1-825496-7" {{(pid=104289) __call__ /opt/stack/placement/placement/requestlog.py:55}}
Jan 31 12:08:16.222118 n-d-825496-7 devstack@placement-api.service[104289]: INFO placement.requestlog [req-f421257a-5bbe-4f98-98ac-b2d6fe52e94c req-0f006edb-03f9-4bb2-bafe-40a54f861349 service placement] 10.222.0.25 "GET /placement/resource_providers?name=n-h1-825496-7" status: 200 len: 441 microversion: 1.0
Jan 31 12:08:16.222966 n-d-825496-7 devstack@placement-api.service[104289]: [pid: 104289|app: 0|req: 30/60] 10.222.0.25 () {58 vars in 1274 bytes} [Mon Jan 31 12:08:16 2022] GET /placement/resource_providers?name=n-h1-825496-7 => generated 441 bytes in 13 msecs (HTTP/1.1 200) 6 headers in 224 bytes (1 switches on core 0)
