Jan 28 09:51:59.203936 n-d-825178-2 devstack@placement-api.service[88023]: DEBUG placement.requestlog [req-1d463a6c-046f-46aa-8150-9437ca9e6ae8 req-bd4343cd-b994-4bdd-8b97-3e5bc486e36c None None] Starting request: 10.222.0.43 "GET /placement/allocations/0b1c68aa-aedc-4935-95da-c8e447b0dfb1" {{(pid=88023) __call__ /opt/stack/placement/placement/requestlog.py:55}}
Jan 28 09:51:59.235805 n-d-825178-2 devstack@placement-api.service[88023]: INFO placement.requestlog [req-1d463a6c-046f-46aa-8150-9437ca9e6ae8 req-bd4343cd-b994-4bdd-8b97-3e5bc486e36c service placement] 10.222.0.43 "GET /placement/allocations/0b1c68aa-aedc-4935-95da-c8e447b0dfb1" status: 200 len: 260 microversion: 1.28
Jan 28 09:51:59.236993 n-d-825178-2 devstack@placement-api.service[88023]: [pid: 88023|app: 0|req: 380/763] 10.222.0.43 () {60 vars in 1377 bytes} [Fri Jan 28 09:51:59 2022] GET /placement/allocations/0b1c68aa-aedc-4935-95da-c8e447b0dfb1 => generated 260 bytes in 33 msecs (HTTP/1.1 200) 8 headers in 296 bytes (1 switches on core 0)
Jan 28 09:51:59.243473 n-d-825178-2 devstack@placement-api.service[88022]: DEBUG placement.requestlog [req-1d463a6c-046f-46aa-8150-9437ca9e6ae8 req-0c3852bc-ece9-431a-8ed5-05dde02fd69d None None] Starting request: 10.222.0.43 "PUT /placement/allocations/0b1c68aa-aedc-4935-95da-c8e447b0dfb1" {{(pid=88022) __call__ /opt/stack/placement/placement/requestlog.py:55}}
Jan 28 09:51:59.376596 n-d-825178-2 devstack@placement-api.service[88022]: DEBUG placement.handlers.allocation [req-1d463a6c-046f-46aa-8150-9437ca9e6ae8 req-0c3852bc-ece9-431a-8ed5-05dde02fd69d service placement] Successfully wrote allocations [, , ] {{(pid=88022) _create_allocations /opt/stack/placement/placement/handlers/allocation.py:435}}
Jan 28 09:51:59.377174 n-d-825178-2 devstack@placement-api.service[88022]: INFO placement.requestlog [req-1d463a6c-046f-46aa-8150-9437ca9e6ae8 req-0c3852bc-ece9-431a-8ed5-05dde02fd69d service placement] 10.222.0.43 "PUT /placement/allocations/0b1c68aa-aedc-4935-95da-c8e447b0dfb1" status: 204 len: 0 microversion: 1.28
Jan 28 09:51:59.377418 n-d-825178-2 devstack@placement-api.service[88022]: [pid: 88022|app: 0|req: 384/764] 10.222.0.43 () {64 vars in 1430 bytes} [Fri Jan 28 09:51:59 2022] PUT /placement/allocations/0b1c68aa-aedc-4935-95da-c8e447b0dfb1 => generated 0 bytes in 134 msecs (HTTP/1.1 204) 5 headers in 199 bytes (1 switches on core 0)
Jan 28 09:52:06.542245 n-d-825178-2 devstack@placement-api.service[88023]: DEBUG placement.requestlog [req-4811aa65-eb4f-4a79-8e5d-db18094bbebb req-d9a5d49c-0ff2-4e8e-a0f8-7bcadf4d4db9 None None] Starting request: 10.222.0.25 "GET /placement/allocations/942f7dea-9d4a-43ba-a73e-65acc996b140" {{(pid=88023) __call__ /opt/stack/placement/placement/requestlog.py:55}}
Jan 28 09:52:06.569029 n-d-825178-2 devstack@placement-api.service[88023]: INFO placement.requestlog [req-4811aa65-eb4f-4a79-8e5d-db18094bbebb req-d9a5d49c-0ff2-4e8e-a0f8-7bcadf4d4db9 service placement] 10.222.0.25 "GET /placement/allocations/942f7dea-9d4a-43ba-a73e-65acc996b140" status: 200 len: 260 microversion: 1.28
Jan 28 09:52:06.569266 n-d-825178-2 devstack@placement-api.service[88023]: [pid: 88023|app: 0|req: 381/765] 10.222.0.25 () {60 vars in 1377 bytes} [Fri Jan 28 09:52:06 2022] GET /placement/allocations/942f7dea-9d4a-43ba-a73e-65acc996b140 => generated 260 bytes in 27 msecs (HTTP/1.1 200) 8 headers in 296 bytes (1 switches on core 0)
Jan 28 09:52:06.589283 n-d-825178-2 devstack@placement-api.service[88022]: DEBUG placement.requestlog [req-4811aa65-eb4f-4a79-8e5d-db18094bbebb req-3de37664-91f1-4fa9-bd25-3aee5f949e14 None None] Starting request: 10.222.0.25 "PUT /placement/allocations/942f7dea-9d4a-43ba-a73e-65acc996b140" {{(pid=88022) __call__ /opt/stack/placement/placement/requestlog.py:55}}
Jan 28 09:52:06.681997 n-d-825178-2 devstack@placement-api.service[88022]: DEBUG placement.handlers.allocation [req-4811aa65-eb4f-4a79-8e5d-db18094bbebb req-3de37664-91f1-4fa9-bd25-3aee5f949e14 service placement] Successfully wrote allocations [, , ] {{(pid=88022) _create_allocations /opt/stack/placement/placement/handlers/allocation.py:435}}
Jan 28 09:52:06.682493 n-d-825178-2 devstack@placement-api.service[88022]: INFO placement.requestlog [req-4811aa65-eb4f-4a79-8e5d-db18094bbebb req-3de37664-91f1-4fa9-bd25-3aee5f949e14 service placement] 10.222.0.25 "PUT /placement/allocations/942f7dea-9d4a-43ba-a73e-65acc996b140" status: 204 len: 0 microversion: 1.28
Jan 28 09:52:06.683050 n-d-825178-2 devstack@placement-api.service[88022]: [pid: 88022|app: 0|req: 385/766] 10.222.0.25 () {64 vars in 1430 bytes} [Fri Jan 28 09:52:06 2022] PUT /placement/allocations/942f7dea-9d4a-43ba-a73e-65acc996b140 => generated 0 bytes in 94 msecs (HTTP/1.1 204) 5 headers in 199 bytes (1 switches on core 0)
Jan 28 09:52:11.424565 n-d-825178-2 devstack@placement-api.service[88023]: DEBUG placement.requestlog [req-0e6bd58e-6e8d-4bfb-9e9c-08806fb9501c req-0f72367f-edbe-423b-9f78-8ef3ed73c3b6 None None] Starting request: 10.222.0.42 "GET /placement/allocation_candidates?limit=1000&resources=DISK_GB%3A1%2CMEMORY_MB%3A1024%2CVCPU%3A1&root_required=%21COMPUTE_STATUS_DISABLED" {{(pid=88023) __call__ /opt/stack/placement/placement/requestlog.py:55}}
Jan 28 09:52:11.489387 n-d-825178-2 devstack@placement-api.service[88023]: DEBUG placement.objects.research_context [req-0e6bd58e-6e8d-4bfb-9e9c-08806fb9501c req-0f72367f-edbe-423b-9f78-8ef3ed73c3b6 service placement] getting providers with 1 DISK_GB {{(pid=88023) __init__ /opt/stack/placement/placement/objects/research_context.py:126}}
Jan 28 09:52:11.499834 n-d-825178-2 devstack@placement-api.service[88023]: DEBUG placement.objects.research_context [req-0e6bd58e-6e8d-4bfb-9e9c-08806fb9501c req-0f72367f-edbe-423b-9f78-8ef3ed73c3b6 service placement] getting providers with 1024 MEMORY_MB {{(pid=88023) __init__ /opt/stack/placement/placement/objects/research_context.py:126}}
Jan 28 09:52:11.507495 n-d-825178-2 devstack@placement-api.service[88023]: DEBUG placement.objects.research_context [req-0e6bd58e-6e8d-4bfb-9e9c-08806fb9501c req-0f72367f-edbe-423b-9f78-8ef3ed73c3b6 service placement] getting providers with 1 VCPU {{(pid=88023) __init__ /opt/stack/placement/placement/objects/research_context.py:126}}
Jan 28 09:52:11.514355 n-d-825178-2 devstack@placement-api.service[88023]: DEBUG placement.objects.research_context [req-0e6bd58e-6e8d-4bfb-9e9c-08806fb9501c req-0f72367f-edbe-423b-9f78-8ef3ed73c3b6 service placement] found 2 providers with available 1 DISK_GB {{(pid=88023) get_provider_ids_matching /opt/stack/placement/placement/objects/research_context.py:549}}
Jan 28 09:52:11.514940 n-d-825178-2 devstack@placement-api.service[88023]: DEBUG placement.objects.research_context [req-0e6bd58e-6e8d-4bfb-9e9c-08806fb9501c req-0f72367f-edbe-423b-9f78-8ef3ed73c3b6 service placement] found 2 providers with available 1024 MEMORY_MB {{(pid=88023) get_provider_ids_matching /opt/stack/placement/placement/objects/research_context.py:549}}
Jan 28 09:52:11.515601 n-d-825178-2 devstack@placement-api.service[88023]: DEBUG placement.objects.research_context [req-0e6bd58e-6e8d-4bfb-9e9c-08806fb9501c req-0f72367f-edbe-423b-9f78-8ef3ed73c3b6 service placement] found 2 providers after filtering by previous result {{(pid=88023) get_provider_ids_matching /opt/stack/placement/placement/objects/research_context.py:580}}
Jan 28 09:52:11.516008 n-d-825178-2 devstack@placement-api.service[88023]: DEBUG placement.objects.research_context [req-0e6bd58e-6e8d-4bfb-9e9c-08806fb9501c req-0f72367f-edbe-423b-9f78-8ef3ed73c3b6 service placement] found 2 providers with available 1 VCPU {{(pid=88023) get_provider_ids_matching /opt/stack/placement/placement/objects/research_context.py:549}}
Jan 28 09:52:11.516417 n-d-825178-2 devstack@placement-api.service[88023]: DEBUG placement.objects.research_context [req-0e6bd58e-6e8d-4bfb-9e9c-08806fb9501c req-0f72367f-edbe-423b-9f78-8ef3ed73c3b6 service placement] found 2 providers after filtering by previous result {{(pid=88023) get_provider_ids_matching /opt/stack/placement/placement/objects/research_context.py:580}}
Jan 28 09:52:11.529222 n-d-825178-2 devstack@placement-api.service[88023]: DEBUG placement.objects.allocation_candidate [req-0e6bd58e-6e8d-4bfb-9e9c-08806fb9501c req-0f72367f-edbe-423b-9f78-8ef3ed73c3b6 service placement] RequestGroup(use_same_provider=False, resources={DISK_GB:1, MEMORY_MB:1024, VCPU:1}, traits=[], aggregates=[]) (suffix '') returned 2 matches {{(pid=88023) _get_by_requests /opt/stack/placement/placement/objects/allocation_candidate.py:145}}
Jan 28 09:52:11.529592 n-d-825178-2 devstack@placement-api.service[88023]: DEBUG placement.objects.allocation_candidate [req-0e6bd58e-6e8d-4bfb-9e9c-08806fb9501c req-0f72367f-edbe-423b-9f78-8ef3ed73c3b6 service placement] Merging candidates yields 2 allocation requests and 2 provider summaries {{(pid=88023) _merge_candidates /opt/stack/placement/placement/objects/allocation_candidate.py:783}}
Jan 28 09:52:11.531223 n-d-825178-2 devstack@placement-api.service[88023]: INFO placement.requestlog [req-0e6bd58e-6e8d-4bfb-9e9c-08806fb9501c req-0f72367f-edbe-423b-9f78-8ef3ed73c3b6 service placement] 10.222.0.42 "GET /placement/allocation_candidates?limit=1000&resources=DISK_GB%3A1%2CMEMORY_MB%3A1024%2CVCPU%3A1&root_required=%21COMPUTE_STATUS_DISABLED" status: 200 len: 1309 microversion: 1.35
Jan 28 09:52:11.531976 n-d-825178-2 devstack@placement-api.service[88023]: [pid: 88023|app: 0|req: 382/767] 10.222.0.42 () {60 vars in 1506 bytes} [Fri Jan 28 09:52:11 2022] GET /placement/allocation_candidates?limit=1000&resources=DISK_GB%3A1%2CMEMORY_MB%3A1024%2CVCPU%3A1&root_required=%21COMPUTE_STATUS_DISABLED => generated 1309 bytes in 108 msecs (HTTP/1.1 200) 8 headers in 297 bytes (1 switches on core 0)
Jan 28 09:52:11.651532 n-d-825178-2 devstack@placement-api.service[88022]: DEBUG placement.requestlog [req-0e6bd58e-6e8d-4bfb-9e9c-08806fb9501c req-e9331419-28f8-4ec6-8151-bb1813318fb7 None None] Starting request: 10.222.0.42 "GET /placement/allocations/c8ef4d8e-a47d-434e-81f7-5bd3944c08d1" {{(pid=88022) __call__ /opt/stack/placement/placement/requestlog.py:55}}
Jan 28 09:52:11.671215 n-d-825178-2 devstack@placement-api.service[88022]: INFO placement.requestlog [req-0e6bd58e-6e8d-4bfb-9e9c-08806fb9501c req-e9331419-28f8-4ec6-8151-bb1813318fb7 service placement] 10.222.0.42 "GET /placement/allocations/c8ef4d8e-a47d-434e-81f7-5bd3944c08d1" status: 200 len: 19 microversion: 1.28
Jan 28 09:52:11.671704 n-d-825178-2 devstack@placement-api.service[88022]: [pid: 88022|app: 0|req: 386/768] 10.222.0.42 () {60 vars in 1380 bytes} [Fri Jan 28 09:52:11 2022] GET /placement/allocations/c8ef4d8e-a47d-434e-81f7-5bd3944c08d1 => generated 19 bytes in 20 msecs (HTTP/1.1 200) 8 headers in 295 bytes (1 switches on core 0)
Jan 28 09:52:11.676853 n-d-825178-2 devstack@placement-api.service[88023]: DEBUG placement.requestlog [req-0e6bd58e-6e8d-4bfb-9e9c-08806fb9501c req-b9fa9653-cdb4-4ffa-b3ab-07244f3b5402 None None] Starting request: 10.222.0.42 "PUT /placement/allocations/c8ef4d8e-a47d-434e-81f7-5bd3944c08d1" {{(pid=88023) __call__ /opt/stack/placement/placement/requestlog.py:55}}
Jan 28 09:52:11.798304 n-d-825178-2 devstack@placement-api.service[88023]: DEBUG placement.handlers.allocation [req-0e6bd58e-6e8d-4bfb-9e9c-08806fb9501c req-b9fa9653-cdb4-4ffa-b3ab-07244f3b5402 service placement] Successfully wrote allocations [, , ] {{(pid=88023) _create_allocations /opt/stack/placement/placement/handlers/allocation.py:435}}
Jan 28 09:52:11.798808 n-d-825178-2 devstack@placement-api.service[88023]: INFO placement.requestlog [req-0e6bd58e-6e8d-4bfb-9e9c-08806fb9501c req-b9fa9653-cdb4-4ffa-b3ab-07244f3b5402 service placement] 10.222.0.42 "PUT /placement/allocations/c8ef4d8e-a47d-434e-81f7-5bd3944c08d1" status: 204 len: 0 microversion: 1.35
Jan 28 09:52:11.799501 n-d-825178-2 devstack@placement-api.service[88023]: [pid: 88023|app: 0|req: 383/769] 10.222.0.42 () {64 vars in 1433 bytes} [Fri Jan 28 09:52:11 2022] PUT /placement/allocations/c8ef4d8e-a47d-434e-81f7-5bd3944c08d1 => generated 0 bytes in 123 msecs (HTTP/1.1 204) 5 headers in 199 bytes (1 switches on core 0)
Jan 28 09:52:12.451092 n-d-825178-2 devstack@placement-api.service[88022]: DEBUG placement.requestlog [req-0e6bd58e-6e8d-4bfb-9e9c-08806fb9501c req-6cd5bb55-d957-44fd-9dca-9abff5d1023a None None] Starting request: 10.222.0.25 "GET /placement/allocations/c8ef4d8e-a47d-434e-81f7-5bd3944c08d1" {{(pid=88022) __call__ /opt/stack/placement/placement/requestlog.py:55}}
Jan 28 09:52:12.471978 n-d-825178-2 devstack@placement-api.service[88022]: INFO placement.requestlog [req-0e6bd58e-6e8d-4bfb-9e9c-08806fb9501c req-6cd5bb55-d957-44fd-9dca-9abff5d1023a service placement] 10.222.0.25 "GET /placement/allocations/c8ef4d8e-a47d-434e-81f7-5bd3944c08d1" status: 200 len: 260 microversion: 1.28
Jan 28 09:52:12.472419 n-d-825178-2 devstack@placement-api.service[88022]: [pid: 88022|app: 0|req: 387/770] 10.222.0.25 () {60 vars in 1377 bytes} [Fri Jan 28 09:52:12 2022] GET /placement/allocations/c8ef4d8e-a47d-434e-81f7-5bd3944c08d1 => generated 260 bytes in 22 msecs (HTTP/1.1 200) 8 headers in 296 bytes (1 switches on core 0)
Jan 28 09:52:22.441097 n-d-825178-2 devstack@placement-api.service[88023]: DEBUG placement.requestlog [req-17eadec6-8644-45e9-99a3-bb042f82acca req-a40fbece-606e-40ab-b6bc-cc3da03b35f9 None None] Starting request: 10.222.0.43 "GET /placement/allocations/dde1628c-fd5d-4921-9a22-34dbe0b7932f" {{(pid=88023) __call__ /opt/stack/placement/placement/requestlog.py:55}}
Jan 28 09:52:22.467010 n-d-825178-2 devstack@placement-api.service[88023]: INFO placement.requestlog [req-17eadec6-8644-45e9-99a3-bb042f82acca req-a40fbece-606e-40ab-b6bc-cc3da03b35f9 service placement] 10.222.0.43 "GET /placement/allocations/dde1628c-fd5d-4921-9a22-34dbe0b7932f" status: 200 len: 260 microversion: 1.28
Jan 28 09:52:22.467590 n-d-825178-2 devstack@placement-api.service[88023]: [pid: 88023|app: 0|req: 384/771] 10.222.0.43 () {60 vars in 1377 bytes} [Fri Jan 28 09:52:22 2022] GET /placement/allocations/dde1628c-fd5d-4921-9a22-34dbe0b7932f => generated 260 bytes in 27 msecs (HTTP/1.1 200) 8 headers in 296 bytes (1 switches on core 0)
Jan 28 09:52:22.473700 n-d-825178-2 devstack@placement-api.service[88022]: DEBUG placement.requestlog [req-17eadec6-8644-45e9-99a3-bb042f82acca req-e5ac653a-be78-44d3-9875-a25ae8766313 None None] Starting request: 10.222.0.43 "PUT /placement/allocations/dde1628c-fd5d-4921-9a22-34dbe0b7932f" {{(pid=88022) __call__ /opt/stack/placement/placement/requestlog.py:55}}
Jan 28 09:52:22.564061 n-d-825178-2 devstack@placement-api.service[88022]: DEBUG placement.handlers.allocation [req-17eadec6-8644-45e9-99a3-bb042f82acca req-e5ac653a-be78-44d3-9875-a25ae8766313 service placement] Successfully wrote allocations [, , ] {{(pid=88022) _create_allocations /opt/stack/placement/placement/handlers/allocation.py:435}}
Jan 28 09:52:22.564777 n-d-825178-2 devstack@placement-api.service[88022]: INFO placement.requestlog [req-17eadec6-8644-45e9-99a3-bb042f82acca req-e5ac653a-be78-44d3-9875-a25ae8766313 service placement] 10.222.0.43 "PUT /placement/allocations/dde1628c-fd5d-4921-9a22-34dbe0b7932f" status: 204 len: 0 microversion: 1.28
Jan 28 09:52:22.565176 n-d-825178-2 devstack@placement-api.service[88022]: [pid: 88022|app: 0|req: 388/772] 10.222.0.43 () {64 vars in 1430 bytes} [Fri Jan 28 09:52:22 2022] PUT /placement/allocations/dde1628c-fd5d-4921-9a22-34dbe0b7932f => generated 0 bytes in 92 msecs (HTTP/1.1 204) 5 headers in 199 bytes (1 switches on core 0)
Jan 28 09:52:29.793068 n-d-825178-2 devstack@placement-api.service[88023]: DEBUG placement.requestlog [req-b0a3094f-c958-460c-b3b6-ed931d61b62c req-11fb5684-e806-402a-9b01-92c03522f665 None None] Starting request: 10.222.0.25 "GET /placement/allocations/67bf8874-c7f8-4f13-8cd7-8982a5be9bfb" {{(pid=88023) __call__ /opt/stack/placement/placement/requestlog.py:55}}
Jan 28 09:52:29.817581 n-d-825178-2 devstack@placement-api.service[88023]: INFO placement.requestlog [req-b0a3094f-c958-460c-b3b6-ed931d61b62c req-11fb5684-e806-402a-9b01-92c03522f665 service placement] 10.222.0.25 "GET /placement/allocations/67bf8874-c7f8-4f13-8cd7-8982a5be9bfb" status: 200 len: 260 microversion: 1.28
Jan 28 09:52:29.818830 n-d-825178-2 devstack@placement-api.service[88023]: [pid: 88023|app: 0|req: 385/773] 10.222.0.25 () {60 vars in 1377 bytes} [Fri Jan 28 09:52:29 2022] GET /placement/allocations/67bf8874-c7f8-4f13-8cd7-8982a5be9bfb => generated 260 bytes in 26 msecs (HTTP/1.1 200) 8 headers in 296 bytes (1 switches on core 0)
Jan 28 09:52:29.826032 n-d-825178-2 devstack@placement-api.service[88022]: DEBUG placement.requestlog [req-b0a3094f-c958-460c-b3b6-ed931d61b62c req-5bc74594-c220-4e45-b5b8-2f69777500fb None None] Starting request: 10.222.0.25 "PUT /placement/allocations/67bf8874-c7f8-4f13-8cd7-8982a5be9bfb" {{(pid=88022) __call__ /opt/stack/placement/placement/requestlog.py:55}}
Jan 28 09:52:29.928760 n-d-825178-2 devstack@placement-api.service[88022]: DEBUG placement.handlers.allocation [req-b0a3094f-c958-460c-b3b6-ed931d61b62c req-5bc74594-c220-4e45-b5b8-2f69777500fb service placement] Successfully wrote allocations [, , ] {{(pid=88022) _create_allocations /opt/stack/placement/placement/handlers/allocation.py:435}}
Jan 28 09:52:29.929606 n-d-825178-2 devstack@placement-api.service[88022]: INFO placement.requestlog [req-b0a3094f-c958-460c-b3b6-ed931d61b62c req-5bc74594-c220-4e45-b5b8-2f69777500fb service placement] 10.222.0.25 "PUT /placement/allocations/67bf8874-c7f8-4f13-8cd7-8982a5be9bfb" status: 204 len: 0 microversion: 1.28
Jan 28 09:52:29.930109 n-d-825178-2 devstack@placement-api.service[88022]: [pid: 88022|app: 0|req: 389/774] 10.222.0.25 () {64 vars in 1430 bytes} [Fri Jan 28 09:52:29 2022] PUT /placement/allocations/67bf8874-c7f8-4f13-8cd7-8982a5be9bfb => generated 0 bytes in 104 msecs (HTTP/1.1 204) 5 headers in 199 bytes (1 switches on core 0)
Jan 28 09:52:31.201708 n-d-825178-2 devstack@placement-api.service[88023]: DEBUG placement.requestlog [req-e17cd3f9-0b42-4356-bb8d-3422492f84d4 req-eca01f37-7240-4f17-bd81-08157a55ddc1 None None] Starting request: 10.222.0.43 "GET /placement/resource_providers/997bb1f9-866f-445d-999a-4b795da94d2e/allocations" {{(pid=88023) __call__ /opt/stack/placement/placement/requestlog.py:55}}
Jan 28 09:52:31.237966 n-d-825178-2 devstack@placement-api.service[88023]: INFO placement.requestlog [req-e17cd3f9-0b42-4356-bb8d-3422492f84d4 req-eca01f37-7240-4f17-bd81-08157a55ddc1 service placement] 10.222.0.43 "GET /placement/resource_providers/997bb1f9-866f-445d-999a-4b795da94d2e/allocations" status: 200 len: 141 microversion: 1.0
Jan 28 09:52:31.239874 n-d-825178-2 devstack@placement-api.service[88023]: [pid: 88023|app: 0|req: 386/775] 10.222.0.43 () {58 vars in 1390 bytes} [Fri Jan 28 09:52:31 2022] GET /placement/resource_providers/997bb1f9-866f-445d-999a-4b795da94d2e/allocations => generated 141 bytes in 39 msecs (HTTP/1.1 200) 6 headers in 224 bytes (1 switches on core 0)
Jan 28 09:52:34.338530 n-d-825178-2 devstack@placement-api.service[88022]: DEBUG placement.requestlog [req-bf6f3866-f261-4d5b-9a71-2ce1b23f8c11 req-f1e027c6-920b-41d0-9024-6158ca1b0902 None None] Starting request: 10.222.0.25 "GET /placement/resource_providers/55cfd6d1-811a-4b21-be74-c66c490bb962/allocations" {{(pid=88022) __call__ /opt/stack/placement/placement/requestlog.py:55}}
Jan 28 09:52:34.385004 n-d-825178-2 devstack@placement-api.service[88022]: INFO placement.requestlog [req-bf6f3866-f261-4d5b-9a71-2ce1b23f8c11 req-f1e027c6-920b-41d0-9024-6158ca1b0902 service placement] 10.222.0.25 "GET /placement/resource_providers/55cfd6d1-811a-4b21-be74-c66c490bb962/allocations" status: 200 len: 242 microversion: 1.0
Jan 28 09:52:34.387755 n-d-825178-2 devstack@placement-api.service[88022]: [pid: 88022|app: 0|req: 390/776] 10.222.0.25 () {58 vars in 1390 bytes} [Fri Jan 28 09:52:34 2022] GET /placement/resource_providers/55cfd6d1-811a-4b21-be74-c66c490bb962/allocations => generated 242 bytes in 49 msecs (HTTP/1.1 200) 6 headers in 224 bytes (1 switches on core 0)
Jan 28 09:52:41.964118 n-d-825178-2 devstack@placement-api.service[88023]: DEBUG placement.requestlog [req-ebc904b2-2801-41d1-a4d1-b47094db2b6f req-774b92f9-2fb9-448f-a558-f2f22fda9cf8 None None] Starting request: 10.222.0.25 "GET /placement/allocations/c8ef4d8e-a47d-434e-81f7-5bd3944c08d1" {{(pid=88023) __call__ /opt/stack/placement/placement/requestlog.py:55}}
Jan 28 09:52:41.991313 n-d-825178-2 devstack@placement-api.service[88023]: INFO placement.requestlog [req-ebc904b2-2801-41d1-a4d1-b47094db2b6f req-774b92f9-2fb9-448f-a558-f2f22fda9cf8 service placement] 10.222.0.25 "GET /placement/allocations/c8ef4d8e-a47d-434e-81f7-5bd3944c08d1" status: 200 len: 260 microversion: 1.28
Jan 28 09:52:41.991313 n-d-825178-2 devstack@placement-api.service[88023]: [pid: 88023|app: 0|req: 387/777] 10.222.0.25 () {60 vars in 1377 bytes} [Fri Jan 28 09:52:41 2022] GET /placement/allocations/c8ef4d8e-a47d-434e-81f7-5bd3944c08d1 => generated 260 bytes in 28 msecs (HTTP/1.1 200) 8 headers in 296 bytes (1 switches on core 0)
Jan 28 09:52:42.010960 n-d-825178-2 devstack@placement-api.service[88022]: DEBUG placement.requestlog [req-ebc904b2-2801-41d1-a4d1-b47094db2b6f req-c5462b80-ac80-414f-b4ad-609bb6b26a1e None None] Starting request: 10.222.0.25 "PUT /placement/allocations/c8ef4d8e-a47d-434e-81f7-5bd3944c08d1" {{(pid=88022) __call__ /opt/stack/placement/placement/requestlog.py:55}}
Jan 28 09:52:42.106304 n-d-825178-2 devstack@placement-api.service[88022]: DEBUG placement.handlers.allocation [req-ebc904b2-2801-41d1-a4d1-b47094db2b6f req-c5462b80-ac80-414f-b4ad-609bb6b26a1e service placement] Successfully wrote allocations [, , ] {{(pid=88022) _create_allocations /opt/stack/placement/placement/handlers/allocation.py:435}}
Jan 28 09:52:42.107094 n-d-825178-2 devstack@placement-api.service[88022]: INFO placement.requestlog [req-ebc904b2-2801-41d1-a4d1-b47094db2b6f req-c5462b80-ac80-414f-b4ad-609bb6b26a1e service placement] 10.222.0.25 "PUT /placement/allocations/c8ef4d8e-a47d-434e-81f7-5bd3944c08d1" status: 204 len: 0 microversion: 1.28
Jan 28 09:52:42.107838 n-d-825178-2 devstack@placement-api.service[88022]: [pid: 88022|app: 0|req: 391/778] 10.222.0.25 () {64 vars in 1430 bytes} [Fri Jan 28 09:52:42 2022] PUT /placement/allocations/c8ef4d8e-a47d-434e-81f7-5bd3944c08d1 => generated 0 bytes in 97 msecs (HTTP/1.1 204) 5 headers in 199 bytes (1 switches on core 0)
Jan 28 09:52:58.628421 n-d-825178-2 devstack@placement-api.service[88023]: DEBUG placement.requestlog [req-387d4749-1a7e-41f8-99b9-9fc3001de4a8 req-423a9970-3f04-4603-b4bf-f5f48763f672 None None] Starting request: 10.222.0.42 "GET /placement/allocation_candidates?limit=1000&resources=DISK_GB%3A1%2CMEMORY_MB%3A1024%2CVCPU%3A1&root_required=%21COMPUTE_STATUS_DISABLED" {{(pid=88023) __call__ /opt/stack/placement/placement/requestlog.py:55}}
Jan 28 09:52:58.691269 n-d-825178-2 devstack@placement-api.service[88023]: DEBUG placement.objects.research_context [req-387d4749-1a7e-41f8-99b9-9fc3001de4a8 req-423a9970-3f04-4603-b4bf-f5f48763f672 service placement] getting providers with 1 DISK_GB {{(pid=88023) __init__ /opt/stack/placement/placement/objects/research_context.py:126}}
Jan 28 09:52:58.711034 n-d-825178-2 devstack@placement-api.service[88023]: DEBUG placement.objects.research_context [req-387d4749-1a7e-41f8-99b9-9fc3001de4a8 req-423a9970-3f04-4603-b4bf-f5f48763f672 service placement] getting providers with 1024 MEMORY_MB {{(pid=88023) __init__ /opt/stack/placement/placement/objects/research_context.py:126}}
Jan 28 09:52:58.735554 n-d-825178-2 devstack@placement-api.service[88023]: DEBUG placement.objects.research_context [req-387d4749-1a7e-41f8-99b9-9fc3001de4a8 req-423a9970-3f04-4603-b4bf-f5f48763f672 service placement] getting providers with 1 VCPU {{(pid=88023) __init__ /opt/stack/placement/placement/objects/research_context.py:126}}
Jan 28 09:52:58.763218 n-d-825178-2 devstack@placement-api.service[88023]: DEBUG placement.objects.research_context [req-387d4749-1a7e-41f8-99b9-9fc3001de4a8 req-423a9970-3f04-4603-b4bf-f5f48763f672 service placement] found 2 providers with available 1 DISK_GB {{(pid=88023) get_provider_ids_matching /opt/stack/placement/placement/objects/research_context.py:549}}
Jan 28 09:52:58.765275 n-d-825178-2 devstack@placement-api.service[88023]: DEBUG placement.objects.research_context [req-387d4749-1a7e-41f8-99b9-9fc3001de4a8 req-423a9970-3f04-4603-b4bf-f5f48763f672 service placement] found 2 providers with available 1024 MEMORY_MB {{(pid=88023) get_provider_ids_matching /opt/stack/placement/placement/objects/research_context.py:549}}
Jan 28 09:52:58.767082 n-d-825178-2 devstack@placement-api.service[88023]: DEBUG placement.objects.research_context [req-387d4749-1a7e-41f8-99b9-9fc3001de4a8 req-423a9970-3f04-4603-b4bf-f5f48763f672 service placement] found 2 providers after filtering by previous result {{(pid=88023) get_provider_ids_matching /opt/stack/placement/placement/objects/research_context.py:580}}
Jan 28 09:52:58.767355 n-d-825178-2 devstack@placement-api.service[88023]: DEBUG placement.objects.research_context [req-387d4749-1a7e-41f8-99b9-9fc3001de4a8 req-423a9970-3f04-4603-b4bf-f5f48763f672 service placement] found 2 providers with available 1 VCPU {{(pid=88023) get_provider_ids_matching /opt/stack/placement/placement/objects/research_context.py:549}}
Jan 28 09:52:58.767809 n-d-825178-2 devstack@placement-api.service[88023]: DEBUG placement.objects.research_context [req-387d4749-1a7e-41f8-99b9-9fc3001de4a8 req-423a9970-3f04-4603-b4bf-f5f48763f672 service placement] found 2 providers after filtering by previous result {{(pid=88023) get_provider_ids_matching /opt/stack/placement/placement/objects/research_context.py:580}}
Jan 28 09:52:58.843720 n-d-825178-2 devstack@placement-api.service[88023]: DEBUG placement.objects.allocation_candidate [req-387d4749-1a7e-41f8-99b9-9fc3001de4a8 req-423a9970-3f04-4603-b4bf-f5f48763f672 service placement] RequestGroup(use_same_provider=False, resources={DISK_GB:1, MEMORY_MB:1024, VCPU:1}, traits=[], aggregates=[]) (suffix '') returned 2 matches {{(pid=88023) _get_by_requests /opt/stack/placement/placement/objects/allocation_candidate.py:145}}
Jan 28 09:52:58.844096 n-d-825178-2 devstack@placement-api.service[88023]: DEBUG placement.objects.allocation_candidate [req-387d4749-1a7e-41f8-99b9-9fc3001de4a8 req-423a9970-3f04-4603-b4bf-f5f48763f672 service placement] Merging candidates yields 2 allocation requests and 2 provider summaries {{(pid=88023) _merge_candidates /opt/stack/placement/placement/objects/allocation_candidate.py:783}}
Jan 28 09:52:58.850135 n-d-825178-2 devstack@placement-api.service[88023]: INFO placement.requestlog [req-387d4749-1a7e-41f8-99b9-9fc3001de4a8 req-423a9970-3f04-4603-b4bf-f5f48763f672 service placement] 10.222.0.42 "GET /placement/allocation_candidates?limit=1000&resources=DISK_GB%3A1%2CMEMORY_MB%3A1024%2CVCPU%3A1&root_required=%21COMPUTE_STATUS_DISABLED" status: 200 len: 1309 microversion: 1.35
Jan 28 09:52:58.850380 n-d-825178-2 devstack@placement-api.service[88023]: [pid: 88023|app: 0|req: 388/779] 10.222.0.42 () {60 vars in 1506 bytes} [Fri Jan 28 09:52:58 2022] GET /placement/allocation_candidates?limit=1000&resources=DISK_GB%3A1%2CMEMORY_MB%3A1024%2CVCPU%3A1&root_required=%21COMPUTE_STATUS_DISABLED => generated 1309 bytes in 222 msecs (HTTP/1.1 200) 8 headers in 297 bytes (1 switches on core 0)
Jan 28 09:52:58.937019 n-d-825178-2 devstack@placement-api.service[88022]: DEBUG placement.requestlog [req-387d4749-1a7e-41f8-99b9-9fc3001de4a8 req-ae2f4f48-b9e9-448f-b801-0b8ed7214f6c None None] Starting request: 10.222.0.42 "GET /placement/allocations/2d702a0b-4c06-4593-99ba-7667af5f68b1" {{(pid=88022) __call__ /opt/stack/placement/placement/requestlog.py:55}}
Jan 28 09:52:58.951349 n-d-825178-2 devstack@placement-api.service[88022]: INFO placement.requestlog [req-387d4749-1a7e-41f8-99b9-9fc3001de4a8 req-ae2f4f48-b9e9-448f-b801-0b8ed7214f6c service placement] 10.222.0.42 "GET /placement/allocations/2d702a0b-4c06-4593-99ba-7667af5f68b1" status: 200 len: 19 microversion: 1.28
Jan 28 09:52:58.953497 n-d-825178-2 devstack@placement-api.service[88022]: [pid: 88022|app: 0|req: 392/780] 10.222.0.42 () {60 vars in 1380 bytes} [Fri Jan 28 09:52:58 2022] GET /placement/allocations/2d702a0b-4c06-4593-99ba-7667af5f68b1 => generated 19 bytes in 17 msecs (HTTP/1.1 200) 8 headers in 295 bytes (1 switches on core 0)
Jan 28 09:52:58.960980 n-d-825178-2 devstack@placement-api.service[88023]: DEBUG placement.requestlog [req-387d4749-1a7e-41f8-99b9-9fc3001de4a8 req-27e3c0f5-cdec-4289-9238-f2288d6f9102 None None] Starting request: 10.222.0.42 "PUT /placement/allocations/2d702a0b-4c06-4593-99ba-7667af5f68b1" {{(pid=88023) __call__ /opt/stack/placement/placement/requestlog.py:55}}
Jan 28 09:52:59.127712 n-d-825178-2 devstack@placement-api.service[88023]: DEBUG placement.handlers.allocation [req-387d4749-1a7e-41f8-99b9-9fc3001de4a8 req-27e3c0f5-cdec-4289-9238-f2288d6f9102 service placement] Successfully wrote allocations [, , ] {{(pid=88023) _create_allocations /opt/stack/placement/placement/handlers/allocation.py:435}}
Jan 28 09:52:59.128559 n-d-825178-2 devstack@placement-api.service[88023]: INFO placement.requestlog [req-387d4749-1a7e-41f8-99b9-9fc3001de4a8 req-27e3c0f5-cdec-4289-9238-f2288d6f9102 service placement] 10.222.0.42 "PUT /placement/allocations/2d702a0b-4c06-4593-99ba-7667af5f68b1" status: 204 len: 0 microversion: 1.35
Jan 28 09:52:59.138697 n-d-825178-2 devstack@placement-api.service[88023]: [pid: 88023|app: 0|req: 389/781] 10.222.0.42 () {64 vars in 1433 bytes} [Fri Jan 28 09:52:58 2022] PUT /placement/allocations/2d702a0b-4c06-4593-99ba-7667af5f68b1 => generated 0 bytes in 169 msecs (HTTP/1.1 204) 5 headers in 199 bytes (1 switches on core 0)
Jan 28 09:52:59.740426 n-d-825178-2 devstack@placement-api.service[88022]: DEBUG placement.requestlog [req-387d4749-1a7e-41f8-99b9-9fc3001de4a8 req-d92c68df-00fb-42bc-877a-91379b7a6db2 None None] Starting request: 10.222.0.43 "GET /placement/allocations/2d702a0b-4c06-4593-99ba-7667af5f68b1" {{(pid=88022) __call__ /opt/stack/placement/placement/requestlog.py:55}}
Jan 28 09:53:00.129830 n-d-825178-2 devstack@placement-api.service[88022]: INFO placement.requestlog [req-387d4749-1a7e-41f8-99b9-9fc3001de4a8 req-d92c68df-00fb-42bc-877a-91379b7a6db2 service placement] 10.222.0.43 "GET /placement/allocations/2d702a0b-4c06-4593-99ba-7667af5f68b1" status: 200 len: 260 microversion: 1.28
Jan 28 09:53:00.132561 n-d-825178-2 devstack@placement-api.service[88022]: [pid: 88022|app: 0|req: 393/782] 10.222.0.43 () {60 vars in 1377 bytes} [Fri Jan 28 09:52:59 2022] GET /placement/allocations/2d702a0b-4c06-4593-99ba-7667af5f68b1 => generated 260 bytes in 393 msecs (HTTP/1.1 200) 8 headers in 296 bytes (1 switches on core 0)
Jan 28 09:53:00.292775 n-d-825178-2 devstack@placement-api.service[88023]: DEBUG placement.requestlog [req-fc264521-75e2-4d74-80e4-e0c17404d7c5 req-06d4459e-0be5-448c-97ab-05a0a7aca005 None None] Starting request: 10.222.0.42 "GET /placement/allocation_candidates?limit=1000&resources=DISK_GB%3A1%2CMEMORY_MB%3A1024%2CVCPU%3A1&root_required=%21COMPUTE_STATUS_DISABLED" {{(pid=88023) __call__ /opt/stack/placement/placement/requestlog.py:55}}
Jan 28 09:53:00.439550 n-d-825178-2 devstack@placement-api.service[88023]: DEBUG placement.objects.research_context [req-fc264521-75e2-4d74-80e4-e0c17404d7c5 req-06d4459e-0be5-448c-97ab-05a0a7aca005 service placement] getting providers with 1 DISK_GB {{(pid=88023) __init__ /opt/stack/placement/placement/objects/research_context.py:126}}
Jan 28 09:53:00.477879 n-d-825178-2 devstack@placement-api.service[88023]: DEBUG placement.objects.research_context [req-fc264521-75e2-4d74-80e4-e0c17404d7c5 req-06d4459e-0be5-448c-97ab-05a0a7aca005 service placement] getting providers with 1024 MEMORY_MB {{(pid=88023) __init__ /opt/stack/placement/placement/objects/research_context.py:126}}
Jan 28 09:53:00.498787 n-d-825178-2 devstack@placement-api.service[88022]: DEBUG placement.requestlog [req-387d4749-1a7e-41f8-99b9-9fc3001de4a8 req-b40605b2-2ad6-4d64-92a1-48be672b7e64 None None] Starting request: 10.222.0.43 "GET /placement/resource_providers?in_tree=997bb1f9-866f-445d-999a-4b795da94d2e" {{(pid=88022) __call__ /opt/stack/placement/placement/requestlog.py:55}}
Jan 28 09:53:00.500985 n-d-825178-2 devstack@placement-api.service[88023]: DEBUG placement.objects.research_context [req-fc264521-75e2-4d74-80e4-e0c17404d7c5 req-06d4459e-0be5-448c-97ab-05a0a7aca005 service placement] getting providers with 1 VCPU {{(pid=88023) __init__ /opt/stack/placement/placement/objects/research_context.py:126}}
Jan 28 09:53:00.531099 n-d-825178-2 devstack@placement-api.service[88023]: DEBUG placement.objects.research_context [req-fc264521-75e2-4d74-80e4-e0c17404d7c5 req-06d4459e-0be5-448c-97ab-05a0a7aca005 service placement] found 2 providers with available 1 DISK_GB {{(pid=88023) get_provider_ids_matching /opt/stack/placement/placement/objects/research_context.py:549}}
Jan 28 09:53:00.531353 n-d-825178-2 devstack@placement-api.service[88023]: DEBUG placement.objects.research_context [req-fc264521-75e2-4d74-80e4-e0c17404d7c5 req-06d4459e-0be5-448c-97ab-05a0a7aca005 service placement] found 2 providers with available 1024 MEMORY_MB {{(pid=88023) get_provider_ids_matching /opt/stack/placement/placement/objects/research_context.py:549}}
Jan 28 09:53:00.531627 n-d-825178-2 devstack@placement-api.service[88023]: DEBUG placement.objects.research_context [req-fc264521-75e2-4d74-80e4-e0c17404d7c5 req-06d4459e-0be5-448c-97ab-05a0a7aca005 service placement] found 2 providers after filtering by previous result {{(pid=88023) get_provider_ids_matching /opt/stack/placement/placement/objects/research_context.py:580}}
Jan 28 09:53:00.531883 n-d-825178-2 devstack@placement-api.service[88023]: DEBUG placement.objects.research_context [req-fc264521-75e2-4d74-80e4-e0c17404d7c5 req-06d4459e-0be5-448c-97ab-05a0a7aca005 service placement] found 2 providers with available 1 VCPU {{(pid=88023) get_provider_ids_matching /opt/stack/placement/placement/objects/research_context.py:549}}
Jan 28 09:53:00.532142 n-d-825178-2 devstack@placement-api.service[88023]: DEBUG placement.objects.research_context [req-fc264521-75e2-4d74-80e4-e0c17404d7c5 req-06d4459e-0be5-448c-97ab-05a0a7aca005 service placement] found 2 providers after filtering by previous result {{(pid=88023) get_provider_ids_matching /opt/stack/placement/placement/objects/research_context.py:580}}
Jan 28 09:53:00.587026 n-d-825178-2 devstack@placement-api.service[88022]: INFO placement.requestlog [req-387d4749-1a7e-41f8-99b9-9fc3001de4a8 req-b40605b2-2ad6-4d64-92a1-48be672b7e64 service placement] 10.222.0.43 "GET /placement/resource_providers?in_tree=997bb1f9-866f-445d-999a-4b795da94d2e" status: 200 len: 864 microversion: 1.14
Jan 28 09:53:00.587267 n-d-825178-2 devstack@placement-api.service[88022]: [pid: 88022|app: 0|req: 394/783] 10.222.0.43 () {60 vars in 1376 bytes} [Fri Jan 28 09:53:00 2022] GET /placement/resource_providers?in_tree=997bb1f9-866f-445d-999a-4b795da94d2e => generated 864 bytes in 90 msecs (HTTP/1.1 200) 6 headers in 225 bytes (1 switches on core 0)
Jan 28 09:53:00.596824 n-d-825178-2 devstack@placement-api.service[88022]: DEBUG placement.requestlog [req-387d4749-1a7e-41f8-99b9-9fc3001de4a8 req-f4e15c04-e807-4a55-ba74-a4c4adacea28 None None] Starting request: 10.222.0.43 "GET /placement/resource_providers/997bb1f9-866f-445d-999a-4b795da94d2e/inventories" {{(pid=88022) __call__ /opt/stack/placement/placement/requestlog.py:55}}
Jan 28 09:53:00.603183 n-d-825178-2 devstack@placement-api.service[88023]: DEBUG placement.objects.allocation_candidate [req-fc264521-75e2-4d74-80e4-e0c17404d7c5 req-06d4459e-0be5-448c-97ab-05a0a7aca005 service placement] RequestGroup(use_same_provider=False, resources={DISK_GB:1, MEMORY_MB:1024, VCPU:1}, traits=[], aggregates=[]) (suffix '') returned 2 matches {{(pid=88023) _get_by_requests /opt/stack/placement/placement/objects/allocation_candidate.py:145}}
Jan 28 09:53:00.603588 n-d-825178-2 devstack@placement-api.service[88023]: DEBUG placement.objects.allocation_candidate [req-fc264521-75e2-4d74-80e4-e0c17404d7c5 req-06d4459e-0be5-448c-97ab-05a0a7aca005 service placement] Merging candidates yields 2 allocation requests and 2 provider summaries {{(pid=88023) _merge_candidates /opt/stack/placement/placement/objects/allocation_candidate.py:783}}
Jan 28 09:53:00.606277 n-d-825178-2 devstack@placement-api.service[88023]: INFO placement.requestlog [req-fc264521-75e2-4d74-80e4-e0c17404d7c5 req-06d4459e-0be5-448c-97ab-05a0a7aca005 service placement] 10.222.0.42 "GET /placement/allocation_candidates?limit=1000&resources=DISK_GB%3A1%2CMEMORY_MB%3A1024%2CVCPU%3A1&root_required=%21COMPUTE_STATUS_DISABLED" status: 200 len: 1309 microversion: 1.35
Jan 28 09:53:00.618850 n-d-825178-2 devstack@placement-api.service[88023]: [pid: 88023|app: 0|req: 390/784] 10.222.0.42 () {60 vars in 1506 bytes} [Fri Jan 28 09:53:00 2022] GET /placement/allocation_candidates?limit=1000&resources=DISK_GB%3A1%2CMEMORY_MB%3A1024%2CVCPU%3A1&root_required=%21COMPUTE_STATUS_DISABLED => generated 1309 bytes in 326 msecs (HTTP/1.1 200) 8 headers in 297 bytes (1 switches on core 0)
Jan 28 09:53:00.671683 n-d-825178-2 devstack@placement-api.service[88022]: INFO placement.requestlog [req-387d4749-1a7e-41f8-99b9-9fc3001de4a8 req-f4e15c04-e807-4a55-ba74-a4c4adacea28 service placement] 10.222.0.43 "GET /placement/resource_providers/997bb1f9-866f-445d-999a-4b795da94d2e/inventories" status: 200 len: 399 microversion: 1.0
Jan 28 09:53:00.672080 n-d-825178-2 devstack@placement-api.service[88022]: [pid: 88022|app: 0|req: 395/785] 10.222.0.43 () {58 vars in 1390 bytes} [Fri Jan 28 09:53:00 2022] GET /placement/resource_providers/997bb1f9-866f-445d-999a-4b795da94d2e/inventories => generated 399 bytes in 75 msecs (HTTP/1.1 200) 6 headers in 224 bytes (2 switches on core 0)
Jan 28 09:53:00.679865 n-d-825178-2 devstack@placement-api.service[88023]: DEBUG placement.requestlog [req-387d4749-1a7e-41f8-99b9-9fc3001de4a8 req-250d687a-6258-4c45-9128-910ef7547d8f None None] Starting request: 10.222.0.43 "GET /placement/resource_providers/997bb1f9-866f-445d-999a-4b795da94d2e/aggregates" {{(pid=88023) __call__ /opt/stack/placement/placement/requestlog.py:55}}
Jan 28 09:53:00.701727 n-d-825178-2 devstack@placement-api.service[88023]: INFO placement.requestlog [req-387d4749-1a7e-41f8-99b9-9fc3001de4a8 req-250d687a-6258-4c45-9128-910ef7547d8f service placement] 10.222.0.43 "GET /placement/resource_providers/997bb1f9-866f-445d-999a-4b795da94d2e/aggregates" status: 200 len: 55 microversion: 1.19
Jan 28 09:53:00.701958 n-d-825178-2 devstack@placement-api.service[88023]: [pid: 88023|app: 0|req: 391/786] 10.222.0.43 () {60 vars in 1431 bytes} [Fri Jan 28 09:53:00 2022] GET /placement/resource_providers/997bb1f9-866f-445d-999a-4b795da94d2e/aggregates => generated 55 bytes in 22 msecs (HTTP/1.1 200) 8 headers in 295 bytes (1 switches on core 0)
Jan 28 09:53:00.705821 n-d-825178-2 devstack@placement-api.service[88022]: DEBUG placement.requestlog [req-fc264521-75e2-4d74-80e4-e0c17404d7c5 req-700dbb64-0fd5-4417-a5c4-d95b892ea959 None None] Starting request: 10.222.0.42 "GET /placement/allocations/d4aaa374-2da5-4bbf-b005-a49a6b103a06" {{(pid=88022) __call__ /opt/stack/placement/placement/requestlog.py:55}}
Jan 28 09:53:00.714578 n-d-825178-2 devstack@placement-api.service[88023]: DEBUG placement.requestlog [req-387d4749-1a7e-41f8-99b9-9fc3001de4a8 req-3a6c17a9-0e8b-4cc3-8e49-cee2249a318a None None] Starting request: 10.222.0.43 "GET /placement/resource_providers/997bb1f9-866f-445d-999a-4b795da94d2e/traits" {{(pid=88023) __call__ /opt/stack/placement/placement/requestlog.py:55}}
Jan 28 09:53:00.728030 n-d-825178-2 devstack@placement-api.service[88022]: INFO placement.requestlog [req-fc264521-75e2-4d74-80e4-e0c17404d7c5 req-700dbb64-0fd5-4417-a5c4-d95b892ea959 service placement] 10.222.0.42 "GET /placement/allocations/d4aaa374-2da5-4bbf-b005-a49a6b103a06" status: 200 len: 19 microversion: 1.28
Jan 28 09:53:00.730511 n-d-825178-2 devstack@placement-api.service[88022]: [pid: 88022|app: 0|req: 396/787] 10.222.0.42 () {60 vars in 1380 bytes} [Fri Jan 28 09:53:00 2022] GET /placement/allocations/d4aaa374-2da5-4bbf-b005-a49a6b103a06 => generated 19 bytes in 24 msecs (HTTP/1.1 200) 8 headers in 295 bytes (1 switches on core 0)
Jan 28 09:53:00.735541 n-d-825178-2 devstack@placement-api.service[88022]: DEBUG placement.requestlog [req-fc264521-75e2-4d74-80e4-e0c17404d7c5 req-737ff1ac-3303-4033-abde-f03503444afb None None] Starting request: 10.222.0.42 "PUT /placement/allocations/d4aaa374-2da5-4bbf-b005-a49a6b103a06" {{(pid=88022) __call__ /opt/stack/placement/placement/requestlog.py:55}}
Jan 28 09:53:00.829293 n-d-825178-2 devstack@placement-api.service[88023]: INFO placement.requestlog [req-387d4749-1a7e-41f8-99b9-9fc3001de4a8 req-3a6c17a9-0e8b-4cc3-8e49-cee2249a318a service placement] 10.222.0.43 "GET /placement/resource_providers/997bb1f9-866f-445d-999a-4b795da94d2e/traits" status: 200 len: 213 microversion: 1.6
Jan 28 09:53:00.829293 n-d-825178-2 devstack@placement-api.service[88023]: [pid: 88023|app: 0|req: 392/788] 10.222.0.43 () {60 vars in 1418 bytes} [Fri Jan 28 09:53:00 2022] GET /placement/resource_providers/997bb1f9-866f-445d-999a-4b795da94d2e/traits => generated 213 bytes in 115 msecs (HTTP/1.1 200) 6 headers in 224 bytes (1 switches on core 0)
Jan 28 09:53:01.115926 n-d-825178-2 devstack@placement-api.service[88022]: DEBUG placement.handlers.allocation [req-fc264521-75e2-4d74-80e4-e0c17404d7c5 req-737ff1ac-3303-4033-abde-f03503444afb service placement] Successfully wrote allocations [, , ] {{(pid=88022) _create_allocations /opt/stack/placement/placement/handlers/allocation.py:435}}
Jan 28 09:53:01.117376 n-d-825178-2 devstack@placement-api.service[88022]: INFO placement.requestlog [req-fc264521-75e2-4d74-80e4-e0c17404d7c5 req-737ff1ac-3303-4033-abde-f03503444afb service placement] 10.222.0.42 "PUT /placement/allocations/d4aaa374-2da5-4bbf-b005-a49a6b103a06" status: 204 len: 0 microversion: 1.35
Jan 28 09:53:01.120336 n-d-825178-2 devstack@placement-api.service[88022]: [pid: 88022|app: 0|req: 397/789] 10.222.0.42 () {64 vars in 1433 bytes} [Fri Jan 28 09:53:00 2022] PUT /placement/allocations/d4aaa374-2da5-4bbf-b005-a49a6b103a06 => generated 0 bytes in 383 msecs (HTTP/1.1 204) 5 headers in 199 bytes (1 switches on core 0)
Jan 28 09:53:01.822294 n-d-825178-2 devstack@placement-api.service[88023]: DEBUG placement.requestlog [req-fc264521-75e2-4d74-80e4-e0c17404d7c5 req-09eba922-829a-4d35-9a90-eee26437442b None None] Starting request: 10.222.0.25 "GET /placement/allocations/d4aaa374-2da5-4bbf-b005-a49a6b103a06" {{(pid=88023) __call__ /opt/stack/placement/placement/requestlog.py:55}}
Jan 28 09:53:01.864431 n-d-825178-2 devstack@placement-api.service[88023]: INFO placement.requestlog [req-fc264521-75e2-4d74-80e4-e0c17404d7c5 req-09eba922-829a-4d35-9a90-eee26437442b service placement] 10.222.0.25 "GET /placement/allocations/d4aaa374-2da5-4bbf-b005-a49a6b103a06" status: 200 len: 260 microversion: 1.28
Jan 28 09:53:01.866691 n-d-825178-2 devstack@placement-api.service[88023]: [pid: 88023|app: 0|req: 393/790] 10.222.0.25 () {60 vars in 1377 bytes} [Fri Jan 28 09:53:01 2022] GET /placement/allocations/d4aaa374-2da5-4bbf-b005-a49a6b103a06 => generated 260 bytes in 45 msecs (HTTP/1.1 200) 8 headers in 296 bytes (1 switches on core 0)
Jan 28 09:53:04.290720 n-d-825178-2 devstack@placement-api.service[88022]: DEBUG placement.requestlog [req-90590995-c6f1-460d-a6fa-b8add35c640b req-29893a32-be9a-4e8a-b2f6-38b366510b13 None None] Starting request: 10.222.0.42 "GET /placement/allocation_candidates?limit=1000&resources=DISK_GB%3A1%2CMEMORY_MB%3A1024%2CVCPU%3A1&root_required=%21COMPUTE_STATUS_DISABLED" {{(pid=88022) __call__ /opt/stack/placement/placement/requestlog.py:55}}
Jan 28 09:53:04.341481 n-d-825178-2 devstack@placement-api.service[88022]: DEBUG placement.objects.research_context [req-90590995-c6f1-460d-a6fa-b8add35c640b req-29893a32-be9a-4e8a-b2f6-38b366510b13 service placement] getting providers with 1 DISK_GB {{(pid=88022) __init__ /opt/stack/placement/placement/objects/research_context.py:126}}
Jan 28 09:53:04.358482 n-d-825178-2 devstack@placement-api.service[88022]: DEBUG placement.objects.research_context [req-90590995-c6f1-460d-a6fa-b8add35c640b req-29893a32-be9a-4e8a-b2f6-38b366510b13 service placement] getting providers with 1024 MEMORY_MB {{(pid=88022) __init__ /opt/stack/placement/placement/objects/research_context.py:126}}
Jan 28 09:53:04.382425 n-d-825178-2 devstack@placement-api.service[88022]: DEBUG placement.objects.research_context [req-90590995-c6f1-460d-a6fa-b8add35c640b req-29893a32-be9a-4e8a-b2f6-38b366510b13 service placement] getting providers with 1 VCPU {{(pid=88022) __init__ /opt/stack/placement/placement/objects/research_context.py:126}}
Jan 28 09:53:04.398844 n-d-825178-2 devstack@placement-api.service[88022]: DEBUG placement.objects.research_context [req-90590995-c6f1-460d-a6fa-b8add35c640b req-29893a32-be9a-4e8a-b2f6-38b366510b13 service placement] found 2 providers with available 1 DISK_GB {{(pid=88022) get_provider_ids_matching /opt/stack/placement/placement/objects/research_context.py:549}}
Jan 28 09:53:04.399266 n-d-825178-2 devstack@placement-api.service[88022]: DEBUG placement.objects.research_context [req-90590995-c6f1-460d-a6fa-b8add35c640b req-29893a32-be9a-4e8a-b2f6-38b366510b13 service placement] found 2 providers with available 1024 MEMORY_MB {{(pid=88022) get_provider_ids_matching /opt/stack/placement/placement/objects/research_context.py:549}}
Jan 28 09:53:04.399649 n-d-825178-2 devstack@placement-api.service[88022]: DEBUG placement.objects.research_context [req-90590995-c6f1-460d-a6fa-b8add35c640b req-29893a32-be9a-4e8a-b2f6-38b366510b13 service placement] found 2 providers after filtering by previous result {{(pid=88022) get_provider_ids_matching /opt/stack/placement/placement/objects/research_context.py:580}}
Jan 28 09:53:04.402321 n-d-825178-2 devstack@placement-api.service[88022]: DEBUG placement.objects.research_context [req-90590995-c6f1-460d-a6fa-b8add35c640b req-29893a32-be9a-4e8a-b2f6-38b366510b13 service placement] found 2 providers with available 1 VCPU {{(pid=88022) get_provider_ids_matching /opt/stack/placement/placement/objects/research_context.py:549}}
Jan 28 09:53:04.402716 n-d-825178-2 devstack@placement-api.service[88022]: DEBUG placement.objects.research_context [req-90590995-c6f1-460d-a6fa-b8add35c640b req-29893a32-be9a-4e8a-b2f6-38b366510b13 service placement] found 2 providers after filtering by previous result {{(pid=88022) get_provider_ids_matching /opt/stack/placement/placement/objects/research_context.py:580}}
Jan 28 09:53:04.451048 n-d-825178-2 devstack@placement-api.service[88022]: DEBUG placement.objects.allocation_candidate [req-90590995-c6f1-460d-a6fa-b8add35c640b req-29893a32-be9a-4e8a-b2f6-38b366510b13 service placement] RequestGroup(use_same_provider=False, resources={DISK_GB:1, MEMORY_MB:1024, VCPU:1}, traits=[], aggregates=[]) (suffix '') returned 2 matches {{(pid=88022) _get_by_requests /opt/stack/placement/placement/objects/allocation_candidate.py:145}}
Jan 28 09:53:04.453843 n-d-825178-2 devstack@placement-api.service[88022]: DEBUG placement.objects.allocation_candidate [req-90590995-c6f1-460d-a6fa-b8add35c640b req-29893a32-be9a-4e8a-b2f6-38b366510b13 service placement] Merging candidates yields 2 allocation requests and 2 provider summaries {{(pid=88022) _merge_candidates /opt/stack/placement/placement/objects/allocation_candidate.py:783}}
Jan 28 09:53:04.458972 n-d-825178-2 devstack@placement-api.service[88022]: INFO placement.requestlog [req-90590995-c6f1-460d-a6fa-b8add35c640b req-29893a32-be9a-4e8a-b2f6-38b366510b13 service placement] 10.222.0.42 "GET /placement/allocation_candidates?limit=1000&resources=DISK_GB%3A1%2CMEMORY_MB%3A1024%2CVCPU%3A1&root_required=%21COMPUTE_STATUS_DISABLED" status: 200 len: 1309 microversion: 1.35
Jan 28 09:53:04.475167 n-d-825178-2 devstack@placement-api.service[88022]: [pid: 88022|app: 0|req: 398/791] 10.222.0.42 () {60 vars in 1506 bytes} [Fri Jan 28 09:53:04 2022] GET /placement/allocation_candidates?limit=1000&resources=DISK_GB%3A1%2CMEMORY_MB%3A1024%2CVCPU%3A1&root_required=%21COMPUTE_STATUS_DISABLED => generated 1309 bytes in 184 msecs (HTTP/1.1 200) 8 headers in 297 bytes (1 switches on core 0)
Jan 28 09:53:04.693948 n-d-825178-2 devstack@placement-api.service[88023]: DEBUG placement.requestlog [req-90590995-c6f1-460d-a6fa-b8add35c640b req-455f95a4-435a-4cd2-a603-351993931325 None None] Starting request: 10.222.0.42 "GET /placement/allocations/ce4db91d-4081-4110-91e0-656ed3af02bf" {{(pid=88023) __call__ /opt/stack/placement/placement/requestlog.py:55}}
Jan 28 09:53:04.699695 n-d-825178-2 devstack@placement-api.service[88023]: INFO placement.requestlog [req-90590995-c6f1-460d-a6fa-b8add35c640b req-455f95a4-435a-4cd2-a603-351993931325 service placement] 10.222.0.42 "GET /placement/allocations/ce4db91d-4081-4110-91e0-656ed3af02bf" status: 200 len: 19 microversion: 1.28
Jan 28 09:53:04.700448 n-d-825178-2 devstack@placement-api.service[88023]: [pid: 88023|app: 0|req: 394/792] 10.222.0.42 () {60 vars in 1380 bytes} [Fri Jan 28 09:53:04 2022] GET /placement/allocations/ce4db91d-4081-4110-91e0-656ed3af02bf => generated 19 bytes in 17 msecs (HTTP/1.1 200) 8 headers in 295 bytes (1 switches on core 0)
Jan 28 09:53:04.711332 n-d-825178-2 devstack@placement-api.service[88022]: DEBUG placement.requestlog [req-90590995-c6f1-460d-a6fa-b8add35c640b req-714e2850-0b2d-441e-9469-49094fd8e883 None None] Starting request: 10.222.0.42 "PUT /placement/allocations/ce4db91d-4081-4110-91e0-656ed3af02bf" {{(pid=88022) __call__ /opt/stack/placement/placement/requestlog.py:55}}
