Jan 28 09:35:23.356877 n-d-825178-2 devstack@placement-api.service[88023]: DEBUG placement.requestlog [req-5c070386-7387-4f54-8bbd-d640943c415f req-c953877e-9a53-4f2c-85b1-0c3d0df8ed70 None None] Starting request: 10.222.0.42 "PUT /placement/resource_providers/997bb1f9-866f-445d-999a-4b795da94d2e/aggregates" {{(pid=88023) __call__ /opt/stack/placement/placement/requestlog.py:55}}
Jan 28 09:35:23.385031 n-d-825178-2 devstack@placement-api.service[88023]: DEBUG placement.objects.resource_provider [req-5c070386-7387-4f54-8bbd-d640943c415f req-c953877e-9a53-4f2c-85b1-0c3d0df8ed70 service placement] Setting aggregates for provider 997bb1f9-866f-445d-999a-4b795da94d2e. Successfully disassociated aggregate 2dac439a-f073-4d29-b1b3-a26a8302e576. {{(pid=88023) _set_aggregates /opt/stack/placement/placement/objects/resource_provider.py:402}}
Jan 28 09:35:23.395152 n-d-825178-2 devstack@placement-api.service[88023]: INFO placement.requestlog [req-5c070386-7387-4f54-8bbd-d640943c415f req-c953877e-9a53-4f2c-85b1-0c3d0df8ed70 service placement] 10.222.0.42 "PUT /placement/resource_providers/997bb1f9-866f-445d-999a-4b795da94d2e/aggregates" status: 200 len: 54 microversion: 1.19
Jan 28 09:35:23.396068 n-d-825178-2 devstack@placement-api.service[88023]: [pid: 88023|app: 0|req: 47/97] 10.222.0.42 () {64 vars in 1477 bytes} [Fri Jan 28 09:35:23 2022] PUT /placement/resource_providers/997bb1f9-866f-445d-999a-4b795da94d2e/aggregates => generated 54 bytes in 39 msecs (HTTP/1.1 200) 8 headers in 295 bytes (1 switches on core 0)
Jan 28 09:35:42.118163 n-d-825178-2 devstack@placement-api.service[88022]: DEBUG placement.requestlog [None req-5bfd0861-7d82-49db-9574-bc127fa33342 None None] Starting request: 10.222.0.42 "GET /placement/" {{(pid=88022) __call__ /opt/stack/placement/placement/requestlog.py:55}}
Jan 28 09:35:42.119122 n-d-825178-2 devstack@placement-api.service[88022]: INFO placement.requestlog [None req-5bfd0861-7d82-49db-9574-bc127fa33342 None None] 10.222.0.42 "GET /placement/" status: 200 len: 136 microversion: 1.0
Jan 28 09:35:42.119417 n-d-825178-2 devstack@placement-api.service[88022]: [pid: 88022|app: 0|req: 51/98] 10.222.0.42 () {54 vars in 916 bytes} [Fri Jan 28 09:35:42 2022] GET /placement => generated 136 bytes in 1 msecs (HTTP/1.1 200) 6 headers in 224 bytes (1 switches on core 0)
Jan 28 09:35:42.125011 n-d-825178-2 devstack@placement-api.service[88023]: DEBUG placement.requestlog [req-e9a7c153-5824-4911-939a-3c054d005f1b req-e1227e3d-88ca-4c5b-9b72-08898230bbb2 None None] Starting request: 10.222.0.42 "GET /placement/allocations/ef1740ec-72a7-4261-bd71-6a4bdfba6bcd" {{(pid=88023) __call__ /opt/stack/placement/placement/requestlog.py:55}}
Jan 28 09:35:42.203944 n-d-825178-2 devstack@placement-api.service[88023]: INFO placement.requestlog [req-e9a7c153-5824-4911-939a-3c054d005f1b req-e1227e3d-88ca-4c5b-9b72-08898230bbb2 service placement] 10.222.0.42 "GET /placement/allocations/ef1740ec-72a7-4261-bd71-6a4bdfba6bcd" status: 200 len: 259 microversion: 1.28
Jan 28 09:35:42.204145 n-d-825178-2 devstack@placement-api.service[88023]: [pid: 88023|app: 0|req: 48/99] 10.222.0.42 () {60 vars in 1380 bytes} [Fri Jan 28 09:35:42 2022] GET /placement/allocations/ef1740ec-72a7-4261-bd71-6a4bdfba6bcd => generated 259 bytes in 79 msecs (HTTP/1.1 200) 8 headers in 296 bytes (1 switches on core 0)
Jan 28 09:35:42.210790 n-d-825178-2 devstack@placement-api.service[88022]: DEBUG placement.requestlog [req-e9a7c153-5824-4911-939a-3c054d005f1b req-edbb2cc2-17cd-469c-a555-f17bfcf03deb None None] Starting request: 10.222.0.42 "GET /placement/allocations/ef1740ec-72a7-4261-bd71-6a4bdfba6bcd" {{(pid=88022) __call__ /opt/stack/placement/placement/requestlog.py:55}}
Jan 28 09:35:42.225827 n-d-825178-2 devstack@placement-api.service[88022]: INFO placement.requestlog [req-e9a7c153-5824-4911-939a-3c054d005f1b req-edbb2cc2-17cd-469c-a555-f17bfcf03deb service placement] 10.222.0.42 "GET /placement/allocations/ef1740ec-72a7-4261-bd71-6a4bdfba6bcd" status: 200 len: 259 microversion: 1.28
Jan 28 09:35:42.231041 n-d-825178-2 devstack@placement-api.service[88022]: [pid: 88022|app: 0|req: 52/100] 10.222.0.42 () {60 vars in 1380 bytes} [Fri Jan 28 09:35:42 2022] GET /placement/allocations/ef1740ec-72a7-4261-bd71-6a4bdfba6bcd => generated 259 bytes in 20 msecs (HTTP/1.1 200) 8 headers in 296 bytes (1 switches on core 0)
Jan 28 09:35:42.231912 n-d-825178-2 devstack@placement-api.service[88023]: DEBUG placement.requestlog [req-e9a7c153-5824-4911-939a-3c054d005f1b req-53df0b81-438a-464b-9802-dbe8c99f13c4 None None] Starting request: 10.222.0.42 "GET /placement/allocations/a966a524-c516-4618-960d-237abb6e920c" {{(pid=88023) __call__ /opt/stack/placement/placement/requestlog.py:55}}
Jan 28 09:35:42.243486 n-d-825178-2 devstack@placement-api.service[88023]: INFO placement.requestlog [req-e9a7c153-5824-4911-939a-3c054d005f1b req-53df0b81-438a-464b-9802-dbe8c99f13c4 service placement] 10.222.0.42 "GET /placement/allocations/a966a524-c516-4618-960d-237abb6e920c" status: 200 len: 19 microversion: 1.28
Jan 28 09:35:42.244358 n-d-825178-2 devstack@placement-api.service[88023]: [pid: 88023|app: 0|req: 49/101] 10.222.0.42 () {60 vars in 1380 bytes} [Fri Jan 28 09:35:42 2022] GET /placement/allocations/a966a524-c516-4618-960d-237abb6e920c => generated 19 bytes in 13 msecs (HTTP/1.1 200) 8 headers in 295 bytes (2 switches on core 0)
Jan 28 09:35:42.249823 n-d-825178-2 devstack@placement-api.service[88022]: DEBUG placement.requestlog [req-e9a7c153-5824-4911-939a-3c054d005f1b req-f575ed1a-5d97-4571-b6d7-69a143ad0865 None None] Starting request: 10.222.0.42 "POST /placement/allocations" {{(pid=88022) __call__ /opt/stack/placement/placement/requestlog.py:55}}
Jan 28 09:35:42.342991 n-d-825178-2 devstack@placement-api.service[88022]: DEBUG placement.handlers.allocation [req-e9a7c153-5824-4911-939a-3c054d005f1b req-f575ed1a-5d97-4571-b6d7-69a143ad0865 service placement] Successfully wrote allocations [, , , , , ] {{(pid=88022) _create_allocations /opt/stack/placement/placement/handlers/allocation.py:524}}
Jan 28 09:35:42.343642 n-d-825178-2 devstack@placement-api.service[88022]: INFO placement.requestlog [req-e9a7c153-5824-4911-939a-3c054d005f1b req-f575ed1a-5d97-4571-b6d7-69a143ad0865 service placement] 10.222.0.42 "POST /placement/allocations" status: 204 len: 0 microversion: 1.28
Jan 28 09:35:42.351202 n-d-825178-2 devstack@placement-api.service[88022]: [pid: 88022|app: 0|req: 53/102] 10.222.0.42 () {64 vars in 1323 bytes} [Fri Jan 28 09:35:42 2022] POST /placement/allocations => generated 0 bytes in 94 msecs (HTTP/1.1 204) 5 headers in 199 bytes (2 switches on core 0)
Jan 28 09:35:42.387129 n-d-825178-2 devstack@placement-api.service[88023]: DEBUG placement.requestlog [req-e9a7c153-5824-4911-939a-3c054d005f1b req-644fdf57-9d91-4bae-8cfe-9a1cd209a521 None None] Starting request: 10.222.0.42 "GET /placement/allocations/ef1740ec-72a7-4261-bd71-6a4bdfba6bcd" {{(pid=88023) __call__ /opt/stack/placement/placement/requestlog.py:55}}
Jan 28 09:35:42.461528 n-d-825178-2 devstack@placement-api.service[88023]: INFO placement.requestlog [req-e9a7c153-5824-4911-939a-3c054d005f1b req-644fdf57-9d91-4bae-8cfe-9a1cd209a521 service placement] 10.222.0.42 "GET /placement/allocations/ef1740ec-72a7-4261-bd71-6a4bdfba6bcd" status: 200 len: 19 microversion: 1.28
Jan 28 09:35:42.461837 n-d-825178-2 devstack@placement-api.service[88023]: [pid: 88023|app: 0|req: 50/103] 10.222.0.42 () {60 vars in 1380 bytes} [Fri Jan 28 09:35:42 2022] GET /placement/allocations/ef1740ec-72a7-4261-bd71-6a4bdfba6bcd => generated 19 bytes in 75 msecs (HTTP/1.1 200) 8 headers in 295 bytes (1 switches on core 0)
Jan 28 09:35:42.467133 n-d-825178-2 devstack@placement-api.service[88022]: DEBUG placement.requestlog [req-e9a7c153-5824-4911-939a-3c054d005f1b req-860cb02d-04a1-43ce-9dff-b4a8902b7354 None None] Starting request: 10.222.0.42 "PUT /placement/allocations/ef1740ec-72a7-4261-bd71-6a4bdfba6bcd" {{(pid=88022) __call__ /opt/stack/placement/placement/requestlog.py:55}}
Jan 28 09:35:42.543152 n-d-825178-2 devstack@placement-api.service[88022]: DEBUG placement.handlers.allocation [req-e9a7c153-5824-4911-939a-3c054d005f1b req-860cb02d-04a1-43ce-9dff-b4a8902b7354 service placement] Successfully wrote allocations [, , ] {{(pid=88022) _create_allocations /opt/stack/placement/placement/handlers/allocation.py:435}}
Jan 28 09:35:42.543746 n-d-825178-2 devstack@placement-api.service[88022]: INFO placement.requestlog [req-e9a7c153-5824-4911-939a-3c054d005f1b req-860cb02d-04a1-43ce-9dff-b4a8902b7354 service placement] 10.222.0.42 "PUT /placement/allocations/ef1740ec-72a7-4261-bd71-6a4bdfba6bcd" status: 204 len: 0 microversion: 1.28
Jan 28 09:35:42.543989 n-d-825178-2 devstack@placement-api.service[88022]: [pid: 88022|app: 0|req: 54/104] 10.222.0.42 () {64 vars in 1433 bytes} [Fri Jan 28 09:35:42 2022] PUT /placement/allocations/ef1740ec-72a7-4261-bd71-6a4bdfba6bcd => generated 0 bytes in 77 msecs (HTTP/1.1 204) 5 headers in 199 bytes (1 switches on core 0)
Jan 28 09:35:43.049704 n-d-825178-2 devstack@placement-api.service[88023]: DEBUG placement.requestlog [req-e9a7c153-5824-4911-939a-3c054d005f1b req-e17766d0-30d3-480b-8e2e-8eb7ea0119c4 None None] Starting request: 10.222.0.25 "GET /placement/allocations/ef1740ec-72a7-4261-bd71-6a4bdfba6bcd" {{(pid=88023) __call__ /opt/stack/placement/placement/requestlog.py:55}}
Jan 28 09:35:43.064570 n-d-825178-2 devstack@placement-api.service[88023]: INFO placement.requestlog [req-e9a7c153-5824-4911-939a-3c054d005f1b req-e17766d0-30d3-480b-8e2e-8eb7ea0119c4 service placement] 10.222.0.25 "GET /placement/allocations/ef1740ec-72a7-4261-bd71-6a4bdfba6bcd" status: 200 len: 258 microversion: 1.28
Jan 28 09:35:43.064824 n-d-825178-2 devstack@placement-api.service[88023]: [pid: 88023|app: 0|req: 51/105] 10.222.0.25 () {60 vars in 1377 bytes} [Fri Jan 28 09:35:43 2022] GET /placement/allocations/ef1740ec-72a7-4261-bd71-6a4bdfba6bcd => generated 258 bytes in 15 msecs (HTTP/1.1 200) 8 headers in 296 bytes (1 switches on core 0)
Jan 28 09:35:45.586552 n-d-825178-2 devstack@placement-api.service[88022]: DEBUG placement.requestlog [req-8282efcc-352f-4b16-b019-9121dfae2200 req-4cb7149b-7c3c-48c9-9e33-10c806949724 None None] Starting request: 10.222.0.42 "GET /placement/allocation_candidates?resources=DISK_GB%3A1%2CMEMORY_MB%3A1024%2CVCPU%3A1&root_required=%21COMPUTE_STATUS_DISABLED" {{(pid=88022) __call__ /opt/stack/placement/placement/requestlog.py:55}}
Jan 28 09:35:45.620150 n-d-825178-2 devstack@placement-api.service[88022]: DEBUG placement.objects.research_context [req-8282efcc-352f-4b16-b019-9121dfae2200 req-4cb7149b-7c3c-48c9-9e33-10c806949724 service placement] getting providers with 1 DISK_GB {{(pid=88022) __init__ /opt/stack/placement/placement/objects/research_context.py:126}}
Jan 28 09:35:45.627981 n-d-825178-2 devstack@placement-api.service[88022]: DEBUG placement.objects.research_context [req-8282efcc-352f-4b16-b019-9121dfae2200 req-4cb7149b-7c3c-48c9-9e33-10c806949724 service placement] getting providers with 1024 MEMORY_MB {{(pid=88022) __init__ /opt/stack/placement/placement/objects/research_context.py:126}}
Jan 28 09:35:45.635115 n-d-825178-2 devstack@placement-api.service[88022]: DEBUG placement.objects.research_context [req-8282efcc-352f-4b16-b019-9121dfae2200 req-4cb7149b-7c3c-48c9-9e33-10c806949724 service placement] getting providers with 1 VCPU {{(pid=88022) __init__ /opt/stack/placement/placement/objects/research_context.py:126}}
Jan 28 09:35:45.641487 n-d-825178-2 devstack@placement-api.service[88022]: DEBUG placement.objects.research_context [req-8282efcc-352f-4b16-b019-9121dfae2200 req-4cb7149b-7c3c-48c9-9e33-10c806949724 service placement] found 2 providers with available 1 DISK_GB {{(pid=88022) get_provider_ids_matching /opt/stack/placement/placement/objects/research_context.py:549}}
Jan 28 09:35:45.641940 n-d-825178-2 devstack@placement-api.service[88022]: DEBUG placement.objects.research_context [req-8282efcc-352f-4b16-b019-9121dfae2200 req-4cb7149b-7c3c-48c9-9e33-10c806949724 service placement] found 2 providers with available 1024 MEMORY_MB {{(pid=88022) get_provider_ids_matching /opt/stack/placement/placement/objects/research_context.py:549}}
Jan 28 09:35:45.642387 n-d-825178-2 devstack@placement-api.service[88022]: DEBUG placement.objects.research_context [req-8282efcc-352f-4b16-b019-9121dfae2200 req-4cb7149b-7c3c-48c9-9e33-10c806949724 service placement] found 2 providers after filtering by previous result {{(pid=88022) get_provider_ids_matching /opt/stack/placement/placement/objects/research_context.py:580}}
Jan 28 09:35:45.642822 n-d-825178-2 devstack@placement-api.service[88022]: DEBUG placement.objects.research_context [req-8282efcc-352f-4b16-b019-9121dfae2200 req-4cb7149b-7c3c-48c9-9e33-10c806949724 service placement] found 2 providers with available 1 VCPU {{(pid=88022) get_provider_ids_matching /opt/stack/placement/placement/objects/research_context.py:549}}
Jan 28 09:35:45.643238 n-d-825178-2 devstack@placement-api.service[88022]: DEBUG placement.objects.research_context [req-8282efcc-352f-4b16-b019-9121dfae2200 req-4cb7149b-7c3c-48c9-9e33-10c806949724 service placement] found 2 providers after filtering by previous result {{(pid=88022) get_provider_ids_matching /opt/stack/placement/placement/objects/research_context.py:580}}
Jan 28 09:35:45.655097 n-d-825178-2 devstack@placement-api.service[88022]: DEBUG placement.objects.allocation_candidate [req-8282efcc-352f-4b16-b019-9121dfae2200 req-4cb7149b-7c3c-48c9-9e33-10c806949724 service placement] RequestGroup(use_same_provider=False, resources={DISK_GB:1, MEMORY_MB:1024, VCPU:1}, traits=[], aggregates=[]) (suffix '') returned 2 matches {{(pid=88022) _get_by_requests /opt/stack/placement/placement/objects/allocation_candidate.py:145}}
Jan 28 09:35:45.655679 n-d-825178-2 devstack@placement-api.service[88022]: DEBUG placement.objects.allocation_candidate [req-8282efcc-352f-4b16-b019-9121dfae2200 req-4cb7149b-7c3c-48c9-9e33-10c806949724 service placement] Merging candidates yields 2 allocation requests and 2 provider summaries {{(pid=88022) _merge_candidates /opt/stack/placement/placement/objects/allocation_candidate.py:783}}
Jan 28 09:35:45.657214 n-d-825178-2 devstack@placement-api.service[88022]: INFO placement.requestlog [req-8282efcc-352f-4b16-b019-9121dfae2200 req-4cb7149b-7c3c-48c9-9e33-10c806949724 service placement] 10.222.0.42 "GET /placement/allocation_candidates?resources=DISK_GB%3A1%2CMEMORY_MB%3A1024%2CVCPU%3A1&root_required=%21COMPUTE_STATUS_DISABLED" status: 200 len: 1309 microversion: 1.35
Jan 28 09:35:45.657939 n-d-825178-2 devstack@placement-api.service[88022]: [pid: 88022|app: 0|req: 55/106] 10.222.0.42 () {60 vars in 1484 bytes} [Fri Jan 28 09:35:45 2022] GET /placement/allocation_candidates?resources=DISK_GB%3A1%2CMEMORY_MB%3A1024%2CVCPU%3A1&root_required=%21COMPUTE_STATUS_DISABLED => generated 1309 bytes in 71 msecs (HTTP/1.1 200) 8 headers in 297 bytes (1 switches on core 0)
Jan 28 09:35:45.726464 n-d-825178-2 devstack@placement-api.service[88023]: DEBUG placement.requestlog [req-8282efcc-352f-4b16-b019-9121dfae2200 req-38ac2c8c-a271-4e44-9c00-ba75ecced133 None None] Starting request: 10.222.0.42 "GET /placement/allocations/bbdbfb6f-d35c-43d9-ad10-18d2c4e09f9a" {{(pid=88023) __call__ /opt/stack/placement/placement/requestlog.py:55}}
Jan 28 09:35:45.738194 n-d-825178-2 devstack@placement-api.service[88023]: INFO placement.requestlog [req-8282efcc-352f-4b16-b019-9121dfae2200 req-38ac2c8c-a271-4e44-9c00-ba75ecced133 service placement] 10.222.0.42 "GET /placement/allocations/bbdbfb6f-d35c-43d9-ad10-18d2c4e09f9a" status: 200 len: 19 microversion: 1.28
Jan 28 09:35:45.738287 n-d-825178-2 devstack@placement-api.service[88023]: [pid: 88023|app: 0|req: 52/107] 10.222.0.42 () {60 vars in 1380 bytes} [Fri Jan 28 09:35:45 2022] GET /placement/allocations/bbdbfb6f-d35c-43d9-ad10-18d2c4e09f9a => generated 19 bytes in 12 msecs (HTTP/1.1 200) 8 headers in 295 bytes (1 switches on core 0)
Jan 28 09:35:45.743928 n-d-825178-2 devstack@placement-api.service[88022]: DEBUG placement.requestlog [req-8282efcc-352f-4b16-b019-9121dfae2200 req-eba1a88a-c41c-4cb6-9da7-b63835900e90 None None] Starting request: 10.222.0.42 "PUT /placement/allocations/bbdbfb6f-d35c-43d9-ad10-18d2c4e09f9a" {{(pid=88022) __call__ /opt/stack/placement/placement/requestlog.py:55}}
Jan 28 09:35:45.805729 n-d-825178-2 devstack@placement-api.service[88022]: DEBUG placement.handlers.allocation [req-8282efcc-352f-4b16-b019-9121dfae2200 req-eba1a88a-c41c-4cb6-9da7-b63835900e90 service placement] Successfully wrote allocations [, , ] {{(pid=88022) _create_allocations /opt/stack/placement/placement/handlers/allocation.py:435}}
Jan 28 09:35:45.806530 n-d-825178-2 devstack@placement-api.service[88022]: INFO placement.requestlog [req-8282efcc-352f-4b16-b019-9121dfae2200 req-eba1a88a-c41c-4cb6-9da7-b63835900e90 service placement] 10.222.0.42 "PUT /placement/allocations/bbdbfb6f-d35c-43d9-ad10-18d2c4e09f9a" status: 204 len: 0 microversion: 1.35
Jan 28 09:35:45.807287 n-d-825178-2 devstack@placement-api.service[88022]: [pid: 88022|app: 0|req: 56/108] 10.222.0.42 () {64 vars in 1433 bytes} [Fri Jan 28 09:35:45 2022] PUT /placement/allocations/bbdbfb6f-d35c-43d9-ad10-18d2c4e09f9a => generated 0 bytes in 63 msecs (HTTP/1.1 204) 5 headers in 199 bytes (1 switches on core 0)
Jan 28 09:35:45.817645 n-d-825178-2 devstack@placement-api.service[88023]: DEBUG placement.requestlog [req-8282efcc-352f-4b16-b019-9121dfae2200 req-1b874a75-4912-4922-ab91-4635d3cc0e5a None None] Starting request: 10.222.0.42 "GET /placement/allocations/a10f9659-2127-4651-a940-2f0a74b2865c" {{(pid=88023) __call__ /opt/stack/placement/placement/requestlog.py:55}}
Jan 28 09:35:45.829460 n-d-825178-2 devstack@placement-api.service[88023]: INFO placement.requestlog [req-8282efcc-352f-4b16-b019-9121dfae2200 req-1b874a75-4912-4922-ab91-4635d3cc0e5a service placement] 10.222.0.42 "GET /placement/allocations/a10f9659-2127-4651-a940-2f0a74b2865c" status: 200 len: 19 microversion: 1.28
Jan 28 09:35:45.829972 n-d-825178-2 devstack@placement-api.service[88023]: [pid: 88023|app: 0|req: 53/109] 10.222.0.42 () {60 vars in 1380 bytes} [Fri Jan 28 09:35:45 2022] GET /placement/allocations/a10f9659-2127-4651-a940-2f0a74b2865c => generated 19 bytes in 13 msecs (HTTP/1.1 200) 8 headers in 295 bytes (1 switches on core 0)
Jan 28 09:35:45.836251 n-d-825178-2 devstack@placement-api.service[88022]: DEBUG placement.requestlog [req-8282efcc-352f-4b16-b019-9121dfae2200 req-f6738665-dafc-4147-b510-8b2885cf2a68 None None] Starting request: 10.222.0.42 "PUT /placement/allocations/a10f9659-2127-4651-a940-2f0a74b2865c" {{(pid=88022) __call__ /opt/stack/placement/placement/requestlog.py:55}}
Jan 28 09:35:45.903253 n-d-825178-2 devstack@placement-api.service[88022]: DEBUG placement.handlers.allocation [req-8282efcc-352f-4b16-b019-9121dfae2200 req-f6738665-dafc-4147-b510-8b2885cf2a68 service placement] Successfully wrote allocations [, , ] {{(pid=88022) _create_allocations /opt/stack/placement/placement/handlers/allocation.py:435}}
Jan 28 09:35:45.903799 n-d-825178-2 devstack@placement-api.service[88022]: INFO placement.requestlog [req-8282efcc-352f-4b16-b019-9121dfae2200 req-f6738665-dafc-4147-b510-8b2885cf2a68 service placement] 10.222.0.42 "PUT /placement/allocations/a10f9659-2127-4651-a940-2f0a74b2865c" status: 204 len: 0 microversion: 1.35
Jan 28 09:35:45.904041 n-d-825178-2 devstack@placement-api.service[88022]: [pid: 88022|app: 0|req: 57/110] 10.222.0.42 () {64 vars in 1433 bytes} [Fri Jan 28 09:35:45 2022] PUT /placement/allocations/a10f9659-2127-4651-a940-2f0a74b2865c => generated 0 bytes in 68 msecs (HTTP/1.1 204) 5 headers in 199 bytes (2 switches on core 0)
Jan 28 09:35:46.596174 n-d-825178-2 devstack@placement-api.service[88023]: DEBUG placement.requestlog [req-8282efcc-352f-4b16-b019-9121dfae2200 req-27958731-b276-4488-8647-3a47ee4e3266 None None] Starting request: 10.222.0.25 "GET /placement/allocations/bbdbfb6f-d35c-43d9-ad10-18d2c4e09f9a" {{(pid=88023) __call__ /opt/stack/placement/placement/requestlog.py:55}}
Jan 28 09:35:46.611954 n-d-825178-2 devstack@placement-api.service[88022]: DEBUG placement.requestlog [req-8282efcc-352f-4b16-b019-9121dfae2200 req-728f3342-ccde-4365-96f5-3814c288cc41 None None] Starting request: 10.222.0.25 "GET /placement/allocations/a10f9659-2127-4651-a940-2f0a74b2865c" {{(pid=88022) __call__ /opt/stack/placement/placement/requestlog.py:55}}
Jan 28 09:35:46.620342 n-d-825178-2 devstack@placement-api.service[88023]: INFO placement.requestlog [req-8282efcc-352f-4b16-b019-9121dfae2200 req-27958731-b276-4488-8647-3a47ee4e3266 service placement] 10.222.0.25 "GET /placement/allocations/bbdbfb6f-d35c-43d9-ad10-18d2c4e09f9a" status: 200 len: 258 microversion: 1.28
Jan 28 09:35:46.621729 n-d-825178-2 devstack@placement-api.service[88023]: [pid: 88023|app: 0|req: 54/111] 10.222.0.25 () {60 vars in 1377 bytes} [Fri Jan 28 09:35:46 2022] GET /placement/allocations/bbdbfb6f-d35c-43d9-ad10-18d2c4e09f9a => generated 258 bytes in 26 msecs (HTTP/1.1 200) 8 headers in 296 bytes (1 switches on core 0)
Jan 28 09:35:46.639826 n-d-825178-2 devstack@placement-api.service[88022]: INFO placement.requestlog [req-8282efcc-352f-4b16-b019-9121dfae2200 req-728f3342-ccde-4365-96f5-3814c288cc41 service placement] 10.222.0.25 "GET /placement/allocations/a10f9659-2127-4651-a940-2f0a74b2865c" status: 200 len: 258 microversion: 1.28
Jan 28 09:35:46.641665 n-d-825178-2 devstack@placement-api.service[88022]: [pid: 88022|app: 0|req: 58/112] 10.222.0.25 () {60 vars in 1377 bytes} [Fri Jan 28 09:35:46 2022] GET /placement/allocations/a10f9659-2127-4651-a940-2f0a74b2865c => generated 258 bytes in 30 msecs (HTTP/1.1 200) 8 headers in 296 bytes (2 switches on core 0)
Jan 28 09:35:53.510108 n-d-825178-2 devstack@placement-api.service[88023]: DEBUG placement.requestlog [req-258b579a-5396-4d3d-b443-736d2a0efc62 req-e1a76df3-02b8-4522-898b-3fd3092df777 None None] Starting request: 10.222.0.42 "GET /placement/allocation_candidates?limit=1000&resources=DISK_GB%3A1%2CMEMORY_MB%3A1024%2CVCPU%3A1&root_required=%21COMPUTE_STATUS_DISABLED" {{(pid=88023) __call__ /opt/stack/placement/placement/requestlog.py:55}}
Jan 28 09:35:53.569185 n-d-825178-2 devstack@placement-api.service[88023]: DEBUG placement.objects.research_context [req-258b579a-5396-4d3d-b443-736d2a0efc62 req-e1a76df3-02b8-4522-898b-3fd3092df777 service placement] getting providers with 1 DISK_GB {{(pid=88023) __init__ /opt/stack/placement/placement/objects/research_context.py:126}}
Jan 28 09:35:53.584383 n-d-825178-2 devstack@placement-api.service[88023]: DEBUG placement.objects.research_context [req-258b579a-5396-4d3d-b443-736d2a0efc62 req-e1a76df3-02b8-4522-898b-3fd3092df777 service placement] getting providers with 1024 MEMORY_MB {{(pid=88023) __init__ /opt/stack/placement/placement/objects/research_context.py:126}}
Jan 28 09:35:53.598579 n-d-825178-2 devstack@placement-api.service[88023]: DEBUG placement.objects.research_context [req-258b579a-5396-4d3d-b443-736d2a0efc62 req-e1a76df3-02b8-4522-898b-3fd3092df777 service placement] getting providers with 1 VCPU {{(pid=88023) __init__ /opt/stack/placement/placement/objects/research_context.py:126}}
Jan 28 09:35:53.605814 n-d-825178-2 devstack@placement-api.service[88023]: DEBUG placement.objects.research_context [req-258b579a-5396-4d3d-b443-736d2a0efc62 req-e1a76df3-02b8-4522-898b-3fd3092df777 service placement] found 2 providers with available 1 DISK_GB {{(pid=88023) get_provider_ids_matching /opt/stack/placement/placement/objects/research_context.py:549}}
Jan 28 09:35:53.611697 n-d-825178-2 devstack@placement-api.service[88023]: DEBUG placement.objects.research_context [req-258b579a-5396-4d3d-b443-736d2a0efc62 req-e1a76df3-02b8-4522-898b-3fd3092df777 service placement] found 2 providers with available 1024 MEMORY_MB {{(pid=88023) get_provider_ids_matching /opt/stack/placement/placement/objects/research_context.py:549}}
Jan 28 09:35:53.612033 n-d-825178-2 devstack@placement-api.service[88023]: DEBUG placement.objects.research_context [req-258b579a-5396-4d3d-b443-736d2a0efc62 req-e1a76df3-02b8-4522-898b-3fd3092df777 service placement] found 2 providers after filtering by previous result {{(pid=88023) get_provider_ids_matching /opt/stack/placement/placement/objects/research_context.py:580}}
Jan 28 09:35:53.612254 n-d-825178-2 devstack@placement-api.service[88023]: DEBUG placement.objects.research_context [req-258b579a-5396-4d3d-b443-736d2a0efc62 req-e1a76df3-02b8-4522-898b-3fd3092df777 service placement] found 2 providers with available 1 VCPU {{(pid=88023) get_provider_ids_matching /opt/stack/placement/placement/objects/research_context.py:549}}
Jan 28 09:35:53.612782 n-d-825178-2 devstack@placement-api.service[88023]: DEBUG placement.objects.research_context [req-258b579a-5396-4d3d-b443-736d2a0efc62 req-e1a76df3-02b8-4522-898b-3fd3092df777 service placement] found 2 providers after filtering by previous result {{(pid=88023) get_provider_ids_matching /opt/stack/placement/placement/objects/research_context.py:580}}
Jan 28 09:35:53.637305 n-d-825178-2 devstack@placement-api.service[88023]: DEBUG placement.objects.allocation_candidate [req-258b579a-5396-4d3d-b443-736d2a0efc62 req-e1a76df3-02b8-4522-898b-3fd3092df777 service placement] RequestGroup(use_same_provider=False, resources={DISK_GB:1, MEMORY_MB:1024, VCPU:1}, traits=[], aggregates=[]) (suffix '') returned 2 matches {{(pid=88023) _get_by_requests /opt/stack/placement/placement/objects/allocation_candidate.py:145}}
Jan 28 09:35:53.637680 n-d-825178-2 devstack@placement-api.service[88023]: DEBUG placement.objects.allocation_candidate [req-258b579a-5396-4d3d-b443-736d2a0efc62 req-e1a76df3-02b8-4522-898b-3fd3092df777 service placement] Merging candidates yields 2 allocation requests and 2 provider summaries {{(pid=88023) _merge_candidates /opt/stack/placement/placement/objects/allocation_candidate.py:783}}
Jan 28 09:35:53.641593 n-d-825178-2 devstack@placement-api.service[88023]: INFO placement.requestlog [req-258b579a-5396-4d3d-b443-736d2a0efc62 req-e1a76df3-02b8-4522-898b-3fd3092df777 service placement] 10.222.0.42 "GET /placement/allocation_candidates?limit=1000&resources=DISK_GB%3A1%2CMEMORY_MB%3A1024%2CVCPU%3A1&root_required=%21COMPUTE_STATUS_DISABLED" status: 200 len: 1309 microversion: 1.35
Jan 28 09:35:53.642156 n-d-825178-2 devstack@placement-api.service[88023]: [pid: 88023|app: 0|req: 55/113] 10.222.0.42 () {60 vars in 1506 bytes} [Fri Jan 28 09:35:53 2022] GET /placement/allocation_candidates?limit=1000&resources=DISK_GB%3A1%2CMEMORY_MB%3A1024%2CVCPU%3A1&root_required=%21COMPUTE_STATUS_DISABLED => generated 1309 bytes in 132 msecs (HTTP/1.1 200) 8 headers in 297 bytes (1 switches on core 0)
Jan 28 09:35:53.773291 n-d-825178-2 devstack@placement-api.service[88022]: DEBUG placement.requestlog [req-258b579a-5396-4d3d-b443-736d2a0efc62 req-34454910-ecbc-49bc-8d58-6c24ce799937 None None] Starting request: 10.222.0.42 "GET /placement/allocations/306691cc-1079-4f5c-a592-6a74f92dc4f9" {{(pid=88022) __call__ /opt/stack/placement/placement/requestlog.py:55}}
Jan 28 09:35:53.794248 n-d-825178-2 devstack@placement-api.service[88022]: INFO placement.requestlog [req-258b579a-5396-4d3d-b443-736d2a0efc62 req-34454910-ecbc-49bc-8d58-6c24ce799937 service placement] 10.222.0.42 "GET /placement/allocations/306691cc-1079-4f5c-a592-6a74f92dc4f9" status: 200 len: 19 microversion: 1.28
Jan 28 09:35:53.796863 n-d-825178-2 devstack@placement-api.service[88022]: [pid: 88022|app: 0|req: 59/114] 10.222.0.42 () {60 vars in 1380 bytes} [Fri Jan 28 09:35:53 2022] GET /placement/allocations/306691cc-1079-4f5c-a592-6a74f92dc4f9 => generated 19 bytes in 24 msecs (HTTP/1.1 200) 8 headers in 295 bytes (1 switches on core 0)
Jan 28 09:35:53.805395 n-d-825178-2 devstack@placement-api.service[88023]: DEBUG placement.requestlog [req-258b579a-5396-4d3d-b443-736d2a0efc62 req-210c4391-fe0a-490d-9562-33496824ac51 None None] Starting request: 10.222.0.42 "PUT /placement/allocations/306691cc-1079-4f5c-a592-6a74f92dc4f9" {{(pid=88023) __call__ /opt/stack/placement/placement/requestlog.py:55}}
Jan 28 09:35:53.897622 n-d-825178-2 devstack@placement-api.service[88023]: DEBUG placement.handlers.allocation [req-258b579a-5396-4d3d-b443-736d2a0efc62 req-210c4391-fe0a-490d-9562-33496824ac51 service placement] Successfully wrote allocations [, , ] {{(pid=88023) _create_allocations /opt/stack/placement/placement/handlers/allocation.py:435}}
Jan 28 09:35:53.898339 n-d-825178-2 devstack@placement-api.service[88023]: INFO placement.requestlog [req-258b579a-5396-4d3d-b443-736d2a0efc62 req-210c4391-fe0a-490d-9562-33496824ac51 service placement] 10.222.0.42 "PUT /placement/allocations/306691cc-1079-4f5c-a592-6a74f92dc4f9" status: 204 len: 0 microversion: 1.35
Jan 28 09:35:53.898933 n-d-825178-2 devstack@placement-api.service[88023]: [pid: 88023|app: 0|req: 56/115] 10.222.0.42 () {64 vars in 1433 bytes} [Fri Jan 28 09:35:53 2022] PUT /placement/allocations/306691cc-1079-4f5c-a592-6a74f92dc4f9 => generated 0 bytes in 94 msecs (HTTP/1.1 204) 5 headers in 199 bytes (1 switches on core 0)
Jan 28 09:35:54.053321 n-d-825178-2 devstack@placement-api.service[88022]: DEBUG placement.requestlog [req-3d277afd-800b-498b-9f6e-b462eaff691f req-685e4538-2800-4ba7-ba78-98564b5973be None None] Starting request: 10.222.0.25 "GET /placement/allocations/2478f478-84e7-4969-af14-d3362d836373" {{(pid=88022) __call__ /opt/stack/placement/placement/requestlog.py:55}}
Jan 28 09:35:54.093800 n-d-825178-2 devstack@placement-api.service[88022]: INFO placement.requestlog [req-3d277afd-800b-498b-9f6e-b462eaff691f req-685e4538-2800-4ba7-ba78-98564b5973be service placement] 10.222.0.25 "GET /placement/allocations/2478f478-84e7-4969-af14-d3362d836373" status: 200 len: 258 microversion: 1.28
Jan 28 09:35:54.095232 n-d-825178-2 devstack@placement-api.service[88022]: [pid: 88022|app: 0|req: 60/116] 10.222.0.25 () {60 vars in 1377 bytes} [Fri Jan 28 09:35:54 2022] GET /placement/allocations/2478f478-84e7-4969-af14-d3362d836373 => generated 258 bytes in 41 msecs (HTTP/1.1 200) 8 headers in 296 bytes (1 switches on core 0)
Jan 28 09:35:54.107004 n-d-825178-2 devstack@placement-api.service[88023]: DEBUG placement.requestlog [req-3d277afd-800b-498b-9f6e-b462eaff691f req-f1144922-9ec0-48b9-a4ea-95c1771a6259 None None] Starting request: 10.222.0.25 "PUT /placement/allocations/2478f478-84e7-4969-af14-d3362d836373" {{(pid=88023) __call__ /opt/stack/placement/placement/requestlog.py:55}}
Jan 28 09:35:54.227287 n-d-825178-2 devstack@placement-api.service[88023]: DEBUG placement.handlers.allocation [req-3d277afd-800b-498b-9f6e-b462eaff691f req-f1144922-9ec0-48b9-a4ea-95c1771a6259 service placement] Successfully wrote allocations [, , ] {{(pid=88023) _create_allocations /opt/stack/placement/placement/handlers/allocation.py:435}}
Jan 28 09:35:54.228007 n-d-825178-2 devstack@placement-api.service[88023]: INFO placement.requestlog [req-3d277afd-800b-498b-9f6e-b462eaff691f req-f1144922-9ec0-48b9-a4ea-95c1771a6259 service placement] 10.222.0.25 "PUT /placement/allocations/2478f478-84e7-4969-af14-d3362d836373" status: 204 len: 0 microversion: 1.28
Jan 28 09:35:54.228427 n-d-825178-2 devstack@placement-api.service[88023]: [pid: 88023|app: 0|req: 57/117] 10.222.0.25 () {64 vars in 1430 bytes} [Fri Jan 28 09:35:54 2022] PUT /placement/allocations/2478f478-84e7-4969-af14-d3362d836373 => generated 0 bytes in 122 msecs (HTTP/1.1 204) 5 headers in 199 bytes (1 switches on core 0)
Jan 28 09:35:54.554285 n-d-825178-2 devstack@placement-api.service[88022]: DEBUG placement.requestlog [req-258b579a-5396-4d3d-b443-736d2a0efc62 req-4246b29c-d49f-4e24-8e06-cdcd12ed037b None None] Starting request: 10.222.0.43 "GET /placement/allocations/306691cc-1079-4f5c-a592-6a74f92dc4f9" {{(pid=88022) __call__ /opt/stack/placement/placement/requestlog.py:55}}
Jan 28 09:35:54.588515 n-d-825178-2 devstack@placement-api.service[88022]: INFO placement.requestlog [req-258b579a-5396-4d3d-b443-736d2a0efc62 req-4246b29c-d49f-4e24-8e06-cdcd12ed037b service placement] 10.222.0.43 "GET /placement/allocations/306691cc-1079-4f5c-a592-6a74f92dc4f9" status: 200 len: 259 microversion: 1.28
Jan 28 09:35:54.590641 n-d-825178-2 devstack@placement-api.service[88022]: [pid: 88022|app: 0|req: 61/118] 10.222.0.43 () {60 vars in 1377 bytes} [Fri Jan 28 09:35:54 2022] GET /placement/allocations/306691cc-1079-4f5c-a592-6a74f92dc4f9 => generated 259 bytes in 36 msecs (HTTP/1.1 200) 8 headers in 296 bytes (1 switches on core 0)
Jan 28 09:36:03.327255 n-d-825178-2 devstack@placement-api.service[88023]: DEBUG placement.requestlog [req-cdbaa812-9625-4f4f-83db-32102cb335f0 req-6dace343-90c9-4293-96e3-af4ae8924cb9 None None] Starting request: 10.222.0.25 "GET /placement/allocations/23fe282e-2201-4384-9079-b8057376942f" {{(pid=88023) __call__ /opt/stack/placement/placement/requestlog.py:55}}
Jan 28 09:36:03.369052 n-d-825178-2 devstack@placement-api.service[88023]: INFO placement.requestlog [req-cdbaa812-9625-4f4f-83db-32102cb335f0 req-6dace343-90c9-4293-96e3-af4ae8924cb9 service placement] 10.222.0.25 "GET /placement/allocations/23fe282e-2201-4384-9079-b8057376942f" status: 200 len: 258 microversion: 1.28
Jan 28 09:36:03.369771 n-d-825178-2 devstack@placement-api.service[88023]: [pid: 88023|app: 0|req: 58/119] 10.222.0.25 () {60 vars in 1377 bytes} [Fri Jan 28 09:36:03 2022] GET /placement/allocations/23fe282e-2201-4384-9079-b8057376942f => generated 258 bytes in 43 msecs (HTTP/1.1 200) 8 headers in 296 bytes (2 switches on core 0)
Jan 28 09:36:03.387697 n-d-825178-2 devstack@placement-api.service[88022]: DEBUG placement.requestlog [req-cdbaa812-9625-4f4f-83db-32102cb335f0 req-c62c901d-3143-4a20-95de-b3191c71f349 None None] Starting request: 10.222.0.25 "PUT /placement/allocations/23fe282e-2201-4384-9079-b8057376942f" {{(pid=88022) __call__ /opt/stack/placement/placement/requestlog.py:55}}
Jan 28 09:36:03.559191 n-d-825178-2 devstack@placement-api.service[88022]: DEBUG placement.handlers.allocation [req-cdbaa812-9625-4f4f-83db-32102cb335f0 req-c62c901d-3143-4a20-95de-b3191c71f349 service placement] Successfully wrote allocations [, , ] {{(pid=88022) _create_allocations /opt/stack/placement/placement/handlers/allocation.py:435}}
Jan 28 09:36:03.562947 n-d-825178-2 devstack@placement-api.service[88022]: INFO placement.requestlog [req-cdbaa812-9625-4f4f-83db-32102cb335f0 req-c62c901d-3143-4a20-95de-b3191c71f349 service placement] 10.222.0.25 "PUT /placement/allocations/23fe282e-2201-4384-9079-b8057376942f" status: 204 len: 0 microversion: 1.28
Jan 28 09:36:03.563487 n-d-825178-2 devstack@placement-api.service[88022]: [pid: 88022|app: 0|req: 62/120] 10.222.0.25 () {64 vars in 1430 bytes} [Fri Jan 28 09:36:03 2022] PUT /placement/allocations/23fe282e-2201-4384-9079-b8057376942f => generated 0 bytes in 176 msecs (HTTP/1.1 204) 5 headers in 199 bytes (1 switches on core 0)
Jan 28 09:36:03.642467 n-d-825178-2 devstack@placement-api.service[88023]: DEBUG placement.requestlog [req-e9a7c153-5824-4911-939a-3c054d005f1b req-39d22b85-50ea-4233-aad5-79051d799ebb None None] Starting request: 10.222.0.43 "GET /placement/resource_providers/997bb1f9-866f-445d-999a-4b795da94d2e/allocations" {{(pid=88023) __call__ /opt/stack/placement/placement/requestlog.py:55}}
Jan 28 09:36:03.681782 n-d-825178-2 devstack@placement-api.service[88023]: INFO placement.requestlog [req-e9a7c153-5824-4911-939a-3c054d005f1b req-39d22b85-50ea-4233-aad5-79051d799ebb service placement] 10.222.0.43 "GET /placement/resource_providers/997bb1f9-866f-445d-999a-4b795da94d2e/allocations" status: 200 len: 356 microversion: 1.0
Jan 28 09:36:03.682684 n-d-825178-2 devstack@placement-api.service[88023]: [pid: 88023|app: 0|req: 59/121] 10.222.0.43 () {58 vars in 1390 bytes} [Fri Jan 28 09:36:03 2022] GET /placement/resource_providers/997bb1f9-866f-445d-999a-4b795da94d2e/allocations => generated 356 bytes in 40 msecs (HTTP/1.1 200) 6 headers in 224 bytes (1 switches on core 0)
Jan 28 09:36:04.015354 n-d-825178-2 devstack@placement-api.service[88022]: DEBUG placement.requestlog [req-e9a7c153-5824-4911-939a-3c054d005f1b req-220e26ac-f12b-4606-b899-d295f82ccf32 None None] Starting request: 10.222.0.43 "GET /placement/allocations/a966a524-c516-4618-960d-237abb6e920c" {{(pid=88022) __call__ /opt/stack/placement/placement/requestlog.py:55}}
Jan 28 09:36:04.031720 n-d-825178-2 devstack@placement-api.service[88022]: INFO placement.requestlog [req-e9a7c153-5824-4911-939a-3c054d005f1b req-220e26ac-f12b-4606-b899-d295f82ccf32 service placement] 10.222.0.43 "GET /placement/allocations/a966a524-c516-4618-960d-237abb6e920c" status: 200 len: 259 microversion: 1.28
Jan 28 09:36:04.032230 n-d-825178-2 devstack@placement-api.service[88022]: [pid: 88022|app: 0|req: 63/122] 10.222.0.43 () {60 vars in 1377 bytes} [Fri Jan 28 09:36:04 2022] GET /placement/allocations/a966a524-c516-4618-960d-237abb6e920c => generated 259 bytes in 17 msecs (HTTP/1.1 200) 8 headers in 296 bytes (1 switches on core 0)
Jan 28 09:36:04.038935 n-d-825178-2 devstack@placement-api.service[88023]: DEBUG placement.requestlog [req-e9a7c153-5824-4911-939a-3c054d005f1b req-c0fb83a6-0597-4778-89f0-a38649372f58 None None] Starting request: 10.222.0.43 "PUT /placement/allocations/a966a524-c516-4618-960d-237abb6e920c" {{(pid=88023) __call__ /opt/stack/placement/placement/requestlog.py:55}}
Jan 28 09:36:04.105285 n-d-825178-2 devstack@placement-api.service[88023]: DEBUG placement.handlers.allocation [req-e9a7c153-5824-4911-939a-3c054d005f1b req-c0fb83a6-0597-4778-89f0-a38649372f58 service placement] Successfully wrote allocations [, , ] {{(pid=88023) _create_allocations /opt/stack/placement/placement/handlers/allocation.py:435}}
Jan 28 09:36:04.105941 n-d-825178-2 devstack@placement-api.service[88023]: INFO placement.requestlog [req-e9a7c153-5824-4911-939a-3c054d005f1b req-c0fb83a6-0597-4778-89f0-a38649372f58 service placement] 10.222.0.43 "PUT /placement/allocations/a966a524-c516-4618-960d-237abb6e920c" status: 204 len: 0 microversion: 1.28
Jan 28 09:36:04.106501 n-d-825178-2 devstack@placement-api.service[88023]: [pid: 88023|app: 0|req: 60/123] 10.222.0.43 () {64 vars in 1430 bytes} [Fri Jan 28 09:36:04 2022] PUT /placement/allocations/a966a524-c516-4618-960d-237abb6e920c => generated 0 bytes in 68 msecs (HTTP/1.1 204) 5 headers in 199 bytes (1 switches on core 0)
Jan 28 09:36:09.040274 n-d-825178-2 devstack@placement-api.service[88022]: DEBUG placement.requestlog [req-682220fb-cd72-4f0f-a833-c0e6c7bf5649 req-5654e030-fae9-427e-a6b5-4bf5a81bf6d0 None None] Starting request: 10.222.0.42 "GET /placement/allocation_candidates?limit=1000&resources=DISK_GB%3A1%2CMEMORY_MB%3A1024%2CVCPU%3A1&root_required=%21COMPUTE_STATUS_DISABLED" {{(pid=88022) __call__ /opt/stack/placement/placement/requestlog.py:55}}
Jan 28 09:36:09.087167 n-d-825178-2 devstack@placement-api.service[88022]: DEBUG placement.objects.research_context [req-682220fb-cd72-4f0f-a833-c0e6c7bf5649 req-5654e030-fae9-427e-a6b5-4bf5a81bf6d0 service placement] getting providers with 1 DISK_GB {{(pid=88022) __init__ /opt/stack/placement/placement/objects/research_context.py:126}}
Jan 28 09:36:09.093455 n-d-825178-2 devstack@placement-api.service[88022]: DEBUG placement.objects.research_context [req-682220fb-cd72-4f0f-a833-c0e6c7bf5649 req-5654e030-fae9-427e-a6b5-4bf5a81bf6d0 service placement] getting providers with 1024 MEMORY_MB {{(pid=88022) __init__ /opt/stack/placement/placement/objects/research_context.py:126}}
Jan 28 09:36:09.101106 n-d-825178-2 devstack@placement-api.service[88022]: DEBUG placement.objects.research_context [req-682220fb-cd72-4f0f-a833-c0e6c7bf5649 req-5654e030-fae9-427e-a6b5-4bf5a81bf6d0 service placement] getting providers with 1 VCPU {{(pid=88022) __init__ /opt/stack/placement/placement/objects/research_context.py:126}}
Jan 28 09:36:09.123974 n-d-825178-2 devstack@placement-api.service[88022]: DEBUG placement.objects.research_context [req-682220fb-cd72-4f0f-a833-c0e6c7bf5649 req-5654e030-fae9-427e-a6b5-4bf5a81bf6d0 service placement] found 2 providers with available 1 DISK_GB {{(pid=88022) get_provider_ids_matching /opt/stack/placement/placement/objects/research_context.py:549}}
Jan 28 09:36:09.127410 n-d-825178-2 devstack@placement-api.service[88022]: DEBUG placement.objects.research_context [req-682220fb-cd72-4f0f-a833-c0e6c7bf5649 req-5654e030-fae9-427e-a6b5-4bf5a81bf6d0 service placement] found 2 providers with available 1024 MEMORY_MB {{(pid=88022) get_provider_ids_matching /opt/stack/placement/placement/objects/research_context.py:549}}
Jan 28 09:36:09.128273 n-d-825178-2 devstack@placement-api.service[88022]: DEBUG placement.objects.research_context [req-682220fb-cd72-4f0f-a833-c0e6c7bf5649 req-5654e030-fae9-427e-a6b5-4bf5a81bf6d0 service placement] found 2 providers after filtering by previous result {{(pid=88022) get_provider_ids_matching /opt/stack/placement/placement/objects/research_context.py:580}}
Jan 28 09:36:09.128546 n-d-825178-2 devstack@placement-api.service[88022]: DEBUG placement.objects.research_context [req-682220fb-cd72-4f0f-a833-c0e6c7bf5649 req-5654e030-fae9-427e-a6b5-4bf5a81bf6d0 service placement] found 2 providers with available 1 VCPU {{(pid=88022) get_provider_ids_matching /opt/stack/placement/placement/objects/research_context.py:549}}
Jan 28 09:36:09.128992 n-d-825178-2 devstack@placement-api.service[88022]: DEBUG placement.objects.research_context [req-682220fb-cd72-4f0f-a833-c0e6c7bf5649 req-5654e030-fae9-427e-a6b5-4bf5a81bf6d0 service placement] found 2 providers after filtering by previous result {{(pid=88022) get_provider_ids_matching /opt/stack/placement/placement/objects/research_context.py:580}}
Jan 28 09:36:09.156856 n-d-825178-2 devstack@placement-api.service[88022]: DEBUG placement.objects.allocation_candidate [req-682220fb-cd72-4f0f-a833-c0e6c7bf5649 req-5654e030-fae9-427e-a6b5-4bf5a81bf6d0 service placement] RequestGroup(use_same_provider=False, resources={DISK_GB:1, MEMORY_MB:1024, VCPU:1}, traits=[], aggregates=[]) (suffix '') returned 2 matches {{(pid=88022) _get_by_requests /opt/stack/placement/placement/objects/allocation_candidate.py:145}}
Jan 28 09:36:09.159442 n-d-825178-2 devstack@placement-api.service[88022]: DEBUG placement.objects.allocation_candidate [req-682220fb-cd72-4f0f-a833-c0e6c7bf5649 req-5654e030-fae9-427e-a6b5-4bf5a81bf6d0 service placement] Merging candidates yields 2 allocation requests and 2 provider summaries {{(pid=88022) _merge_candidates /opt/stack/placement/placement/objects/allocation_candidate.py:783}}
Jan 28 09:36:09.163557 n-d-825178-2 devstack@placement-api.service[88022]: INFO placement.requestlog [req-682220fb-cd72-4f0f-a833-c0e6c7bf5649 req-5654e030-fae9-427e-a6b5-4bf5a81bf6d0 service placement] 10.222.0.42 "GET /placement/allocation_candidates?limit=1000&resources=DISK_GB%3A1%2CMEMORY_MB%3A1024%2CVCPU%3A1&root_required=%21COMPUTE_STATUS_DISABLED" status: 200 len: 1309 microversion: 1.35
Jan 28 09:36:09.164388 n-d-825178-2 devstack@placement-api.service[88022]: [pid: 88022|app: 0|req: 64/124] 10.222.0.42 () {60 vars in 1506 bytes} [Fri Jan 28 09:36:09 2022] GET /placement/allocation_candidates?limit=1000&resources=DISK_GB%3A1%2CMEMORY_MB%3A1024%2CVCPU%3A1&root_required=%21COMPUTE_STATUS_DISABLED => generated 1309 bytes in 124 msecs (HTTP/1.1 200) 8 headers in 297 bytes (1 switches on core 0)
Jan 28 09:36:09.268198 n-d-825178-2 devstack@placement-api.service[88023]: DEBUG placement.requestlog [req-682220fb-cd72-4f0f-a833-c0e6c7bf5649 req-20e66ba4-bd9a-410e-82d1-912ca7e21b50 None None] Starting request: 10.222.0.42 "GET /placement/allocations/a9e11bfc-2c3c-45a7-a100-2242661f81d3" {{(pid=88023) __call__ /opt/stack/placement/placement/requestlog.py:55}}
Jan 28 09:36:09.286538 n-d-825178-2 devstack@placement-api.service[88023]: INFO placement.requestlog [req-682220fb-cd72-4f0f-a833-c0e6c7bf5649 req-20e66ba4-bd9a-410e-82d1-912ca7e21b50 service placement] 10.222.0.42 "GET /placement/allocations/a9e11bfc-2c3c-45a7-a100-2242661f81d3" status: 200 len: 19 microversion: 1.28
Jan 28 09:36:09.291577 n-d-825178-2 devstack@placement-api.service[88023]: [pid: 88023|app: 0|req: 61/125] 10.222.0.42 () {60 vars in 1380 bytes} [Fri Jan 28 09:36:09 2022] GET /placement/allocations/a9e11bfc-2c3c-45a7-a100-2242661f81d3 => generated 19 bytes in 23 msecs (HTTP/1.1 200) 8 headers in 295 bytes (1 switches on core 0)
Jan 28 09:36:09.294708 n-d-825178-2 devstack@placement-api.service[88022]: DEBUG placement.requestlog [req-682220fb-cd72-4f0f-a833-c0e6c7bf5649 req-e9c0a337-8897-496b-968a-97d2e0331711 None None] Starting request: 10.222.0.42 "PUT /placement/allocations/a9e11bfc-2c3c-45a7-a100-2242661f81d3" {{(pid=88022) __call__ /opt/stack/placement/placement/requestlog.py:55}}
Jan 28 09:36:09.391619 n-d-825178-2 devstack@placement-api.service[88022]: DEBUG placement.handlers.allocation [req-682220fb-cd72-4f0f-a833-c0e6c7bf5649 req-e9c0a337-8897-496b-968a-97d2e0331711 service placement] Successfully wrote allocations [, , ] {{(pid=88022) _create_allocations /opt/stack/placement/placement/handlers/allocation.py:435}}
Jan 28 09:36:09.392116 n-d-825178-2 devstack@placement-api.service[88022]: INFO placement.requestlog [req-682220fb-cd72-4f0f-a833-c0e6c7bf5649 req-e9c0a337-8897-496b-968a-97d2e0331711 service placement] 10.222.0.42 "PUT /placement/allocations/a9e11bfc-2c3c-45a7-a100-2242661f81d3" status: 204 len: 0 microversion: 1.35
Jan 28 09:36:09.392727 n-d-825178-2 devstack@placement-api.service[88022]: [pid: 88022|app: 0|req: 65/126] 10.222.0.42 () {64 vars in 1433 bytes} [Fri Jan 28 09:36:09 2022] PUT /placement/allocations/a9e11bfc-2c3c-45a7-a100-2242661f81d3 => generated 0 bytes in 98 msecs (HTTP/1.1 204) 5 headers in 199 bytes (1 switches on core 0)
Jan 28 09:36:09.956127 n-d-825178-2 devstack@placement-api.service[88023]: DEBUG placement.requestlog [req-682220fb-cd72-4f0f-a833-c0e6c7bf5649 req-39a5067e-6166-4820-87a4-ba707f1e3a91 None None] Starting request: 10.222.0.43 "GET /placement/allocations/a9e11bfc-2c3c-45a7-a100-2242661f81d3" {{(pid=88023) __call__ /opt/stack/placement/placement/requestlog.py:55}}
Jan 28 09:36:09.978511 n-d-825178-2 devstack@placement-api.service[88023]: INFO placement.requestlog [req-682220fb-cd72-4f0f-a833-c0e6c7bf5649 req-39a5067e-6166-4820-87a4-ba707f1e3a91 service placement] 10.222.0.43 "GET /placement/allocations/a9e11bfc-2c3c-45a7-a100-2242661f81d3" status: 200 len: 259 microversion: 1.28
Jan 28 09:36:09.982269 n-d-825178-2 devstack@placement-api.service[88023]: [pid: 88023|app: 0|req: 62/127] 10.222.0.43 () {60 vars in 1377 bytes} [Fri Jan 28 09:36:09 2022] GET /placement/allocations/a9e11bfc-2c3c-45a7-a100-2242661f81d3 => generated 259 bytes in 26 msecs (HTTP/1.1 200) 8 headers in 296 bytes (1 switches on core 0)
Jan 28 09:36:14.702181 n-d-825178-2 devstack@placement-api.service[88022]: DEBUG placement.requestlog [req-e63a78d9-82ca-41f9-adb1-6d6273dff194 req-acca9d44-a8dc-47de-aa09-1dd6815f9205 None None] Starting request: 10.222.0.42 "GET /placement/allocation_candidates?resources=DISK_GB%3A1%2CMEMORY_MB%3A1024%2CVCPU%3A1&root_required=%21COMPUTE_STATUS_DISABLED" {{(pid=88022) __call__ /opt/stack/placement/placement/requestlog.py:55}}
Jan 28 09:36:14.748206 n-d-825178-2 devstack@placement-api.service[88022]: DEBUG placement.objects.research_context [req-e63a78d9-82ca-41f9-adb1-6d6273dff194 req-acca9d44-a8dc-47de-aa09-1dd6815f9205 service placement] getting providers with 1 DISK_GB {{(pid=88022) __init__ /opt/stack/placement/placement/objects/research_context.py:126}}
Jan 28 09:36:14.758772 n-d-825178-2 devstack@placement-api.service[88022]: DEBUG placement.objects.research_context [req-e63a78d9-82ca-41f9-adb1-6d6273dff194 req-acca9d44-a8dc-47de-aa09-1dd6815f9205 service placement] getting providers with 1024 MEMORY_MB {{(pid=88022) __init__ /opt/stack/placement/placement/objects/research_context.py:126}}
Jan 28 09:36:14.781002 n-d-825178-2 devstack@placement-api.service[88022]: DEBUG placement.objects.research_context [req-e63a78d9-82ca-41f9-adb1-6d6273dff194 req-acca9d44-a8dc-47de-aa09-1dd6815f9205 service placement] getting providers with 1 VCPU {{(pid=88022) __init__ /opt/stack/placement/placement/objects/research_context.py:126}}
Jan 28 09:36:14.791640 n-d-825178-2 devstack@placement-api.service[88022]: DEBUG placement.objects.research_context [req-e63a78d9-82ca-41f9-adb1-6d6273dff194 req-acca9d44-a8dc-47de-aa09-1dd6815f9205 service placement] found 2 providers with available 1 DISK_GB {{(pid=88022) get_provider_ids_matching /opt/stack/placement/placement/objects/research_context.py:549}}
Jan 28 09:36:14.792279 n-d-825178-2 devstack@placement-api.service[88022]: DEBUG placement.objects.research_context [req-e63a78d9-82ca-41f9-adb1-6d6273dff194 req-acca9d44-a8dc-47de-aa09-1dd6815f9205 service placement] found 2 providers with available 1024 MEMORY_MB {{(pid=88022) get_provider_ids_matching /opt/stack/placement/placement/objects/research_context.py:549}}
Jan 28 09:36:14.792782 n-d-825178-2 devstack@placement-api.service[88022]: DEBUG placement.objects.research_context [req-e63a78d9-82ca-41f9-adb1-6d6273dff194 req-acca9d44-a8dc-47de-aa09-1dd6815f9205 service placement] found 2 providers after filtering by previous result {{(pid=88022) get_provider_ids_matching /opt/stack/placement/placement/objects/research_context.py:580}}
Jan 28 09:36:14.793354 n-d-825178-2 devstack@placement-api.service[88022]: DEBUG placement.objects.research_context [req-e63a78d9-82ca-41f9-adb1-6d6273dff194 req-acca9d44-a8dc-47de-aa09-1dd6815f9205 service placement] found 2 providers with available 1 VCPU {{(pid=88022) get_provider_ids_matching /opt/stack/placement/placement/objects/research_context.py:549}}
