Jan 18 22:48:59.226250 n-d-825178-1 devstack@placement-api.service[88293]: DEBUG placement.objects.research_context [req-b8a4e380-34b0-456e-a925-0509382801a3 req-be384da2-4a3c-4bad-a23f-07d768517053 service placement] found 2 providers after filtering by previous result {{(pid=88293) get_provider_ids_matching /opt/stack/placement/placement/objects/research_context.py:580}}
Jan 18 22:48:59.240475 n-d-825178-1 devstack@placement-api.service[88293]: DEBUG placement.objects.allocation_candidate [req-b8a4e380-34b0-456e-a925-0509382801a3 req-be384da2-4a3c-4bad-a23f-07d768517053 service placement] RequestGroup(use_same_provider=False, resources={DISK_GB:1, MEMORY_MB:1024, VCPU:1}, traits=[], aggregates=[]) (suffix '') returned 2 matches {{(pid=88293) _get_by_requests /opt/stack/placement/placement/objects/allocation_candidate.py:145}}
Jan 18 22:48:59.240846 n-d-825178-1 devstack@placement-api.service[88293]: DEBUG placement.objects.allocation_candidate [req-b8a4e380-34b0-456e-a925-0509382801a3 req-be384da2-4a3c-4bad-a23f-07d768517053 service placement] Merging candidates yields 2 allocation requests and 2 provider summaries {{(pid=88293) _merge_candidates /opt/stack/placement/placement/objects/allocation_candidate.py:783}}
Jan 18 22:48:59.242614 n-d-825178-1 devstack@placement-api.service[88293]: INFO placement.requestlog [req-b8a4e380-34b0-456e-a925-0509382801a3 req-be384da2-4a3c-4bad-a23f-07d768517053 service placement] 10.222.0.78 "GET /placement/allocation_candidates?resources=DISK_GB%3A1%2CMEMORY_MB%3A1024%2CVCPU%3A1&root_required=%21COMPUTE_STATUS_DISABLED" status: 200 len: 1309 microversion: 1.35
Jan 18 22:48:59.243319 n-d-825178-1 devstack@placement-api.service[88293]: [pid: 88293|app: 0|req: 261/522] 10.222.0.78 () {60 vars in 1484 bytes} [Tue Jan 18 22:48:59 2022] GET /placement/allocation_candidates?resources=DISK_GB%3A1%2CMEMORY_MB%3A1024%2CVCPU%3A1&root_required=%21COMPUTE_STATUS_DISABLED => generated 1309 bytes in 77 msecs (HTTP/1.1 200) 8 headers in 297 bytes (1 switches on core 0)
Jan 18 22:48:59.296204 n-d-825178-1 devstack@placement-api.service[88294]: DEBUG placement.requestlog [req-b8a4e380-34b0-456e-a925-0509382801a3 req-1af18f8d-9c09-4749-a602-a98a8debf53b None None] Starting request: 10.222.0.78 "GET /placement/allocations/1b6fed9b-2185-4fb2-9504-019b9edae57a" {{(pid=88294) __call__ /opt/stack/placement/placement/requestlog.py:55}}
Jan 18 22:48:59.316470 n-d-825178-1 devstack@placement-api.service[88294]: INFO placement.requestlog [req-b8a4e380-34b0-456e-a925-0509382801a3 req-1af18f8d-9c09-4749-a602-a98a8debf53b service placement] 10.222.0.78 "GET /placement/allocations/1b6fed9b-2185-4fb2-9504-019b9edae57a" status: 200 len: 19 microversion: 1.28
Jan 18 22:48:59.316818 n-d-825178-1 devstack@placement-api.service[88294]: [pid: 88294|app: 0|req: 262/523] 10.222.0.78 () {60 vars in 1380 bytes} [Tue Jan 18 22:48:59 2022] GET /placement/allocations/1b6fed9b-2185-4fb2-9504-019b9edae57a => generated 19 bytes in 21 msecs (HTTP/1.1 200) 8 headers in 295 bytes (1 switches on core 0)
Jan 18 22:48:59.326262 n-d-825178-1 devstack@placement-api.service[88293]: DEBUG placement.requestlog [req-b8a4e380-34b0-456e-a925-0509382801a3 req-d4a48952-4fd7-4c90-83dd-1f6348653398 None None] Starting request: 10.222.0.78 "PUT /placement/allocations/1b6fed9b-2185-4fb2-9504-019b9edae57a" {{(pid=88293) __call__ /opt/stack/placement/placement/requestlog.py:55}}
Jan 18 22:48:59.454695 n-d-825178-1 devstack@placement-api.service[88293]: DEBUG placement.handlers.allocation [req-b8a4e380-34b0-456e-a925-0509382801a3 req-d4a48952-4fd7-4c90-83dd-1f6348653398 service placement] Successfully wrote allocations [, , ] {{(pid=88293) _create_allocations /opt/stack/placement/placement/handlers/allocation.py:435}}
Jan 18 22:48:59.455499 n-d-825178-1 devstack@placement-api.service[88293]: INFO placement.requestlog [req-b8a4e380-34b0-456e-a925-0509382801a3 req-d4a48952-4fd7-4c90-83dd-1f6348653398 service placement] 10.222.0.78 "PUT /placement/allocations/1b6fed9b-2185-4fb2-9504-019b9edae57a" status: 204 len: 0 microversion: 1.35
Jan 18 22:48:59.456213 n-d-825178-1 devstack@placement-api.service[88293]: [pid: 88293|app: 0|req: 262/524] 10.222.0.78 () {64 vars in 1433 bytes} [Tue Jan 18 22:48:59 2022] PUT /placement/allocations/1b6fed9b-2185-4fb2-9504-019b9edae57a => generated 0 bytes in 130 msecs (HTTP/1.1 204) 5 headers in 199 bytes (1 switches on core 0)
Jan 18 22:49:00.115594 n-d-825178-1 devstack@placement-api.service[88294]: DEBUG placement.requestlog [req-b8a4e380-34b0-456e-a925-0509382801a3 req-c745d402-beab-4f4c-ba9b-0334e7f22f80 None None] Starting request: 10.222.0.85 "GET /placement/allocations/1b6fed9b-2185-4fb2-9504-019b9edae57a" {{(pid=88294) __call__ /opt/stack/placement/placement/requestlog.py:55}}
Jan 18 22:49:00.139813 n-d-825178-1 devstack@placement-api.service[88294]: INFO placement.requestlog [req-b8a4e380-34b0-456e-a925-0509382801a3 req-c745d402-beab-4f4c-ba9b-0334e7f22f80 service placement] 10.222.0.85 "GET /placement/allocations/1b6fed9b-2185-4fb2-9504-019b9edae57a" status: 200 len: 259 microversion: 1.28
Jan 18 22:49:00.140857 n-d-825178-1 devstack@placement-api.service[88294]: [pid: 88294|app: 0|req: 263/525] 10.222.0.85 () {60 vars in 1377 bytes} [Tue Jan 18 22:49:00 2022] GET /placement/allocations/1b6fed9b-2185-4fb2-9504-019b9edae57a => generated 259 bytes in 26 msecs (HTTP/1.1 200) 8 headers in 296 bytes (1 switches on core 0)
Jan 18 22:49:01.921903 n-d-825178-1 devstack@placement-api.service[88293]: DEBUG placement.requestlog [req-0bf00a2b-e378-4623-ac80-79a8d96ad711 req-8a77ffc7-048d-48ef-a5bb-d80cbfd8831f None None] Starting request: 10.222.0.78 "GET /placement/allocation_candidates?limit=1000&resources=DISK_GB%3A1%2CMEMORY_MB%3A1024%2CVCPU%3A1&root_required=%21COMPUTE_STATUS_DISABLED" {{(pid=88293) __call__ /opt/stack/placement/placement/requestlog.py:55}}
Jan 18 22:49:01.993165 n-d-825178-1 devstack@placement-api.service[88293]: DEBUG placement.objects.research_context [req-0bf00a2b-e378-4623-ac80-79a8d96ad711 req-8a77ffc7-048d-48ef-a5bb-d80cbfd8831f service placement] getting providers with 1 DISK_GB {{(pid=88293) __init__ /opt/stack/placement/placement/objects/research_context.py:126}}
Jan 18 22:49:02.005953 n-d-825178-1 devstack@placement-api.service[88293]: DEBUG placement.objects.research_context [req-0bf00a2b-e378-4623-ac80-79a8d96ad711 req-8a77ffc7-048d-48ef-a5bb-d80cbfd8831f service placement] getting providers with 1024 MEMORY_MB {{(pid=88293) __init__ /opt/stack/placement/placement/objects/research_context.py:126}}
Jan 18 22:49:02.030623 n-d-825178-1 devstack@placement-api.service[88293]: DEBUG placement.objects.research_context [req-0bf00a2b-e378-4623-ac80-79a8d96ad711 req-8a77ffc7-048d-48ef-a5bb-d80cbfd8831f service placement] getting providers with 1 VCPU {{(pid=88293) __init__ /opt/stack/placement/placement/objects/research_context.py:126}}
Jan 18 22:49:02.053527 n-d-825178-1 devstack@placement-api.service[88293]: DEBUG placement.objects.research_context [req-0bf00a2b-e378-4623-ac80-79a8d96ad711 req-8a77ffc7-048d-48ef-a5bb-d80cbfd8831f service placement] found 2 providers with available 1 DISK_GB {{(pid=88293) get_provider_ids_matching /opt/stack/placement/placement/objects/research_context.py:549}}
Jan 18 22:49:02.054064 n-d-825178-1 devstack@placement-api.service[88293]: DEBUG placement.objects.research_context [req-0bf00a2b-e378-4623-ac80-79a8d96ad711 req-8a77ffc7-048d-48ef-a5bb-d80cbfd8831f service placement] found 2 providers with available 1024 MEMORY_MB {{(pid=88293) get_provider_ids_matching /opt/stack/placement/placement/objects/research_context.py:549}}
Jan 18 22:49:02.054720 n-d-825178-1 devstack@placement-api.service[88293]: DEBUG placement.objects.research_context [req-0bf00a2b-e378-4623-ac80-79a8d96ad711 req-8a77ffc7-048d-48ef-a5bb-d80cbfd8831f service placement] found 2 providers after filtering by previous result {{(pid=88293) get_provider_ids_matching /opt/stack/placement/placement/objects/research_context.py:580}}
Jan 18 22:49:02.055056 n-d-825178-1 devstack@placement-api.service[88293]: DEBUG placement.objects.research_context [req-0bf00a2b-e378-4623-ac80-79a8d96ad711 req-8a77ffc7-048d-48ef-a5bb-d80cbfd8831f service placement] found 2 providers with available 1 VCPU {{(pid=88293) get_provider_ids_matching /opt/stack/placement/placement/objects/research_context.py:549}}
Jan 18 22:49:02.055661 n-d-825178-1 devstack@placement-api.service[88293]: DEBUG placement.objects.research_context [req-0bf00a2b-e378-4623-ac80-79a8d96ad711 req-8a77ffc7-048d-48ef-a5bb-d80cbfd8831f service placement] found 2 providers after filtering by previous result {{(pid=88293) get_provider_ids_matching /opt/stack/placement/placement/objects/research_context.py:580}}
Jan 18 22:49:02.093703 n-d-825178-1 devstack@placement-api.service[88293]: DEBUG placement.objects.allocation_candidate [req-0bf00a2b-e378-4623-ac80-79a8d96ad711 req-8a77ffc7-048d-48ef-a5bb-d80cbfd8831f service placement] RequestGroup(use_same_provider=False, resources={DISK_GB:1, MEMORY_MB:1024, VCPU:1}, traits=[], aggregates=[]) (suffix '') returned 2 matches {{(pid=88293) _get_by_requests /opt/stack/placement/placement/objects/allocation_candidate.py:145}}
Jan 18 22:49:02.094379 n-d-825178-1 devstack@placement-api.service[88293]: DEBUG placement.objects.allocation_candidate [req-0bf00a2b-e378-4623-ac80-79a8d96ad711 req-8a77ffc7-048d-48ef-a5bb-d80cbfd8831f service placement] Merging candidates yields 2 allocation requests and 2 provider summaries {{(pid=88293) _merge_candidates /opt/stack/placement/placement/objects/allocation_candidate.py:783}}
Jan 18 22:49:02.099394 n-d-825178-1 devstack@placement-api.service[88293]: INFO placement.requestlog [req-0bf00a2b-e378-4623-ac80-79a8d96ad711 req-8a77ffc7-048d-48ef-a5bb-d80cbfd8831f service placement] 10.222.0.78 "GET /placement/allocation_candidates?limit=1000&resources=DISK_GB%3A1%2CMEMORY_MB%3A1024%2CVCPU%3A1&root_required=%21COMPUTE_STATUS_DISABLED" status: 200 len: 1309 microversion: 1.35
Jan 18 22:49:02.104031 n-d-825178-1 devstack@placement-api.service[88293]: [pid: 88293|app: 0|req: 263/526] 10.222.0.78 () {60 vars in 1506 bytes} [Tue Jan 18 22:49:01 2022] GET /placement/allocation_candidates?limit=1000&resources=DISK_GB%3A1%2CMEMORY_MB%3A1024%2CVCPU%3A1&root_required=%21COMPUTE_STATUS_DISABLED => generated 1309 bytes in 182 msecs (HTTP/1.1 200) 8 headers in 297 bytes (1 switches on core 0)
Jan 18 22:49:02.151727 n-d-825178-1 devstack@placement-api.service[88294]: DEBUG placement.requestlog [req-0bf00a2b-e378-4623-ac80-79a8d96ad711 req-39bfb841-9bb8-49e7-9f95-ba9a0dc29be5 None None] Starting request: 10.222.0.78 "GET /placement/allocations/c0c6f536-012c-417c-a4ca-3719c20fd89d" {{(pid=88294) __call__ /opt/stack/placement/placement/requestlog.py:55}}
Jan 18 22:49:02.162924 n-d-825178-1 devstack@placement-api.service[88294]: INFO placement.requestlog [req-0bf00a2b-e378-4623-ac80-79a8d96ad711 req-39bfb841-9bb8-49e7-9f95-ba9a0dc29be5 service placement] 10.222.0.78 "GET /placement/allocations/c0c6f536-012c-417c-a4ca-3719c20fd89d" status: 200 len: 19 microversion: 1.28
Jan 18 22:49:02.168698 n-d-825178-1 devstack@placement-api.service[88293]: DEBUG placement.requestlog [req-0bf00a2b-e378-4623-ac80-79a8d96ad711 req-6f254c1c-70ec-4f2e-876c-ec734bca13a4 None None] Starting request: 10.222.0.78 "PUT /placement/allocations/c0c6f536-012c-417c-a4ca-3719c20fd89d" {{(pid=88293) __call__ /opt/stack/placement/placement/requestlog.py:55}}
Jan 18 22:49:02.172324 n-d-825178-1 devstack@placement-api.service[88294]: [pid: 88294|app: 0|req: 264/527] 10.222.0.78 () {60 vars in 1380 bytes} [Tue Jan 18 22:49:02 2022] GET /placement/allocations/c0c6f536-012c-417c-a4ca-3719c20fd89d => generated 19 bytes in 16 msecs (HTTP/1.1 200) 8 headers in 295 bytes (1 switches on core 0)
Jan 18 22:49:02.307216 n-d-825178-1 devstack@placement-api.service[88293]: DEBUG placement.handlers.allocation [req-0bf00a2b-e378-4623-ac80-79a8d96ad711 req-6f254c1c-70ec-4f2e-876c-ec734bca13a4 service placement] Successfully wrote allocations [, , ] {{(pid=88293) _create_allocations /opt/stack/placement/placement/handlers/allocation.py:435}}
Jan 18 22:49:02.308010 n-d-825178-1 devstack@placement-api.service[88293]: INFO placement.requestlog [req-0bf00a2b-e378-4623-ac80-79a8d96ad711 req-6f254c1c-70ec-4f2e-876c-ec734bca13a4 service placement] 10.222.0.78 "PUT /placement/allocations/c0c6f536-012c-417c-a4ca-3719c20fd89d" status: 204 len: 0 microversion: 1.35
Jan 18 22:49:02.308741 n-d-825178-1 devstack@placement-api.service[88293]: [pid: 88293|app: 0|req: 264/528] 10.222.0.78 () {64 vars in 1433 bytes} [Tue Jan 18 22:49:02 2022] PUT /placement/allocations/c0c6f536-012c-417c-a4ca-3719c20fd89d => generated 0 bytes in 140 msecs (HTTP/1.1 204) 5 headers in 199 bytes (2 switches on core 0)
Jan 18 22:49:02.909938 n-d-825178-1 devstack@placement-api.service[88294]: DEBUG placement.requestlog [req-0bf00a2b-e378-4623-ac80-79a8d96ad711 req-d9919a46-d2dc-4f92-9169-f06b56dd1906 None None] Starting request: 10.222.0.86 "GET /placement/allocations/c0c6f536-012c-417c-a4ca-3719c20fd89d" {{(pid=88294) __call__ /opt/stack/placement/placement/requestlog.py:55}}
Jan 18 22:49:02.939950 n-d-825178-1 devstack@placement-api.service[88294]: INFO placement.requestlog [req-0bf00a2b-e378-4623-ac80-79a8d96ad711 req-d9919a46-d2dc-4f92-9169-f06b56dd1906 service placement] 10.222.0.86 "GET /placement/allocations/c0c6f536-012c-417c-a4ca-3719c20fd89d" status: 200 len: 259 microversion: 1.28
Jan 18 22:49:02.941271 n-d-825178-1 devstack@placement-api.service[88294]: [pid: 88294|app: 0|req: 265/529] 10.222.0.86 () {60 vars in 1377 bytes} [Tue Jan 18 22:49:02 2022] GET /placement/allocations/c0c6f536-012c-417c-a4ca-3719c20fd89d => generated 259 bytes in 31 msecs (HTTP/1.1 200) 8 headers in 296 bytes (1 switches on core 0)
Jan 18 22:49:09.894640 n-d-825178-1 devstack@placement-api.service[88293]: DEBUG placement.requestlog [req-235f399e-1066-458d-b6f5-7ac9afe75080 req-52957108-e731-4915-9b1c-8fd5a001aa0b None None] Starting request: 10.222.0.78 "GET /placement/allocation_candidates?limit=1000&resources=DISK_GB%3A1%2CMEMORY_MB%3A1024%2CVCPU%3A1&root_required=%21COMPUTE_STATUS_DISABLED" {{(pid=88293) __call__ /opt/stack/placement/placement/requestlog.py:55}}
Jan 18 22:49:09.958063 n-d-825178-1 devstack@placement-api.service[88293]: DEBUG placement.objects.research_context [req-235f399e-1066-458d-b6f5-7ac9afe75080 req-52957108-e731-4915-9b1c-8fd5a001aa0b service placement] getting providers with 1 DISK_GB {{(pid=88293) __init__ /opt/stack/placement/placement/objects/research_context.py:126}}
Jan 18 22:49:09.965671 n-d-825178-1 devstack@placement-api.service[88293]: DEBUG placement.objects.research_context [req-235f399e-1066-458d-b6f5-7ac9afe75080 req-52957108-e731-4915-9b1c-8fd5a001aa0b service placement] getting providers with 1024 MEMORY_MB {{(pid=88293) __init__ /opt/stack/placement/placement/objects/research_context.py:126}}
Jan 18 22:49:09.972219 n-d-825178-1 devstack@placement-api.service[88293]: DEBUG placement.objects.research_context [req-235f399e-1066-458d-b6f5-7ac9afe75080 req-52957108-e731-4915-9b1c-8fd5a001aa0b service placement] getting providers with 1 VCPU {{(pid=88293) __init__ /opt/stack/placement/placement/objects/research_context.py:126}}
Jan 18 22:49:09.979929 n-d-825178-1 devstack@placement-api.service[88293]: DEBUG placement.objects.research_context [req-235f399e-1066-458d-b6f5-7ac9afe75080 req-52957108-e731-4915-9b1c-8fd5a001aa0b service placement] found 2 providers with available 1 DISK_GB {{(pid=88293) get_provider_ids_matching /opt/stack/placement/placement/objects/research_context.py:549}}
Jan 18 22:49:09.980513 n-d-825178-1 devstack@placement-api.service[88293]: DEBUG placement.objects.research_context [req-235f399e-1066-458d-b6f5-7ac9afe75080 req-52957108-e731-4915-9b1c-8fd5a001aa0b service placement] found 2 providers with available 1024 MEMORY_MB {{(pid=88293) get_provider_ids_matching /opt/stack/placement/placement/objects/research_context.py:549}}
Jan 18 22:49:09.981004 n-d-825178-1 devstack@placement-api.service[88293]: DEBUG placement.objects.research_context [req-235f399e-1066-458d-b6f5-7ac9afe75080 req-52957108-e731-4915-9b1c-8fd5a001aa0b service placement] found 2 providers after filtering by previous result {{(pid=88293) get_provider_ids_matching /opt/stack/placement/placement/objects/research_context.py:580}}
Jan 18 22:49:09.981480 n-d-825178-1 devstack@placement-api.service[88293]: DEBUG placement.objects.research_context [req-235f399e-1066-458d-b6f5-7ac9afe75080 req-52957108-e731-4915-9b1c-8fd5a001aa0b service placement] found 2 providers with available 1 VCPU {{(pid=88293) get_provider_ids_matching /opt/stack/placement/placement/objects/research_context.py:549}}
Jan 18 22:49:09.981929 n-d-825178-1 devstack@placement-api.service[88293]: DEBUG placement.objects.research_context [req-235f399e-1066-458d-b6f5-7ac9afe75080 req-52957108-e731-4915-9b1c-8fd5a001aa0b service placement] found 2 providers after filtering by previous result {{(pid=88293) get_provider_ids_matching /opt/stack/placement/placement/objects/research_context.py:580}}
Jan 18 22:49:09.994645 n-d-825178-1 devstack@placement-api.service[88293]: DEBUG placement.objects.allocation_candidate [req-235f399e-1066-458d-b6f5-7ac9afe75080 req-52957108-e731-4915-9b1c-8fd5a001aa0b service placement] RequestGroup(use_same_provider=False, resources={DISK_GB:1, MEMORY_MB:1024, VCPU:1}, traits=[], aggregates=[]) (suffix '') returned 2 matches {{(pid=88293) _get_by_requests /opt/stack/placement/placement/objects/allocation_candidate.py:145}}
Jan 18 22:49:09.995298 n-d-825178-1 devstack@placement-api.service[88293]: DEBUG placement.objects.allocation_candidate [req-235f399e-1066-458d-b6f5-7ac9afe75080 req-52957108-e731-4915-9b1c-8fd5a001aa0b service placement] Merging candidates yields 2 allocation requests and 2 provider summaries {{(pid=88293) _merge_candidates /opt/stack/placement/placement/objects/allocation_candidate.py:783}}
Jan 18 22:49:09.997343 n-d-825178-1 devstack@placement-api.service[88293]: INFO placement.requestlog [req-235f399e-1066-458d-b6f5-7ac9afe75080 req-52957108-e731-4915-9b1c-8fd5a001aa0b service placement] 10.222.0.78 "GET /placement/allocation_candidates?limit=1000&resources=DISK_GB%3A1%2CMEMORY_MB%3A1024%2CVCPU%3A1&root_required=%21COMPUTE_STATUS_DISABLED" status: 200 len: 1309 microversion: 1.35
Jan 18 22:49:10.001836 n-d-825178-1 devstack@placement-api.service[88293]: [pid: 88293|app: 0|req: 265/530] 10.222.0.78 () {60 vars in 1506 bytes} [Tue Jan 18 22:49:09 2022] GET /placement/allocation_candidates?limit=1000&resources=DISK_GB%3A1%2CMEMORY_MB%3A1024%2CVCPU%3A1&root_required=%21COMPUTE_STATUS_DISABLED => generated 1309 bytes in 107 msecs (HTTP/1.1 200) 8 headers in 297 bytes (1 switches on core 0)
Jan 18 22:49:10.068607 n-d-825178-1 devstack@placement-api.service[88294]: DEBUG placement.requestlog [req-235f399e-1066-458d-b6f5-7ac9afe75080 req-1bbf5e40-f5fc-4861-aa86-0ef91e29ccf5 None None] Starting request: 10.222.0.78 "GET /placement/allocations/3f65f4d4-ab7a-4454-9d97-1df5fea8e8e9" {{(pid=88294) __call__ /opt/stack/placement/placement/requestlog.py:55}}
Jan 18 22:49:10.083945 n-d-825178-1 devstack@placement-api.service[88294]: INFO placement.requestlog [req-235f399e-1066-458d-b6f5-7ac9afe75080 req-1bbf5e40-f5fc-4861-aa86-0ef91e29ccf5 service placement] 10.222.0.78 "GET /placement/allocations/3f65f4d4-ab7a-4454-9d97-1df5fea8e8e9" status: 200 len: 19 microversion: 1.28
Jan 18 22:49:10.089839 n-d-825178-1 devstack@placement-api.service[88293]: DEBUG placement.requestlog [req-235f399e-1066-458d-b6f5-7ac9afe75080 req-3f7d90d7-5479-4a8d-a432-24fbc110a622 None None] Starting request: 10.222.0.78 "PUT /placement/allocations/3f65f4d4-ab7a-4454-9d97-1df5fea8e8e9" {{(pid=88293) __call__ /opt/stack/placement/placement/requestlog.py:55}}
Jan 18 22:49:10.104286 n-d-825178-1 devstack@placement-api.service[88294]: [pid: 88294|app: 0|req: 266/531] 10.222.0.78 () {60 vars in 1380 bytes} [Tue Jan 18 22:49:10 2022] GET /placement/allocations/3f65f4d4-ab7a-4454-9d97-1df5fea8e8e9 => generated 19 bytes in 36 msecs (HTTP/1.1 200) 8 headers in 295 bytes (1 switches on core 0)
Jan 18 22:49:10.203335 n-d-825178-1 devstack@placement-api.service[88293]: DEBUG placement.handlers.allocation [req-235f399e-1066-458d-b6f5-7ac9afe75080 req-3f7d90d7-5479-4a8d-a432-24fbc110a622 service placement] Successfully wrote allocations [, , ] {{(pid=88293) _create_allocations /opt/stack/placement/placement/handlers/allocation.py:435}}
Jan 18 22:49:10.204238 n-d-825178-1 devstack@placement-api.service[88293]: INFO placement.requestlog [req-235f399e-1066-458d-b6f5-7ac9afe75080 req-3f7d90d7-5479-4a8d-a432-24fbc110a622 service placement] 10.222.0.78 "PUT /placement/allocations/3f65f4d4-ab7a-4454-9d97-1df5fea8e8e9" status: 204 len: 0 microversion: 1.35
Jan 18 22:49:10.205735 n-d-825178-1 devstack@placement-api.service[88293]: [pid: 88293|app: 0|req: 266/532] 10.222.0.78 () {64 vars in 1433 bytes} [Tue Jan 18 22:49:10 2022] PUT /placement/allocations/3f65f4d4-ab7a-4454-9d97-1df5fea8e8e9 => generated 0 bytes in 116 msecs (HTTP/1.1 204) 5 headers in 199 bytes (2 switches on core 0)
Jan 18 22:49:11.068123 n-d-825178-1 devstack@placement-api.service[88294]: DEBUG placement.requestlog [req-83ca2704-6824-4cd9-b7b4-5d4419f6c71d req-3b450826-64bb-41e3-ae02-9ece04c2ca08 None None] Starting request: 10.222.0.85 "GET /placement/allocations/d3793980-d9b3-4450-8445-81e9282d0614" {{(pid=88294) __call__ /opt/stack/placement/placement/requestlog.py:55}}
Jan 18 22:49:11.111363 n-d-825178-1 devstack@placement-api.service[88294]: INFO placement.requestlog [req-83ca2704-6824-4cd9-b7b4-5d4419f6c71d req-3b450826-64bb-41e3-ae02-9ece04c2ca08 service placement] 10.222.0.85 "GET /placement/allocations/d3793980-d9b3-4450-8445-81e9282d0614" status: 200 len: 259 microversion: 1.28
Jan 18 22:49:11.112021 n-d-825178-1 devstack@placement-api.service[88294]: [pid: 88294|app: 0|req: 267/533] 10.222.0.85 () {60 vars in 1377 bytes} [Tue Jan 18 22:49:11 2022] GET /placement/allocations/d3793980-d9b3-4450-8445-81e9282d0614 => generated 259 bytes in 44 msecs (HTTP/1.1 200) 8 headers in 296 bytes (2 switches on core 0)
Jan 18 22:49:11.302335 n-d-825178-1 devstack@placement-api.service[88293]: DEBUG placement.requestlog [req-235f399e-1066-458d-b6f5-7ac9afe75080 req-e604ce94-0bdf-4ddf-ac7f-c5005ac3f0be None None] Starting request: 10.222.0.86 "GET /placement/allocations/3f65f4d4-ab7a-4454-9d97-1df5fea8e8e9" {{(pid=88293) __call__ /opt/stack/placement/placement/requestlog.py:55}}
Jan 18 22:49:11.339803 n-d-825178-1 devstack@placement-api.service[88293]: INFO placement.requestlog [req-235f399e-1066-458d-b6f5-7ac9afe75080 req-e604ce94-0bdf-4ddf-ac7f-c5005ac3f0be service placement] 10.222.0.86 "GET /placement/allocations/3f65f4d4-ab7a-4454-9d97-1df5fea8e8e9" status: 200 len: 259 microversion: 1.28
Jan 18 22:49:11.340032 n-d-825178-1 devstack@placement-api.service[88293]: [pid: 88293|app: 0|req: 267/534] 10.222.0.86 () {60 vars in 1377 bytes} [Tue Jan 18 22:49:11 2022] GET /placement/allocations/3f65f4d4-ab7a-4454-9d97-1df5fea8e8e9 => generated 259 bytes in 38 msecs (HTTP/1.1 200) 8 headers in 296 bytes (1 switches on core 0)
Jan 18 22:49:14.797476 n-d-825178-1 devstack@placement-api.service[88294]: DEBUG placement.requestlog [req-ed928658-8d5d-4dd0-a7f1-e784a407b903 req-bf7af1c8-a42c-4802-8a34-427900b0166e None None] Starting request: 10.222.0.78 "GET /placement/allocation_candidates?limit=1000&resources=DISK_GB%3A1%2CMEMORY_MB%3A1024%2CVCPU%3A1&root_required=%21COMPUTE_STATUS_DISABLED" {{(pid=88294) __call__ /opt/stack/placement/placement/requestlog.py:55}}
Jan 18 22:49:14.826413 n-d-825178-1 devstack@placement-api.service[88294]: DEBUG placement.objects.research_context [req-ed928658-8d5d-4dd0-a7f1-e784a407b903 req-bf7af1c8-a42c-4802-8a34-427900b0166e service placement] getting providers with 1 DISK_GB {{(pid=88294) __init__ /opt/stack/placement/placement/objects/research_context.py:126}}
Jan 18 22:49:14.832440 n-d-825178-1 devstack@placement-api.service[88294]: DEBUG placement.objects.research_context [req-ed928658-8d5d-4dd0-a7f1-e784a407b903 req-bf7af1c8-a42c-4802-8a34-427900b0166e service placement] getting providers with 1024 MEMORY_MB {{(pid=88294) __init__ /opt/stack/placement/placement/objects/research_context.py:126}}
Jan 18 22:49:14.837875 n-d-825178-1 devstack@placement-api.service[88294]: DEBUG placement.objects.research_context [req-ed928658-8d5d-4dd0-a7f1-e784a407b903 req-bf7af1c8-a42c-4802-8a34-427900b0166e service placement] getting providers with 1 VCPU {{(pid=88294) __init__ /opt/stack/placement/placement/objects/research_context.py:126}}
Jan 18 22:49:14.843795 n-d-825178-1 devstack@placement-api.service[88294]: DEBUG placement.objects.research_context [req-ed928658-8d5d-4dd0-a7f1-e784a407b903 req-bf7af1c8-a42c-4802-8a34-427900b0166e service placement] found 2 providers with available 1 DISK_GB {{(pid=88294) get_provider_ids_matching /opt/stack/placement/placement/objects/research_context.py:549}}
Jan 18 22:49:14.844233 n-d-825178-1 devstack@placement-api.service[88294]: DEBUG placement.objects.research_context [req-ed928658-8d5d-4dd0-a7f1-e784a407b903 req-bf7af1c8-a42c-4802-8a34-427900b0166e service placement] found 2 providers with available 1024 MEMORY_MB {{(pid=88294) get_provider_ids_matching /opt/stack/placement/placement/objects/research_context.py:549}}
Jan 18 22:49:14.844650 n-d-825178-1 devstack@placement-api.service[88294]: DEBUG placement.objects.research_context [req-ed928658-8d5d-4dd0-a7f1-e784a407b903 req-bf7af1c8-a42c-4802-8a34-427900b0166e service placement] found 2 providers after filtering by previous result {{(pid=88294) get_provider_ids_matching /opt/stack/placement/placement/objects/research_context.py:580}}
Jan 18 22:49:14.845124 n-d-825178-1 devstack@placement-api.service[88294]: DEBUG placement.objects.research_context [req-ed928658-8d5d-4dd0-a7f1-e784a407b903 req-bf7af1c8-a42c-4802-8a34-427900b0166e service placement] found 2 providers with available 1 VCPU {{(pid=88294) get_provider_ids_matching /opt/stack/placement/placement/objects/research_context.py:549}}
Jan 18 22:49:14.845698 n-d-825178-1 devstack@placement-api.service[88294]: DEBUG placement.objects.research_context [req-ed928658-8d5d-4dd0-a7f1-e784a407b903 req-bf7af1c8-a42c-4802-8a34-427900b0166e service placement] found 2 providers after filtering by previous result {{(pid=88294) get_provider_ids_matching /opt/stack/placement/placement/objects/research_context.py:580}}
Jan 18 22:49:14.871773 n-d-825178-1 devstack@placement-api.service[88294]: DEBUG placement.objects.allocation_candidate [req-ed928658-8d5d-4dd0-a7f1-e784a407b903 req-bf7af1c8-a42c-4802-8a34-427900b0166e service placement] RequestGroup(use_same_provider=False, resources={DISK_GB:1, MEMORY_MB:1024, VCPU:1}, traits=[], aggregates=[]) (suffix '') returned 2 matches {{(pid=88294) _get_by_requests /opt/stack/placement/placement/objects/allocation_candidate.py:145}}
Jan 18 22:49:14.871861 n-d-825178-1 devstack@placement-api.service[88294]: DEBUG placement.objects.allocation_candidate [req-ed928658-8d5d-4dd0-a7f1-e784a407b903 req-bf7af1c8-a42c-4802-8a34-427900b0166e service placement] Merging candidates yields 2 allocation requests and 2 provider summaries {{(pid=88294) _merge_candidates /opt/stack/placement/placement/objects/allocation_candidate.py:783}}
Jan 18 22:49:14.883441 n-d-825178-1 devstack@placement-api.service[88294]: INFO placement.requestlog [req-ed928658-8d5d-4dd0-a7f1-e784a407b903 req-bf7af1c8-a42c-4802-8a34-427900b0166e service placement] 10.222.0.78 "GET /placement/allocation_candidates?limit=1000&resources=DISK_GB%3A1%2CMEMORY_MB%3A1024%2CVCPU%3A1&root_required=%21COMPUTE_STATUS_DISABLED" status: 200 len: 1309 microversion: 1.35
Jan 18 22:49:14.883916 n-d-825178-1 devstack@placement-api.service[88294]: [pid: 88294|app: 0|req: 268/535] 10.222.0.78 () {60 vars in 1506 bytes} [Tue Jan 18 22:49:14 2022] GET /placement/allocation_candidates?limit=1000&resources=DISK_GB%3A1%2CMEMORY_MB%3A1024%2CVCPU%3A1&root_required=%21COMPUTE_STATUS_DISABLED => generated 1309 bytes in 86 msecs (HTTP/1.1 200) 8 headers in 297 bytes (1 switches on core 0)
Jan 18 22:49:14.908614 n-d-825178-1 devstack@placement-api.service[88293]: DEBUG placement.requestlog [req-5220b5b1-9ae8-428a-a888-73168f97b5a0 req-42cbbf80-9ccb-4542-9cbe-887fbecf86b5 None None] Starting request: 10.222.0.85 "GET /placement/allocations/68bb3e3d-deee-410d-858a-369de41abe77" {{(pid=88293) __call__ /opt/stack/placement/placement/requestlog.py:55}}
Jan 18 22:49:14.928346 n-d-825178-1 devstack@placement-api.service[88293]: INFO placement.requestlog [req-5220b5b1-9ae8-428a-a888-73168f97b5a0 req-42cbbf80-9ccb-4542-9cbe-887fbecf86b5 service placement] 10.222.0.85 "GET /placement/allocations/68bb3e3d-deee-410d-858a-369de41abe77" status: 200 len: 259 microversion: 1.28
Jan 18 22:49:14.928977 n-d-825178-1 devstack@placement-api.service[88293]: [pid: 88293|app: 0|req: 268/536] 10.222.0.85 () {60 vars in 1377 bytes} [Tue Jan 18 22:49:14 2022] GET /placement/allocations/68bb3e3d-deee-410d-858a-369de41abe77 => generated 259 bytes in 20 msecs (HTTP/1.1 200) 8 headers in 296 bytes (1 switches on core 0)
Jan 18 22:49:14.936753 n-d-825178-1 devstack@placement-api.service[88294]: DEBUG placement.requestlog [req-5220b5b1-9ae8-428a-a888-73168f97b5a0 req-3f4989f1-9ebd-4d2a-a489-60fa0d0e17b6 None None] Starting request: 10.222.0.85 "PUT /placement/allocations/68bb3e3d-deee-410d-858a-369de41abe77" {{(pid=88294) __call__ /opt/stack/placement/placement/requestlog.py:55}}
Jan 18 22:49:14.962356 n-d-825178-1 devstack@placement-api.service[88293]: DEBUG placement.requestlog [req-ed928658-8d5d-4dd0-a7f1-e784a407b903 req-88ba798b-f8e4-4439-89c5-9892ed264a2d None None] Starting request: 10.222.0.78 "GET /placement/allocations/9899fc70-9fae-4d12-bf66-14de2d139176" {{(pid=88293) __call__ /opt/stack/placement/placement/requestlog.py:55}}
Jan 18 22:49:14.978567 n-d-825178-1 devstack@placement-api.service[88293]: INFO placement.requestlog [req-ed928658-8d5d-4dd0-a7f1-e784a407b903 req-88ba798b-f8e4-4439-89c5-9892ed264a2d service placement] 10.222.0.78 "GET /placement/allocations/9899fc70-9fae-4d12-bf66-14de2d139176" status: 200 len: 19 microversion: 1.28
Jan 18 22:49:14.982084 n-d-825178-1 devstack@placement-api.service[88293]: [pid: 88293|app: 0|req: 269/537] 10.222.0.78 () {60 vars in 1380 bytes} [Tue Jan 18 22:49:14 2022] GET /placement/allocations/9899fc70-9fae-4d12-bf66-14de2d139176 => generated 19 bytes in 19 msecs (HTTP/1.1 200) 8 headers in 295 bytes (2 switches on core 0)
Jan 18 22:49:14.986377 n-d-825178-1 devstack@placement-api.service[88293]: DEBUG placement.requestlog [req-ed928658-8d5d-4dd0-a7f1-e784a407b903 req-29c4e344-21eb-4e3b-bdfe-0aff05ea103e None None] Starting request: 10.222.0.78 "PUT /placement/allocations/9899fc70-9fae-4d12-bf66-14de2d139176" {{(pid=88293) __call__ /opt/stack/placement/placement/requestlog.py:55}}
Jan 18 22:49:15.015051 n-d-825178-1 devstack@placement-api.service[88294]: DEBUG placement.handlers.allocation [req-5220b5b1-9ae8-428a-a888-73168f97b5a0 req-3f4989f1-9ebd-4d2a-a489-60fa0d0e17b6 service placement] Successfully wrote allocations [, , ] {{(pid=88294) _create_allocations /opt/stack/placement/placement/handlers/allocation.py:435}}
Jan 18 22:49:15.016783 n-d-825178-1 devstack@placement-api.service[88294]: INFO placement.requestlog [req-5220b5b1-9ae8-428a-a888-73168f97b5a0 req-3f4989f1-9ebd-4d2a-a489-60fa0d0e17b6 service placement] 10.222.0.85 "PUT /placement/allocations/68bb3e3d-deee-410d-858a-369de41abe77" status: 204 len: 0 microversion: 1.28
Jan 18 22:49:15.018820 n-d-825178-1 devstack@placement-api.service[88294]: [pid: 88294|app: 0|req: 269/538] 10.222.0.85 () {64 vars in 1430 bytes} [Tue Jan 18 22:49:14 2022] PUT /placement/allocations/68bb3e3d-deee-410d-858a-369de41abe77 => generated 0 bytes in 82 msecs (HTTP/1.1 204) 5 headers in 199 bytes (1 switches on core 0)
Jan 18 22:49:15.076444 n-d-825178-1 devstack@placement-api.service[88293]: DEBUG placement.handlers.allocation [req-ed928658-8d5d-4dd0-a7f1-e784a407b903 req-29c4e344-21eb-4e3b-bdfe-0aff05ea103e service placement] Successfully wrote allocations [, , ] {{(pid=88293) _create_allocations /opt/stack/placement/placement/handlers/allocation.py:435}}
Jan 18 22:49:15.077933 n-d-825178-1 devstack@placement-api.service[88293]: INFO placement.requestlog [req-ed928658-8d5d-4dd0-a7f1-e784a407b903 req-29c4e344-21eb-4e3b-bdfe-0aff05ea103e service placement] 10.222.0.78 "PUT /placement/allocations/9899fc70-9fae-4d12-bf66-14de2d139176" status: 204 len: 0 microversion: 1.35
Jan 18 22:49:15.078879 n-d-825178-1 devstack@placement-api.service[88293]: [pid: 88293|app: 0|req: 270/539] 10.222.0.78 () {64 vars in 1433 bytes} [Tue Jan 18 22:49:14 2022] PUT /placement/allocations/9899fc70-9fae-4d12-bf66-14de2d139176 => generated 0 bytes in 92 msecs (HTTP/1.1 204) 5 headers in 199 bytes (2 switches on core 0)
Jan 18 22:49:15.464120 n-d-825178-1 devstack@placement-api.service[88294]: DEBUG placement.requestlog [req-ed928658-8d5d-4dd0-a7f1-e784a407b903 req-e9c51cbd-bd2b-4d59-a5f5-344a12dcb210 None None] Starting request: 10.222.0.85 "GET /placement/allocations/9899fc70-9fae-4d12-bf66-14de2d139176" {{(pid=88294) __call__ /opt/stack/placement/placement/requestlog.py:55}}
Jan 18 22:49:15.488935 n-d-825178-1 devstack@placement-api.service[88294]: INFO placement.requestlog [req-ed928658-8d5d-4dd0-a7f1-e784a407b903 req-e9c51cbd-bd2b-4d59-a5f5-344a12dcb210 service placement] 10.222.0.85 "GET /placement/allocations/9899fc70-9fae-4d12-bf66-14de2d139176" status: 200 len: 259 microversion: 1.28
Jan 18 22:49:15.489845 n-d-825178-1 devstack@placement-api.service[88294]: [pid: 88294|app: 0|req: 270/540] 10.222.0.85 () {60 vars in 1377 bytes} [Tue Jan 18 22:49:15 2022] GET /placement/allocations/9899fc70-9fae-4d12-bf66-14de2d139176 => generated 259 bytes in 28 msecs (HTTP/1.1 200) 8 headers in 296 bytes (2 switches on core 0)
Jan 18 22:49:16.155194 n-d-825178-1 devstack@placement-api.service[88293]: DEBUG placement.requestlog [req-e21851af-bfb8-4651-ae99-51adc843a6b8 req-a35a260e-1f6b-42b6-909d-1a2c05bbe2cd None None] Starting request: 10.222.0.85 "GET /placement/resource_providers/e28170aa-c10d-4d43-a675-62d1045451b2/allocations" {{(pid=88293) __call__ /opt/stack/placement/placement/requestlog.py:55}}
Jan 18 22:49:16.189286 n-d-825178-1 devstack@placement-api.service[88293]: INFO placement.requestlog [req-e21851af-bfb8-4651-ae99-51adc843a6b8 req-a35a260e-1f6b-42b6-909d-1a2c05bbe2cd service placement] 10.222.0.85 "GET /placement/resource_providers/e28170aa-c10d-4d43-a675-62d1045451b2/allocations" status: 200 len: 645 microversion: 1.0
Jan 18 22:49:16.190289 n-d-825178-1 devstack@placement-api.service[88293]: [pid: 88293|app: 0|req: 271/541] 10.222.0.85 () {58 vars in 1390 bytes} [Tue Jan 18 22:49:16 2022] GET /placement/resource_providers/e28170aa-c10d-4d43-a675-62d1045451b2/allocations => generated 645 bytes in 35 msecs (HTTP/1.1 200) 6 headers in 224 bytes (1 switches on core 0)
Jan 18 22:49:22.860910 n-d-825178-1 devstack@placement-api.service[88294]: DEBUG placement.requestlog [req-e6923882-bb9d-4fe7-ae92-267cbd6bb5d1 req-28597b5e-1312-40dc-a45a-f09839902888 None None] Starting request: 10.222.0.86 "GET /placement/resource_providers/04c2efb9-b8e0-4f5e-918c-a9a30bb0f0c7/allocations" {{(pid=88294) __call__ /opt/stack/placement/placement/requestlog.py:55}}
Jan 18 22:49:22.895386 n-d-825178-1 devstack@placement-api.service[88294]: INFO placement.requestlog [req-e6923882-bb9d-4fe7-ae92-267cbd6bb5d1 req-28597b5e-1312-40dc-a45a-f09839902888 service placement] 10.222.0.86 "GET /placement/resource_providers/04c2efb9-b8e0-4f5e-918c-a9a30bb0f0c7/allocations" status: 200 len: 760 microversion: 1.0
Jan 18 22:49:22.896189 n-d-825178-1 devstack@placement-api.service[88294]: [pid: 88294|app: 0|req: 271/542] 10.222.0.86 () {58 vars in 1390 bytes} [Tue Jan 18 22:49:22 2022] GET /placement/resource_providers/04c2efb9-b8e0-4f5e-918c-a9a30bb0f0c7/allocations => generated 760 bytes in 35 msecs (HTTP/1.1 200) 6 headers in 224 bytes (1 switches on core 0)
Jan 18 22:49:26.192940 n-d-825178-1 devstack@placement-api.service[88293]: DEBUG placement.requestlog [req-34400503-79b2-48cb-958a-99d38daaad17 req-b563fc2e-520b-4399-83dd-a88126f0548d None None] Starting request: 10.222.0.85 "GET /placement/allocations/1b6fed9b-2185-4fb2-9504-019b9edae57a" {{(pid=88293) __call__ /opt/stack/placement/placement/requestlog.py:55}}
Jan 18 22:49:26.220555 n-d-825178-1 devstack@placement-api.service[88293]: INFO placement.requestlog [req-34400503-79b2-48cb-958a-99d38daaad17 req-b563fc2e-520b-4399-83dd-a88126f0548d service placement] 10.222.0.85 "GET /placement/allocations/1b6fed9b-2185-4fb2-9504-019b9edae57a" status: 200 len: 259 microversion: 1.28
Jan 18 22:49:26.221021 n-d-825178-1 devstack@placement-api.service[88293]: [pid: 88293|app: 0|req: 272/543] 10.222.0.85 () {60 vars in 1377 bytes} [Tue Jan 18 22:49:26 2022] GET /placement/allocations/1b6fed9b-2185-4fb2-9504-019b9edae57a => generated 259 bytes in 28 msecs (HTTP/1.1 200) 8 headers in 296 bytes (1 switches on core 0)
Jan 18 22:49:26.229684 n-d-825178-1 devstack@placement-api.service[88294]: DEBUG placement.requestlog [req-34400503-79b2-48cb-958a-99d38daaad17 req-521d200f-92d8-4cd7-9e1c-51b2f6e3ca59 None None] Starting request: 10.222.0.85 "PUT /placement/allocations/1b6fed9b-2185-4fb2-9504-019b9edae57a" {{(pid=88294) __call__ /opt/stack/placement/placement/requestlog.py:55}}
Jan 18 22:49:26.336563 n-d-825178-1 devstack@placement-api.service[88294]: DEBUG placement.handlers.allocation [req-34400503-79b2-48cb-958a-99d38daaad17 req-521d200f-92d8-4cd7-9e1c-51b2f6e3ca59 service placement] Successfully wrote allocations [, , ] {{(pid=88294) _create_allocations /opt/stack/placement/placement/handlers/allocation.py:435}}
Jan 18 22:49:26.337334 n-d-825178-1 devstack@placement-api.service[88294]: INFO placement.requestlog [req-34400503-79b2-48cb-958a-99d38daaad17 req-521d200f-92d8-4cd7-9e1c-51b2f6e3ca59 service placement] 10.222.0.85 "PUT /placement/allocations/1b6fed9b-2185-4fb2-9504-019b9edae57a" status: 204 len: 0 microversion: 1.28
Jan 18 22:49:26.337993 n-d-825178-1 devstack@placement-api.service[88294]: [pid: 88294|app: 0|req: 272/544] 10.222.0.85 () {64 vars in 1430 bytes} [Tue Jan 18 22:49:26 2022] PUT /placement/allocations/1b6fed9b-2185-4fb2-9504-019b9edae57a => generated 0 bytes in 109 msecs (HTTP/1.1 204) 5 headers in 199 bytes (1 switches on core 0)
Jan 18 22:49:31.223961 n-d-825178-1 devstack@placement-api.service[88293]: DEBUG placement.requestlog [req-056419ea-9f69-428d-9366-d440db07f2b4 req-175a2ed7-429d-4a51-a599-41cfdd2b3039 None None] Starting request: 10.222.0.86 "GET /placement/allocations/3a8244ed-2183-42fd-8006-54fe20da5b61" {{(pid=88293) __call__ /opt/stack/placement/placement/requestlog.py:55}}
Jan 18 22:49:31.251214 n-d-825178-1 devstack@placement-api.service[88293]: INFO placement.requestlog [req-056419ea-9f69-428d-9366-d440db07f2b4 req-175a2ed7-429d-4a51-a599-41cfdd2b3039 service placement] 10.222.0.86 "GET /placement/allocations/3a8244ed-2183-42fd-8006-54fe20da5b61" status: 200 len: 259 microversion: 1.28
Jan 18 22:49:31.251963 n-d-825178-1 devstack@placement-api.service[88293]: [pid: 88293|app: 0|req: 273/545] 10.222.0.86 () {60 vars in 1377 bytes} [Tue Jan 18 22:49:31 2022] GET /placement/allocations/3a8244ed-2183-42fd-8006-54fe20da5b61 => generated 259 bytes in 28 msecs (HTTP/1.1 200) 8 headers in 296 bytes (1 switches on core 0)
Jan 18 22:49:31.258848 n-d-825178-1 devstack@placement-api.service[88294]: DEBUG placement.requestlog [req-056419ea-9f69-428d-9366-d440db07f2b4 req-4ef9f6f2-7b53-4f2d-b1d5-535af258d9db None None] Starting request: 10.222.0.86 "PUT /placement/allocations/3a8244ed-2183-42fd-8006-54fe20da5b61" {{(pid=88294) __call__ /opt/stack/placement/placement/requestlog.py:55}}
Jan 18 22:49:31.360899 n-d-825178-1 devstack@placement-api.service[88294]: DEBUG placement.handlers.allocation [req-056419ea-9f69-428d-9366-d440db07f2b4 req-4ef9f6f2-7b53-4f2d-b1d5-535af258d9db service placement] Successfully wrote allocations [, , ] {{(pid=88294) _create_allocations /opt/stack/placement/placement/handlers/allocation.py:435}}
Jan 18 22:49:31.361729 n-d-825178-1 devstack@placement-api.service[88294]: INFO placement.requestlog [req-056419ea-9f69-428d-9366-d440db07f2b4 req-4ef9f6f2-7b53-4f2d-b1d5-535af258d9db service placement] 10.222.0.86 "PUT /placement/allocations/3a8244ed-2183-42fd-8006-54fe20da5b61" status: 204 len: 0 microversion: 1.28
Jan 18 22:49:31.362353 n-d-825178-1 devstack@placement-api.service[88294]: [pid: 88294|app: 0|req: 273/546] 10.222.0.86 () {64 vars in 1430 bytes} [Tue Jan 18 22:49:31 2022] PUT /placement/allocations/3a8244ed-2183-42fd-8006-54fe20da5b61 => generated 0 bytes in 104 msecs (HTTP/1.1 204) 5 headers in 199 bytes (2 switches on core 0)
Jan 18 22:49:36.576548 n-d-825178-1 devstack@placement-api.service[88293]: DEBUG placement.requestlog [req-60a09213-757d-48bc-9d1a-10df7a0cb96d req-683d0539-9c58-4c87-829a-37158f3fa08c None None] Starting request: 10.222.0.86 "GET /placement/allocations/f595a8ec-c8f2-47a7-9457-6a6b7ef96e76" {{(pid=88293) __call__ /opt/stack/placement/placement/requestlog.py:55}}
Jan 18 22:49:36.602730 n-d-825178-1 devstack@placement-api.service[88293]: INFO placement.requestlog [req-60a09213-757d-48bc-9d1a-10df7a0cb96d req-683d0539-9c58-4c87-829a-37158f3fa08c service placement] 10.222.0.86 "GET /placement/allocations/f595a8ec-c8f2-47a7-9457-6a6b7ef96e76" status: 200 len: 259 microversion: 1.28
Jan 18 22:49:36.603450 n-d-825178-1 devstack@placement-api.service[88293]: [pid: 88293|app: 0|req: 274/547] 10.222.0.86 () {60 vars in 1377 bytes} [Tue Jan 18 22:49:36 2022] GET /placement/allocations/f595a8ec-c8f2-47a7-9457-6a6b7ef96e76 => generated 259 bytes in 27 msecs (HTTP/1.1 200) 8 headers in 296 bytes (1 switches on core 0)
Jan 18 22:49:36.611642 n-d-825178-1 devstack@placement-api.service[88294]: DEBUG placement.requestlog [req-60a09213-757d-48bc-9d1a-10df7a0cb96d req-eb0f479b-1189-4a28-99ba-9d84604780af None None] Starting request: 10.222.0.86 "PUT /placement/allocations/f595a8ec-c8f2-47a7-9457-6a6b7ef96e76" {{(pid=88294) __call__ /opt/stack/placement/placement/requestlog.py:55}}
Jan 18 22:49:36.717927 n-d-825178-1 devstack@placement-api.service[88294]: DEBUG placement.handlers.allocation [req-60a09213-757d-48bc-9d1a-10df7a0cb96d req-eb0f479b-1189-4a28-99ba-9d84604780af service placement] Successfully wrote allocations [, , ] {{(pid=88294) _create_allocations /opt/stack/placement/placement/handlers/allocation.py:435}}
Jan 18 22:49:36.719045 n-d-825178-1 devstack@placement-api.service[88294]: INFO placement.requestlog [req-60a09213-757d-48bc-9d1a-10df7a0cb96d req-eb0f479b-1189-4a28-99ba-9d84604780af service placement] 10.222.0.86 "PUT /placement/allocations/f595a8ec-c8f2-47a7-9457-6a6b7ef96e76" status: 204 len: 0 microversion: 1.28
Jan 18 22:49:36.719463 n-d-825178-1 devstack@placement-api.service[88294]: [pid: 88294|app: 0|req: 274/548] 10.222.0.86 () {64 vars in 1430 bytes} [Tue Jan 18 22:49:36 2022] PUT /placement/allocations/f595a8ec-c8f2-47a7-9457-6a6b7ef96e76 => generated 0 bytes in 108 msecs (HTTP/1.1 204) 5 headers in 199 bytes (1 switches on core 0)
Jan 18 22:49:41.975435 n-d-825178-1 devstack@placement-api.service[88293]: DEBUG placement.requestlog [req-9a4fc3aa-ced2-4d56-9cd3-9ff69e9cd2f0 req-2b4c76fb-1fa0-4028-b2f8-acdce5cb8965 None None] Starting request: 10.222.0.85 "GET /placement/allocations/10e0c67a-85bb-4b75-a52b-51b90df94b01" {{(pid=88293) __call__ /opt/stack/placement/placement/requestlog.py:55}}
Jan 18 22:49:42.001609 n-d-825178-1 devstack@placement-api.service[88293]: INFO placement.requestlog [req-9a4fc3aa-ced2-4d56-9cd3-9ff69e9cd2f0 req-2b4c76fb-1fa0-4028-b2f8-acdce5cb8965 service placement] 10.222.0.85 "GET /placement/allocations/10e0c67a-85bb-4b75-a52b-51b90df94b01" status: 200 len: 259 microversion: 1.28
Jan 18 22:49:42.002060 n-d-825178-1 devstack@placement-api.service[88293]: [pid: 88293|app: 0|req: 275/549] 10.222.0.85 () {60 vars in 1377 bytes} [Tue Jan 18 22:49:41 2022] GET /placement/allocations/10e0c67a-85bb-4b75-a52b-51b90df94b01 => generated 259 bytes in 27 msecs (HTTP/1.1 200) 8 headers in 296 bytes (1 switches on core 0)
Jan 18 22:49:42.010613 n-d-825178-1 devstack@placement-api.service[88294]: DEBUG placement.requestlog [req-9a4fc3aa-ced2-4d56-9cd3-9ff69e9cd2f0 req-a7d06c94-b74b-4e0f-aa13-60e76bd2c56e None None] Starting request: 10.222.0.85 "PUT /placement/allocations/10e0c67a-85bb-4b75-a52b-51b90df94b01" {{(pid=88294) __call__ /opt/stack/placement/placement/requestlog.py:55}}
Jan 18 22:49:42.095551 n-d-825178-1 devstack@placement-api.service[88294]: DEBUG placement.handlers.allocation [req-9a4fc3aa-ced2-4d56-9cd3-9ff69e9cd2f0 req-a7d06c94-b74b-4e0f-aa13-60e76bd2c56e service placement] Successfully wrote allocations [, , ] {{(pid=88294) _create_allocations /opt/stack/placement/placement/handlers/allocation.py:435}}
Jan 18 22:49:42.096108 n-d-825178-1 devstack@placement-api.service[88294]: INFO placement.requestlog [req-9a4fc3aa-ced2-4d56-9cd3-9ff69e9cd2f0 req-a7d06c94-b74b-4e0f-aa13-60e76bd2c56e service placement] 10.222.0.85 "PUT /placement/allocations/10e0c67a-85bb-4b75-a52b-51b90df94b01" status: 204 len: 0 microversion: 1.28
Jan 18 22:49:42.096797 n-d-825178-1 devstack@placement-api.service[88294]: [pid: 88294|app: 0|req: 275/550] 10.222.0.85 () {64 vars in 1430 bytes} [Tue Jan 18 22:49:42 2022] PUT /placement/allocations/10e0c67a-85bb-4b75-a52b-51b90df94b01 => generated 0 bytes in 86 msecs (HTTP/1.1 204) 5 headers in 199 bytes (2 switches on core 0)
Jan 18 22:49:43.096984 n-d-825178-1 devstack@placement-api.service[88293]: DEBUG placement.requestlog [req-45251bb8-a35d-44e1-abe4-74901ce6c80d req-a415c5b6-1e62-4800-9cf0-e1373f49ebf6 None None] Starting request: 10.222.0.86 "GET /placement/allocations/b34812dd-22fc-4938-9ddc-05a7fb6a0e9a" {{(pid=88293) __call__ /opt/stack/placement/placement/requestlog.py:55}}
Jan 18 22:49:43.120103 n-d-825178-1 devstack@placement-api.service[88293]: INFO placement.requestlog [req-45251bb8-a35d-44e1-abe4-74901ce6c80d req-a415c5b6-1e62-4800-9cf0-e1373f49ebf6 service placement] 10.222.0.86 "GET /placement/allocations/b34812dd-22fc-4938-9ddc-05a7fb6a0e9a" status: 200 len: 259 microversion: 1.28
Jan 18 22:49:43.122298 n-d-825178-1 devstack@placement-api.service[88293]: [pid: 88293|app: 0|req: 276/551] 10.222.0.86 () {60 vars in 1377 bytes} [Tue Jan 18 22:49:43 2022] GET /placement/allocations/b34812dd-22fc-4938-9ddc-05a7fb6a0e9a => generated 259 bytes in 25 msecs (HTTP/1.1 200) 8 headers in 296 bytes (1 switches on core 0)
Jan 18 22:49:43.129569 n-d-825178-1 devstack@placement-api.service[88294]: DEBUG placement.requestlog [req-45251bb8-a35d-44e1-abe4-74901ce6c80d req-a3dc8984-1b62-4136-89ba-1110ae8d7eca None None] Starting request: 10.222.0.86 "PUT /placement/allocations/b34812dd-22fc-4938-9ddc-05a7fb6a0e9a" {{(pid=88294) __call__ /opt/stack/placement/placement/requestlog.py:55}}
Jan 18 22:49:43.204637 n-d-825178-1 devstack@placement-api.service[88294]: DEBUG placement.handlers.allocation [req-45251bb8-a35d-44e1-abe4-74901ce6c80d req-a3dc8984-1b62-4136-89ba-1110ae8d7eca service placement] Successfully wrote allocations [, , ] {{(pid=88294) _create_allocations /opt/stack/placement/placement/handlers/allocation.py:435}}
Jan 18 22:49:43.205486 n-d-825178-1 devstack@placement-api.service[88294]: INFO placement.requestlog [req-45251bb8-a35d-44e1-abe4-74901ce6c80d req-a3dc8984-1b62-4136-89ba-1110ae8d7eca service placement] 10.222.0.86 "PUT /placement/allocations/b34812dd-22fc-4938-9ddc-05a7fb6a0e9a" status: 204 len: 0 microversion: 1.28
Jan 18 22:49:43.206137 n-d-825178-1 devstack@placement-api.service[88294]: [pid: 88294|app: 0|req: 276/552] 10.222.0.86 () {64 vars in 1430 bytes} [Tue Jan 18 22:49:43 2022] PUT /placement/allocations/b34812dd-22fc-4938-9ddc-05a7fb6a0e9a => generated 0 bytes in 77 msecs (HTTP/1.1 204) 5 headers in 199 bytes (1 switches on core 0)
Jan 18 22:49:44.006709 n-d-825178-1 devstack@placement-api.service[88293]: DEBUG placement.requestlog [req-340f3a06-ccdb-461f-8047-df42c326e6a5 req-54fe2be3-e836-4e5b-b2b7-cacfc607a79b None None] Starting request: 10.222.0.86 "GET /placement/allocations/3f65f4d4-ab7a-4454-9d97-1df5fea8e8e9" {{(pid=88293) __call__ /opt/stack/placement/placement/requestlog.py:55}}
Jan 18 22:49:44.022278 n-d-825178-1 devstack@placement-api.service[88293]: INFO placement.requestlog [req-340f3a06-ccdb-461f-8047-df42c326e6a5 req-54fe2be3-e836-4e5b-b2b7-cacfc607a79b service placement] 10.222.0.86 "GET /placement/allocations/3f65f4d4-ab7a-4454-9d97-1df5fea8e8e9" status: 200 len: 259 microversion: 1.28
Jan 18 22:49:44.023087 n-d-825178-1 devstack@placement-api.service[88293]: [pid: 88293|app: 0|req: 277/553] 10.222.0.86 () {60 vars in 1377 bytes} [Tue Jan 18 22:49:44 2022] GET /placement/allocations/3f65f4d4-ab7a-4454-9d97-1df5fea8e8e9 => generated 259 bytes in 17 msecs (HTTP/1.1 200) 8 headers in 296 bytes (1 switches on core 0)
Jan 18 22:49:44.030651 n-d-825178-1 devstack@placement-api.service[88294]: DEBUG placement.requestlog [req-340f3a06-ccdb-461f-8047-df42c326e6a5 req-7e2e45fe-627c-4d49-a326-bc087351bae7 None None] Starting request: 10.222.0.86 "PUT /placement/allocations/3f65f4d4-ab7a-4454-9d97-1df5fea8e8e9" {{(pid=88294) __call__ /opt/stack/placement/placement/requestlog.py:55}}
Jan 18 22:49:44.077854 n-d-825178-1 devstack@placement-api.service[88293]: DEBUG placement.requestlog [req-998d6b9d-bd2e-4c8e-8802-cb25feb50a96 req-523d5baa-4069-4346-bfff-9594692827a7 None None] Starting request: 10.222.0.85 "GET /placement/allocations/9899fc70-9fae-4d12-bf66-14de2d139176" {{(pid=88293) __call__ /opt/stack/placement/placement/requestlog.py:55}}
