Jan 18 22:49:44.106533 n-d-825178-1 devstack@placement-api.service[88293]: INFO placement.requestlog [req-998d6b9d-bd2e-4c8e-8802-cb25feb50a96 req-523d5baa-4069-4346-bfff-9594692827a7 service placement] 10.222.0.85 "GET /placement/allocations/9899fc70-9fae-4d12-bf66-14de2d139176" status: 200 len: 259 microversion: 1.28
Jan 18 22:49:44.108598 n-d-825178-1 devstack@placement-api.service[88293]: [pid: 88293|app: 0|req: 278/554] 10.222.0.85 () {60 vars in 1377 bytes} [Tue Jan 18 22:49:44 2022] GET /placement/allocations/9899fc70-9fae-4d12-bf66-14de2d139176 => generated 259 bytes in 31 msecs (HTTP/1.1 200) 8 headers in 296 bytes (2 switches on core 0)
Jan 18 22:49:44.117719 n-d-825178-1 devstack@placement-api.service[88293]: DEBUG placement.requestlog [req-998d6b9d-bd2e-4c8e-8802-cb25feb50a96 req-ea5796a3-4ce3-4d59-b8a2-d64f13c4d6ef None None] Starting request: 10.222.0.85 "PUT /placement/allocations/9899fc70-9fae-4d12-bf66-14de2d139176" {{(pid=88293) __call__ /opt/stack/placement/placement/requestlog.py:55}}
Jan 18 22:49:44.166659 n-d-825178-1 devstack@placement-api.service[88294]: DEBUG placement.handlers.allocation [req-340f3a06-ccdb-461f-8047-df42c326e6a5 req-7e2e45fe-627c-4d49-a326-bc087351bae7 service placement] Successfully wrote allocations [, , ] {{(pid=88294) _create_allocations /opt/stack/placement/placement/handlers/allocation.py:435}}
Jan 18 22:49:44.167321 n-d-825178-1 devstack@placement-api.service[88294]: INFO placement.requestlog [req-340f3a06-ccdb-461f-8047-df42c326e6a5 req-7e2e45fe-627c-4d49-a326-bc087351bae7 service placement] 10.222.0.86 "PUT /placement/allocations/3f65f4d4-ab7a-4454-9d97-1df5fea8e8e9" status: 204 len: 0 microversion: 1.28
Jan 18 22:49:44.167885 n-d-825178-1 devstack@placement-api.service[88294]: [pid: 88294|app: 0|req: 277/555] 10.222.0.86 () {64 vars in 1430 bytes} [Tue Jan 18 22:49:44 2022] PUT /placement/allocations/3f65f4d4-ab7a-4454-9d97-1df5fea8e8e9 => generated 0 bytes in 137 msecs (HTTP/1.1 204) 5 headers in 199 bytes (1 switches on core 0)
Jan 18 22:49:44.254277 n-d-825178-1 devstack@placement-api.service[88293]: DEBUG placement.handlers.allocation [req-998d6b9d-bd2e-4c8e-8802-cb25feb50a96 req-ea5796a3-4ce3-4d59-b8a2-d64f13c4d6ef service placement] Successfully wrote allocations [, , ] {{(pid=88293) _create_allocations /opt/stack/placement/placement/handlers/allocation.py:435}}
Jan 18 22:49:44.255316 n-d-825178-1 devstack@placement-api.service[88293]: INFO placement.requestlog [req-998d6b9d-bd2e-4c8e-8802-cb25feb50a96 req-ea5796a3-4ce3-4d59-b8a2-d64f13c4d6ef service placement] 10.222.0.85 "PUT /placement/allocations/9899fc70-9fae-4d12-bf66-14de2d139176" status: 204 len: 0 microversion: 1.28
Jan 18 22:49:44.256033 n-d-825178-1 devstack@placement-api.service[88293]: [pid: 88293|app: 0|req: 279/556] 10.222.0.85 () {64 vars in 1430 bytes} [Tue Jan 18 22:49:44 2022] PUT /placement/allocations/9899fc70-9fae-4d12-bf66-14de2d139176 => generated 0 bytes in 139 msecs (HTTP/1.1 204) 5 headers in 199 bytes (2 switches on core 0)
Jan 18 22:49:44.987165 n-d-825178-1 devstack@placement-api.service[88294]: DEBUG placement.requestlog [req-8c59ecb9-0984-4628-a39a-7a4692419774 req-6e11e193-3d3e-48d0-8318-2ba3f972f63a None None] Starting request: 10.222.0.86 "GET /placement/allocations/c0c6f536-012c-417c-a4ca-3719c20fd89d" {{(pid=88294) __call__ /opt/stack/placement/placement/requestlog.py:55}}
Jan 18 22:49:45.028532 n-d-825178-1 devstack@placement-api.service[88294]: INFO placement.requestlog [req-8c59ecb9-0984-4628-a39a-7a4692419774 req-6e11e193-3d3e-48d0-8318-2ba3f972f63a service placement] 10.222.0.86 "GET /placement/allocations/c0c6f536-012c-417c-a4ca-3719c20fd89d" status: 200 len: 259 microversion: 1.28
Jan 18 22:49:45.029057 n-d-825178-1 devstack@placement-api.service[88294]: [pid: 88294|app: 0|req: 278/557] 10.222.0.86 () {60 vars in 1377 bytes} [Tue Jan 18 22:49:44 2022] GET /placement/allocations/c0c6f536-012c-417c-a4ca-3719c20fd89d => generated 259 bytes in 45 msecs (HTTP/1.1 200) 8 headers in 296 bytes (1 switches on core 0)
Jan 18 22:49:45.038259 n-d-825178-1 devstack@placement-api.service[88293]: DEBUG placement.requestlog [req-8c59ecb9-0984-4628-a39a-7a4692419774 req-e5d1b67f-9c00-45fd-a02f-997587502ada None None] Starting request: 10.222.0.86 "PUT /placement/allocations/c0c6f536-012c-417c-a4ca-3719c20fd89d" {{(pid=88293) __call__ /opt/stack/placement/placement/requestlog.py:55}}
Jan 18 22:49:45.130547 n-d-825178-1 devstack@placement-api.service[88293]: DEBUG placement.handlers.allocation [req-8c59ecb9-0984-4628-a39a-7a4692419774 req-e5d1b67f-9c00-45fd-a02f-997587502ada service placement] Successfully wrote allocations [, , ] {{(pid=88293) _create_allocations /opt/stack/placement/placement/handlers/allocation.py:435}}
Jan 18 22:49:45.131273 n-d-825178-1 devstack@placement-api.service[88293]: INFO placement.requestlog [req-8c59ecb9-0984-4628-a39a-7a4692419774 req-e5d1b67f-9c00-45fd-a02f-997587502ada service placement] 10.222.0.86 "PUT /placement/allocations/c0c6f536-012c-417c-a4ca-3719c20fd89d" status: 204 len: 0 microversion: 1.28
Jan 18 22:49:45.131555 n-d-825178-1 devstack@placement-api.service[88293]: [pid: 88293|app: 0|req: 280/558] 10.222.0.86 () {64 vars in 1430 bytes} [Tue Jan 18 22:49:45 2022] PUT /placement/allocations/c0c6f536-012c-417c-a4ca-3719c20fd89d => generated 0 bytes in 93 msecs (HTTP/1.1 204) 5 headers in 199 bytes (1 switches on core 0)
Jan 18 22:49:47.305592 n-d-825178-1 devstack@placement-api.service[88294]: DEBUG placement.requestlog [req-dd7f1703-048a-4612-8b64-966df2b03169 req-101d219d-cc3e-4c2b-af36-6d62a7b05b5a None None] Starting request: 10.222.0.78 "GET /placement/allocation_candidates?limit=1000&resources=DISK_GB%3A1%2CMEMORY_MB%3A1024%2CVCPU%3A1&root_required=%21COMPUTE_STATUS_DISABLED" {{(pid=88294) __call__ /opt/stack/placement/placement/requestlog.py:55}}
Jan 18 22:49:47.386179 n-d-825178-1 devstack@placement-api.service[88294]: DEBUG placement.objects.research_context [req-dd7f1703-048a-4612-8b64-966df2b03169 req-101d219d-cc3e-4c2b-af36-6d62a7b05b5a service placement] getting providers with 1 DISK_GB {{(pid=88294) __init__ /opt/stack/placement/placement/objects/research_context.py:126}}
Jan 18 22:49:47.414415 n-d-825178-1 devstack@placement-api.service[88294]: DEBUG placement.objects.research_context [req-dd7f1703-048a-4612-8b64-966df2b03169 req-101d219d-cc3e-4c2b-af36-6d62a7b05b5a service placement] getting providers with 1024 MEMORY_MB {{(pid=88294) __init__ /opt/stack/placement/placement/objects/research_context.py:126}}
Jan 18 22:49:47.463578 n-d-825178-1 devstack@placement-api.service[88294]: DEBUG placement.objects.research_context [req-dd7f1703-048a-4612-8b64-966df2b03169 req-101d219d-cc3e-4c2b-af36-6d62a7b05b5a service placement] getting providers with 1 VCPU {{(pid=88294) __init__ /opt/stack/placement/placement/objects/research_context.py:126}}
Jan 18 22:49:47.472723 n-d-825178-1 devstack@placement-api.service[88294]: DEBUG placement.objects.research_context [req-dd7f1703-048a-4612-8b64-966df2b03169 req-101d219d-cc3e-4c2b-af36-6d62a7b05b5a service placement] found 2 providers with available 1 DISK_GB {{(pid=88294) get_provider_ids_matching /opt/stack/placement/placement/objects/research_context.py:549}}
Jan 18 22:49:47.473202 n-d-825178-1 devstack@placement-api.service[88294]: DEBUG placement.objects.research_context [req-dd7f1703-048a-4612-8b64-966df2b03169 req-101d219d-cc3e-4c2b-af36-6d62a7b05b5a service placement] found 2 providers with available 1024 MEMORY_MB {{(pid=88294) get_provider_ids_matching /opt/stack/placement/placement/objects/research_context.py:549}}
Jan 18 22:49:47.473631 n-d-825178-1 devstack@placement-api.service[88294]: DEBUG placement.objects.research_context [req-dd7f1703-048a-4612-8b64-966df2b03169 req-101d219d-cc3e-4c2b-af36-6d62a7b05b5a service placement] found 2 providers after filtering by previous result {{(pid=88294) get_provider_ids_matching /opt/stack/placement/placement/objects/research_context.py:580}}
Jan 18 22:49:47.474364 n-d-825178-1 devstack@placement-api.service[88294]: DEBUG placement.objects.research_context [req-dd7f1703-048a-4612-8b64-966df2b03169 req-101d219d-cc3e-4c2b-af36-6d62a7b05b5a service placement] found 2 providers with available 1 VCPU {{(pid=88294) get_provider_ids_matching /opt/stack/placement/placement/objects/research_context.py:549}}
Jan 18 22:49:47.474767 n-d-825178-1 devstack@placement-api.service[88294]: DEBUG placement.objects.research_context [req-dd7f1703-048a-4612-8b64-966df2b03169 req-101d219d-cc3e-4c2b-af36-6d62a7b05b5a service placement] found 2 providers after filtering by previous result {{(pid=88294) get_provider_ids_matching /opt/stack/placement/placement/objects/research_context.py:580}}
Jan 18 22:49:47.514573 n-d-825178-1 devstack@placement-api.service[88294]: DEBUG placement.objects.allocation_candidate [req-dd7f1703-048a-4612-8b64-966df2b03169 req-101d219d-cc3e-4c2b-af36-6d62a7b05b5a service placement] RequestGroup(use_same_provider=False, resources={DISK_GB:1, MEMORY_MB:1024, VCPU:1}, traits=[], aggregates=[]) (suffix '') returned 2 matches {{(pid=88294) _get_by_requests /opt/stack/placement/placement/objects/allocation_candidate.py:145}}
Jan 18 22:49:47.515492 n-d-825178-1 devstack@placement-api.service[88294]: DEBUG placement.objects.allocation_candidate [req-dd7f1703-048a-4612-8b64-966df2b03169 req-101d219d-cc3e-4c2b-af36-6d62a7b05b5a service placement] Merging candidates yields 2 allocation requests and 2 provider summaries {{(pid=88294) _merge_candidates /opt/stack/placement/placement/objects/allocation_candidate.py:783}}
Jan 18 22:49:47.521613 n-d-825178-1 devstack@placement-api.service[88294]: INFO placement.requestlog [req-dd7f1703-048a-4612-8b64-966df2b03169 req-101d219d-cc3e-4c2b-af36-6d62a7b05b5a service placement] 10.222.0.78 "GET /placement/allocation_candidates?limit=1000&resources=DISK_GB%3A1%2CMEMORY_MB%3A1024%2CVCPU%3A1&root_required=%21COMPUTE_STATUS_DISABLED" status: 200 len: 1309 microversion: 1.35
Jan 18 22:49:47.523797 n-d-825178-1 devstack@placement-api.service[88294]: [pid: 88294|app: 0|req: 279/559] 10.222.0.78 () {60 vars in 1506 bytes} [Tue Jan 18 22:49:47 2022] GET /placement/allocation_candidates?limit=1000&resources=DISK_GB%3A1%2CMEMORY_MB%3A1024%2CVCPU%3A1&root_required=%21COMPUTE_STATUS_DISABLED => generated 1309 bytes in 218 msecs (HTTP/1.1 200) 8 headers in 297 bytes (1 switches on core 0)
Jan 18 22:49:47.641702 n-d-825178-1 devstack@placement-api.service[88293]: DEBUG placement.requestlog [req-dd7f1703-048a-4612-8b64-966df2b03169 req-ab553808-a846-4014-ab35-35b8fc7b4ad7 None None] Starting request: 10.222.0.78 "GET /placement/allocations/df162699-9f1c-4b77-8b5f-bd6fd6f0fd57" {{(pid=88293) __call__ /opt/stack/placement/placement/requestlog.py:55}}
Jan 18 22:49:47.660923 n-d-825178-1 devstack@placement-api.service[88293]: INFO placement.requestlog [req-dd7f1703-048a-4612-8b64-966df2b03169 req-ab553808-a846-4014-ab35-35b8fc7b4ad7 service placement] 10.222.0.78 "GET /placement/allocations/df162699-9f1c-4b77-8b5f-bd6fd6f0fd57" status: 200 len: 19 microversion: 1.28
Jan 18 22:49:47.670334 n-d-825178-1 devstack@placement-api.service[88293]: [pid: 88293|app: 0|req: 281/560] 10.222.0.78 () {60 vars in 1380 bytes} [Tue Jan 18 22:49:47 2022] GET /placement/allocations/df162699-9f1c-4b77-8b5f-bd6fd6f0fd57 => generated 19 bytes in 25 msecs (HTTP/1.1 200) 8 headers in 295 bytes (1 switches on core 0)
Jan 18 22:49:47.686512 n-d-825178-1 devstack@placement-api.service[88294]: DEBUG placement.requestlog [req-dd7f1703-048a-4612-8b64-966df2b03169 req-bfb648bf-b4c1-4cbb-9768-3db10fd5b47b None None] Starting request: 10.222.0.78 "PUT /placement/allocations/df162699-9f1c-4b77-8b5f-bd6fd6f0fd57" {{(pid=88294) __call__ /opt/stack/placement/placement/requestlog.py:55}}
Jan 18 22:49:47.818499 n-d-825178-1 devstack@placement-api.service[88294]: DEBUG placement.handlers.allocation [req-dd7f1703-048a-4612-8b64-966df2b03169 req-bfb648bf-b4c1-4cbb-9768-3db10fd5b47b service placement] Successfully wrote allocations [, , ] {{(pid=88294) _create_allocations /opt/stack/placement/placement/handlers/allocation.py:435}}
Jan 18 22:49:47.819173 n-d-825178-1 devstack@placement-api.service[88294]: INFO placement.requestlog [req-dd7f1703-048a-4612-8b64-966df2b03169 req-bfb648bf-b4c1-4cbb-9768-3db10fd5b47b service placement] 10.222.0.78 "PUT /placement/allocations/df162699-9f1c-4b77-8b5f-bd6fd6f0fd57" status: 204 len: 0 microversion: 1.35
Jan 18 22:49:47.832575 n-d-825178-1 devstack@placement-api.service[88294]: [pid: 88294|app: 0|req: 280/561] 10.222.0.78 () {64 vars in 1433 bytes} [Tue Jan 18 22:49:47 2022] PUT /placement/allocations/df162699-9f1c-4b77-8b5f-bd6fd6f0fd57 => generated 0 bytes in 134 msecs (HTTP/1.1 204) 5 headers in 199 bytes (1 switches on core 0)
Jan 18 22:49:48.510588 n-d-825178-1 devstack@placement-api.service[88293]: DEBUG placement.requestlog [req-dd7f1703-048a-4612-8b64-966df2b03169 req-db2f2f7d-814e-4dc3-b35c-dad3365efcb7 None None] Starting request: 10.222.0.86 "GET /placement/allocations/df162699-9f1c-4b77-8b5f-bd6fd6f0fd57" {{(pid=88293) __call__ /opt/stack/placement/placement/requestlog.py:55}}
Jan 18 22:49:48.531086 n-d-825178-1 devstack@placement-api.service[88293]: INFO placement.requestlog [req-dd7f1703-048a-4612-8b64-966df2b03169 req-db2f2f7d-814e-4dc3-b35c-dad3365efcb7 service placement] 10.222.0.86 "GET /placement/allocations/df162699-9f1c-4b77-8b5f-bd6fd6f0fd57" status: 200 len: 259 microversion: 1.28
Jan 18 22:49:48.531865 n-d-825178-1 devstack@placement-api.service[88293]: [pid: 88293|app: 0|req: 282/562] 10.222.0.86 () {60 vars in 1377 bytes} [Tue Jan 18 22:49:48 2022] GET /placement/allocations/df162699-9f1c-4b77-8b5f-bd6fd6f0fd57 => generated 259 bytes in 21 msecs (HTTP/1.1 200) 8 headers in 296 bytes (1 switches on core 0)
Jan 18 22:49:50.642201 n-d-825178-1 devstack@placement-api.service[88294]: DEBUG placement.requestlog [req-dc8d4a16-0ce9-4ba3-9703-ba91ad62d263 req-e1acc938-ccfa-454c-84de-b36f541a568c None None] Starting request: 10.222.0.86 "GET /placement/allocations/ebbea11f-62cd-4648-b08c-5a9da176a865" {{(pid=88294) __call__ /opt/stack/placement/placement/requestlog.py:55}}
Jan 18 22:49:50.662362 n-d-825178-1 devstack@placement-api.service[88294]: INFO placement.requestlog [req-dc8d4a16-0ce9-4ba3-9703-ba91ad62d263 req-e1acc938-ccfa-454c-84de-b36f541a568c service placement] 10.222.0.86 "GET /placement/allocations/ebbea11f-62cd-4648-b08c-5a9da176a865" status: 200 len: 259 microversion: 1.28
Jan 18 22:49:50.663111 n-d-825178-1 devstack@placement-api.service[88294]: [pid: 88294|app: 0|req: 281/563] 10.222.0.86 () {60 vars in 1377 bytes} [Tue Jan 18 22:49:50 2022] GET /placement/allocations/ebbea11f-62cd-4648-b08c-5a9da176a865 => generated 259 bytes in 21 msecs (HTTP/1.1 200) 8 headers in 296 bytes (1 switches on core 0)
Jan 18 22:49:50.672004 n-d-825178-1 devstack@placement-api.service[88293]: DEBUG placement.requestlog [req-dc8d4a16-0ce9-4ba3-9703-ba91ad62d263 req-be725ddd-3093-4d72-b7c6-c0e0ea8a5761 None None] Starting request: 10.222.0.86 "PUT /placement/allocations/ebbea11f-62cd-4648-b08c-5a9da176a865" {{(pid=88293) __call__ /opt/stack/placement/placement/requestlog.py:55}}
Jan 18 22:49:50.786214 n-d-825178-1 devstack@placement-api.service[88293]: DEBUG placement.handlers.allocation [req-dc8d4a16-0ce9-4ba3-9703-ba91ad62d263 req-be725ddd-3093-4d72-b7c6-c0e0ea8a5761 service placement] Successfully wrote allocations [, , ] {{(pid=88293) _create_allocations /opt/stack/placement/placement/handlers/allocation.py:435}}
Jan 18 22:49:50.787023 n-d-825178-1 devstack@placement-api.service[88293]: INFO placement.requestlog [req-dc8d4a16-0ce9-4ba3-9703-ba91ad62d263 req-be725ddd-3093-4d72-b7c6-c0e0ea8a5761 service placement] 10.222.0.86 "PUT /placement/allocations/ebbea11f-62cd-4648-b08c-5a9da176a865" status: 204 len: 0 microversion: 1.28
Jan 18 22:49:50.787748 n-d-825178-1 devstack@placement-api.service[88293]: [pid: 88293|app: 0|req: 283/564] 10.222.0.86 () {64 vars in 1430 bytes} [Tue Jan 18 22:49:50 2022] PUT /placement/allocations/ebbea11f-62cd-4648-b08c-5a9da176a865 => generated 0 bytes in 116 msecs (HTTP/1.1 204) 5 headers in 199 bytes (1 switches on core 0)
Jan 18 22:49:51.996508 n-d-825178-1 devstack@placement-api.service[88294]: DEBUG placement.requestlog [req-4f79cbbe-60bc-46f8-8ac7-04a24b3db511 req-34ef98a3-81dc-4066-b68d-0bf3ce513478 None None] Starting request: 10.222.0.85 "GET /placement/allocations/d3793980-d9b3-4450-8445-81e9282d0614" {{(pid=88294) __call__ /opt/stack/placement/placement/requestlog.py:55}}
Jan 18 22:49:52.018638 n-d-825178-1 devstack@placement-api.service[88294]: INFO placement.requestlog [req-4f79cbbe-60bc-46f8-8ac7-04a24b3db511 req-34ef98a3-81dc-4066-b68d-0bf3ce513478 service placement] 10.222.0.85 "GET /placement/allocations/d3793980-d9b3-4450-8445-81e9282d0614" status: 200 len: 259 microversion: 1.28
Jan 18 22:49:52.020055 n-d-825178-1 devstack@placement-api.service[88294]: [pid: 88294|app: 0|req: 282/565] 10.222.0.85 () {60 vars in 1377 bytes} [Tue Jan 18 22:49:51 2022] GET /placement/allocations/d3793980-d9b3-4450-8445-81e9282d0614 => generated 259 bytes in 23 msecs (HTTP/1.1 200) 8 headers in 296 bytes (1 switches on core 0)
Jan 18 22:49:52.025351 n-d-825178-1 devstack@placement-api.service[88293]: DEBUG placement.requestlog [req-4f79cbbe-60bc-46f8-8ac7-04a24b3db511 req-5489b8e7-fc9d-42a4-aace-8189b96e5606 None None] Starting request: 10.222.0.85 "PUT /placement/allocations/d3793980-d9b3-4450-8445-81e9282d0614" {{(pid=88293) __call__ /opt/stack/placement/placement/requestlog.py:55}}
Jan 18 22:49:52.042248 n-d-825178-1 devstack@placement-api.service[88294]: DEBUG placement.requestlog [req-1b3d8f16-0e5f-4b06-9cdf-6c96f8f3054a req-5fe45a2f-6d07-4910-8358-037824d25bfb None None] Starting request: 10.222.0.86 "GET /placement/allocations/4cef272c-335f-467f-9635-2ff9e8f08193" {{(pid=88294) __call__ /opt/stack/placement/placement/requestlog.py:55}}
Jan 18 22:49:52.063875 n-d-825178-1 devstack@placement-api.service[88294]: INFO placement.requestlog [req-1b3d8f16-0e5f-4b06-9cdf-6c96f8f3054a req-5fe45a2f-6d07-4910-8358-037824d25bfb service placement] 10.222.0.86 "GET /placement/allocations/4cef272c-335f-467f-9635-2ff9e8f08193" status: 200 len: 259 microversion: 1.28
Jan 18 22:49:52.064669 n-d-825178-1 devstack@placement-api.service[88294]: [pid: 88294|app: 0|req: 283/566] 10.222.0.86 () {60 vars in 1377 bytes} [Tue Jan 18 22:49:52 2022] GET /placement/allocations/4cef272c-335f-467f-9635-2ff9e8f08193 => generated 259 bytes in 23 msecs (HTTP/1.1 200) 8 headers in 296 bytes (1 switches on core 0)
Jan 18 22:49:52.072429 n-d-825178-1 devstack@placement-api.service[88294]: DEBUG placement.requestlog [req-1b3d8f16-0e5f-4b06-9cdf-6c96f8f3054a req-49c155fc-1168-4b93-9ed7-9e610b76dd48 None None] Starting request: 10.222.0.86 "PUT /placement/allocations/4cef272c-335f-467f-9635-2ff9e8f08193" {{(pid=88294) __call__ /opt/stack/placement/placement/requestlog.py:55}}
Jan 18 22:49:52.127583 n-d-825178-1 devstack@placement-api.service[88293]: DEBUG placement.handlers.allocation [req-4f79cbbe-60bc-46f8-8ac7-04a24b3db511 req-5489b8e7-fc9d-42a4-aace-8189b96e5606 service placement] Successfully wrote allocations [, , ] {{(pid=88293) _create_allocations /opt/stack/placement/placement/handlers/allocation.py:435}}
Jan 18 22:49:52.128599 n-d-825178-1 devstack@placement-api.service[88293]: INFO placement.requestlog [req-4f79cbbe-60bc-46f8-8ac7-04a24b3db511 req-5489b8e7-fc9d-42a4-aace-8189b96e5606 service placement] 10.222.0.85 "PUT /placement/allocations/d3793980-d9b3-4450-8445-81e9282d0614" status: 204 len: 0 microversion: 1.28
Jan 18 22:49:52.129062 n-d-825178-1 devstack@placement-api.service[88293]: [pid: 88293|app: 0|req: 284/567] 10.222.0.85 () {64 vars in 1430 bytes} [Tue Jan 18 22:49:52 2022] PUT /placement/allocations/d3793980-d9b3-4450-8445-81e9282d0614 => generated 0 bytes in 104 msecs (HTTP/1.1 204) 5 headers in 199 bytes (1 switches on core 0)
Jan 18 22:49:52.137249 n-d-825178-1 devstack@placement-api.service[88294]: DEBUG placement.handlers.allocation [req-1b3d8f16-0e5f-4b06-9cdf-6c96f8f3054a req-49c155fc-1168-4b93-9ed7-9e610b76dd48 service placement] Successfully wrote allocations [, , ] {{(pid=88294) _create_allocations /opt/stack/placement/placement/handlers/allocation.py:435}}
Jan 18 22:49:52.137859 n-d-825178-1 devstack@placement-api.service[88294]: INFO placement.requestlog [req-1b3d8f16-0e5f-4b06-9cdf-6c96f8f3054a req-49c155fc-1168-4b93-9ed7-9e610b76dd48 service placement] 10.222.0.86 "PUT /placement/allocations/4cef272c-335f-467f-9635-2ff9e8f08193" status: 204 len: 0 microversion: 1.28
Jan 18 22:49:52.138511 n-d-825178-1 devstack@placement-api.service[88294]: [pid: 88294|app: 0|req: 284/568] 10.222.0.86 () {64 vars in 1430 bytes} [Tue Jan 18 22:49:52 2022] PUT /placement/allocations/4cef272c-335f-467f-9635-2ff9e8f08193 => generated 0 bytes in 66 msecs (HTTP/1.1 204) 5 headers in 199 bytes (1 switches on core 0)
Jan 18 22:49:56.642368 n-d-825178-1 devstack@placement-api.service[88293]: DEBUG placement.requestlog [req-d6d56649-14be-4859-b2c7-115a330e29d6 req-9b9c9196-3329-4973-82f1-3ba15e75bee6 None None] Starting request: 10.222.0.85 "GET /placement/allocations/cd3df373-e833-400d-9b0e-97fe58c3c7e1" {{(pid=88293) __call__ /opt/stack/placement/placement/requestlog.py:55}}
Jan 18 22:49:56.699192 n-d-825178-1 devstack@placement-api.service[88293]: INFO placement.requestlog [req-d6d56649-14be-4859-b2c7-115a330e29d6 req-9b9c9196-3329-4973-82f1-3ba15e75bee6 service placement] 10.222.0.85 "GET /placement/allocations/cd3df373-e833-400d-9b0e-97fe58c3c7e1" status: 200 len: 259 microversion: 1.28
Jan 18 22:49:56.699423 n-d-825178-1 devstack@placement-api.service[88293]: [pid: 88293|app: 0|req: 285/569] 10.222.0.85 () {60 vars in 1377 bytes} [Tue Jan 18 22:49:56 2022] GET /placement/allocations/cd3df373-e833-400d-9b0e-97fe58c3c7e1 => generated 259 bytes in 57 msecs (HTTP/1.1 200) 8 headers in 296 bytes (1 switches on core 0)
Jan 18 22:49:56.706086 n-d-825178-1 devstack@placement-api.service[88294]: DEBUG placement.requestlog [req-d6d56649-14be-4859-b2c7-115a330e29d6 req-2d020952-8cf2-4361-ac12-c891544946f5 None None] Starting request: 10.222.0.85 "PUT /placement/allocations/cd3df373-e833-400d-9b0e-97fe58c3c7e1" {{(pid=88294) __call__ /opt/stack/placement/placement/requestlog.py:55}}
Jan 18 22:49:56.792369 n-d-825178-1 devstack@placement-api.service[88294]: DEBUG placement.handlers.allocation [req-d6d56649-14be-4859-b2c7-115a330e29d6 req-2d020952-8cf2-4361-ac12-c891544946f5 service placement] Successfully wrote allocations [, , ] {{(pid=88294) _create_allocations /opt/stack/placement/placement/handlers/allocation.py:435}}
Jan 18 22:49:56.794322 n-d-825178-1 devstack@placement-api.service[88294]: INFO placement.requestlog [req-d6d56649-14be-4859-b2c7-115a330e29d6 req-2d020952-8cf2-4361-ac12-c891544946f5 service placement] 10.222.0.85 "PUT /placement/allocations/cd3df373-e833-400d-9b0e-97fe58c3c7e1" status: 204 len: 0 microversion: 1.28
Jan 18 22:49:56.795664 n-d-825178-1 devstack@placement-api.service[88294]: [pid: 88294|app: 0|req: 285/570] 10.222.0.85 () {64 vars in 1430 bytes} [Tue Jan 18 22:49:56 2022] PUT /placement/allocations/cd3df373-e833-400d-9b0e-97fe58c3c7e1 => generated 0 bytes in 90 msecs (HTTP/1.1 204) 5 headers in 199 bytes (1 switches on core 0)
Jan 18 22:49:58.137066 n-d-825178-1 devstack@placement-api.service[88293]: DEBUG placement.requestlog [req-395eca66-bda6-4fc2-b05b-be9dae206f01 req-9688365c-bf41-470a-a9d5-35c63f6e4969 None None] Starting request: 10.222.0.78 "GET /placement/allocation_candidates?limit=1000&resources=DISK_GB%3A1%2CMEMORY_MB%3A1024%2CVCPU%3A1&root_required=%21COMPUTE_STATUS_DISABLED" {{(pid=88293) __call__ /opt/stack/placement/placement/requestlog.py:55}}
Jan 18 22:49:58.175906 n-d-825178-1 devstack@placement-api.service[88293]: DEBUG placement.objects.research_context [req-395eca66-bda6-4fc2-b05b-be9dae206f01 req-9688365c-bf41-470a-a9d5-35c63f6e4969 service placement] getting providers with 1 DISK_GB {{(pid=88293) __init__ /opt/stack/placement/placement/objects/research_context.py:126}}
Jan 18 22:49:58.183434 n-d-825178-1 devstack@placement-api.service[88293]: DEBUG placement.objects.research_context [req-395eca66-bda6-4fc2-b05b-be9dae206f01 req-9688365c-bf41-470a-a9d5-35c63f6e4969 service placement] getting providers with 1024 MEMORY_MB {{(pid=88293) __init__ /opt/stack/placement/placement/objects/research_context.py:126}}
Jan 18 22:49:58.190229 n-d-825178-1 devstack@placement-api.service[88293]: DEBUG placement.objects.research_context [req-395eca66-bda6-4fc2-b05b-be9dae206f01 req-9688365c-bf41-470a-a9d5-35c63f6e4969 service placement] getting providers with 1 VCPU {{(pid=88293) __init__ /opt/stack/placement/placement/objects/research_context.py:126}}
Jan 18 22:49:58.204904 n-d-825178-1 devstack@placement-api.service[88293]: DEBUG placement.objects.research_context [req-395eca66-bda6-4fc2-b05b-be9dae206f01 req-9688365c-bf41-470a-a9d5-35c63f6e4969 service placement] found 2 providers with available 1 DISK_GB {{(pid=88293) get_provider_ids_matching /opt/stack/placement/placement/objects/research_context.py:549}}
Jan 18 22:49:58.205427 n-d-825178-1 devstack@placement-api.service[88293]: DEBUG placement.objects.research_context [req-395eca66-bda6-4fc2-b05b-be9dae206f01 req-9688365c-bf41-470a-a9d5-35c63f6e4969 service placement] found 2 providers with available 1024 MEMORY_MB {{(pid=88293) get_provider_ids_matching /opt/stack/placement/placement/objects/research_context.py:549}}
Jan 18 22:49:58.205947 n-d-825178-1 devstack@placement-api.service[88293]: DEBUG placement.objects.research_context [req-395eca66-bda6-4fc2-b05b-be9dae206f01 req-9688365c-bf41-470a-a9d5-35c63f6e4969 service placement] found 2 providers after filtering by previous result {{(pid=88293) get_provider_ids_matching /opt/stack/placement/placement/objects/research_context.py:580}}
Jan 18 22:49:58.206342 n-d-825178-1 devstack@placement-api.service[88293]: DEBUG placement.objects.research_context [req-395eca66-bda6-4fc2-b05b-be9dae206f01 req-9688365c-bf41-470a-a9d5-35c63f6e4969 service placement] found 2 providers with available 1 VCPU {{(pid=88293) get_provider_ids_matching /opt/stack/placement/placement/objects/research_context.py:549}}
Jan 18 22:49:58.206732 n-d-825178-1 devstack@placement-api.service[88293]: DEBUG placement.objects.research_context [req-395eca66-bda6-4fc2-b05b-be9dae206f01 req-9688365c-bf41-470a-a9d5-35c63f6e4969 service placement] found 2 providers after filtering by previous result {{(pid=88293) get_provider_ids_matching /opt/stack/placement/placement/objects/research_context.py:580}}
Jan 18 22:49:58.226323 n-d-825178-1 devstack@placement-api.service[88293]: DEBUG placement.objects.allocation_candidate [req-395eca66-bda6-4fc2-b05b-be9dae206f01 req-9688365c-bf41-470a-a9d5-35c63f6e4969 service placement] RequestGroup(use_same_provider=False, resources={DISK_GB:1, MEMORY_MB:1024, VCPU:1}, traits=[], aggregates=[]) (suffix '') returned 2 matches {{(pid=88293) _get_by_requests /opt/stack/placement/placement/objects/allocation_candidate.py:145}}
Jan 18 22:49:58.228687 n-d-825178-1 devstack@placement-api.service[88293]: DEBUG placement.objects.allocation_candidate [req-395eca66-bda6-4fc2-b05b-be9dae206f01 req-9688365c-bf41-470a-a9d5-35c63f6e4969 service placement] Merging candidates yields 2 allocation requests and 2 provider summaries {{(pid=88293) _merge_candidates /opt/stack/placement/placement/objects/allocation_candidate.py:783}}
Jan 18 22:49:58.233852 n-d-825178-1 devstack@placement-api.service[88293]: INFO placement.requestlog [req-395eca66-bda6-4fc2-b05b-be9dae206f01 req-9688365c-bf41-470a-a9d5-35c63f6e4969 service placement] 10.222.0.78 "GET /placement/allocation_candidates?limit=1000&resources=DISK_GB%3A1%2CMEMORY_MB%3A1024%2CVCPU%3A1&root_required=%21COMPUTE_STATUS_DISABLED" status: 200 len: 1309 microversion: 1.35
Jan 18 22:49:58.234768 n-d-825178-1 devstack@placement-api.service[88293]: [pid: 88293|app: 0|req: 286/571] 10.222.0.78 () {60 vars in 1506 bytes} [Tue Jan 18 22:49:58 2022] GET /placement/allocation_candidates?limit=1000&resources=DISK_GB%3A1%2CMEMORY_MB%3A1024%2CVCPU%3A1&root_required=%21COMPUTE_STATUS_DISABLED => generated 1309 bytes in 98 msecs (HTTP/1.1 200) 8 headers in 297 bytes (1 switches on core 0)
Jan 18 22:49:58.353547 n-d-825178-1 devstack@placement-api.service[88294]: DEBUG placement.requestlog [req-395eca66-bda6-4fc2-b05b-be9dae206f01 req-38bff8db-4005-4497-94af-3abd130b47f9 None None] Starting request: 10.222.0.78 "GET /placement/allocations/c38a8fde-a3f5-4688-86fd-41e0d4302dad" {{(pid=88294) __call__ /opt/stack/placement/placement/requestlog.py:55}}
Jan 18 22:49:58.365326 n-d-825178-1 devstack@placement-api.service[88294]: INFO placement.requestlog [req-395eca66-bda6-4fc2-b05b-be9dae206f01 req-38bff8db-4005-4497-94af-3abd130b47f9 service placement] 10.222.0.78 "GET /placement/allocations/c38a8fde-a3f5-4688-86fd-41e0d4302dad" status: 200 len: 19 microversion: 1.28
Jan 18 22:49:58.366642 n-d-825178-1 devstack@placement-api.service[88294]: [pid: 88294|app: 0|req: 286/572] 10.222.0.78 () {60 vars in 1380 bytes} [Tue Jan 18 22:49:58 2022] GET /placement/allocations/c38a8fde-a3f5-4688-86fd-41e0d4302dad => generated 19 bytes in 13 msecs (HTTP/1.1 200) 8 headers in 295 bytes (1 switches on core 0)
Jan 18 22:49:58.376473 n-d-825178-1 devstack@placement-api.service[88293]: DEBUG placement.requestlog [req-395eca66-bda6-4fc2-b05b-be9dae206f01 req-c7471ad3-9a3a-464e-a3d7-f19328b514c7 None None] Starting request: 10.222.0.78 "PUT /placement/allocations/c38a8fde-a3f5-4688-86fd-41e0d4302dad" {{(pid=88293) __call__ /opt/stack/placement/placement/requestlog.py:55}}
Jan 18 22:49:58.481302 n-d-825178-1 devstack@placement-api.service[88293]: DEBUG placement.handlers.allocation [req-395eca66-bda6-4fc2-b05b-be9dae206f01 req-c7471ad3-9a3a-464e-a3d7-f19328b514c7 service placement] Successfully wrote allocations [, , ] {{(pid=88293) _create_allocations /opt/stack/placement/placement/handlers/allocation.py:435}}
Jan 18 22:49:58.481937 n-d-825178-1 devstack@placement-api.service[88293]: INFO placement.requestlog [req-395eca66-bda6-4fc2-b05b-be9dae206f01 req-c7471ad3-9a3a-464e-a3d7-f19328b514c7 service placement] 10.222.0.78 "PUT /placement/allocations/c38a8fde-a3f5-4688-86fd-41e0d4302dad" status: 204 len: 0 microversion: 1.35
Jan 18 22:49:58.482726 n-d-825178-1 devstack@placement-api.service[88293]: [pid: 88293|app: 0|req: 287/573] 10.222.0.78 () {64 vars in 1433 bytes} [Tue Jan 18 22:49:58 2022] PUT /placement/allocations/c38a8fde-a3f5-4688-86fd-41e0d4302dad => generated 0 bytes in 106 msecs (HTTP/1.1 204) 5 headers in 199 bytes (1 switches on core 0)
Jan 18 22:49:58.960802 n-d-825178-1 devstack@placement-api.service[88294]: DEBUG placement.requestlog [req-395eca66-bda6-4fc2-b05b-be9dae206f01 req-e5fbf6cd-e7ae-4da0-a78f-585e12eb732d None None] Starting request: 10.222.0.85 "GET /placement/allocations/c38a8fde-a3f5-4688-86fd-41e0d4302dad" {{(pid=88294) __call__ /opt/stack/placement/placement/requestlog.py:55}}
Jan 18 22:49:58.975303 n-d-825178-1 devstack@placement-api.service[88294]: INFO placement.requestlog [req-395eca66-bda6-4fc2-b05b-be9dae206f01 req-e5fbf6cd-e7ae-4da0-a78f-585e12eb732d service placement] 10.222.0.85 "GET /placement/allocations/c38a8fde-a3f5-4688-86fd-41e0d4302dad" status: 200 len: 259 microversion: 1.28
Jan 18 22:49:58.975806 n-d-825178-1 devstack@placement-api.service[88294]: [pid: 88294|app: 0|req: 287/574] 10.222.0.85 () {60 vars in 1377 bytes} [Tue Jan 18 22:49:58 2022] GET /placement/allocations/c38a8fde-a3f5-4688-86fd-41e0d4302dad => generated 259 bytes in 15 msecs (HTTP/1.1 200) 8 headers in 296 bytes (1 switches on core 0)
Jan 18 22:50:01.159315 n-d-825178-1 devstack@placement-api.service[88293]: DEBUG placement.requestlog [req-2752374e-320a-4b68-a980-8ee80df019a2 req-1ad2c3a2-60e9-4deb-8007-465a97e585b0 None None] Starting request: 10.222.0.78 "GET /placement/allocation_candidates?limit=1000&resources=DISK_GB%3A1%2CMEMORY_MB%3A1024%2CVCPU%3A1&root_required=%21COMPUTE_STATUS_DISABLED" {{(pid=88293) __call__ /opt/stack/placement/placement/requestlog.py:55}}
Jan 18 22:50:01.246470 n-d-825178-1 devstack@placement-api.service[88293]: DEBUG placement.objects.research_context [req-2752374e-320a-4b68-a980-8ee80df019a2 req-1ad2c3a2-60e9-4deb-8007-465a97e585b0 service placement] getting providers with 1 DISK_GB {{(pid=88293) __init__ /opt/stack/placement/placement/objects/research_context.py:126}}
Jan 18 22:50:01.262383 n-d-825178-1 devstack@placement-api.service[88293]: DEBUG placement.objects.research_context [req-2752374e-320a-4b68-a980-8ee80df019a2 req-1ad2c3a2-60e9-4deb-8007-465a97e585b0 service placement] getting providers with 1024 MEMORY_MB {{(pid=88293) __init__ /opt/stack/placement/placement/objects/research_context.py:126}}
Jan 18 22:50:01.277402 n-d-825178-1 devstack@placement-api.service[88293]: DEBUG placement.objects.research_context [req-2752374e-320a-4b68-a980-8ee80df019a2 req-1ad2c3a2-60e9-4deb-8007-465a97e585b0 service placement] getting providers with 1 VCPU {{(pid=88293) __init__ /opt/stack/placement/placement/objects/research_context.py:126}}
Jan 18 22:50:01.304076 n-d-825178-1 devstack@placement-api.service[88293]: DEBUG placement.objects.research_context [req-2752374e-320a-4b68-a980-8ee80df019a2 req-1ad2c3a2-60e9-4deb-8007-465a97e585b0 service placement] found 2 providers with available 1 DISK_GB {{(pid=88293) get_provider_ids_matching /opt/stack/placement/placement/objects/research_context.py:549}}
Jan 18 22:50:01.304359 n-d-825178-1 devstack@placement-api.service[88293]: DEBUG placement.objects.research_context [req-2752374e-320a-4b68-a980-8ee80df019a2 req-1ad2c3a2-60e9-4deb-8007-465a97e585b0 service placement] found 2 providers with available 1024 MEMORY_MB {{(pid=88293) get_provider_ids_matching /opt/stack/placement/placement/objects/research_context.py:549}}
Jan 18 22:50:01.304818 n-d-825178-1 devstack@placement-api.service[88293]: DEBUG placement.objects.research_context [req-2752374e-320a-4b68-a980-8ee80df019a2 req-1ad2c3a2-60e9-4deb-8007-465a97e585b0 service placement] found 2 providers after filtering by previous result {{(pid=88293) get_provider_ids_matching /opt/stack/placement/placement/objects/research_context.py:580}}
Jan 18 22:50:01.305240 n-d-825178-1 devstack@placement-api.service[88293]: DEBUG placement.objects.research_context [req-2752374e-320a-4b68-a980-8ee80df019a2 req-1ad2c3a2-60e9-4deb-8007-465a97e585b0 service placement] found 2 providers with available 1 VCPU {{(pid=88293) get_provider_ids_matching /opt/stack/placement/placement/objects/research_context.py:549}}
Jan 18 22:50:01.305928 n-d-825178-1 devstack@placement-api.service[88293]: DEBUG placement.objects.research_context [req-2752374e-320a-4b68-a980-8ee80df019a2 req-1ad2c3a2-60e9-4deb-8007-465a97e585b0 service placement] found 2 providers after filtering by previous result {{(pid=88293) get_provider_ids_matching /opt/stack/placement/placement/objects/research_context.py:580}}
Jan 18 22:50:01.320255 n-d-825178-1 devstack@placement-api.service[88293]: DEBUG placement.objects.allocation_candidate [req-2752374e-320a-4b68-a980-8ee80df019a2 req-1ad2c3a2-60e9-4deb-8007-465a97e585b0 service placement] RequestGroup(use_same_provider=False, resources={DISK_GB:1, MEMORY_MB:1024, VCPU:1}, traits=[], aggregates=[]) (suffix '') returned 2 matches {{(pid=88293) _get_by_requests /opt/stack/placement/placement/objects/allocation_candidate.py:145}}
Jan 18 22:50:01.320908 n-d-825178-1 devstack@placement-api.service[88293]: DEBUG placement.objects.allocation_candidate [req-2752374e-320a-4b68-a980-8ee80df019a2 req-1ad2c3a2-60e9-4deb-8007-465a97e585b0 service placement] Merging candidates yields 2 allocation requests and 2 provider summaries {{(pid=88293) _merge_candidates /opt/stack/placement/placement/objects/allocation_candidate.py:783}}
Jan 18 22:50:01.322715 n-d-825178-1 devstack@placement-api.service[88293]: INFO placement.requestlog [req-2752374e-320a-4b68-a980-8ee80df019a2 req-1ad2c3a2-60e9-4deb-8007-465a97e585b0 service placement] 10.222.0.78 "GET /placement/allocation_candidates?limit=1000&resources=DISK_GB%3A1%2CMEMORY_MB%3A1024%2CVCPU%3A1&root_required=%21COMPUTE_STATUS_DISABLED" status: 200 len: 1309 microversion: 1.35
Jan 18 22:50:01.323503 n-d-825178-1 devstack@placement-api.service[88293]: [pid: 88293|app: 0|req: 288/575] 10.222.0.78 () {60 vars in 1506 bytes} [Tue Jan 18 22:50:01 2022] GET /placement/allocation_candidates?limit=1000&resources=DISK_GB%3A1%2CMEMORY_MB%3A1024%2CVCPU%3A1&root_required=%21COMPUTE_STATUS_DISABLED => generated 1309 bytes in 165 msecs (HTTP/1.1 200) 8 headers in 297 bytes (1 switches on core 0)
Jan 18 22:50:01.384058 n-d-825178-1 devstack@placement-api.service[88294]: DEBUG placement.requestlog [req-2752374e-320a-4b68-a980-8ee80df019a2 req-45683777-ce68-44ee-99ae-4c835c23d7a0 None None] Starting request: 10.222.0.78 "GET /placement/allocations/085e3efb-60fa-491f-bb60-0ed3d5857c6c" {{(pid=88294) __call__ /opt/stack/placement/placement/requestlog.py:55}}
Jan 18 22:50:01.405537 n-d-825178-1 devstack@placement-api.service[88294]: INFO placement.requestlog [req-2752374e-320a-4b68-a980-8ee80df019a2 req-45683777-ce68-44ee-99ae-4c835c23d7a0 service placement] 10.222.0.78 "GET /placement/allocations/085e3efb-60fa-491f-bb60-0ed3d5857c6c" status: 200 len: 19 microversion: 1.28
Jan 18 22:50:01.411710 n-d-825178-1 devstack@placement-api.service[88293]: DEBUG placement.requestlog [req-2752374e-320a-4b68-a980-8ee80df019a2 req-c53e4616-d630-46fe-8055-8641f218cf51 None None] Starting request: 10.222.0.78 "PUT /placement/allocations/085e3efb-60fa-491f-bb60-0ed3d5857c6c" {{(pid=88293) __call__ /opt/stack/placement/placement/requestlog.py:55}}
Jan 18 22:50:01.412242 n-d-825178-1 devstack@placement-api.service[88294]: [pid: 88294|app: 0|req: 288/576] 10.222.0.78 () {60 vars in 1380 bytes} [Tue Jan 18 22:50:01 2022] GET /placement/allocations/085e3efb-60fa-491f-bb60-0ed3d5857c6c => generated 19 bytes in 28 msecs (HTTP/1.1 200) 8 headers in 295 bytes (1 switches on core 0)
Jan 18 22:50:01.536664 n-d-825178-1 devstack@placement-api.service[88293]: DEBUG placement.handlers.allocation [req-2752374e-320a-4b68-a980-8ee80df019a2 req-c53e4616-d630-46fe-8055-8641f218cf51 service placement] Successfully wrote allocations [, , ] {{(pid=88293) _create_allocations /opt/stack/placement/placement/handlers/allocation.py:435}}
Jan 18 22:50:01.537236 n-d-825178-1 devstack@placement-api.service[88293]: INFO placement.requestlog [req-2752374e-320a-4b68-a980-8ee80df019a2 req-c53e4616-d630-46fe-8055-8641f218cf51 service placement] 10.222.0.78 "PUT /placement/allocations/085e3efb-60fa-491f-bb60-0ed3d5857c6c" status: 204 len: 0 microversion: 1.35
Jan 18 22:50:01.537673 n-d-825178-1 devstack@placement-api.service[88293]: [pid: 88293|app: 0|req: 289/577] 10.222.0.78 () {64 vars in 1433 bytes} [Tue Jan 18 22:50:01 2022] PUT /placement/allocations/085e3efb-60fa-491f-bb60-0ed3d5857c6c => generated 0 bytes in 126 msecs (HTTP/1.1 204) 5 headers in 199 bytes (1 switches on core 0)
Jan 18 22:50:02.234510 n-d-825178-1 devstack@placement-api.service[88294]: DEBUG placement.requestlog [req-2752374e-320a-4b68-a980-8ee80df019a2 req-e58481f7-b8f1-4ea4-9d7b-2f07915881ad None None] Starting request: 10.222.0.86 "GET /placement/allocations/085e3efb-60fa-491f-bb60-0ed3d5857c6c" {{(pid=88294) __call__ /opt/stack/placement/placement/requestlog.py:55}}
Jan 18 22:50:02.251170 n-d-825178-1 devstack@placement-api.service[88294]: INFO placement.requestlog [req-2752374e-320a-4b68-a980-8ee80df019a2 req-e58481f7-b8f1-4ea4-9d7b-2f07915881ad service placement] 10.222.0.86 "GET /placement/allocations/085e3efb-60fa-491f-bb60-0ed3d5857c6c" status: 200 len: 259 microversion: 1.28
Jan 18 22:50:02.251919 n-d-825178-1 devstack@placement-api.service[88294]: [pid: 88294|app: 0|req: 289/578] 10.222.0.86 () {60 vars in 1377 bytes} [Tue Jan 18 22:50:02 2022] GET /placement/allocations/085e3efb-60fa-491f-bb60-0ed3d5857c6c => generated 259 bytes in 18 msecs (HTTP/1.1 200) 8 headers in 296 bytes (1 switches on core 0)
Jan 18 22:50:18.013644 n-d-825178-1 devstack@placement-api.service[88293]: DEBUG placement.requestlog [req-f7d6f58d-9455-4f8d-aa55-5d2cd4137c9e req-b497049c-0bc1-4312-a6a5-68658ac11f73 None None] Starting request: 10.222.0.85 "GET /placement/resource_providers/e28170aa-c10d-4d43-a675-62d1045451b2/allocations" {{(pid=88293) __call__ /opt/stack/placement/placement/requestlog.py:55}}
Jan 18 22:50:18.059872 n-d-825178-1 devstack@placement-api.service[88293]: INFO placement.requestlog [req-f7d6f58d-9455-4f8d-aa55-5d2cd4137c9e req-b497049c-0bc1-4312-a6a5-68658ac11f73 service placement] 10.222.0.85 "GET /placement/resource_providers/e28170aa-c10d-4d43-a675-62d1045451b2/allocations" status: 200 len: 241 microversion: 1.0
Jan 18 22:50:18.060467 n-d-825178-1 devstack@placement-api.service[88293]: [pid: 88293|app: 0|req: 290/579] 10.222.0.85 () {58 vars in 1390 bytes} [Tue Jan 18 22:50:18 2022] GET /placement/resource_providers/e28170aa-c10d-4d43-a675-62d1045451b2/allocations => generated 241 bytes in 47 msecs (HTTP/1.1 200) 6 headers in 224 bytes (1 switches on core 0)
Jan 18 22:50:19.310800 n-d-825178-1 devstack@placement-api.service[88294]: DEBUG placement.requestlog [req-3b88d317-599a-4f33-b71d-72a2d74081d9 req-9b9a1824-6b65-4215-99d4-9062d9f12b11 None None] Starting request: 10.222.0.86 "GET /placement/allocations/df162699-9f1c-4b77-8b5f-bd6fd6f0fd57" {{(pid=88294) __call__ /opt/stack/placement/placement/requestlog.py:55}}
Jan 18 22:50:19.338104 n-d-825178-1 devstack@placement-api.service[88294]: INFO placement.requestlog [req-3b88d317-599a-4f33-b71d-72a2d74081d9 req-9b9a1824-6b65-4215-99d4-9062d9f12b11 service placement] 10.222.0.86 "GET /placement/allocations/df162699-9f1c-4b77-8b5f-bd6fd6f0fd57" status: 200 len: 259 microversion: 1.28
Jan 18 22:50:19.338642 n-d-825178-1 devstack@placement-api.service[88294]: [pid: 88294|app: 0|req: 290/580] 10.222.0.86 () {60 vars in 1377 bytes} [Tue Jan 18 22:50:19 2022] GET /placement/allocations/df162699-9f1c-4b77-8b5f-bd6fd6f0fd57 => generated 259 bytes in 28 msecs (HTTP/1.1 200) 8 headers in 296 bytes (1 switches on core 0)
Jan 18 22:50:22.594741 n-d-825178-1 devstack@placement-api.service[88293]: DEBUG placement.requestlog [req-ecdfda51-7993-409a-9e8e-0b1bc462d3d4 req-213aa92d-49b3-4f5b-90ab-5cd1550d0d48 None None] Starting request: 10.222.0.86 "GET /placement/resource_providers/04c2efb9-b8e0-4f5e-918c-a9a30bb0f0c7/allocations" {{(pid=88293) __call__ /opt/stack/placement/placement/requestlog.py:55}}
Jan 18 22:50:22.637561 n-d-825178-1 devstack@placement-api.service[88293]: INFO placement.requestlog [req-ecdfda51-7993-409a-9e8e-0b1bc462d3d4 req-213aa92d-49b3-4f5b-90ab-5cd1550d0d48 service placement] 10.222.0.86 "GET /placement/resource_providers/04c2efb9-b8e0-4f5e-918c-a9a30bb0f0c7/allocations" status: 200 len: 255 microversion: 1.0
Jan 18 22:50:22.646960 n-d-825178-1 devstack@placement-api.service[88293]: [pid: 88293|app: 0|req: 291/581] 10.222.0.86 () {58 vars in 1390 bytes} [Tue Jan 18 22:50:22 2022] GET /placement/resource_providers/04c2efb9-b8e0-4f5e-918c-a9a30bb0f0c7/allocations => generated 255 bytes in 52 msecs (HTTP/1.1 200) 6 headers in 224 bytes (1 switches on core 0)
Jan 18 22:50:23.496404 n-d-825178-1 devstack@placement-api.service[88294]: DEBUG placement.requestlog [req-d305e11c-a9dc-4418-90f3-5acefa7369b7 req-79915291-8dc5-452f-b139-5032105bc5ba None None] Starting request: 10.222.0.78 "GET /placement/allocation_candidates?limit=1000&resources=DISK_GB%3A1%2CMEMORY_MB%3A1024%2CVCPU%3A1&root_required=%21COMPUTE_STATUS_DISABLED" {{(pid=88294) __call__ /opt/stack/placement/placement/requestlog.py:55}}
Jan 18 22:50:23.540210 n-d-825178-1 devstack@placement-api.service[88294]: DEBUG placement.objects.research_context [req-d305e11c-a9dc-4418-90f3-5acefa7369b7 req-79915291-8dc5-452f-b139-5032105bc5ba service placement] getting providers with 1 DISK_GB {{(pid=88294) __init__ /opt/stack/placement/placement/objects/research_context.py:126}}
Jan 18 22:50:23.546926 n-d-825178-1 devstack@placement-api.service[88294]: DEBUG placement.objects.research_context [req-d305e11c-a9dc-4418-90f3-5acefa7369b7 req-79915291-8dc5-452f-b139-5032105bc5ba service placement] getting providers with 1024 MEMORY_MB {{(pid=88294) __init__ /opt/stack/placement/placement/objects/research_context.py:126}}
Jan 18 22:50:23.569187 n-d-825178-1 devstack@placement-api.service[88294]: DEBUG placement.objects.research_context [req-d305e11c-a9dc-4418-90f3-5acefa7369b7 req-79915291-8dc5-452f-b139-5032105bc5ba service placement] getting providers with 1 VCPU {{(pid=88294) __init__ /opt/stack/placement/placement/objects/research_context.py:126}}
Jan 18 22:50:23.585299 n-d-825178-1 devstack@placement-api.service[88294]: DEBUG placement.objects.research_context [req-d305e11c-a9dc-4418-90f3-5acefa7369b7 req-79915291-8dc5-452f-b139-5032105bc5ba service placement] found 2 providers with available 1 DISK_GB {{(pid=88294) get_provider_ids_matching /opt/stack/placement/placement/objects/research_context.py:549}}
Jan 18 22:50:23.586578 n-d-825178-1 devstack@placement-api.service[88294]: DEBUG placement.objects.research_context [req-d305e11c-a9dc-4418-90f3-5acefa7369b7 req-79915291-8dc5-452f-b139-5032105bc5ba service placement] found 2 providers with available 1024 MEMORY_MB {{(pid=88294) get_provider_ids_matching /opt/stack/placement/placement/objects/research_context.py:549}}
Jan 18 22:50:23.587962 n-d-825178-1 devstack@placement-api.service[88294]: DEBUG placement.objects.research_context [req-d305e11c-a9dc-4418-90f3-5acefa7369b7 req-79915291-8dc5-452f-b139-5032105bc5ba service placement] found 2 providers after filtering by previous result {{(pid=88294) get_provider_ids_matching /opt/stack/placement/placement/objects/research_context.py:580}}
Jan 18 22:50:23.588712 n-d-825178-1 devstack@placement-api.service[88294]: DEBUG placement.objects.research_context [req-d305e11c-a9dc-4418-90f3-5acefa7369b7 req-79915291-8dc5-452f-b139-5032105bc5ba service placement] found 2 providers with available 1 VCPU {{(pid=88294) get_provider_ids_matching /opt/stack/placement/placement/objects/research_context.py:549}}
Jan 18 22:50:23.591049 n-d-825178-1 devstack@placement-api.service[88294]: DEBUG placement.objects.research_context [req-d305e11c-a9dc-4418-90f3-5acefa7369b7 req-79915291-8dc5-452f-b139-5032105bc5ba service placement] found 2 providers after filtering by previous result {{(pid=88294) get_provider_ids_matching /opt/stack/placement/placement/objects/research_context.py:580}}
Jan 18 22:50:23.621122 n-d-825178-1 devstack@placement-api.service[88294]: DEBUG placement.objects.allocation_candidate [req-d305e11c-a9dc-4418-90f3-5acefa7369b7 req-79915291-8dc5-452f-b139-5032105bc5ba service placement] RequestGroup(use_same_provider=False, resources={DISK_GB:1, MEMORY_MB:1024, VCPU:1}, traits=[], aggregates=[]) (suffix '') returned 2 matches {{(pid=88294) _get_by_requests /opt/stack/placement/placement/objects/allocation_candidate.py:145}}
Jan 18 22:50:23.622270 n-d-825178-1 devstack@placement-api.service[88294]: DEBUG placement.objects.allocation_candidate [req-d305e11c-a9dc-4418-90f3-5acefa7369b7 req-79915291-8dc5-452f-b139-5032105bc5ba service placement] Merging candidates yields 2 allocation requests and 2 provider summaries {{(pid=88294) _merge_candidates /opt/stack/placement/placement/objects/allocation_candidate.py:783}}
Jan 18 22:50:23.623875 n-d-825178-1 devstack@placement-api.service[88294]: INFO placement.requestlog [req-d305e11c-a9dc-4418-90f3-5acefa7369b7 req-79915291-8dc5-452f-b139-5032105bc5ba service placement] 10.222.0.78 "GET /placement/allocation_candidates?limit=1000&resources=DISK_GB%3A1%2CMEMORY_MB%3A1024%2CVCPU%3A1&root_required=%21COMPUTE_STATUS_DISABLED" status: 200 len: 1309 microversion: 1.35
Jan 18 22:50:23.624677 n-d-825178-1 devstack@placement-api.service[88294]: [pid: 88294|app: 0|req: 291/582] 10.222.0.78 () {60 vars in 1506 bytes} [Tue Jan 18 22:50:23 2022] GET /placement/allocation_candidates?limit=1000&resources=DISK_GB%3A1%2CMEMORY_MB%3A1024%2CVCPU%3A1&root_required=%21COMPUTE_STATUS_DISABLED => generated 1309 bytes in 129 msecs (HTTP/1.1 200) 8 headers in 297 bytes (1 switches on core 0)
Jan 18 22:50:23.763752 n-d-825178-1 devstack@placement-api.service[88293]: DEBUG placement.requestlog [req-d305e11c-a9dc-4418-90f3-5acefa7369b7 req-efefeb01-974b-4049-b619-17e3ad8cd9d3 None None] Starting request: 10.222.0.78 "GET /placement/allocations/a47e3888-cab3-4e7c-947a-98b486e69fd4" {{(pid=88293) __call__ /opt/stack/placement/placement/requestlog.py:55}}
Jan 18 22:50:23.778106 n-d-825178-1 devstack@placement-api.service[88293]: INFO placement.requestlog [req-d305e11c-a9dc-4418-90f3-5acefa7369b7 req-efefeb01-974b-4049-b619-17e3ad8cd9d3 service placement] 10.222.0.78 "GET /placement/allocations/a47e3888-cab3-4e7c-947a-98b486e69fd4" status: 200 len: 19 microversion: 1.28
Jan 18 22:50:23.781643 n-d-825178-1 devstack@placement-api.service[88293]: [pid: 88293|app: 0|req: 292/583] 10.222.0.78 () {60 vars in 1380 bytes} [Tue Jan 18 22:50:23 2022] GET /placement/allocations/a47e3888-cab3-4e7c-947a-98b486e69fd4 => generated 19 bytes in 18 msecs (HTTP/1.1 200) 8 headers in 295 bytes (1 switches on core 0)
Jan 18 22:50:23.787103 n-d-825178-1 devstack@placement-api.service[88294]: DEBUG placement.requestlog [req-d305e11c-a9dc-4418-90f3-5acefa7369b7 req-d05ab76e-20ba-487e-8adb-641df8f7c7f7 None None] Starting request: 10.222.0.78 "PUT /placement/allocations/a47e3888-cab3-4e7c-947a-98b486e69fd4" {{(pid=88294) __call__ /opt/stack/placement/placement/requestlog.py:55}}
Jan 18 22:50:23.893775 n-d-825178-1 devstack@placement-api.service[88294]: DEBUG placement.handlers.allocation [req-d305e11c-a9dc-4418-90f3-5acefa7369b7 req-d05ab76e-20ba-487e-8adb-641df8f7c7f7 service placement] Successfully wrote allocations [, , ] {{(pid=88294) _create_allocations /opt/stack/placement/placement/handlers/allocation.py:435}}
