May 05 21:37:15.222708 n-d-825175-4 neutron-server[84061]: DEBUG neutron.api.rpc.handlers.resources_rpc [None req-19628a88-6a5e-4166-991a-7f114ad4edc4 admin admin] Pushing event updated for resources: {'Subnet': ['ID=87bcf112-4ef0-4b85-b4f7-e45f6595cf40,revision_number=0']} {{(pid=84061) push /opt/stack/neutron/neutron/api/rpc/handlers/resources_rpc.py:237}}
May 05 21:37:15.223739 n-d-825175-4 neutron-server[84063]: DEBUG neutron.quota.resource [None req-e8f585ca-793c-4206-9de9-f872bf2d0d84 admin admin] Usage tracker for resource:security_group_rule and tenant:7cf8f2c6d99140499b3040db82ff5ebc is out of sync, need to count used quota {{(pid=84063) count_used /opt/stack/neutron/neutron/quota/resource.py:270}}
May 05 21:37:15.227741 n-d-825175-4 neutron-server[84061]: DEBUG neutron.plugins.ml2.drivers.mech_agent [None req-19628a88-6a5e-4166-991a-7f114ad4edc4 admin admin] Checking segment: {'id': '53480646-0eff-4771-b596-450ec9f06e0a', 'network_type': 'vlan', 'physical_network': 'physnet1', 'segmentation_id': 327, 'network_id': 'c19b2411-a210-486f-9267-12f0980e02fe'} for mappings: {'physnet1': 'br-data'} with network types: ['local', 'flat', 'vlan'] {{(pid=84061) check_segment_for_agent /opt/stack/neutron/neutron/plugins/ml2/drivers/mech_agent.py:342}}
May 05 21:37:15.228083 n-d-825175-4 neutron-server[84061]: DEBUG neutron.scheduler.dhcp_agent_scheduler [None req-19628a88-6a5e-4166-991a-7f114ad4edc4 admin admin] Network hostable DHCP agents. Network: c19b2411-a210-486f-9267-12f0980e02fe, hostable agents: ['617fa3f7-cb1b-438f-82a9-a9f9668a4da4'], hosted agents: [] {{(pid=84061) _get_network_hostable_dhcp_agents /opt/stack/neutron/neutron/scheduler/dhcp_agent_scheduler.py:329}}
May 05 21:37:15.236601 n-d-825175-4 neutron-server[84063]: DEBUG neutron.quota.resource [None req-e8f585ca-793c-4206-9de9-f872bf2d0d84 admin admin] Quota usage for security_group_rule was recalculated. Used quota:0. {{(pid=84063) count_used /opt/stack/neutron/neutron/quota/resource.py:290}}
May 05 21:37:15.254019 n-d-825175-4 neutron-server[84061]: DEBUG neutron.scheduler.dhcp_agent_scheduler [None req-19628a88-6a5e-4166-991a-7f114ad4edc4 admin admin] Network c19b2411-a210-486f-9267-12f0980e02fe is scheduled to be hosted by DHCP agent 617fa3f7-cb1b-438f-82a9-a9f9668a4da4 with binding_index 1 {{(pid=84061) bind /opt/stack/neutron/neutron/scheduler/dhcp_agent_scheduler.py:227}}
May 05 21:37:15.266453 n-d-825175-4 neutron-server[84063]: DEBUG neutron.db.quota.driver [None req-e8f585ca-793c-4206-9de9-f872bf2d0d84 admin admin] Attempting to reserve 4 items for resource security_group_rule. Total usage: 0; quota limit: 100; headroom:100 {{(pid=84063) make_reservation /opt/stack/neutron/neutron/db/quota/driver.py:246}}
May 05 21:37:15.270336 n-d-825175-4 neutron-server[84061]: DEBUG neutron.scheduler.base_scheduler [None req-19628a88-6a5e-4166-991a-7f114ad4edc4 admin admin] Resources bound (agent type, host, resource id): (DHCP agent, n-d-825175-4, c19b2411-a210-486f-9267-12f0980e02fe) {{(pid=84061) schedule /opt/stack/neutron/neutron/scheduler/base_scheduler.py:57}}
May 05 21:37:15.277875 n-d-825175-4 neutron-server[84061]: DEBUG neutron.pecan_wsgi.hooks.policy_enforcement [None req-19628a88-6a5e-4166-991a-7f114ad4edc4 admin admin] Attributes excluded by policy engine: ['shared', 'network'] {{(pid=84061) _exclude_attributes_by_policy /opt/stack/neutron/neutron/pecan_wsgi/hooks/policy_enforcement.py:255}}
May 05 21:37:15.278470 n-d-825175-4 neutron-server[84064]: DEBUG neutron.api.rpc.handlers.dhcp_rpc [None req-759c9745-2350-4bfd-af47-6d1daa88183c None None] Network c19b2411-a210-486f-9267-12f0980e02fe requested from n-d-825175-4 {{(pid=84064) get_network_info /opt/stack/neutron/neutron/api/rpc/handlers/dhcp_rpc.py:198}}
May 05 21:37:15.278582 n-d-825175-4 neutron-server[84061]: DEBUG neutron_lib.callbacks.manager [None req-19628a88-6a5e-4166-991a-7f114ad4edc4 admin admin] Notify callbacks ['neutron.api.rpc.agentnotifiers.dhcp_rpc_agent_api.DhcpAgentNotifyAPI._send_dhcp_notification-1997464'] for subnet, before_response {{(pid=84061) _notify_loop /usr/local/lib/python3.8/dist-packages/neutron_lib/callbacks/manager.py:192}}
May 05 21:37:15.312667 n-d-825175-4 neutron-server[84063]: DEBUG neutron.db.quota.driver [None req-74001f0f-7985-41e6-bf55-93d131c3fb6f admin admin] Resources subnetpool have unlimited quota limit. It is not required to calculate headroom {{(pid=84063) make_reservation /opt/stack/neutron/neutron/db/quota/driver.py:219}}
May 05 21:37:15.322194 n-d-825175-4 neutron-server[84061]: INFO neutron.wsgi [None req-19628a88-6a5e-4166-991a-7f114ad4edc4 admin admin] 10.222.0.23 "POST /v2.0/subnets HTTP/1.1" status: 201 len: 858 time: 0.7217653
May 05 21:37:15.323350 n-d-825175-4 neutron-server[84063]: DEBUG neutron.quota.resource [None req-74001f0f-7985-41e6-bf55-93d131c3fb6f admin admin] Usage tracker for resource:security_group_rule and tenant:e9edfd9a715a44519fd1c9f80c58cf68 is out of sync, need to count used quota {{(pid=84063) count_used /opt/stack/neutron/neutron/quota/resource.py:270}}
May 05 21:37:15.327150 n-d-825175-4 neutron-server[84063]: DEBUG neutron.quota.resource [None req-74001f0f-7985-41e6-bf55-93d131c3fb6f admin admin] Quota usage for security_group_rule was recalculated. Used quota:0. {{(pid=84063) count_used /opt/stack/neutron/neutron/quota/resource.py:290}}
May 05 21:37:15.336981 n-d-825175-4 neutron-server[84063]: DEBUG neutron.db.quota.driver [None req-74001f0f-7985-41e6-bf55-93d131c3fb6f admin admin] Attempting to reserve 4 items for resource security_group_rule. Total usage: 0; quota limit: 100; headroom:100 {{(pid=84063) make_reservation /opt/stack/neutron/neutron/db/quota/driver.py:246}}
May 05 21:37:15.407939 n-d-825175-4 neutron-server[84063]: DEBUG neutron_lib.callbacks.manager [None req-e8f585ca-793c-4206-9de9-f872bf2d0d84 admin admin] Notify callbacks [] for security_group, precommit_create {{(pid=84063) _notify_loop /usr/local/lib/python3.8/dist-packages/neutron_lib/callbacks/manager.py:192}}
May 05 21:37:15.424300 n-d-825175-4 neutron-server[84063]: DEBUG neutron_lib.callbacks.manager [None req-e8f585ca-793c-4206-9de9-f872bf2d0d84 admin admin] Notify callbacks ['neutron.plugins.ml2.ovo_rpc._ObjectChangeHandler.handle_event-583359'] for security_group, after_create {{(pid=84063) _notify_loop /usr/local/lib/python3.8/dist-packages/neutron_lib/callbacks/manager.py:192}}
May 05 21:37:15.439312 n-d-825175-4 neutron-server[84064]: DEBUG neutron.db.l3_dvr_db [None req-1aabe5a0-5692-4ff5-a586-72d6f2458ea3 None None] Set router 44a67e47-28fa-4393-9349-a9cde0bcd7d7 gateway port host: n-d-825175-4 {{(pid=84064) _build_routers_list /opt/stack/neutron/neutron/db/l3_dvr_db.py:871}}
May 05 21:37:15.470002 n-d-825175-4 neutron-server[84063]: INFO neutron.wsgi [None req-e8f585ca-793c-4206-9de9-f872bf2d0d84 admin admin] 10.222.0.23 "GET /v2.0/security-groups?tenant_id=7cf8f2c6d99140499b3040db82ff5ebc&name=default HTTP/1.1" status: 200 len: 2647 time: 0.4057391
May 05 21:37:15.471398 n-d-825175-4 neutron-server[84061]: DEBUG neutron.wsgi [-] (84061) accepted ('10.222.0.23', 55060) {{(pid=84061) server /usr/local/lib/python3.8/dist-packages/eventlet/wsgi.py:992}}
May 05 21:37:15.499572 n-d-825175-4 neutron-server[84063]: DEBUG neutron_lib.callbacks.manager [None req-74001f0f-7985-41e6-bf55-93d131c3fb6f admin admin] Notify callbacks [] for security_group, precommit_create {{(pid=84063) _notify_loop /usr/local/lib/python3.8/dist-packages/neutron_lib/callbacks/manager.py:192}}
May 05 21:37:15.501525 n-d-825175-4 neutron-server[84063]: DEBUG neutron.api.rpc.handlers.resources_rpc [None req-e8f585ca-793c-4206-9de9-f872bf2d0d84 admin admin] Pushing event updated for resources: {'SecurityGroup': ['ID=64e798dd-c4ee-4b96-aa34-71235ecd1a6d,revision_number=1']} {{(pid=84063) push /opt/stack/neutron/neutron/api/rpc/handlers/resources_rpc.py:237}}
May 05 21:37:15.517145 n-d-825175-4 neutron-server[84063]: DEBUG neutron_lib.callbacks.manager [None req-74001f0f-7985-41e6-bf55-93d131c3fb6f admin admin] Notify callbacks ['neutron.plugins.ml2.ovo_rpc._ObjectChangeHandler.handle_event-583359'] for security_group, after_create {{(pid=84063) _notify_loop /usr/local/lib/python3.8/dist-packages/neutron_lib/callbacks/manager.py:192}}
May 05 21:37:15.560912 n-d-825175-4 neutron-server[84063]: DEBUG neutron.plugins.ml2.drivers.helpers [None req-74001f0f-7985-41e6-bf55-93d131c3fb6f admin admin] vlan segment allocate from pool success with {'vlan_id': 341, 'physical_network': 'physnet1'} {{(pid=84063) allocate_partially_specified_segment /opt/stack/neutron/neutron/plugins/ml2/drivers/helpers.py:153}}
May 05 21:37:15.566840 n-d-825175-4 neutron-server[84063]: DEBUG neutron.api.rpc.handlers.resources_rpc [None req-74001f0f-7985-41e6-bf55-93d131c3fb6f admin admin] Pushing event updated for resources: {'SecurityGroup': ['ID=bf31c92f-7991-43d7-b54f-49c45d194d27,revision_number=1']} {{(pid=84063) push /opt/stack/neutron/neutron/api/rpc/handlers/resources_rpc.py:237}}
May 05 21:37:15.575062 n-d-825175-4 neutron-server[84063]: DEBUG neutron_lib.callbacks.manager [None req-74001f0f-7985-41e6-bf55-93d131c3fb6f admin admin] Notify callbacks ['neutron.plugins.ml2.plugin.Ml2Plugin._handle_segment_change-1150058'] for segment, precommit_create {{(pid=84063) _notify_loop /usr/local/lib/python3.8/dist-packages/neutron_lib/callbacks/manager.py:192}}
May 05 21:37:15.575540 n-d-825175-4 neutron-server[84063]: INFO neutron.db.segments_db [None req-74001f0f-7985-41e6-bf55-93d131c3fb6f admin admin] Added segment ff5be024-16bf-4099-bd79-74b5cda48de1 of type vlan for network d29587b2-2560-4c3c-a461-b08672a2fd42
May 05 21:37:15.611270 n-d-825175-4 neutron-server[84063]: DEBUG neutron_lib.callbacks.manager [None req-74001f0f-7985-41e6-bf55-93d131c3fb6f admin admin] Notify callbacks ['neutron.services.auto_allocate.db._ensure_external_network_default_value_callback-8774958205974'] for network, precommit_create {{(pid=84063) _notify_loop /usr/local/lib/python3.8/dist-packages/neutron_lib/callbacks/manager.py:192}}
May 05 21:37:15.631343 n-d-825175-4 neutron-server[84061]: DEBUG neutron_lib.callbacks.manager [None req-df1f5588-971e-4bba-8855-8dfcc36f119d admin admin] Notify callbacks [] for security_group, before_delete {{(pid=84061) _notify_loop /usr/local/lib/python3.8/dist-packages/neutron_lib/callbacks/manager.py:192}}
May 05 21:37:15.652903 n-d-825175-4 neutron-server[84063]: DEBUG neutron.wsgi [-] (84063) accepted ('10.222.0.23', 55064) {{(pid=84063) server /usr/local/lib/python3.8/dist-packages/eventlet/wsgi.py:992}}
May 05 21:37:15.669648 n-d-825175-4 neutron-server[84061]: DEBUG neutron_lib.callbacks.manager [None req-df1f5588-971e-4bba-8855-8dfcc36f119d admin admin] Notify callbacks [] for security_group, precommit_delete {{(pid=84061) _notify_loop /usr/local/lib/python3.8/dist-packages/neutron_lib/callbacks/manager.py:192}}
May 05 21:37:15.701327 n-d-825175-4 neutron-server[84063]: DEBUG neutron_lib.callbacks.manager [None req-04afd09f-8f7c-4215-8b0d-c39fad63c01f admin admin] Notify callbacks [] for security_group, before_create {{(pid=84063) _notify_loop /usr/local/lib/python3.8/dist-packages/neutron_lib/callbacks/manager.py:192}}
May 05 21:37:15.741320 n-d-825175-4 neutron-server[84063]: DEBUG neutron_lib.callbacks.manager [None req-74001f0f-7985-41e6-bf55-93d131c3fb6f admin admin] Notify callbacks ['neutron.plugins.ml2.ovo_rpc._ObjectChangeHandler.handle_event-561748', 'neutron.api.rpc.agentnotifiers.dhcp_rpc_agent_api.DhcpAgentNotifyAPI._native_event_send_dhcp_notification-1997457'] for network, after_create {{(pid=84063) _notify_loop /usr/local/lib/python3.8/dist-packages/neutron_lib/callbacks/manager.py:192}}
May 05 21:37:15.745475 n-d-825175-4 neutron-server[84063]: DEBUG neutron.pecan_wsgi.hooks.policy_enforcement [None req-74001f0f-7985-41e6-bf55-93d131c3fb6f admin admin] Attributes excluded by policy engine: ['vlan_transparent'] {{(pid=84063) _exclude_attributes_by_policy /opt/stack/neutron/neutron/pecan_wsgi/hooks/policy_enforcement.py:255}}
May 05 21:37:15.746541 n-d-825175-4 neutron-server[84063]: DEBUG neutron_lib.callbacks.manager [None req-74001f0f-7985-41e6-bf55-93d131c3fb6f admin admin] Notify callbacks ['neutron.api.rpc.agentnotifiers.dhcp_rpc_agent_api.DhcpAgentNotifyAPI._send_dhcp_notification-1997464'] for network, before_response {{(pid=84063) _notify_loop /usr/local/lib/python3.8/dist-packages/neutron_lib/callbacks/manager.py:192}}
May 05 21:37:15.818089 n-d-825175-4 neutron-server[84061]: DEBUG neutron_lib.callbacks.manager [None req-df1f5588-971e-4bba-8855-8dfcc36f119d admin admin] Notify callbacks ['neutron.plugins.ml2.ovo_rpc._ObjectChangeHandler.handle_event-583359'] for security_group, after_delete {{(pid=84061) _notify_loop /usr/local/lib/python3.8/dist-packages/neutron_lib/callbacks/manager.py:192}}
May 05 21:37:15.834279 n-d-825175-4 neutron-server[84064]: DEBUG neutron.api.rpc.handlers.dhcp_rpc [None req-6d3ff591-355f-4629-b420-506419f5548e None None] Network c19b2411-a210-486f-9267-12f0980e02fe requested from n-d-825175-4 {{(pid=84064) get_network_info /opt/stack/neutron/neutron/api/rpc/handlers/dhcp_rpc.py:198}}
May 05 21:37:15.870154 n-d-825175-4 neutron-server[84061]: DEBUG neutron.api.rpc.handlers.resources_rpc [None req-df1f5588-971e-4bba-8855-8dfcc36f119d admin admin] Pushing event deleted for resources: {'SecurityGroup': ['ID=64e798dd-c4ee-4b96-aa34-71235ecd1a6d,revision_number=None']} {{(pid=84061) push /opt/stack/neutron/neutron/api/rpc/handlers/resources_rpc.py:237}}
May 05 21:37:15.887480 n-d-825175-4 neutron-server[84061]: DEBUG neutron_lib.callbacks.manager [None req-df1f5588-971e-4bba-8855-8dfcc36f119d admin admin] Notify callbacks [] for security_group, before_response {{(pid=84061) _notify_loop /usr/local/lib/python3.8/dist-packages/neutron_lib/callbacks/manager.py:192}}
May 05 21:37:15.893445 n-d-825175-4 neutron-server[84063]: DEBUG neutron.db.quota.driver [None req-04afd09f-8f7c-4215-8b0d-c39fad63c01f admin admin] Resources subnetpool have unlimited quota limit. It is not required to calculate headroom {{(pid=84063) make_reservation /opt/stack/neutron/neutron/db/quota/driver.py:219}}
May 05 21:37:15.900267 n-d-825175-4 neutron-server[84063]: DEBUG neutron.api.rpc.handlers.resources_rpc [None req-74001f0f-7985-41e6-bf55-93d131c3fb6f admin admin] Pushing event updated for resources: {'Network': ['ID=d29587b2-2560-4c3c-a461-b08672a2fd42,revision_number=1']} {{(pid=84063) push /opt/stack/neutron/neutron/api/rpc/handlers/resources_rpc.py:237}}
May 05 21:37:15.900919 n-d-825175-4 neutron-server[84061]: INFO neutron.wsgi [None req-df1f5588-971e-4bba-8855-8dfcc36f119d admin admin] 10.222.0.23 "DELETE /v2.0/security-groups/64e798dd-c4ee-4b96-aa34-71235ecd1a6d HTTP/1.1" status: 204 len: 168 time: 0.4271917
May 05 21:37:15.903362 n-d-825175-4 neutron-server[84063]: DEBUG neutron.quota.resource [None req-04afd09f-8f7c-4215-8b0d-c39fad63c01f admin admin] Usage tracker for resource:security_group_rule and tenant:0fde66fe447a4b01a6093e8dc4c4960f is out of sync, need to count used quota {{(pid=84063) count_used /opt/stack/neutron/neutron/quota/resource.py:270}}
May 05 21:37:15.908051 n-d-825175-4 neutron-server[84063]: INFO neutron.wsgi [None req-74001f0f-7985-41e6-bf55-93d131c3fb6f admin admin] 10.222.0.23 "POST /v2.0/networks HTTP/1.1" status: 201 len: 897 time: 0.8436899
May 05 21:37:15.909301 n-d-825175-4 neutron-server[84063]: DEBUG neutron.quota.resource [None req-04afd09f-8f7c-4215-8b0d-c39fad63c01f admin admin] Quota usage for security_group_rule was recalculated. Used quota:0. {{(pid=84063) count_used /opt/stack/neutron/neutron/quota/resource.py:290}}
May 05 21:37:15.912280 n-d-825175-4 neutron-server[84061]: DEBUG neutron.wsgi [-] (84061) accepted ('10.222.0.23', 55076) {{(pid=84061) server /usr/local/lib/python3.8/dist-packages/eventlet/wsgi.py:992}}
May 05 21:37:15.917056 n-d-825175-4 neutron-server[84063]: DEBUG neutron.db.quota.driver [None req-04afd09f-8f7c-4215-8b0d-c39fad63c01f admin admin] Attempting to reserve 4 items for resource security_group_rule. Total usage: 0; quota limit: 100; headroom:100 {{(pid=84063) make_reservation /opt/stack/neutron/neutron/db/quota/driver.py:246}}
May 05 21:37:15.929201 n-d-825175-4 neutron-server[84061]: DEBUG neutron.api.v2.base [None req-0e5d2637-ac79-45f7-a2e5-e3ccde62d071 admin admin] Request body: {'subnet': {'network_id': 'd29587b2-2560-4c3c-a461-b08672a2fd42', 'cidr': '172.20.0.0/28', 'name': 'tempest-ServersWithSpecificFlavorTestJSON-1475497951-subnet', 'tenant_id': 'e9edfd9a715a44519fd1c9f80c58cf68', 'enable_dhcp': True, 'ip_version': 4}} {{(pid=84061) prepare_request_body /opt/stack/neutron/neutron/api/v2/base.py:719}}
May 05 21:37:15.948978 n-d-825175-4 neutron-server[84061]: DEBUG neutron.db.quota.driver [None req-0e5d2637-ac79-45f7-a2e5-e3ccde62d071 admin admin] Resources subnetpool have unlimited quota limit. It is not required to calculate headroom {{(pid=84061) make_reservation /opt/stack/neutron/neutron/db/quota/driver.py:219}}
May 05 21:37:15.960851 n-d-825175-4 neutron-server[84061]: DEBUG neutron.quota.resource [None req-0e5d2637-ac79-45f7-a2e5-e3ccde62d071 admin admin] Usage tracker for resource:subnet and tenant:e9edfd9a715a44519fd1c9f80c58cf68 is out of sync, need to count used quota {{(pid=84061) count_used /opt/stack/neutron/neutron/quota/resource.py:270}}
May 05 21:37:15.967782 n-d-825175-4 neutron-server[84064]: DEBUG neutron.plugins.ml2.rpc [None req-ec3159f7-5171-4eb6-98b9-c6708b3af8a9 None None] Network d29587b2-2560-4c3c-a461-b08672a2fd42 details requested by agent ovs-agent-n-d-825175-4 with host n-d-825175-4 {{(pid=84064) get_network_details /opt/stack/neutron/neutron/plugins/ml2/rpc.py:232}}
May 05 21:37:15.969449 n-d-825175-4 neutron-server[84063]: DEBUG neutron.wsgi [-] (84063) accepted ('10.222.0.32', 49617) {{(pid=84063) server /usr/local/lib/python3.8/dist-packages/eventlet/wsgi.py:992}}
May 05 21:37:15.984220 n-d-825175-4 neutron-server[84061]: DEBUG neutron.quota.resource [None req-0e5d2637-ac79-45f7-a2e5-e3ccde62d071 admin admin] Quota usage for subnet was recalculated. Used quota:0. {{(pid=84061) count_used /opt/stack/neutron/neutron/quota/resource.py:290}}
May 05 21:37:15.998916 n-d-825175-4 neutron-server[84061]: DEBUG neutron.db.quota.driver [None req-0e5d2637-ac79-45f7-a2e5-e3ccde62d071 admin admin] Attempting to reserve 1 items for resource subnet. Total usage: 0; quota limit: 100; headroom:100 {{(pid=84061) make_reservation /opt/stack/neutron/neutron/db/quota/driver.py:246}}
May 05 21:37:16.015736 n-d-825175-4 neutron-server[84063]: INFO neutron.wsgi [req-04aa5f4d-4329-4115-bf63-eb32cead3365 req-663067cd-310e-4db7-ae6b-abd5d622b926 tempest-AggregatesAdminTestJSON-1765912849 tempest-AggregatesAdminTestJSON-1765912849-project] 10.222.0.32 "GET /v2.0/networks?tenant_id=9d40c5721ee84be3b273113ca3e3b71f&shared=False HTTP/1.1" status: 200 len: 213 time: 0.0450933
May 05 21:37:16.026540 n-d-825175-4 neutron-server[84061]: DEBUG neutron.pecan_wsgi.hooks.quota_enforcement [None req-0e5d2637-ac79-45f7-a2e5-e3ccde62d071 admin admin] Made reservation on behalf of e9edfd9a715a44519fd1c9f80c58cf68 for: {'subnet': 1} {{(pid=84061) before /opt/stack/neutron/neutron/pecan_wsgi/hooks/quota_enforcement.py:53}}
May 05 21:37:16.029788 n-d-825175-4 neutron-server[84061]: DEBUG neutron_lib.callbacks.manager [None req-0e5d2637-ac79-45f7-a2e5-e3ccde62d071 admin admin] Notify callbacks [] for subnet, before_create {{(pid=84061) _notify_loop /usr/local/lib/python3.8/dist-packages/neutron_lib/callbacks/manager.py:192}}
May 05 21:37:16.204775 n-d-825175-4 neutron-server[84063]: DEBUG neutron.wsgi [-] (84063) accepted ('10.222.0.23', 55086) {{(pid=84063) server /usr/local/lib/python3.8/dist-packages/eventlet/wsgi.py:992}}
May 05 21:37:16.288082 n-d-825175-4 neutron-server[84063]: DEBUG neutron_lib.callbacks.manager [None req-04afd09f-8f7c-4215-8b0d-c39fad63c01f admin admin] Notify callbacks [] for security_group, precommit_create {{(pid=84063) _notify_loop /usr/local/lib/python3.8/dist-packages/neutron_lib/callbacks/manager.py:192}}
May 05 21:37:16.302459 n-d-825175-4 neutron-server[84063]: DEBUG neutron_lib.callbacks.manager [None req-04afd09f-8f7c-4215-8b0d-c39fad63c01f admin admin] Notify callbacks ['neutron.plugins.ml2.ovo_rpc._ObjectChangeHandler.handle_event-583359'] for security_group, after_create {{(pid=84063) _notify_loop /usr/local/lib/python3.8/dist-packages/neutron_lib/callbacks/manager.py:192}}
May 05 21:37:16.339918 n-d-825175-4 neutron-server[84064]: DEBUG neutron_lib.callbacks.manager [None req-211a4e8c-1db9-453a-b110-583b7cc3afaa None None] Notify callbacks ['neutron.services.segments.db._update_segment_host_mapping_for_agent-8774958669927', 'neutron.plugins.ml2.plugin.Ml2Plugin._retry_binding_revived_agents-1112985'] for agent, after_update {{(pid=84064) _notify_loop /usr/local/lib/python3.8/dist-packages/neutron_lib/callbacks/manager.py:192}}
May 05 21:37:16.352179 n-d-825175-4 neutron-server[84063]: DEBUG neutron.api.rpc.handlers.resources_rpc [None req-04afd09f-8f7c-4215-8b0d-c39fad63c01f admin admin] Pushing event updated for resources: {'SecurityGroup': ['ID=99b3d897-bd26-4281-8814-023a672ab46b,revision_number=1']} {{(pid=84063) push /opt/stack/neutron/neutron/api/rpc/handlers/resources_rpc.py:237}}
May 05 21:37:16.373730 n-d-825175-4 neutron-server[84063]: DEBUG neutron.pecan_wsgi.hooks.policy_enforcement [req-04aa5f4d-4329-4115-bf63-eb32cead3365 req-4345503d-5683-46f4-85f6-b7b59086ae9d tempest-AggregatesAdminTestJSON-1765912849 tempest-AggregatesAdminTestJSON-1765912849-project] Attributes excluded by policy engine: ['vlan_transparent', 'provider:network_type', 'provider:physical_network', 'provider:segmentation_id'] {{(pid=84063) _exclude_attributes_by_policy /opt/stack/neutron/neutron/pecan_wsgi/hooks/policy_enforcement.py:255}}
May 05 21:37:16.375223 n-d-825175-4 neutron-server[84063]: INFO neutron.wsgi [req-04aa5f4d-4329-4115-bf63-eb32cead3365 req-4345503d-5683-46f4-85f6-b7b59086ae9d tempest-AggregatesAdminTestJSON-1765912849 tempest-AggregatesAdminTestJSON-1765912849-project] 10.222.0.32 "GET /v2.0/networks?shared=True HTTP/1.1" status: 200 len: 769 time: 0.3469350
May 05 21:37:16.391314 n-d-825175-4 neutron-server[84063]: INFO neutron.wsgi [None req-04afd09f-8f7c-4215-8b0d-c39fad63c01f admin admin] 10.222.0.23 "GET /v2.0/security-groups?tenant_id=0fde66fe447a4b01a6093e8dc4c4960f&name=default HTTP/1.1" status: 200 len: 2647 time: 0.7373331
May 05 21:37:16.393901 n-d-825175-4 neutron-server[84063]: DEBUG neutron.wsgi [-] (84063) accepted ('10.222.0.23', 55102) {{(pid=84063) server /usr/local/lib/python3.8/dist-packages/eventlet/wsgi.py:992}}
May 05 21:37:16.430351 n-d-825175-4 neutron-server[84061]: INFO neutron.wsgi [req-764cbfb4-3286-43d3-98ee-6af496ecfaa6 req-a473f2fc-2f2e-44d6-a294-e6b9ce9e024b tempest-AggregatesAdminTestJSON-1765912849 tempest-AggregatesAdminTestJSON-1765912849-project] 10.222.0.23 "GET /v2.0/ports?device_id=b0dad918-2532-4b80-9600-3670fddb1fc0 HTTP/1.1" status: 200 len: 210 time: 0.0606098
May 05 21:37:16.434287 n-d-825175-4 neutron-server[84061]: DEBUG neutron_lib.callbacks.manager [None req-0e5d2637-ac79-45f7-a2e5-e3ccde62d071 admin admin] Notify callbacks ['neutron.plugins.ml2.ovo_rpc._ObjectChangeHandler.handle_event-561667', 'neutron.api.rpc.agentnotifiers.dhcp_rpc_agent_api.DhcpAgentNotifyAPI._native_event_send_dhcp_notification-1997457'] for subnet, after_create {{(pid=84061) _notify_loop /usr/local/lib/python3.8/dist-packages/neutron_lib/callbacks/manager.py:192}}
May 05 21:37:16.478082 n-d-825175-4 neutron-server[84063]: DEBUG neutron.api.v2.base [req-04aa5f4d-4329-4115-bf63-eb32cead3365 req-8562ec19-95b3-42c0-b2d3-1d36477573f5 tempest-AggregatesAdminTestJSON-1765912849 tempest-AggregatesAdminTestJSON-1765912849-project] Request body: {'port': {'device_id': 'b0dad918-2532-4b80-9600-3670fddb1fc0', 'network_id': '4c94ca0b-4fbc-4c9e-bb44-897e77ccd3d9', 'admin_state_up': True, 'tenant_id': '9d40c5721ee84be3b273113ca3e3b71f'}} {{(pid=84063) prepare_request_body /opt/stack/neutron/neutron/api/v2/base.py:719}}
May 05 21:37:16.536730 n-d-825175-4 neutron-server[84061]: DEBUG neutron.api.rpc.handlers.resources_rpc [None req-0e5d2637-ac79-45f7-a2e5-e3ccde62d071 admin admin] Pushing event updated for resources: {'Subnet': ['ID=03000749-5824-4180-ad7c-cda5b2d2749f,revision_number=0']} {{(pid=84061) push /opt/stack/neutron/neutron/api/rpc/handlers/resources_rpc.py:237}}
May 05 21:37:16.590071 n-d-825175-4 neutron-server[84063]: DEBUG neutron_lib.callbacks.manager [None req-9cedaf08-e13f-4eb5-a4d8-63f9057132c2 admin admin] Notify callbacks [] for security_group, before_delete {{(pid=84063) _notify_loop /usr/local/lib/python3.8/dist-packages/neutron_lib/callbacks/manager.py:192}}
May 05 21:37:16.618077 n-d-825175-4 neutron-server[84063]: DEBUG neutron_lib.callbacks.manager [None req-9cedaf08-e13f-4eb5-a4d8-63f9057132c2 admin admin] Notify callbacks [] for security_group, precommit_delete {{(pid=84063) _notify_loop /usr/local/lib/python3.8/dist-packages/neutron_lib/callbacks/manager.py:192}}
May 05 21:37:16.622299 n-d-825175-4 neutron-server[84061]: DEBUG neutron.plugins.ml2.drivers.mech_agent [None req-0e5d2637-ac79-45f7-a2e5-e3ccde62d071 admin admin] Checking segment: {'id': 'ff5be024-16bf-4099-bd79-74b5cda48de1', 'network_type': 'vlan', 'physical_network': 'physnet1', 'segmentation_id': 341, 'network_id': 'd29587b2-2560-4c3c-a461-b08672a2fd42'} for mappings: {'physnet1': 'br-data'} with network types: ['local', 'flat', 'vlan'] {{(pid=84061) check_segment_for_agent /opt/stack/neutron/neutron/plugins/ml2/drivers/mech_agent.py:342}}
May 05 21:37:16.622647 n-d-825175-4 neutron-server[84061]: DEBUG neutron.scheduler.dhcp_agent_scheduler [None req-0e5d2637-ac79-45f7-a2e5-e3ccde62d071 admin admin] Network hostable DHCP agents. Network: d29587b2-2560-4c3c-a461-b08672a2fd42, hostable agents: ['617fa3f7-cb1b-438f-82a9-a9f9668a4da4'], hosted agents: [] {{(pid=84061) _get_network_hostable_dhcp_agents /opt/stack/neutron/neutron/scheduler/dhcp_agent_scheduler.py:329}}
May 05 21:37:16.639039 n-d-825175-4 neutron-server[84064]: DEBUG neutron.db.l3_hamode_db [None req-1aabe5a0-5692-4ff5-a586-72d6f2458ea3 None None] neutron.services.l3_router.l3_router_plugin.L3RouterPlugin method _process_sync_ha_data called with arguments (, [{'id': '44a67e47-28fa-4393-9349-a9cde0bcd7d7', 'name': 'tempest-ServersWithSpecificFlavorTestJSON-2036410776-router', 'tenant_id': 'd8d84e5601be47409a299ef27c35a529', 'admin_state_up': True, 'status': 'ACTIVE', 'external_gateway_info': {'network_id': '25bfe237-58de-4709-a3e0-ac79da07c300', 'external_fixed_ips': [{'subnet_id': 'cf7d4504-af54-4a9e-a3ce-a7137bd026a1', 'ip_address': '172.25.4.108'}], 'enable_snat': True}, 'gw_port_id': '8b6b62b1-4de2-4d66-ac31-e1d5a7883e66', 'description': '', 'availability_zones': ['nova'], 'distributed': False, 'ha': False, 'ha_vr_id': 0, 'availability_zone_hints': [], 'routes': [], 'flavor_id': None, 'tags': [], 'created_at': '2022-05-05T21:37:05Z', 'updated_at': '2022-05-05T21:37:09Z', 'revision_number': 4, 'project_id': 'd8d84e5601be47409a299ef27c35a529', 'gw_port': {'id': '8b6b62b1-4de2-4d66-ac31-e1d5a7883e66', 'name': '', 'network_id': '25bfe237-58de-4709-a3e0-ac79da07c300', 'tenant_id': '', 'mac_address': 'fa:16:3e:f9:72:6b', 'admin_state_up': True, 'status': 'ACTIVE', 'device_id': '44a67e47-28fa-4393-9349-a9cde0bcd7d7', 'device_owner': 'network:router_gateway', 'fixed_ips': [{'subnet_id': 'cf7d4504-af54-4a9e-a3ce-a7137bd026a1', 'ip_address': '172.25.4.108', 'prefixlen': 24}], 'allowed_address_pairs': [], 'extra_dhcp_opts': [], 'security_groups': [], 'description': '', 'binding:vnic_type': 'normal', 'binding:profile': {}, 'binding:host_id': 'n-d-825175-4', 'binding:vif_type': 'ovs', 'binding:vif_details': {'connectivity': 'l2', 'port_filter': True, 'ovs_hybrid_plug': False, 'datapath_type': 'system', 'bridge_name': 'br-int'}, 'port_security_enabled': False, 'tags': [], 'created_at': '2022-05-05T21:37:06Z', 'updated_at': '2022-05-05T21:37:12Z', 'revision_number': 4, 'project_id': '', 'subnets': [{'id': 'cf7d4504-af54-4a9e-a3ce-a7137bd026a1', 'cidr': '172.25.4.0/24', 'gateway_ip': '172.25.4.1', 'dns_nameservers': [], 'ipv6_ra_mode': None, 'subnetpool_id': None}], 'extra_subnets': [], 'address_scopes': {4: None, 6: None}, 'mtu': 1500}, 'enable_snat': True, 'gw_port_host': 'n-d-825175-4', '_interfaces': [{'id': '7a8ffa1a-897d-4df9-ab8b-fc14324274b3', 'name': '', 'network_id': '024d9cc7-ac38-4ae1-a8f7-9b0c2b1351f2', 'tenant_id': 'd8d84e5601be47409a299ef27c35a529', 'mac_address': 'fa:16:3e:ce:13:a8', 'admin_state_up': True, 'status': 'DOWN', 'device_id': '44a67e47-28fa-4393-9349-a9cde0bcd7d7', 'device_owner': 'network:router_interface', 'fixed_ips': [{'subnet_id': '761d7a8a-b72e-455d-b2ab-6aa95ead4c5a', 'ip_address': '172.20.0.1', 'prefixlen': 28}], 'allowed_address_pairs': [], 'extra_dhcp_opts': [], 'security_groups': [], 'description': '', 'binding:vnic_type': 'normal', 'binding:profile': {}, 'binding:host_id': '', 'binding:vif_type': 'unbound', 'binding:vif_details': {}, 'port_security_enabled': False, 'tags': [], 'created_at': '2022-05-05T21:37:08Z', 'updated_at': '2022-05-05T21:37:10Z', 'revision_number': 2, 'project_id': 'd8d84e5601be47409a299ef27c35a529', 'subnets': [{'id': '761d7a8a-b72e-455d-b2ab-6aa95ead4c5a', 'cidr': '172.20.0.0/28', 'gateway_ip': '172.20.0.1', 'dns_nameservers': [], 'ipv6_ra_mode': None, 'subnetpool_id': None}], 'extra_subnets': [], 'address_scopes': {4: None, 6: None}, 'mtu': 1500}]}], 'n-d-825175-4', False) {} {{(pid=84064) wrapper /usr/local/lib/python3.8/dist-packages/oslo_log/helpers.py:65}}
May 05 21:37:16.643397 n-d-825175-4 neutron-server[84064]: DEBUG neutron.api.rpc.handlers.l3_rpc [None req-1aabe5a0-5692-4ff5-a586-72d6f2458ea3 None None] Checking router: 44a67e47-28fa-4393-9349-a9cde0bcd7d7 for host: n-d-825175-4 {{(pid=84064) _ensure_host_set_on_ports /opt/stack/neutron/neutron/api/rpc/handlers/l3_rpc.py:149}}
May 05 21:37:16.644385 n-d-825175-4 neutron-server[84064]: DEBUG neutron.api.rpc.handlers.l3_rpc [None req-1aabe5a0-5692-4ff5-a586-72d6f2458ea3 None None] Updating router 44a67e47-28fa-4393-9349-a9cde0bcd7d7 port 7a8ffa1a-897d-4df9-ab8b-fc14324274b3 binding host n-d-825175-4 {{(pid=84064) _ensure_host_set_on_port /opt/stack/neutron/neutron/api/rpc/handlers/l3_rpc.py:199}}
May 05 21:37:16.675219 n-d-825175-4 neutron-server[84061]: DEBUG neutron.scheduler.dhcp_agent_scheduler [None req-0e5d2637-ac79-45f7-a2e5-e3ccde62d071 admin admin] Network d29587b2-2560-4c3c-a461-b08672a2fd42 is scheduled to be hosted by DHCP agent 617fa3f7-cb1b-438f-82a9-a9f9668a4da4 with binding_index 1 {{(pid=84061) bind /opt/stack/neutron/neutron/scheduler/dhcp_agent_scheduler.py:227}}
May 05 21:37:16.694189 n-d-825175-4 neutron-server[84061]: DEBUG neutron.scheduler.base_scheduler [None req-0e5d2637-ac79-45f7-a2e5-e3ccde62d071 admin admin] Resources bound (agent type, host, resource id): (DHCP agent, n-d-825175-4, d29587b2-2560-4c3c-a461-b08672a2fd42) {{(pid=84061) schedule /opt/stack/neutron/neutron/scheduler/base_scheduler.py:57}}
May 05 21:37:16.700108 n-d-825175-4 neutron-server[84061]: DEBUG neutron.pecan_wsgi.hooks.policy_enforcement [None req-0e5d2637-ac79-45f7-a2e5-e3ccde62d071 admin admin] Attributes excluded by policy engine: ['shared', 'network'] {{(pid=84061) _exclude_attributes_by_policy /opt/stack/neutron/neutron/pecan_wsgi/hooks/policy_enforcement.py:255}}
May 05 21:37:16.700728 n-d-825175-4 neutron-server[84061]: DEBUG neutron_lib.callbacks.manager [None req-0e5d2637-ac79-45f7-a2e5-e3ccde62d071 admin admin] Notify callbacks ['neutron.api.rpc.agentnotifiers.dhcp_rpc_agent_api.DhcpAgentNotifyAPI._send_dhcp_notification-1997464'] for subnet, before_response {{(pid=84061) _notify_loop /usr/local/lib/python3.8/dist-packages/neutron_lib/callbacks/manager.py:192}}
May 05 21:37:16.710403 n-d-825175-4 neutron-server[84064]: DEBUG neutron.api.rpc.handlers.dhcp_rpc [None req-5d0ec5f0-a701-4e4b-9ced-ca63379f2b98 None None] Network d29587b2-2560-4c3c-a461-b08672a2fd42 requested from n-d-825175-4 {{(pid=84064) get_network_info /opt/stack/neutron/neutron/api/rpc/handlers/dhcp_rpc.py:198}}
May 05 21:37:16.727030 n-d-825175-4 neutron-server[84061]: INFO neutron.wsgi [None req-0e5d2637-ac79-45f7-a2e5-e3ccde62d071 admin admin] 10.222.0.23 "POST /v2.0/subnets HTTP/1.1" status: 201 len: 860 time: 0.8117654
May 05 21:37:16.729306 n-d-825175-4 neutron-server[84061]: DEBUG neutron.wsgi [-] (84061) accepted ('10.222.0.23', 55108) {{(pid=84061) server /usr/local/lib/python3.8/dist-packages/eventlet/wsgi.py:992}}
May 05 21:37:16.735530 n-d-825175-4 neutron-server[84061]: DEBUG neutron.api.v2.base [None req-c9703a56-39bb-4b0f-9b42-440d07e6a3b3 admin admin] Request body: {'router': {'name': 'tempest-ServersWithSpecificFlavorTestJSON-1475497951-router', 'tenant_id': 'e9edfd9a715a44519fd1c9f80c58cf68', 'external_gateway_info': {'network_id': '25bfe237-58de-4709-a3e0-ac79da07c300'}}} {{(pid=84061) prepare_request_body /opt/stack/neutron/neutron/api/v2/base.py:719}}
May 05 21:37:16.740575 n-d-825175-4 neutron-server[84061]: DEBUG neutron.db.quota.driver [None req-c9703a56-39bb-4b0f-9b42-440d07e6a3b3 admin admin] Resources subnetpool have unlimited quota limit. It is not required to calculate headroom {{(pid=84061) make_reservation /opt/stack/neutron/neutron/db/quota/driver.py:219}}
May 05 21:37:16.742401 n-d-825175-4 neutron-server[84063]: DEBUG neutron_lib.callbacks.manager [None req-9cedaf08-e13f-4eb5-a4d8-63f9057132c2 admin admin] Notify callbacks ['neutron.plugins.ml2.ovo_rpc._ObjectChangeHandler.handle_event-583359'] for security_group, after_delete {{(pid=84063) _notify_loop /usr/local/lib/python3.8/dist-packages/neutron_lib/callbacks/manager.py:192}}
May 05 21:37:16.746753 n-d-825175-4 neutron-server[84061]: DEBUG neutron.quota.resource [None req-c9703a56-39bb-4b0f-9b42-440d07e6a3b3 admin admin] Usage tracker for resource:router and tenant:e9edfd9a715a44519fd1c9f80c58cf68 is out of sync, need to count used quota {{(pid=84061) count_used /opt/stack/neutron/neutron/quota/resource.py:270}}
May 05 21:37:16.749928 n-d-825175-4 neutron-server[84061]: DEBUG neutron.quota.resource [None req-c9703a56-39bb-4b0f-9b42-440d07e6a3b3 admin admin] Quota usage for router was recalculated. Used quota:0. {{(pid=84061) count_used /opt/stack/neutron/neutron/quota/resource.py:290}}
May 05 21:37:16.756400 n-d-825175-4 neutron-server[84061]: DEBUG neutron.db.quota.driver [None req-c9703a56-39bb-4b0f-9b42-440d07e6a3b3 admin admin] Attempting to reserve 1 items for resource router. Total usage: 0; quota limit: 100; headroom:100 {{(pid=84061) make_reservation /opt/stack/neutron/neutron/db/quota/driver.py:246}}
May 05 21:37:16.765600 n-d-825175-4 neutron-server[84063]: DEBUG neutron.db.quota.driver [req-04aa5f4d-4329-4115-bf63-eb32cead3365 req-8562ec19-95b3-42c0-b2d3-1d36477573f5 tempest-AggregatesAdminTestJSON-1765912849 tempest-AggregatesAdminTestJSON-1765912849-project] Resources subnetpool have unlimited quota limit. It is not required to calculate headroom {{(pid=84063) make_reservation /opt/stack/neutron/neutron/db/quota/driver.py:219}}
May 05 21:37:16.768732 n-d-825175-4 neutron-server[84061]: DEBUG neutron_lib.callbacks.manager [None req-c9703a56-39bb-4b0f-9b42-440d07e6a3b3 admin admin] Notify callbacks ['neutron.services.l3_router.l3_router_plugin.L3_HA_NAT_db_mixin._before_router_create-930547', 'neutron.services.l3_router.service_providers.driver_controller.DriverController._check_router_request-4681'] for router, before_create {{(pid=84061) _notify_loop /usr/local/lib/python3.8/dist-packages/neutron_lib/callbacks/manager.py:192}}
May 05 21:37:16.769941 n-d-825175-4 neutron-server[84061]: DEBUG neutron_lib.callbacks.manager [None req-c9703a56-39bb-4b0f-9b42-440d07e6a3b3 admin admin] Notify callbacks ['neutron.services.l3_router.l3_router_plugin.L3_HA_NAT_db_mixin._precommit_router_create-930448', 'neutron.services.l3_router.l3_router_plugin.DVRResourceOperationHandler._set_distributed_flag-926836', 'neutron.services.l3_router.l3_router_plugin.RouterAvailabilityZoneMixin._process_az_request-564736', 'neutron.services.l3_router.service_providers.driver_controller.DriverController._set_router_provider-4674'] for router, precommit_create {{(pid=84061) _notify_loop /usr/local/lib/python3.8/dist-packages/neutron_lib/callbacks/manager.py:192}}
May 05 21:37:16.779930 n-d-825175-4 neutron-server[84063]: DEBUG neutron.api.rpc.handlers.resources_rpc [None req-9cedaf08-e13f-4eb5-a4d8-63f9057132c2 admin admin] Pushing event deleted for resources: {'SecurityGroup': ['ID=99b3d897-bd26-4281-8814-023a672ab46b,revision_number=None']} {{(pid=84063) push /opt/stack/neutron/neutron/api/rpc/handlers/resources_rpc.py:237}}
May 05 21:37:16.781889 n-d-825175-4 neutron-server[84063]: DEBUG neutron_lib.callbacks.manager [None req-9cedaf08-e13f-4eb5-a4d8-63f9057132c2 admin admin] Notify callbacks [] for security_group, before_response {{(pid=84063) _notify_loop /usr/local/lib/python3.8/dist-packages/neutron_lib/callbacks/manager.py:192}}
May 05 21:37:16.785342 n-d-825175-4 neutron-server[84063]: INFO neutron.wsgi [None req-9cedaf08-e13f-4eb5-a4d8-63f9057132c2 admin admin] 10.222.0.23 "DELETE /v2.0/security-groups/99b3d897-bd26-4281-8814-023a672ab46b HTTP/1.1" status: 204 len: 168 time: 0.3881960
May 05 21:37:16.786756 n-d-825175-4 neutron-server[84063]: DEBUG neutron.quota.resource [req-04aa5f4d-4329-4115-bf63-eb32cead3365 req-8562ec19-95b3-42c0-b2d3-1d36477573f5 tempest-AggregatesAdminTestJSON-1765912849 tempest-AggregatesAdminTestJSON-1765912849-project] Usage tracker for resource:port and tenant:9d40c5721ee84be3b273113ca3e3b71f is out of sync, need to count used quota {{(pid=84063) count_used /opt/stack/neutron/neutron/quota/resource.py:270}}
May 05 21:37:16.790035 n-d-825175-4 neutron-server[84063]: DEBUG neutron.quota.resource [req-04aa5f4d-4329-4115-bf63-eb32cead3365 req-8562ec19-95b3-42c0-b2d3-1d36477573f5 tempest-AggregatesAdminTestJSON-1765912849 tempest-AggregatesAdminTestJSON-1765912849-project] Quota usage for port was recalculated. Used quota:0. {{(pid=84063) count_used /opt/stack/neutron/neutron/quota/resource.py:290}}
May 05 21:37:16.796399 n-d-825175-4 neutron-server[84061]: DEBUG neutron_lib.callbacks.manager [None req-c9703a56-39bb-4b0f-9b42-440d07e6a3b3 admin admin] Notify callbacks [] for router_controller, precommit_add_association {{(pid=84061) _notify_loop /usr/local/lib/python3.8/dist-packages/neutron_lib/callbacks/manager.py:192}}
May 05 21:37:16.798530 n-d-825175-4 neutron-server[84063]: DEBUG neutron_lib.callbacks.manager [None req-e8d88b19-2530-4885-aac4-9b44f61976df admin admin] Notify callbacks [] for security_group, before_create {{(pid=84063) _notify_loop /usr/local/lib/python3.8/dist-packages/neutron_lib/callbacks/manager.py:192}}
May 05 21:37:16.816321 n-d-825175-4 neutron-server[84063]: DEBUG neutron.db.quota.driver [req-04aa5f4d-4329-4115-bf63-eb32cead3365 req-8562ec19-95b3-42c0-b2d3-1d36477573f5 tempest-AggregatesAdminTestJSON-1765912849 tempest-AggregatesAdminTestJSON-1765912849-project] Attempting to reserve 1 items for resource port. Total usage: 0; quota limit: 500; headroom:500 {{(pid=84063) make_reservation /opt/stack/neutron/neutron/db/quota/driver.py:246}}
May 05 21:37:16.839254 n-d-825175-4 neutron-server[84063]: DEBUG neutron.pecan_wsgi.hooks.quota_enforcement [req-04aa5f4d-4329-4115-bf63-eb32cead3365 req-8562ec19-95b3-42c0-b2d3-1d36477573f5 tempest-AggregatesAdminTestJSON-1765912849 tempest-AggregatesAdminTestJSON-1765912849-project] Made reservation on behalf of 9d40c5721ee84be3b273113ca3e3b71f for: {'port': 1} {{(pid=84063) before /opt/stack/neutron/neutron/pecan_wsgi/hooks/quota_enforcement.py:53}}
May 05 21:37:16.843011 n-d-825175-4 neutron-server[84063]: DEBUG neutron_lib.callbacks.manager [req-04aa5f4d-4329-4115-bf63-eb32cead3365 req-8562ec19-95b3-42c0-b2d3-1d36477573f5 tempest-AggregatesAdminTestJSON-1765912849 tempest-AggregatesAdminTestJSON-1765912849-project] Notify callbacks ['neutron.plugins.ml2.plugin.SecurityGroupDbMixin._ensure_default_security_group_handler-1086419'] for port, before_create {{(pid=84063) _notify_loop /usr/local/lib/python3.8/dist-packages/neutron_lib/callbacks/manager.py:192}}
May 05 21:37:16.856640 n-d-825175-4 neutron-server[84063]: DEBUG neutron.db.quota.driver [None req-e8d88b19-2530-4885-aac4-9b44f61976df admin admin] Resources subnetpool have unlimited quota limit. It is not required to calculate headroom {{(pid=84063) make_reservation /opt/stack/neutron/neutron/db/quota/driver.py:219}}
May 05 21:37:16.859560 n-d-825175-4 neutron-server[84063]: DEBUG neutron_lib.callbacks.manager [req-04aa5f4d-4329-4115-bf63-eb32cead3365 req-8562ec19-95b3-42c0-b2d3-1d36477573f5 tempest-AggregatesAdminTestJSON-1765912849 tempest-AggregatesAdminTestJSON-1765912849-project] Notify callbacks [] for security_group, before_create {{(pid=84063) _notify_loop /usr/local/lib/python3.8/dist-packages/neutron_lib/callbacks/manager.py:192}}
May 05 21:37:16.882883 n-d-825175-4 neutron-server[84063]: DEBUG neutron.quota.resource [None req-e8d88b19-2530-4885-aac4-9b44f61976df admin admin] Usage tracker for resource:security_group_rule and tenant:a077ce4785d946b5b6925a257b383adc is out of sync, need to count used quota {{(pid=84063) count_used /opt/stack/neutron/neutron/quota/resource.py:270}}
May 05 21:37:16.887625 n-d-825175-4 neutron-server[84063]: DEBUG neutron.quota.resource [None req-e8d88b19-2530-4885-aac4-9b44f61976df admin admin] Quota usage for security_group_rule was recalculated. Used quota:0. {{(pid=84063) count_used /opt/stack/neutron/neutron/quota/resource.py:290}}
May 05 21:37:16.897155 n-d-825175-4 neutron-server[84063]: DEBUG neutron.db.quota.driver [None req-e8d88b19-2530-4885-aac4-9b44f61976df admin admin] Attempting to reserve 4 items for resource security_group_rule. Total usage: 0; quota limit: 100; headroom:100 {{(pid=84063) make_reservation /opt/stack/neutron/neutron/db/quota/driver.py:246}}
May 05 21:37:16.921606 n-d-825175-4 neutron-server[84063]: DEBUG neutron.db.quota.driver [req-04aa5f4d-4329-4115-bf63-eb32cead3365 req-8562ec19-95b3-42c0-b2d3-1d36477573f5 tempest-AggregatesAdminTestJSON-1765912849 tempest-AggregatesAdminTestJSON-1765912849-project] Resources subnetpool have unlimited quota limit. It is not required to calculate headroom {{(pid=84063) make_reservation /opt/stack/neutron/neutron/db/quota/driver.py:219}}
May 05 21:37:16.928405 n-d-825175-4 neutron-server[84063]: DEBUG neutron.quota.resource [req-04aa5f4d-4329-4115-bf63-eb32cead3365 req-8562ec19-95b3-42c0-b2d3-1d36477573f5 tempest-AggregatesAdminTestJSON-1765912849 tempest-AggregatesAdminTestJSON-1765912849-project] Usage tracker for resource:security_group_rule and tenant:9d40c5721ee84be3b273113ca3e3b71f is out of sync, need to count used quota {{(pid=84063) count_used /opt/stack/neutron/neutron/quota/resource.py:270}}
May 05 21:37:16.935147 n-d-825175-4 neutron-server[84063]: DEBUG neutron.quota.resource [req-04aa5f4d-4329-4115-bf63-eb32cead3365 req-8562ec19-95b3-42c0-b2d3-1d36477573f5 tempest-AggregatesAdminTestJSON-1765912849 tempest-AggregatesAdminTestJSON-1765912849-project] Quota usage for security_group_rule was recalculated. Used quota:0. {{(pid=84063) count_used /opt/stack/neutron/neutron/quota/resource.py:290}}
May 05 21:37:16.942829 n-d-825175-4 neutron-server[84063]: DEBUG neutron.db.quota.driver [req-04aa5f4d-4329-4115-bf63-eb32cead3365 req-8562ec19-95b3-42c0-b2d3-1d36477573f5 tempest-AggregatesAdminTestJSON-1765912849 tempest-AggregatesAdminTestJSON-1765912849-project] Attempting to reserve 4 items for resource security_group_rule. Total usage: 0; quota limit: 100; headroom:100 {{(pid=84063) make_reservation /opt/stack/neutron/neutron/db/quota/driver.py:246}}
May 05 21:37:17.019279 n-d-825175-4 neutron-server[84063]: DEBUG neutron_lib.callbacks.manager [None req-e8d88b19-2530-4885-aac4-9b44f61976df admin admin] Notify callbacks [] for security_group, precommit_create {{(pid=84063) _notify_loop /usr/local/lib/python3.8/dist-packages/neutron_lib/callbacks/manager.py:192}}
May 05 21:37:17.033913 n-d-825175-4 neutron-server[84063]: DEBUG neutron_lib.callbacks.manager [None req-e8d88b19-2530-4885-aac4-9b44f61976df admin admin] Notify callbacks ['neutron.plugins.ml2.ovo_rpc._ObjectChangeHandler.handle_event-583359'] for security_group, after_create {{(pid=84063) _notify_loop /usr/local/lib/python3.8/dist-packages/neutron_lib/callbacks/manager.py:192}}
May 05 21:37:17.056781 n-d-825175-4 neutron-server[84064]: DEBUG neutron_lib.callbacks.manager [None req-1aabe5a0-5692-4ff5-a586-72d6f2458ea3 None None] Notify callbacks ['neutron.plugins.ml2.plugin.SecurityGroupDbMixin._ensure_default_security_group_handler-1086419'] for port, before_update {{(pid=84064) _notify_loop /usr/local/lib/python3.8/dist-packages/neutron_lib/callbacks/manager.py:192}}
May 05 21:37:17.100856 n-d-825175-4 neutron-server[84063]: INFO neutron.wsgi [None req-e8d88b19-2530-4885-aac4-9b44f61976df admin admin] 10.222.0.23 "GET /v2.0/security-groups?tenant_id=a077ce4785d946b5b6925a257b383adc&name=default HTTP/1.1" status: 200 len: 2647 time: 0.8947418
May 05 21:37:17.109398 n-d-825175-4 neutron-server[84063]: DEBUG neutron.wsgi [-] (84063) accepted ('10.222.0.23', 55140) {{(pid=84063) server /usr/local/lib/python3.8/dist-packages/eventlet/wsgi.py:992}}
May 05 21:37:17.110104 n-d-825175-4 neutron-server[84063]: DEBUG neutron.api.rpc.handlers.resources_rpc [None req-e8d88b19-2530-4885-aac4-9b44f61976df admin admin] Pushing event updated for resources: {'SecurityGroup': ['ID=6e79494f-6a47-4ad7-8b09-b7fe48b90623,revision_number=1']} {{(pid=84063) push /opt/stack/neutron/neutron/api/rpc/handlers/resources_rpc.py:237}}
May 05 21:37:17.111089 n-d-825175-4 neutron-server[84061]: DEBUG neutron_lib.callbacks.manager [None req-c9703a56-39bb-4b0f-9b42-440d07e6a3b3 admin admin] Notify callbacks ['neutron.services.l3_router.l3_router_plugin.DVRResourceOperationHandler._handle_distributed_migration-926854', 'neutron.services.l3_router.l3_router_plugin.L3_HA_NAT_db_mixin._validate_migration-930825', 'neutron.services.l3_router.service_providers.driver_controller.DriverController._update_router_provider-4008'] for router, precommit_update {{(pid=84061) _notify_loop /usr/local/lib/python3.8/dist-packages/neutron_lib/callbacks/manager.py:192}}
May 05 21:37:17.169507 n-d-825175-4 neutron-server[84063]: DEBUG neutron_lib.callbacks.manager [req-04aa5f4d-4329-4115-bf63-eb32cead3365 req-8562ec19-95b3-42c0-b2d3-1d36477573f5 tempest-AggregatesAdminTestJSON-1765912849 tempest-AggregatesAdminTestJSON-1765912849-project] Notify callbacks [] for security_group, precommit_create {{(pid=84063) _notify_loop /usr/local/lib/python3.8/dist-packages/neutron_lib/callbacks/manager.py:192}}
May 05 21:37:17.188854 n-d-825175-4 neutron-server[84063]: DEBUG neutron_lib.callbacks.manager [req-04aa5f4d-4329-4115-bf63-eb32cead3365 req-8562ec19-95b3-42c0-b2d3-1d36477573f5 tempest-AggregatesAdminTestJSON-1765912849 tempest-AggregatesAdminTestJSON-1765912849-project] Notify callbacks ['neutron.plugins.ml2.ovo_rpc._ObjectChangeHandler.handle_event-583359'] for security_group, after_create {{(pid=84063) _notify_loop /usr/local/lib/python3.8/dist-packages/neutron_lib/callbacks/manager.py:192}}
May 05 21:37:17.316408 n-d-825175-4 neutron-server[84061]: DEBUG neutron.pecan_wsgi.hooks.policy_enforcement [req-385fac57-bfe5-4c8e-a5af-9cf729ab6958 req-8a336225-e811-47fe-9ec4-258b2994a99b tempest-LiveAutoBlockMigrationV225Test-658670079 tempest-LiveAutoBlockMigrationV225Test-658670079-project] Attributes excluded by policy engine: ['vlan_transparent', 'provider:network_type', 'provider:physical_network', 'provider:segmentation_id'] {{(pid=84061) _exclude_attributes_by_policy /opt/stack/neutron/neutron/pecan_wsgi/hooks/policy_enforcement.py:255}}
May 05 21:37:17.318171 n-d-825175-4 neutron-server[84061]: DEBUG neutron.quota.resource [req-385fac57-bfe5-4c8e-a5af-9cf729ab6958 req-8a336225-e811-47fe-9ec4-258b2994a99b tempest-LiveAutoBlockMigrationV225Test-658670079 tempest-LiveAutoBlockMigrationV225Test-658670079-project] Synchronizing usage tracker for tenant:300e0002c0a34937b02bd35920b6a01f on resource:network {{(pid=84061) resync /opt/stack/neutron/neutron/quota/resource.py:241}}
May 05 21:37:17.339143 n-d-825175-4 neutron-server[84063]: DEBUG neutron.db.db_base_plugin_common [req-04aa5f4d-4329-4115-bf63-eb32cead3365 req-8562ec19-95b3-42c0-b2d3-1d36477573f5 tempest-AggregatesAdminTestJSON-1765912849 tempest-AggregatesAdminTestJSON-1765912849-project] Allocated IP 192.168.233.166 (4c94ca0b-4fbc-4c9e-bb44-897e77ccd3d9/f237a6ef-d044-411f-a2d8-d12619664c91/54876b1d-7d6f-4210-b4eb-9d84a0768427) {{(pid=84063) _store_ip_allocation /opt/stack/neutron/neutron/db/db_base_plugin_common.py:131}}
May 05 21:37:17.380240 n-d-825175-4 neutron-server[84061]: DEBUG neutron.quota.resource [req-385fac57-bfe5-4c8e-a5af-9cf729ab6958 req-8a336225-e811-47fe-9ec4-258b2994a99b tempest-LiveAutoBlockMigrationV225Test-658670079 tempest-LiveAutoBlockMigrationV225Test-658670079-project] Unset dirty status for tenant:300e0002c0a34937b02bd35920b6a01f on resource:network {{(pid=84061) _resync /opt/stack/neutron/neutron/quota/resource.py:233}}
May 05 21:37:17.382712 n-d-825175-4 neutron-server[84061]: INFO neutron.wsgi [req-385fac57-bfe5-4c8e-a5af-9cf729ab6958 req-8a336225-e811-47fe-9ec4-258b2994a99b tempest-LiveAutoBlockMigrationV225Test-658670079 tempest-LiveAutoBlockMigrationV225Test-658670079-project] 10.222.0.23 "GET /v2.0/networks?id=2ea271d8-96e6-42e1-b4ca-22da751bdd28 HTTP/1.1" status: 200 len: 820 time: 0.3224478
May 05 21:37:17.525875 n-d-825175-4 neutron-server[84061]: INFO neutron.wsgi [req-385fac57-bfe5-4c8e-a5af-9cf729ab6958 req-23b3aedc-ed57-40d9-9104-88a8da800637 tempest-LiveAutoBlockMigrationV225Test-658670079 tempest-LiveAutoBlockMigrationV225Test-658670079-project] 10.222.0.23 "GET /v2.0/quotas/300e0002c0a34937b02bd35920b6a01f HTTP/1.1" status: 200 len: 375 time: 0.0714688
