Jan 18 23:01:02.308412 n-d-825175-2 devstack@placement-api.service[85026]: INFO placement.requestlog [req-ca5e44cb-7791-4ed3-bb26-b698347828a8 req-7dc365ca-3132-4ee7-ae26-831214a4e1ed service placement] 10.222.0.59 "GET /placement/allocation_candidates?limit=1000&resources=DISK_GB%3A1%2CMEMORY_MB%3A1024%2CVCPU%3A1&root_required=%21COMPUTE_STATUS_DISABLED" status: 200 len: 1235 microversion: 1.35
Jan 18 23:01:02.309485 n-d-825175-2 devstack@placement-api.service[85026]: [pid: 85026|app: 0|req: 48/95] 10.222.0.59 () {60 vars in 1506 bytes} [Tue Jan 18 23:01:02 2022] GET /placement/allocation_candidates?limit=1000&resources=DISK_GB%3A1%2CMEMORY_MB%3A1024%2CVCPU%3A1&root_required=%21COMPUTE_STATUS_DISABLED => generated 1235 bytes in 161 msecs (HTTP/1.1 200) 8 headers in 297 bytes (2 switches on core 0)
Jan 18 23:01:02.400714 n-d-825175-2 devstack@placement-api.service[85027]: DEBUG placement.requestlog [req-ca5e44cb-7791-4ed3-bb26-b698347828a8 req-63521422-c73e-49e7-a78e-236400e32943 None None] Starting request: 10.222.0.59 "GET /placement/allocations/4f8b6ab6-4eee-4865-83d3-4c48dae46449" {{(pid=85027) __call__ /opt/stack/placement/placement/requestlog.py:55}}
Jan 18 23:01:02.418968 n-d-825175-2 devstack@placement-api.service[85027]: INFO placement.requestlog [req-ca5e44cb-7791-4ed3-bb26-b698347828a8 req-63521422-c73e-49e7-a78e-236400e32943 service placement] 10.222.0.59 "GET /placement/allocations/4f8b6ab6-4eee-4865-83d3-4c48dae46449" status: 200 len: 19 microversion: 1.28
Jan 18 23:01:02.420124 n-d-825175-2 devstack@placement-api.service[85027]: [pid: 85027|app: 0|req: 48/96] 10.222.0.59 () {60 vars in 1380 bytes} [Tue Jan 18 23:01:02 2022] GET /placement/allocations/4f8b6ab6-4eee-4865-83d3-4c48dae46449 => generated 19 bytes in 20 msecs (HTTP/1.1 200) 8 headers in 295 bytes (1 switches on core 0)
Jan 18 23:01:02.429806 n-d-825175-2 devstack@placement-api.service[85026]: DEBUG placement.requestlog [req-ca5e44cb-7791-4ed3-bb26-b698347828a8 req-3244b202-a247-4000-a6ba-2889b00fbb1d None None] Starting request: 10.222.0.59 "PUT /placement/allocations/4f8b6ab6-4eee-4865-83d3-4c48dae46449" {{(pid=85026) __call__ /opt/stack/placement/placement/requestlog.py:55}}
Jan 18 23:01:02.830960 n-d-825175-2 devstack@placement-api.service[85026]: DEBUG placement.handlers.allocation [req-ca5e44cb-7791-4ed3-bb26-b698347828a8 req-3244b202-a247-4000-a6ba-2889b00fbb1d service placement] Successfully wrote allocations [, , ] {{(pid=85026) _create_allocations /opt/stack/placement/placement/handlers/allocation.py:435}}
Jan 18 23:01:02.831838 n-d-825175-2 devstack@placement-api.service[85026]: INFO placement.requestlog [req-ca5e44cb-7791-4ed3-bb26-b698347828a8 req-3244b202-a247-4000-a6ba-2889b00fbb1d service placement] 10.222.0.59 "PUT /placement/allocations/4f8b6ab6-4eee-4865-83d3-4c48dae46449" status: 204 len: 0 microversion: 1.35
Jan 18 23:01:02.834724 n-d-825175-2 devstack@placement-api.service[85026]: [pid: 85026|app: 0|req: 49/97] 10.222.0.59 () {64 vars in 1433 bytes} [Tue Jan 18 23:01:02 2022] PUT /placement/allocations/4f8b6ab6-4eee-4865-83d3-4c48dae46449 => generated 0 bytes in 403 msecs (HTTP/1.1 204) 5 headers in 199 bytes (1 switches on core 0)
Jan 18 23:01:03.577258 n-d-825175-2 devstack@placement-api.service[85027]: DEBUG placement.requestlog [req-333c4384-c56a-498a-b1d0-57b79e9a9fc1 req-bcd4997b-b690-4fe1-a31d-820ab9b7f228 None None] Starting request: 10.222.0.59 "GET /placement/allocation_candidates?limit=1000&resources=DISK_GB%3A1%2CMEMORY_MB%3A1024%2CVCPU%3A1&root_required=%21COMPUTE_STATUS_DISABLED" {{(pid=85027) __call__ /opt/stack/placement/placement/requestlog.py:55}}
Jan 18 23:01:03.642502 n-d-825175-2 devstack@placement-api.service[85027]: DEBUG placement.objects.research_context [req-333c4384-c56a-498a-b1d0-57b79e9a9fc1 req-bcd4997b-b690-4fe1-a31d-820ab9b7f228 service placement] getting providers with 1 DISK_GB {{(pid=85027) __init__ /opt/stack/placement/placement/objects/research_context.py:126}}
Jan 18 23:01:03.651840 n-d-825175-2 devstack@placement-api.service[85027]: DEBUG placement.objects.research_context [req-333c4384-c56a-498a-b1d0-57b79e9a9fc1 req-bcd4997b-b690-4fe1-a31d-820ab9b7f228 service placement] getting providers with 1024 MEMORY_MB {{(pid=85027) __init__ /opt/stack/placement/placement/objects/research_context.py:126}}
Jan 18 23:01:03.664702 n-d-825175-2 devstack@placement-api.service[85027]: DEBUG placement.objects.research_context [req-333c4384-c56a-498a-b1d0-57b79e9a9fc1 req-bcd4997b-b690-4fe1-a31d-820ab9b7f228 service placement] getting providers with 1 VCPU {{(pid=85027) __init__ /opt/stack/placement/placement/objects/research_context.py:126}}
Jan 18 23:01:03.672009 n-d-825175-2 devstack@placement-api.service[85027]: DEBUG placement.objects.research_context [req-333c4384-c56a-498a-b1d0-57b79e9a9fc1 req-bcd4997b-b690-4fe1-a31d-820ab9b7f228 service placement] found 2 providers with available 1 DISK_GB {{(pid=85027) get_provider_ids_matching /opt/stack/placement/placement/objects/research_context.py:549}}
Jan 18 23:01:03.672538 n-d-825175-2 devstack@placement-api.service[85027]: DEBUG placement.objects.research_context [req-333c4384-c56a-498a-b1d0-57b79e9a9fc1 req-bcd4997b-b690-4fe1-a31d-820ab9b7f228 service placement] found 2 providers with available 1024 MEMORY_MB {{(pid=85027) get_provider_ids_matching /opt/stack/placement/placement/objects/research_context.py:549}}
Jan 18 23:01:03.673097 n-d-825175-2 devstack@placement-api.service[85027]: DEBUG placement.objects.research_context [req-333c4384-c56a-498a-b1d0-57b79e9a9fc1 req-bcd4997b-b690-4fe1-a31d-820ab9b7f228 service placement] found 2 providers after filtering by previous result {{(pid=85027) get_provider_ids_matching /opt/stack/placement/placement/objects/research_context.py:580}}
Jan 18 23:01:03.673464 n-d-825175-2 devstack@placement-api.service[85027]: DEBUG placement.objects.research_context [req-333c4384-c56a-498a-b1d0-57b79e9a9fc1 req-bcd4997b-b690-4fe1-a31d-820ab9b7f228 service placement] found 2 providers with available 1 VCPU {{(pid=85027) get_provider_ids_matching /opt/stack/placement/placement/objects/research_context.py:549}}
Jan 18 23:01:03.673967 n-d-825175-2 devstack@placement-api.service[85027]: DEBUG placement.objects.research_context [req-333c4384-c56a-498a-b1d0-57b79e9a9fc1 req-bcd4997b-b690-4fe1-a31d-820ab9b7f228 service placement] found 2 providers after filtering by previous result {{(pid=85027) get_provider_ids_matching /opt/stack/placement/placement/objects/research_context.py:580}}
Jan 18 23:01:03.688524 n-d-825175-2 devstack@placement-api.service[85027]: DEBUG placement.objects.allocation_candidate [req-333c4384-c56a-498a-b1d0-57b79e9a9fc1 req-bcd4997b-b690-4fe1-a31d-820ab9b7f228 service placement] RequestGroup(use_same_provider=False, resources={DISK_GB:1, MEMORY_MB:1024, VCPU:1}, traits=[], aggregates=[]) (suffix '') returned 2 matches {{(pid=85027) _get_by_requests /opt/stack/placement/placement/objects/allocation_candidate.py:145}}
Jan 18 23:01:03.689104 n-d-825175-2 devstack@placement-api.service[85027]: DEBUG placement.objects.allocation_candidate [req-333c4384-c56a-498a-b1d0-57b79e9a9fc1 req-bcd4997b-b690-4fe1-a31d-820ab9b7f228 service placement] Merging candidates yields 2 allocation requests and 2 provider summaries {{(pid=85027) _merge_candidates /opt/stack/placement/placement/objects/allocation_candidate.py:783}}
Jan 18 23:01:03.691422 n-d-825175-2 devstack@placement-api.service[85027]: INFO placement.requestlog [req-333c4384-c56a-498a-b1d0-57b79e9a9fc1 req-bcd4997b-b690-4fe1-a31d-820ab9b7f228 service placement] 10.222.0.59 "GET /placement/allocation_candidates?limit=1000&resources=DISK_GB%3A1%2CMEMORY_MB%3A1024%2CVCPU%3A1&root_required=%21COMPUTE_STATUS_DISABLED" status: 200 len: 1235 microversion: 1.35
Jan 18 23:01:03.691890 n-d-825175-2 devstack@placement-api.service[85027]: [pid: 85027|app: 0|req: 49/98] 10.222.0.59 () {60 vars in 1506 bytes} [Tue Jan 18 23:01:03 2022] GET /placement/allocation_candidates?limit=1000&resources=DISK_GB%3A1%2CMEMORY_MB%3A1024%2CVCPU%3A1&root_required=%21COMPUTE_STATUS_DISABLED => generated 1235 bytes in 115 msecs (HTTP/1.1 200) 8 headers in 297 bytes (1 switches on core 0)
Jan 18 23:01:03.753597 n-d-825175-2 devstack@placement-api.service[85026]: DEBUG placement.requestlog [req-333c4384-c56a-498a-b1d0-57b79e9a9fc1 req-83ce2cd7-598b-4d4f-9864-e04cbad392cf None None] Starting request: 10.222.0.59 "GET /placement/allocations/adfc8aa6-6904-41ea-9214-38b8251d804f" {{(pid=85026) __call__ /opt/stack/placement/placement/requestlog.py:55}}
Jan 18 23:01:03.769155 n-d-825175-2 devstack@placement-api.service[85026]: INFO placement.requestlog [req-333c4384-c56a-498a-b1d0-57b79e9a9fc1 req-83ce2cd7-598b-4d4f-9864-e04cbad392cf service placement] 10.222.0.59 "GET /placement/allocations/adfc8aa6-6904-41ea-9214-38b8251d804f" status: 200 len: 19 microversion: 1.28
Jan 18 23:01:03.770200 n-d-825175-2 devstack@placement-api.service[85026]: [pid: 85026|app: 0|req: 50/99] 10.222.0.59 () {60 vars in 1380 bytes} [Tue Jan 18 23:01:03 2022] GET /placement/allocations/adfc8aa6-6904-41ea-9214-38b8251d804f => generated 19 bytes in 16 msecs (HTTP/1.1 200) 8 headers in 295 bytes (1 switches on core 0)
Jan 18 23:01:03.775824 n-d-825175-2 devstack@placement-api.service[85027]: DEBUG placement.requestlog [req-333c4384-c56a-498a-b1d0-57b79e9a9fc1 req-402b2f35-7660-45ec-b00f-bddc16900f68 None None] Starting request: 10.222.0.59 "PUT /placement/allocations/adfc8aa6-6904-41ea-9214-38b8251d804f" {{(pid=85027) __call__ /opt/stack/placement/placement/requestlog.py:55}}
Jan 18 23:01:03.863469 n-d-825175-2 devstack@placement-api.service[85026]: DEBUG placement.requestlog [req-c64d6526-7ec3-40a1-8e55-8a9545f8a3f3 req-007d2dca-0a74-42c1-89e3-7d68502ccf1d None None] Starting request: 10.222.0.59 "GET /placement/allocation_candidates?limit=1000&resources=DISK_GB%3A1%2CMEMORY_MB%3A1024%2CVCPU%3A1&root_required=%21COMPUTE_STATUS_DISABLED" {{(pid=85026) __call__ /opt/stack/placement/placement/requestlog.py:55}}
Jan 18 23:01:03.911905 n-d-825175-2 devstack@placement-api.service[85026]: DEBUG placement.objects.research_context [req-c64d6526-7ec3-40a1-8e55-8a9545f8a3f3 req-007d2dca-0a74-42c1-89e3-7d68502ccf1d service placement] getting providers with 1 DISK_GB {{(pid=85026) __init__ /opt/stack/placement/placement/objects/research_context.py:126}}
Jan 18 23:01:03.919357 n-d-825175-2 devstack@placement-api.service[85026]: DEBUG placement.objects.research_context [req-c64d6526-7ec3-40a1-8e55-8a9545f8a3f3 req-007d2dca-0a74-42c1-89e3-7d68502ccf1d service placement] getting providers with 1024 MEMORY_MB {{(pid=85026) __init__ /opt/stack/placement/placement/objects/research_context.py:126}}
Jan 18 23:01:03.925402 n-d-825175-2 devstack@placement-api.service[85026]: DEBUG placement.objects.research_context [req-c64d6526-7ec3-40a1-8e55-8a9545f8a3f3 req-007d2dca-0a74-42c1-89e3-7d68502ccf1d service placement] getting providers with 1 VCPU {{(pid=85026) __init__ /opt/stack/placement/placement/objects/research_context.py:126}}
Jan 18 23:01:03.935311 n-d-825175-2 devstack@placement-api.service[85026]: DEBUG placement.objects.research_context [req-c64d6526-7ec3-40a1-8e55-8a9545f8a3f3 req-007d2dca-0a74-42c1-89e3-7d68502ccf1d service placement] found 2 providers with available 1 DISK_GB {{(pid=85026) get_provider_ids_matching /opt/stack/placement/placement/objects/research_context.py:549}}
Jan 18 23:01:03.935551 n-d-825175-2 devstack@placement-api.service[85026]: DEBUG placement.objects.research_context [req-c64d6526-7ec3-40a1-8e55-8a9545f8a3f3 req-007d2dca-0a74-42c1-89e3-7d68502ccf1d service placement] found 2 providers with available 1024 MEMORY_MB {{(pid=85026) get_provider_ids_matching /opt/stack/placement/placement/objects/research_context.py:549}}
Jan 18 23:01:03.935909 n-d-825175-2 devstack@placement-api.service[85026]: DEBUG placement.objects.research_context [req-c64d6526-7ec3-40a1-8e55-8a9545f8a3f3 req-007d2dca-0a74-42c1-89e3-7d68502ccf1d service placement] found 2 providers after filtering by previous result {{(pid=85026) get_provider_ids_matching /opt/stack/placement/placement/objects/research_context.py:580}}
Jan 18 23:01:03.936168 n-d-825175-2 devstack@placement-api.service[85026]: DEBUG placement.objects.research_context [req-c64d6526-7ec3-40a1-8e55-8a9545f8a3f3 req-007d2dca-0a74-42c1-89e3-7d68502ccf1d service placement] found 2 providers with available 1 VCPU {{(pid=85026) get_provider_ids_matching /opt/stack/placement/placement/objects/research_context.py:549}}
Jan 18 23:01:03.936432 n-d-825175-2 devstack@placement-api.service[85026]: DEBUG placement.objects.research_context [req-c64d6526-7ec3-40a1-8e55-8a9545f8a3f3 req-007d2dca-0a74-42c1-89e3-7d68502ccf1d service placement] found 2 providers after filtering by previous result {{(pid=85026) get_provider_ids_matching /opt/stack/placement/placement/objects/research_context.py:580}}
Jan 18 23:01:03.951199 n-d-825175-2 devstack@placement-api.service[85026]: DEBUG placement.objects.allocation_candidate [req-c64d6526-7ec3-40a1-8e55-8a9545f8a3f3 req-007d2dca-0a74-42c1-89e3-7d68502ccf1d service placement] RequestGroup(use_same_provider=False, resources={DISK_GB:1, MEMORY_MB:1024, VCPU:1}, traits=[], aggregates=[]) (suffix '') returned 2 matches {{(pid=85026) _get_by_requests /opt/stack/placement/placement/objects/allocation_candidate.py:145}}
Jan 18 23:01:03.951624 n-d-825175-2 devstack@placement-api.service[85026]: DEBUG placement.objects.allocation_candidate [req-c64d6526-7ec3-40a1-8e55-8a9545f8a3f3 req-007d2dca-0a74-42c1-89e3-7d68502ccf1d service placement] Merging candidates yields 2 allocation requests and 2 provider summaries {{(pid=85026) _merge_candidates /opt/stack/placement/placement/objects/allocation_candidate.py:783}}
Jan 18 23:01:03.953616 n-d-825175-2 devstack@placement-api.service[85026]: INFO placement.requestlog [req-c64d6526-7ec3-40a1-8e55-8a9545f8a3f3 req-007d2dca-0a74-42c1-89e3-7d68502ccf1d service placement] 10.222.0.59 "GET /placement/allocation_candidates?limit=1000&resources=DISK_GB%3A1%2CMEMORY_MB%3A1024%2CVCPU%3A1&root_required=%21COMPUTE_STATUS_DISABLED" status: 200 len: 1235 microversion: 1.35
Jan 18 23:01:03.957004 n-d-825175-2 devstack@placement-api.service[85026]: [pid: 85026|app: 0|req: 51/100] 10.222.0.59 () {60 vars in 1506 bytes} [Tue Jan 18 23:01:03 2022] GET /placement/allocation_candidates?limit=1000&resources=DISK_GB%3A1%2CMEMORY_MB%3A1024%2CVCPU%3A1&root_required=%21COMPUTE_STATUS_DISABLED => generated 1235 bytes in 94 msecs (HTTP/1.1 200) 8 headers in 297 bytes (2 switches on core 0)
Jan 18 23:01:03.957645 n-d-825175-2 devstack@placement-api.service[85026]: DEBUG placement.requestlog [req-ca5e44cb-7791-4ed3-bb26-b698347828a8 req-8cdf30d9-be7e-4dcf-a05d-eb34183e9062 None None] Starting request: 10.222.0.89 "GET /placement/allocations/4f8b6ab6-4eee-4865-83d3-4c48dae46449" {{(pid=85026) __call__ /opt/stack/placement/placement/requestlog.py:55}}
Jan 18 23:01:03.985084 n-d-825175-2 devstack@placement-api.service[85026]: INFO placement.requestlog [req-ca5e44cb-7791-4ed3-bb26-b698347828a8 req-8cdf30d9-be7e-4dcf-a05d-eb34183e9062 service placement] 10.222.0.89 "GET /placement/allocations/4f8b6ab6-4eee-4865-83d3-4c48dae46449" status: 200 len: 258 microversion: 1.28
Jan 18 23:01:03.985712 n-d-825175-2 devstack@placement-api.service[85026]: [pid: 85026|app: 0|req: 52/101] 10.222.0.89 () {60 vars in 1377 bytes} [Tue Jan 18 23:01:03 2022] GET /placement/allocations/4f8b6ab6-4eee-4865-83d3-4c48dae46449 => generated 258 bytes in 28 msecs (HTTP/1.1 200) 8 headers in 296 bytes (1 switches on core 0)
Jan 18 23:01:04.020690 n-d-825175-2 devstack@placement-api.service[85026]: DEBUG placement.requestlog [req-c64d6526-7ec3-40a1-8e55-8a9545f8a3f3 req-ab9eb4e9-8e5d-4692-8f32-412c7577614a None None] Starting request: 10.222.0.59 "GET /placement/allocations/ad258b8e-eb1b-4249-b03c-c3b39fa6daac" {{(pid=85026) __call__ /opt/stack/placement/placement/requestlog.py:55}}
Jan 18 23:01:04.034897 n-d-825175-2 devstack@placement-api.service[85026]: INFO placement.requestlog [req-c64d6526-7ec3-40a1-8e55-8a9545f8a3f3 req-ab9eb4e9-8e5d-4692-8f32-412c7577614a service placement] 10.222.0.59 "GET /placement/allocations/ad258b8e-eb1b-4249-b03c-c3b39fa6daac" status: 200 len: 19 microversion: 1.28
Jan 18 23:01:04.036035 n-d-825175-2 devstack@placement-api.service[85026]: [pid: 85026|app: 0|req: 53/102] 10.222.0.59 () {60 vars in 1380 bytes} [Tue Jan 18 23:01:04 2022] GET /placement/allocations/ad258b8e-eb1b-4249-b03c-c3b39fa6daac => generated 19 bytes in 16 msecs (HTTP/1.1 200) 8 headers in 295 bytes (2 switches on core 0)
Jan 18 23:01:04.044523 n-d-825175-2 devstack@placement-api.service[85026]: DEBUG placement.requestlog [req-c64d6526-7ec3-40a1-8e55-8a9545f8a3f3 req-2e63ff12-df0e-404a-ab43-f91e5346e6a0 None None] Starting request: 10.222.0.59 "PUT /placement/allocations/ad258b8e-eb1b-4249-b03c-c3b39fa6daac" {{(pid=85026) __call__ /opt/stack/placement/placement/requestlog.py:55}}
Jan 18 23:01:04.139810 n-d-825175-2 devstack@placement-api.service[85027]: DEBUG placement.handlers.allocation [req-333c4384-c56a-498a-b1d0-57b79e9a9fc1 req-402b2f35-7660-45ec-b00f-bddc16900f68 service placement] Successfully wrote allocations [, , ] {{(pid=85027) _create_allocations /opt/stack/placement/placement/handlers/allocation.py:435}}
Jan 18 23:01:04.140615 n-d-825175-2 devstack@placement-api.service[85027]: INFO placement.requestlog [req-333c4384-c56a-498a-b1d0-57b79e9a9fc1 req-402b2f35-7660-45ec-b00f-bddc16900f68 service placement] 10.222.0.59 "PUT /placement/allocations/adfc8aa6-6904-41ea-9214-38b8251d804f" status: 204 len: 0 microversion: 1.35
Jan 18 23:01:04.141116 n-d-825175-2 devstack@placement-api.service[85027]: [pid: 85027|app: 0|req: 50/103] 10.222.0.59 () {64 vars in 1433 bytes} [Tue Jan 18 23:01:03 2022] PUT /placement/allocations/adfc8aa6-6904-41ea-9214-38b8251d804f => generated 0 bytes in 365 msecs (HTTP/1.1 204) 5 headers in 199 bytes (1 switches on core 0)
Jan 18 23:01:04.460102 n-d-825175-2 devstack@placement-api.service[85026]: DEBUG placement.objects.allocation [req-c64d6526-7ec3-40a1-8e55-8a9545f8a3f3 req-2e63ff12-df0e-404a-ab43-f91e5346e6a0 service placement] Retrying allocations write on resource provider generation conflict {{(pid=85026) replace_all /opt/stack/placement/placement/objects/allocation.py:505}}
Jan 18 23:01:04.568817 n-d-825175-2 devstack@placement-api.service[85026]: DEBUG placement.handlers.allocation [req-c64d6526-7ec3-40a1-8e55-8a9545f8a3f3 req-2e63ff12-df0e-404a-ab43-f91e5346e6a0 service placement] Successfully wrote allocations [, , ] {{(pid=85026) _create_allocations /opt/stack/placement/placement/handlers/allocation.py:435}}
Jan 18 23:01:04.569834 n-d-825175-2 devstack@placement-api.service[85026]: INFO placement.requestlog [req-c64d6526-7ec3-40a1-8e55-8a9545f8a3f3 req-2e63ff12-df0e-404a-ab43-f91e5346e6a0 service placement] 10.222.0.59 "PUT /placement/allocations/ad258b8e-eb1b-4249-b03c-c3b39fa6daac" status: 204 len: 0 microversion: 1.35
Jan 18 23:01:04.570215 n-d-825175-2 devstack@placement-api.service[85026]: [pid: 85026|app: 0|req: 54/104] 10.222.0.59 () {64 vars in 1433 bytes} [Tue Jan 18 23:01:04 2022] PUT /placement/allocations/ad258b8e-eb1b-4249-b03c-c3b39fa6daac => generated 0 bytes in 527 msecs (HTTP/1.1 204) 5 headers in 199 bytes (1 switches on core 0)
Jan 18 23:01:05.450511 n-d-825175-2 devstack@placement-api.service[85027]: DEBUG placement.requestlog [req-333c4384-c56a-498a-b1d0-57b79e9a9fc1 req-5e32073d-8165-495d-84ea-a3998ab15e22 None None] Starting request: 10.222.0.89 "GET /placement/allocations/adfc8aa6-6904-41ea-9214-38b8251d804f" {{(pid=85027) __call__ /opt/stack/placement/placement/requestlog.py:55}}
Jan 18 23:01:05.480340 n-d-825175-2 devstack@placement-api.service[85027]: INFO placement.requestlog [req-333c4384-c56a-498a-b1d0-57b79e9a9fc1 req-5e32073d-8165-495d-84ea-a3998ab15e22 service placement] 10.222.0.89 "GET /placement/allocations/adfc8aa6-6904-41ea-9214-38b8251d804f" status: 200 len: 258 microversion: 1.28
Jan 18 23:01:05.481054 n-d-825175-2 devstack@placement-api.service[85027]: [pid: 85027|app: 0|req: 51/105] 10.222.0.89 () {60 vars in 1377 bytes} [Tue Jan 18 23:01:05 2022] GET /placement/allocations/adfc8aa6-6904-41ea-9214-38b8251d804f => generated 258 bytes in 31 msecs (HTTP/1.1 200) 8 headers in 296 bytes (1 switches on core 0)
Jan 18 23:01:05.775311 n-d-825175-2 devstack@placement-api.service[85026]: DEBUG placement.requestlog [req-c64d6526-7ec3-40a1-8e55-8a9545f8a3f3 req-346e3086-2a1c-459b-beb2-48da3a71137c None None] Starting request: 10.222.0.89 "GET /placement/allocations/ad258b8e-eb1b-4249-b03c-c3b39fa6daac" {{(pid=85026) __call__ /opt/stack/placement/placement/requestlog.py:55}}
Jan 18 23:01:05.803837 n-d-825175-2 devstack@placement-api.service[85026]: INFO placement.requestlog [req-c64d6526-7ec3-40a1-8e55-8a9545f8a3f3 req-346e3086-2a1c-459b-beb2-48da3a71137c service placement] 10.222.0.89 "GET /placement/allocations/ad258b8e-eb1b-4249-b03c-c3b39fa6daac" status: 200 len: 258 microversion: 1.28
Jan 18 23:01:05.804780 n-d-825175-2 devstack@placement-api.service[85026]: [pid: 85026|app: 0|req: 55/106] 10.222.0.89 () {60 vars in 1377 bytes} [Tue Jan 18 23:01:05 2022] GET /placement/allocations/ad258b8e-eb1b-4249-b03c-c3b39fa6daac => generated 258 bytes in 30 msecs (HTTP/1.1 200) 8 headers in 296 bytes (1 switches on core 0)
Jan 18 23:01:08.053334 n-d-825175-2 devstack@placement-api.service[85027]: DEBUG placement.requestlog [req-46bbb619-5e45-4c72-8f6f-7f74b3201852 req-54a4585c-546b-4c1d-af5c-d122b86a976b None None] Starting request: 10.222.0.83 "GET /placement/allocations/e6e4511c-f704-4aa2-b104-474699539813" {{(pid=85027) __call__ /opt/stack/placement/placement/requestlog.py:55}}
Jan 18 23:01:08.075204 n-d-825175-2 devstack@placement-api.service[85027]: INFO placement.requestlog [req-46bbb619-5e45-4c72-8f6f-7f74b3201852 req-54a4585c-546b-4c1d-af5c-d122b86a976b service placement] 10.222.0.83 "GET /placement/allocations/e6e4511c-f704-4aa2-b104-474699539813" status: 200 len: 259 microversion: 1.28
Jan 18 23:01:08.075690 n-d-825175-2 devstack@placement-api.service[85027]: [pid: 85027|app: 0|req: 52/107] 10.222.0.83 () {60 vars in 1377 bytes} [Tue Jan 18 23:01:08 2022] GET /placement/allocations/e6e4511c-f704-4aa2-b104-474699539813 => generated 259 bytes in 22 msecs (HTTP/1.1 200) 8 headers in 296 bytes (1 switches on core 0)
Jan 18 23:01:08.083570 n-d-825175-2 devstack@placement-api.service[85026]: DEBUG placement.requestlog [req-46bbb619-5e45-4c72-8f6f-7f74b3201852 req-0a1e3b36-3282-435c-9f06-ddf99626c38f None None] Starting request: 10.222.0.83 "PUT /placement/allocations/e6e4511c-f704-4aa2-b104-474699539813" {{(pid=85026) __call__ /opt/stack/placement/placement/requestlog.py:55}}
Jan 18 23:01:08.217481 n-d-825175-2 devstack@placement-api.service[85026]: DEBUG placement.handlers.allocation [req-46bbb619-5e45-4c72-8f6f-7f74b3201852 req-0a1e3b36-3282-435c-9f06-ddf99626c38f service placement] Successfully wrote allocations [, , ] {{(pid=85026) _create_allocations /opt/stack/placement/placement/handlers/allocation.py:435}}
Jan 18 23:01:08.218369 n-d-825175-2 devstack@placement-api.service[85026]: INFO placement.requestlog [req-46bbb619-5e45-4c72-8f6f-7f74b3201852 req-0a1e3b36-3282-435c-9f06-ddf99626c38f service placement] 10.222.0.83 "PUT /placement/allocations/e6e4511c-f704-4aa2-b104-474699539813" status: 204 len: 0 microversion: 1.28
Jan 18 23:01:08.218925 n-d-825175-2 devstack@placement-api.service[85026]: [pid: 85026|app: 0|req: 56/108] 10.222.0.83 () {64 vars in 1430 bytes} [Tue Jan 18 23:01:08 2022] PUT /placement/allocations/e6e4511c-f704-4aa2-b104-474699539813 => generated 0 bytes in 136 msecs (HTTP/1.1 204) 5 headers in 199 bytes (1 switches on core 0)
Jan 18 23:01:09.943576 n-d-825175-2 devstack@placement-api.service[85027]: DEBUG placement.requestlog [req-2ad976f4-1c2c-4907-85d5-1c0497c7be55 req-545347b9-94ed-4457-909e-c88073ae7eed None None] Starting request: 10.222.0.59 "GET /placement/resource_providers?name=n-h2-825175-2" {{(pid=85027) __call__ /opt/stack/placement/placement/requestlog.py:55}}
Jan 18 23:01:09.958027 n-d-825175-2 devstack@placement-api.service[85027]: INFO placement.requestlog [req-2ad976f4-1c2c-4907-85d5-1c0497c7be55 req-545347b9-94ed-4457-909e-c88073ae7eed service placement] 10.222.0.59 "GET /placement/resource_providers?name=n-h2-825175-2" status: 200 len: 441 microversion: 1.0
Jan 18 23:01:09.962950 n-d-825175-2 devstack@placement-api.service[85027]: [pid: 85027|app: 0|req: 53/109] 10.222.0.59 () {58 vars in 1274 bytes} [Tue Jan 18 23:01:09 2022] GET /placement/resource_providers?name=n-h2-825175-2 => generated 441 bytes in 19 msecs (HTTP/1.1 200) 6 headers in 224 bytes (1 switches on core 0)
Jan 18 23:01:09.967712 n-d-825175-2 devstack@placement-api.service[85026]: DEBUG placement.requestlog [req-2ad976f4-1c2c-4907-85d5-1c0497c7be55 req-391e8cc9-5d96-41f8-a4e4-37098aa185fa None None] Starting request: 10.222.0.59 "GET /placement/resource_providers/c8904f1d-7769-47cd-a49f-0010d3adf468/aggregates" {{(pid=85026) __call__ /opt/stack/placement/placement/requestlog.py:55}}
Jan 18 23:01:09.985226 n-d-825175-2 devstack@placement-api.service[85026]: INFO placement.requestlog [req-2ad976f4-1c2c-4907-85d5-1c0497c7be55 req-391e8cc9-5d96-41f8-a4e4-37098aa185fa service placement] 10.222.0.59 "GET /placement/resource_providers/c8904f1d-7769-47cd-a49f-0010d3adf468/aggregates" status: 200 len: 54 microversion: 1.19
Jan 18 23:01:09.992994 n-d-825175-2 devstack@placement-api.service[85026]: [pid: 85026|app: 0|req: 57/110] 10.222.0.59 () {60 vars in 1425 bytes} [Tue Jan 18 23:01:09 2022] GET /placement/resource_providers/c8904f1d-7769-47cd-a49f-0010d3adf468/aggregates => generated 54 bytes in 25 msecs (HTTP/1.1 200) 8 headers in 295 bytes (1 switches on core 0)
Jan 18 23:01:10.000511 n-d-825175-2 devstack@placement-api.service[85027]: DEBUG placement.requestlog [req-2ad976f4-1c2c-4907-85d5-1c0497c7be55 req-222ef8b0-8ba0-4818-b571-5afa0487026d None None] Starting request: 10.222.0.59 "PUT /placement/resource_providers/c8904f1d-7769-47cd-a49f-0010d3adf468/aggregates" {{(pid=85027) __call__ /opt/stack/placement/placement/requestlog.py:55}}
Jan 18 23:01:10.035574 n-d-825175-2 devstack@placement-api.service[85027]: DEBUG placement.objects.resource_provider [req-2ad976f4-1c2c-4907-85d5-1c0497c7be55 req-222ef8b0-8ba0-4818-b571-5afa0487026d service placement] _ensure_aggregate() did not find aggregate c9994669-34c9-4f98-b803-a43100b83bdd. Attempting to create it. {{(pid=85027) _ensure_aggregate /opt/stack/placement/placement/objects/resource_provider.py:319}}
Jan 18 23:01:10.038951 n-d-825175-2 devstack@placement-api.service[85027]: DEBUG placement.objects.resource_provider [req-2ad976f4-1c2c-4907-85d5-1c0497c7be55 req-222ef8b0-8ba0-4818-b571-5afa0487026d service placement] _ensure_aggregate() created new aggregate c9994669-34c9-4f98-b803-a43100b83bdd (id=8). {{(pid=85027) _ensure_aggregate /opt/stack/placement/placement/objects/resource_provider.py:325}}
Jan 18 23:01:10.041331 n-d-825175-2 devstack@placement-api.service[85027]: DEBUG placement.objects.resource_provider [req-2ad976f4-1c2c-4907-85d5-1c0497c7be55 req-222ef8b0-8ba0-4818-b571-5afa0487026d service placement] Setting aggregates for provider c8904f1d-7769-47cd-a49f-0010d3adf468. Successfully associated aggregate c9994669-34c9-4f98-b803-a43100b83bdd. {{(pid=85027) _set_aggregates /opt/stack/placement/placement/objects/resource_provider.py:387}}
Jan 18 23:01:10.103799 n-d-825175-2 devstack@placement-api.service[85027]: INFO placement.requestlog [req-2ad976f4-1c2c-4907-85d5-1c0497c7be55 req-222ef8b0-8ba0-4818-b571-5afa0487026d service placement] 10.222.0.59 "PUT /placement/resource_providers/c8904f1d-7769-47cd-a49f-0010d3adf468/aggregates" status: 200 len: 92 microversion: 1.19
Jan 18 23:01:10.104685 n-d-825175-2 devstack@placement-api.service[85027]: [pid: 85027|app: 0|req: 54/111] 10.222.0.59 () {64 vars in 1477 bytes} [Tue Jan 18 23:01:09 2022] PUT /placement/resource_providers/c8904f1d-7769-47cd-a49f-0010d3adf468/aggregates => generated 92 bytes in 104 msecs (HTTP/1.1 200) 8 headers in 295 bytes (2 switches on core 0)
Jan 18 23:01:10.390519 n-d-825175-2 devstack@placement-api.service[85026]: DEBUG placement.requestlog [req-5209c16f-8128-4b40-bbd1-e59b9c28b493 req-223a5473-b4f7-449a-a369-04a71675bdcd None None] Starting request: 10.222.0.59 "GET /placement/resource_providers?name=n-h2-825175-2" {{(pid=85026) __call__ /opt/stack/placement/placement/requestlog.py:55}}
Jan 18 23:01:10.402617 n-d-825175-2 devstack@placement-api.service[85026]: INFO placement.requestlog [req-5209c16f-8128-4b40-bbd1-e59b9c28b493 req-223a5473-b4f7-449a-a369-04a71675bdcd service placement] 10.222.0.59 "GET /placement/resource_providers?name=n-h2-825175-2" status: 200 len: 441 microversion: 1.0
Jan 18 23:01:10.402841 n-d-825175-2 devstack@placement-api.service[85026]: [pid: 85026|app: 0|req: 58/112] 10.222.0.59 () {58 vars in 1274 bytes} [Tue Jan 18 23:01:10 2022] GET /placement/resource_providers?name=n-h2-825175-2 => generated 441 bytes in 13 msecs (HTTP/1.1 200) 6 headers in 224 bytes (2 switches on core 0)
Jan 18 23:01:10.409522 n-d-825175-2 devstack@placement-api.service[85027]: DEBUG placement.requestlog [req-5209c16f-8128-4b40-bbd1-e59b9c28b493 req-1496618b-648e-4951-a486-ef5923be9345 None None] Starting request: 10.222.0.59 "GET /placement/resource_providers/c8904f1d-7769-47cd-a49f-0010d3adf468/aggregates" {{(pid=85027) __call__ /opt/stack/placement/placement/requestlog.py:55}}
Jan 18 23:01:10.423049 n-d-825175-2 devstack@placement-api.service[85027]: INFO placement.requestlog [req-5209c16f-8128-4b40-bbd1-e59b9c28b493 req-1496618b-648e-4951-a486-ef5923be9345 service placement] 10.222.0.59 "GET /placement/resource_providers/c8904f1d-7769-47cd-a49f-0010d3adf468/aggregates" status: 200 len: 92 microversion: 1.19
Jan 18 23:01:10.429239 n-d-825175-2 devstack@placement-api.service[85027]: [pid: 85027|app: 0|req: 55/113] 10.222.0.59 () {60 vars in 1425 bytes} [Tue Jan 18 23:01:10 2022] GET /placement/resource_providers/c8904f1d-7769-47cd-a49f-0010d3adf468/aggregates => generated 92 bytes in 20 msecs (HTTP/1.1 200) 8 headers in 295 bytes (1 switches on core 0)
Jan 18 23:01:10.433557 n-d-825175-2 devstack@placement-api.service[85026]: DEBUG placement.requestlog [req-5209c16f-8128-4b40-bbd1-e59b9c28b493 req-a8bd094c-0e07-4ee5-9165-bdfc04c06378 None None] Starting request: 10.222.0.59 "PUT /placement/resource_providers/c8904f1d-7769-47cd-a49f-0010d3adf468/aggregates" {{(pid=85026) __call__ /opt/stack/placement/placement/requestlog.py:55}}
Jan 18 23:01:10.449516 n-d-825175-2 devstack@placement-api.service[85026]: DEBUG placement.objects.resource_provider [req-5209c16f-8128-4b40-bbd1-e59b9c28b493 req-a8bd094c-0e07-4ee5-9165-bdfc04c06378 service placement] Setting aggregates for provider c8904f1d-7769-47cd-a49f-0010d3adf468. Successfully disassociated aggregate c9994669-34c9-4f98-b803-a43100b83bdd. {{(pid=85026) _set_aggregates /opt/stack/placement/placement/objects/resource_provider.py:402}}
Jan 18 23:01:10.511808 n-d-825175-2 devstack@placement-api.service[85026]: INFO placement.requestlog [req-5209c16f-8128-4b40-bbd1-e59b9c28b493 req-a8bd094c-0e07-4ee5-9165-bdfc04c06378 service placement] 10.222.0.59 "PUT /placement/resource_providers/c8904f1d-7769-47cd-a49f-0010d3adf468/aggregates" status: 200 len: 54 microversion: 1.19
Jan 18 23:01:10.512061 n-d-825175-2 devstack@placement-api.service[85026]: [pid: 85026|app: 0|req: 59/114] 10.222.0.59 () {64 vars in 1477 bytes} [Tue Jan 18 23:01:10 2022] PUT /placement/resource_providers/c8904f1d-7769-47cd-a49f-0010d3adf468/aggregates => generated 54 bytes in 79 msecs (HTTP/1.1 200) 8 headers in 295 bytes (1 switches on core 0)
Jan 18 23:01:15.271124 n-d-825175-2 devstack@placement-api.service[85027]: DEBUG placement.requestlog [req-b4d3e792-36eb-4b1c-ab2d-486d3658f213 req-0f9c8462-fb05-4467-a67e-894f3a385177 None None] Starting request: 10.222.0.59 "GET /placement/allocation_candidates?limit=1000&resources=DISK_GB%3A1%2CMEMORY_MB%3A1024%2CVCPU%3A1&root_required=%21COMPUTE_STATUS_DISABLED" {{(pid=85027) __call__ /opt/stack/placement/placement/requestlog.py:55}}
Jan 18 23:01:15.304633 n-d-825175-2 devstack@placement-api.service[85027]: DEBUG placement.objects.research_context [req-b4d3e792-36eb-4b1c-ab2d-486d3658f213 req-0f9c8462-fb05-4467-a67e-894f3a385177 service placement] getting providers with 1 DISK_GB {{(pid=85027) __init__ /opt/stack/placement/placement/objects/research_context.py:126}}
Jan 18 23:01:15.311697 n-d-825175-2 devstack@placement-api.service[85027]: DEBUG placement.objects.research_context [req-b4d3e792-36eb-4b1c-ab2d-486d3658f213 req-0f9c8462-fb05-4467-a67e-894f3a385177 service placement] getting providers with 1024 MEMORY_MB {{(pid=85027) __init__ /opt/stack/placement/placement/objects/research_context.py:126}}
Jan 18 23:01:15.323786 n-d-825175-2 devstack@placement-api.service[85027]: DEBUG placement.objects.research_context [req-b4d3e792-36eb-4b1c-ab2d-486d3658f213 req-0f9c8462-fb05-4467-a67e-894f3a385177 service placement] getting providers with 1 VCPU {{(pid=85027) __init__ /opt/stack/placement/placement/objects/research_context.py:126}}
Jan 18 23:01:15.325282 n-d-825175-2 devstack@placement-api.service[85027]: DEBUG placement.objects.research_context [req-b4d3e792-36eb-4b1c-ab2d-486d3658f213 req-0f9c8462-fb05-4467-a67e-894f3a385177 service placement] found 2 providers with available 1 DISK_GB {{(pid=85027) get_provider_ids_matching /opt/stack/placement/placement/objects/research_context.py:549}}
Jan 18 23:01:15.325696 n-d-825175-2 devstack@placement-api.service[85027]: DEBUG placement.objects.research_context [req-b4d3e792-36eb-4b1c-ab2d-486d3658f213 req-0f9c8462-fb05-4467-a67e-894f3a385177 service placement] found 2 providers with available 1024 MEMORY_MB {{(pid=85027) get_provider_ids_matching /opt/stack/placement/placement/objects/research_context.py:549}}
Jan 18 23:01:15.326200 n-d-825175-2 devstack@placement-api.service[85027]: DEBUG placement.objects.research_context [req-b4d3e792-36eb-4b1c-ab2d-486d3658f213 req-0f9c8462-fb05-4467-a67e-894f3a385177 service placement] found 2 providers after filtering by previous result {{(pid=85027) get_provider_ids_matching /opt/stack/placement/placement/objects/research_context.py:580}}
Jan 18 23:01:15.326549 n-d-825175-2 devstack@placement-api.service[85027]: DEBUG placement.objects.research_context [req-b4d3e792-36eb-4b1c-ab2d-486d3658f213 req-0f9c8462-fb05-4467-a67e-894f3a385177 service placement] found 2 providers with available 1 VCPU {{(pid=85027) get_provider_ids_matching /opt/stack/placement/placement/objects/research_context.py:549}}
Jan 18 23:01:15.326960 n-d-825175-2 devstack@placement-api.service[85027]: DEBUG placement.objects.research_context [req-b4d3e792-36eb-4b1c-ab2d-486d3658f213 req-0f9c8462-fb05-4467-a67e-894f3a385177 service placement] found 2 providers after filtering by previous result {{(pid=85027) get_provider_ids_matching /opt/stack/placement/placement/objects/research_context.py:580}}
Jan 18 23:01:15.340727 n-d-825175-2 devstack@placement-api.service[85027]: DEBUG placement.objects.allocation_candidate [req-b4d3e792-36eb-4b1c-ab2d-486d3658f213 req-0f9c8462-fb05-4467-a67e-894f3a385177 service placement] RequestGroup(use_same_provider=False, resources={DISK_GB:1, MEMORY_MB:1024, VCPU:1}, traits=[], aggregates=[]) (suffix '') returned 2 matches {{(pid=85027) _get_by_requests /opt/stack/placement/placement/objects/allocation_candidate.py:145}}
Jan 18 23:01:15.341255 n-d-825175-2 devstack@placement-api.service[85027]: DEBUG placement.objects.allocation_candidate [req-b4d3e792-36eb-4b1c-ab2d-486d3658f213 req-0f9c8462-fb05-4467-a67e-894f3a385177 service placement] Merging candidates yields 2 allocation requests and 2 provider summaries {{(pid=85027) _merge_candidates /opt/stack/placement/placement/objects/allocation_candidate.py:783}}
Jan 18 23:01:15.343620 n-d-825175-2 devstack@placement-api.service[85027]: INFO placement.requestlog [req-b4d3e792-36eb-4b1c-ab2d-486d3658f213 req-0f9c8462-fb05-4467-a67e-894f3a385177 service placement] 10.222.0.59 "GET /placement/allocation_candidates?limit=1000&resources=DISK_GB%3A1%2CMEMORY_MB%3A1024%2CVCPU%3A1&root_required=%21COMPUTE_STATUS_DISABLED" status: 200 len: 1235 microversion: 1.35
Jan 18 23:01:15.357184 n-d-825175-2 devstack@placement-api.service[85027]: [pid: 85027|app: 0|req: 56/115] 10.222.0.59 () {60 vars in 1506 bytes} [Tue Jan 18 23:01:15 2022] GET /placement/allocation_candidates?limit=1000&resources=DISK_GB%3A1%2CMEMORY_MB%3A1024%2CVCPU%3A1&root_required=%21COMPUTE_STATUS_DISABLED => generated 1235 bytes in 87 msecs (HTTP/1.1 200) 8 headers in 297 bytes (1 switches on core 0)
Jan 18 23:01:15.491382 n-d-825175-2 devstack@placement-api.service[85026]: DEBUG placement.requestlog [req-b4d3e792-36eb-4b1c-ab2d-486d3658f213 req-67759fb8-a32d-4d30-8a14-d582590b60e7 None None] Starting request: 10.222.0.59 "GET /placement/allocations/71d58d9f-b5a0-4801-b4cc-8d81b038ed9e" {{(pid=85026) __call__ /opt/stack/placement/placement/requestlog.py:55}}
Jan 18 23:01:15.507040 n-d-825175-2 devstack@placement-api.service[85026]: INFO placement.requestlog [req-b4d3e792-36eb-4b1c-ab2d-486d3658f213 req-67759fb8-a32d-4d30-8a14-d582590b60e7 service placement] 10.222.0.59 "GET /placement/allocations/71d58d9f-b5a0-4801-b4cc-8d81b038ed9e" status: 200 len: 19 microversion: 1.28
Jan 18 23:01:15.511766 n-d-825175-2 devstack@placement-api.service[85026]: [pid: 85026|app: 0|req: 60/116] 10.222.0.59 () {60 vars in 1380 bytes} [Tue Jan 18 23:01:15 2022] GET /placement/allocations/71d58d9f-b5a0-4801-b4cc-8d81b038ed9e => generated 19 bytes in 22 msecs (HTTP/1.1 200) 8 headers in 295 bytes (1 switches on core 0)
Jan 18 23:01:15.513736 n-d-825175-2 devstack@placement-api.service[85027]: DEBUG placement.requestlog [req-b4d3e792-36eb-4b1c-ab2d-486d3658f213 req-ba62d4ae-1a08-4107-b1f0-b2fd3f9a6810 None None] Starting request: 10.222.0.59 "PUT /placement/allocations/71d58d9f-b5a0-4801-b4cc-8d81b038ed9e" {{(pid=85027) __call__ /opt/stack/placement/placement/requestlog.py:55}}
Jan 18 23:01:15.767817 n-d-825175-2 devstack@placement-api.service[85027]: DEBUG placement.handlers.allocation [req-b4d3e792-36eb-4b1c-ab2d-486d3658f213 req-ba62d4ae-1a08-4107-b1f0-b2fd3f9a6810 service placement] Successfully wrote allocations [, , ] {{(pid=85027) _create_allocations /opt/stack/placement/placement/handlers/allocation.py:435}}
Jan 18 23:01:15.767817 n-d-825175-2 devstack@placement-api.service[85027]: INFO placement.requestlog [req-b4d3e792-36eb-4b1c-ab2d-486d3658f213 req-ba62d4ae-1a08-4107-b1f0-b2fd3f9a6810 service placement] 10.222.0.59 "PUT /placement/allocations/71d58d9f-b5a0-4801-b4cc-8d81b038ed9e" status: 204 len: 0 microversion: 1.35
Jan 18 23:01:15.767817 n-d-825175-2 devstack@placement-api.service[85027]: [pid: 85027|app: 0|req: 57/117] 10.222.0.59 () {64 vars in 1433 bytes} [Tue Jan 18 23:01:15 2022] PUT /placement/allocations/71d58d9f-b5a0-4801-b4cc-8d81b038ed9e => generated 0 bytes in 250 msecs (HTTP/1.1 204) 5 headers in 199 bytes (1 switches on core 0)
Jan 18 23:01:16.297973 n-d-825175-2 devstack@placement-api.service[85026]: DEBUG placement.requestlog [req-0d919f4c-5aec-4cf9-9ac0-5eef3387d7c9 req-7e8dd31d-2087-4214-9e9c-ad8016857531 None None] Starting request: 10.222.0.89 "GET /placement/resource_providers/a5ffba91-1348-4364-870b-3e6df8c3fb18/allocations" {{(pid=85026) __call__ /opt/stack/placement/placement/requestlog.py:55}}
Jan 18 23:01:16.330389 n-d-825175-2 devstack@placement-api.service[85026]: INFO placement.requestlog [req-0d919f4c-5aec-4cf9-9ac0-5eef3387d7c9 req-7e8dd31d-2087-4214-9e9c-ad8016857531 service placement] 10.222.0.89 "GET /placement/resource_providers/a5ffba91-1348-4364-870b-3e6df8c3fb18/allocations" status: 200 len: 557 microversion: 1.0
Jan 18 23:01:16.331505 n-d-825175-2 devstack@placement-api.service[85026]: [pid: 85026|app: 0|req: 61/118] 10.222.0.89 () {58 vars in 1390 bytes} [Tue Jan 18 23:01:16 2022] GET /placement/resource_providers/a5ffba91-1348-4364-870b-3e6df8c3fb18/allocations => generated 557 bytes in 33 msecs (HTTP/1.1 200) 6 headers in 224 bytes (1 switches on core 0)
Jan 18 23:01:16.882148 n-d-825175-2 devstack@placement-api.service[85027]: DEBUG placement.requestlog [req-b4d3e792-36eb-4b1c-ab2d-486d3658f213 req-44fb9ec0-e71a-4d63-ab02-ce3f68c60053 None None] Starting request: 10.222.0.83 "GET /placement/allocations/71d58d9f-b5a0-4801-b4cc-8d81b038ed9e" {{(pid=85027) __call__ /opt/stack/placement/placement/requestlog.py:55}}
Jan 18 23:01:16.899958 n-d-825175-2 devstack@placement-api.service[85027]: INFO placement.requestlog [req-b4d3e792-36eb-4b1c-ab2d-486d3658f213 req-44fb9ec0-e71a-4d63-ab02-ce3f68c60053 service placement] 10.222.0.83 "GET /placement/allocations/71d58d9f-b5a0-4801-b4cc-8d81b038ed9e" status: 200 len: 259 microversion: 1.28
Jan 18 23:01:16.900521 n-d-825175-2 devstack@placement-api.service[85027]: [pid: 85027|app: 0|req: 58/119] 10.222.0.83 () {60 vars in 1377 bytes} [Tue Jan 18 23:01:16 2022] GET /placement/allocations/71d58d9f-b5a0-4801-b4cc-8d81b038ed9e => generated 259 bytes in 18 msecs (HTTP/1.1 200) 8 headers in 296 bytes (1 switches on core 0)
Jan 18 23:01:17.522227 n-d-825175-2 devstack@placement-api.service[85026]: DEBUG placement.requestlog [req-b70846a7-cf1a-4c6e-bf30-4e82e7faf5a1 req-99ba659f-62ba-4bd2-b6c8-edd4a22ed7de None None] Starting request: 10.222.0.83 "GET /placement/resource_providers/c8904f1d-7769-47cd-a49f-0010d3adf468/allocations" {{(pid=85026) __call__ /opt/stack/placement/placement/requestlog.py:55}}
Jan 18 23:01:17.542814 n-d-825175-2 devstack@placement-api.service[85026]: INFO placement.requestlog [req-b70846a7-cf1a-4c6e-bf30-4e82e7faf5a1 req-99ba659f-62ba-4bd2-b6c8-edd4a22ed7de service placement] 10.222.0.83 "GET /placement/resource_providers/c8904f1d-7769-47cd-a49f-0010d3adf468/allocations" status: 200 len: 255 microversion: 1.0
Jan 18 23:01:17.545796 n-d-825175-2 devstack@placement-api.service[85026]: [pid: 85026|app: 0|req: 62/120] 10.222.0.83 () {58 vars in 1390 bytes} [Tue Jan 18 23:01:17 2022] GET /placement/resource_providers/c8904f1d-7769-47cd-a49f-0010d3adf468/allocations => generated 255 bytes in 21 msecs (HTTP/1.1 200) 6 headers in 224 bytes (1 switches on core 0)
Jan 18 23:01:27.092392 n-d-825175-2 devstack@placement-api.service[85027]: DEBUG placement.requestlog [None req-64955166-9462-4512-8b2e-6b5c67a45f93 None None] Starting request: 10.222.0.59 "GET /placement/" {{(pid=85027) __call__ /opt/stack/placement/placement/requestlog.py:55}}
Jan 18 23:01:27.093394 n-d-825175-2 devstack@placement-api.service[85027]: INFO placement.requestlog [None req-64955166-9462-4512-8b2e-6b5c67a45f93 None None] 10.222.0.59 "GET /placement/" status: 200 len: 136 microversion: 1.0
Jan 18 23:01:27.093865 n-d-825175-2 devstack@placement-api.service[85027]: [pid: 85027|app: 0|req: 59/121] 10.222.0.59 () {54 vars in 916 bytes} [Tue Jan 18 23:01:27 2022] GET /placement => generated 136 bytes in 2 msecs (HTTP/1.1 200) 6 headers in 224 bytes (1 switches on core 0)
Jan 18 23:01:27.100968 n-d-825175-2 devstack@placement-api.service[85026]: DEBUG placement.requestlog [req-dc66a05a-f69b-4584-bd11-ce97fe80af93 req-4889d1b6-6243-4f39-b851-fbe7c1f3359b None None] Starting request: 10.222.0.59 "GET /placement/allocations/4f8b6ab6-4eee-4865-83d3-4c48dae46449" {{(pid=85026) __call__ /opt/stack/placement/placement/requestlog.py:55}}
Jan 18 23:01:27.231876 n-d-825175-2 devstack@placement-api.service[85026]: INFO placement.requestlog [req-dc66a05a-f69b-4584-bd11-ce97fe80af93 req-4889d1b6-6243-4f39-b851-fbe7c1f3359b service placement] 10.222.0.59 "GET /placement/allocations/4f8b6ab6-4eee-4865-83d3-4c48dae46449" status: 200 len: 258 microversion: 1.28
Jan 18 23:01:27.232223 n-d-825175-2 devstack@placement-api.service[85026]: [pid: 85026|app: 0|req: 63/122] 10.222.0.59 () {60 vars in 1380 bytes} [Tue Jan 18 23:01:27 2022] GET /placement/allocations/4f8b6ab6-4eee-4865-83d3-4c48dae46449 => generated 258 bytes in 132 msecs (HTTP/1.1 200) 8 headers in 296 bytes (1 switches on core 0)
Jan 18 23:01:27.237599 n-d-825175-2 devstack@placement-api.service[85027]: DEBUG placement.requestlog [req-dc66a05a-f69b-4584-bd11-ce97fe80af93 req-37b8b34a-6aa1-4bb1-8b09-bc07f1ec9132 None None] Starting request: 10.222.0.59 "GET /placement/allocations/4f8b6ab6-4eee-4865-83d3-4c48dae46449" {{(pid=85027) __call__ /opt/stack/placement/placement/requestlog.py:55}}
Jan 18 23:01:27.257499 n-d-825175-2 devstack@placement-api.service[85027]: INFO placement.requestlog [req-dc66a05a-f69b-4584-bd11-ce97fe80af93 req-37b8b34a-6aa1-4bb1-8b09-bc07f1ec9132 service placement] 10.222.0.59 "GET /placement/allocations/4f8b6ab6-4eee-4865-83d3-4c48dae46449" status: 200 len: 258 microversion: 1.28
Jan 18 23:01:27.258074 n-d-825175-2 devstack@placement-api.service[85027]: [pid: 85027|app: 0|req: 60/123] 10.222.0.59 () {60 vars in 1380 bytes} [Tue Jan 18 23:01:27 2022] GET /placement/allocations/4f8b6ab6-4eee-4865-83d3-4c48dae46449 => generated 258 bytes in 21 msecs (HTTP/1.1 200) 8 headers in 296 bytes (2 switches on core 0)
Jan 18 23:01:27.263408 n-d-825175-2 devstack@placement-api.service[85026]: DEBUG placement.requestlog [req-dc66a05a-f69b-4584-bd11-ce97fe80af93 req-10393fe6-cee2-4f96-9f66-705ce64c955a None None] Starting request: 10.222.0.59 "GET /placement/allocations/5b44a914-3fef-46e6-a54b-01b68bf6bb3d" {{(pid=85026) __call__ /opt/stack/placement/placement/requestlog.py:55}}
Jan 18 23:01:27.283123 n-d-825175-2 devstack@placement-api.service[85026]: INFO placement.requestlog [req-dc66a05a-f69b-4584-bd11-ce97fe80af93 req-10393fe6-cee2-4f96-9f66-705ce64c955a service placement] 10.222.0.59 "GET /placement/allocations/5b44a914-3fef-46e6-a54b-01b68bf6bb3d" status: 200 len: 19 microversion: 1.28
Jan 18 23:01:27.283621 n-d-825175-2 devstack@placement-api.service[85026]: [pid: 85026|app: 0|req: 64/124] 10.222.0.59 () {60 vars in 1380 bytes} [Tue Jan 18 23:01:27 2022] GET /placement/allocations/5b44a914-3fef-46e6-a54b-01b68bf6bb3d => generated 19 bytes in 20 msecs (HTTP/1.1 200) 8 headers in 295 bytes (1 switches on core 0)
Jan 18 23:01:27.289095 n-d-825175-2 devstack@placement-api.service[85027]: DEBUG placement.requestlog [req-dc66a05a-f69b-4584-bd11-ce97fe80af93 req-c29caac9-d240-4911-b532-0b99a5645e76 None None] Starting request: 10.222.0.59 "POST /placement/allocations" {{(pid=85027) __call__ /opt/stack/placement/placement/requestlog.py:55}}
Jan 18 23:01:27.505168 n-d-825175-2 devstack@placement-api.service[85027]: DEBUG placement.handlers.allocation [req-dc66a05a-f69b-4584-bd11-ce97fe80af93 req-c29caac9-d240-4911-b532-0b99a5645e76 service placement] Successfully wrote allocations [, , , , , ] {{(pid=85027) _create_allocations /opt/stack/placement/placement/handlers/allocation.py:524}}
Jan 18 23:01:27.505941 n-d-825175-2 devstack@placement-api.service[85027]: INFO placement.requestlog [req-dc66a05a-f69b-4584-bd11-ce97fe80af93 req-c29caac9-d240-4911-b532-0b99a5645e76 service placement] 10.222.0.59 "POST /placement/allocations" status: 204 len: 0 microversion: 1.28
Jan 18 23:01:27.506301 n-d-825175-2 devstack@placement-api.service[85027]: [pid: 85027|app: 0|req: 61/125] 10.222.0.59 () {64 vars in 1323 bytes} [Tue Jan 18 23:01:27 2022] POST /placement/allocations => generated 0 bytes in 218 msecs (HTTP/1.1 204) 5 headers in 199 bytes (1 switches on core 0)
Jan 18 23:01:27.548419 n-d-825175-2 devstack@placement-api.service[85026]: DEBUG placement.requestlog [req-dc66a05a-f69b-4584-bd11-ce97fe80af93 req-7981766c-9538-4ae3-981e-19cc7145a905 None None] Starting request: 10.222.0.59 "GET /placement/allocations/4f8b6ab6-4eee-4865-83d3-4c48dae46449" {{(pid=85026) __call__ /opt/stack/placement/placement/requestlog.py:55}}
Jan 18 23:01:27.706081 n-d-825175-2 devstack@placement-api.service[85026]: INFO placement.requestlog [req-dc66a05a-f69b-4584-bd11-ce97fe80af93 req-7981766c-9538-4ae3-981e-19cc7145a905 service placement] 10.222.0.59 "GET /placement/allocations/4f8b6ab6-4eee-4865-83d3-4c48dae46449" status: 200 len: 19 microversion: 1.28
Jan 18 23:01:27.706526 n-d-825175-2 devstack@placement-api.service[85026]: [pid: 85026|app: 0|req: 65/126] 10.222.0.59 () {60 vars in 1380 bytes} [Tue Jan 18 23:01:27 2022] GET /placement/allocations/4f8b6ab6-4eee-4865-83d3-4c48dae46449 => generated 19 bytes in 158 msecs (HTTP/1.1 200) 8 headers in 295 bytes (1 switches on core 0)
Jan 18 23:01:27.714658 n-d-825175-2 devstack@placement-api.service[85027]: DEBUG placement.requestlog [req-dc66a05a-f69b-4584-bd11-ce97fe80af93 req-a7561ff0-160e-45bf-aac1-13d3bac1531c None None] Starting request: 10.222.0.59 "PUT /placement/allocations/4f8b6ab6-4eee-4865-83d3-4c48dae46449" {{(pid=85027) __call__ /opt/stack/placement/placement/requestlog.py:55}}
Jan 18 23:01:27.934131 n-d-825175-2 devstack@placement-api.service[85027]: DEBUG placement.handlers.allocation [req-dc66a05a-f69b-4584-bd11-ce97fe80af93 req-a7561ff0-160e-45bf-aac1-13d3bac1531c service placement] Successfully wrote allocations [, , ] {{(pid=85027) _create_allocations /opt/stack/placement/placement/handlers/allocation.py:435}}
Jan 18 23:01:27.934826 n-d-825175-2 devstack@placement-api.service[85027]: INFO placement.requestlog [req-dc66a05a-f69b-4584-bd11-ce97fe80af93 req-a7561ff0-160e-45bf-aac1-13d3bac1531c service placement] 10.222.0.59 "PUT /placement/allocations/4f8b6ab6-4eee-4865-83d3-4c48dae46449" status: 204 len: 0 microversion: 1.28
Jan 18 23:01:27.935130 n-d-825175-2 devstack@placement-api.service[85027]: [pid: 85027|app: 0|req: 62/127] 10.222.0.59 () {64 vars in 1433 bytes} [Tue Jan 18 23:01:27 2022] PUT /placement/allocations/4f8b6ab6-4eee-4865-83d3-4c48dae46449 => generated 0 bytes in 222 msecs (HTTP/1.1 204) 5 headers in 199 bytes (1 switches on core 0)
